[INFO] cloning repository https://github.com/ProjectSerotonin/vlfx
[INFO] running `Command { std: "git" "-c" "credential.helper=" "-c" "credential.helper=/workspace/cargo-home/bin/git-credential-null" "clone" "--bare" "https://github.com/ProjectSerotonin/vlfx" "/workspace/cache/git-repos/https%3A%2F%2Fgithub.com%2FProjectSerotonin%2Fvlfx", kill_on_drop: false }`
[INFO] [stderr] Cloning into bare repository '/workspace/cache/git-repos/https%3A%2F%2Fgithub.com%2FProjectSerotonin%2Fvlfx'...
[INFO] running `Command { std: "git" "rev-parse" "HEAD", kill_on_drop: false }`
[INFO] [stdout] f9b97cbf974d870d83392a71a66ca8663987e1e8
[INFO] documenting ProjectSerotonin/vlfx against 1.75.0 for beta-1.76-rustdoc-1
[INFO] running `Command { std: "git" "clone" "/workspace/cache/git-repos/https%3A%2F%2Fgithub.com%2FProjectSerotonin%2Fvlfx" "/workspace/builds/worker-0-tc1/source", kill_on_drop: false }`
[INFO] [stderr] Cloning into '/workspace/builds/worker-0-tc1/source'...
[INFO] [stderr] done.
[INFO] validating manifest of git repo https://github.com/ProjectSerotonin/vlfx on toolchain 1.75.0
[INFO] running `Command { std: CARGO_HOME="/workspace/cargo-home" RUSTUP_HOME="/workspace/rustup-home" "/workspace/cargo-home/bin/cargo" "+1.75.0" "metadata" "--manifest-path" "Cargo.toml" "--no-deps", kill_on_drop: false }`
[INFO] started tweaking git repo https://github.com/ProjectSerotonin/vlfx
[INFO] finished tweaking git repo https://github.com/ProjectSerotonin/vlfx
[INFO] tweaked toml for git repo https://github.com/ProjectSerotonin/vlfx written to /workspace/builds/worker-0-tc1/source/Cargo.toml
[INFO] crate git repo https://github.com/ProjectSerotonin/vlfx already has a lockfile, it will not be regenerated
[INFO] running `Command { std: CARGO_HOME="/workspace/cargo-home" RUSTUP_HOME="/workspace/rustup-home" "/workspace/cargo-home/bin/cargo" "+1.75.0" "fetch" "--manifest-path" "Cargo.toml", kill_on_drop: false }`
[INFO] [stderr]     Blocking waiting for file lock on package cache
[INFO] [stderr]     Updating crates.io index
[INFO] [stderr]  Downloading crates ...
[INFO] [stderr]   Downloaded win32-error v0.9.0
[INFO] running `Command { std: "docker" "create" "-v" "/var/lib/crater-agent-workspace/builds/worker-0-tc1/target:/opt/rustwide/target:rw,Z" "-v" "/var/lib/crater-agent-workspace/builds/worker-0-tc1/source:/opt/rustwide/workdir:ro,Z" "-v" "/var/lib/crater-agent-workspace/cargo-home:/opt/rustwide/cargo-home:ro,Z" "-v" "/var/lib/crater-agent-workspace/rustup-home:/opt/rustwide/rustup-home:ro,Z" "-e" "SOURCE_DIR=/opt/rustwide/workdir" "-e" "CARGO_TARGET_DIR=/opt/rustwide/target" "-e" "CARGO_HOME=/opt/rustwide/cargo-home" "-e" "RUSTUP_HOME=/opt/rustwide/rustup-home" "-w" "/opt/rustwide/workdir" "-m" "1610612736" "--user" "0:0" "--network" "none" "ghcr.io/rust-lang/crates-build-env/linux@sha256:2788e3201cd34a07e3172128adcd8b3090168a8e3bcc40d7c032b9dda1df7d1c" "/opt/rustwide/cargo-home/bin/cargo" "+1.75.0" "metadata" "--no-deps" "--format-version=1", kill_on_drop: false }`
[INFO] [stdout] 477f10a8e42205e332c883fb3e76db0f5749962ccbf5bf28b5d88e0442bf9e28
[INFO] running `Command { std: "docker" "start" "-a" "477f10a8e42205e332c883fb3e76db0f5749962ccbf5bf28b5d88e0442bf9e28", kill_on_drop: false }`
[INFO] running `Command { std: "docker" "inspect" "477f10a8e42205e332c883fb3e76db0f5749962ccbf5bf28b5d88e0442bf9e28", kill_on_drop: false }`
[INFO] running `Command { std: "docker" "rm" "-f" "477f10a8e42205e332c883fb3e76db0f5749962ccbf5bf28b5d88e0442bf9e28", kill_on_drop: false }`
[INFO] [stdout] 477f10a8e42205e332c883fb3e76db0f5749962ccbf5bf28b5d88e0442bf9e28
[INFO] running `Command { std: "docker" "create" "-v" "/var/lib/crater-agent-workspace/builds/worker-0-tc1/target:/opt/rustwide/target:rw,Z" "-v" "/var/lib/crater-agent-workspace/builds/worker-0-tc1/source:/opt/rustwide/workdir:ro,Z" "-v" "/var/lib/crater-agent-workspace/cargo-home:/opt/rustwide/cargo-home:ro,Z" "-v" "/var/lib/crater-agent-workspace/rustup-home:/opt/rustwide/rustup-home:ro,Z" "-e" "SOURCE_DIR=/opt/rustwide/workdir" "-e" "CARGO_TARGET_DIR=/opt/rustwide/target" "-e" "CARGO_INCREMENTAL=0" "-e" "RUST_BACKTRACE=full" "-e" "RUSTFLAGS=--cap-lints=warn" "-e" "RUSTDOCFLAGS=--cap-lints=warn" "-e" "CARGO_HOME=/opt/rustwide/cargo-home" "-e" "RUSTUP_HOME=/opt/rustwide/rustup-home" "-w" "/opt/rustwide/workdir" "-m" "1610612736" "--user" "0:0" "--network" "none" "ghcr.io/rust-lang/crates-build-env/linux@sha256:2788e3201cd34a07e3172128adcd8b3090168a8e3bcc40d7c032b9dda1df7d1c" "/opt/rustwide/cargo-home/bin/cargo" "+1.75.0" "doc" "--frozen" "--no-deps" "--document-private-items" "--message-format=json", kill_on_drop: false }`
[INFO] [stdout] 50f197be96e5b9cb6fd2bdfddf7df5e74a4c1c453c8ea6e19a6ccc3c2608b564
[INFO] running `Command { std: "docker" "start" "-a" "50f197be96e5b9cb6fd2bdfddf7df5e74a4c1c453c8ea6e19a6ccc3c2608b564", kill_on_drop: false }`
[INFO] [stderr]    Compiling proc-macro2 v1.0.27
[INFO] [stderr]    Compiling syn v1.0.72
[INFO] [stderr]    Compiling winapi-build v0.1.1
[INFO] [stderr]    Compiling libc v0.2.95
[INFO] [stderr]     Checking unicode-width v0.1.8
[INFO] [stderr]     Checking winapi v0.2.8
[INFO] [stderr]    Compiling anyhow v1.0.40
[INFO] [stderr]    Compiling winapi v0.3.9
[INFO] [stderr]     Checking strsim v0.8.0
[INFO] [stderr]     Checking vec_map v0.8.2
[INFO] [stderr]     Checking block-buffer v0.9.0
[INFO] [stderr]    Compiling kernel32-sys v0.2.2
[INFO] [stderr]     Checking textwrap v0.11.0
[INFO] [stderr]     Checking sha-1 v0.9.6
[INFO] [stderr]     Checking win32-error v0.9.0
[INFO] [stdout] error[E0432]: unresolved imports `kernel32::GetLastError`, `kernel32::FormatMessageW`
[INFO] [stdout]  --> /opt/rustwide/cargo-home/registry/src/index.crates.io-6f17d22bba15001f/win32-error-0.9.0/src/lib.rs:9:16
[INFO] [stdout]   |
[INFO] [stdout] 9 | use kernel32::{GetLastError, FormatMessageW};
[INFO] [stdout]   |                ^^^^^^^^^^^^  ^^^^^^^^^^^^^^ no `FormatMessageW` in the root
[INFO] [stdout]   |                |
[INFO] [stdout]   |                no `GetLastError` in the root
[INFO] [stdout] 
[INFO] [stdout] 
[INFO] [stdout] error[E0432]: unresolved import `winapi::FORMAT_MESSAGE_IGNORE_INSERTS`
[INFO] [stdout]   --> /opt/rustwide/cargo-home/registry/src/index.crates.io-6f17d22bba15001f/win32-error-0.9.0/src/lib.rs:11:5
[INFO] [stdout]    |
[INFO] [stdout] 11 | use winapi::FORMAT_MESSAGE_IGNORE_INSERTS;
[INFO] [stdout]    |     ^^^^^^^^^^^^^^^^^^^^^^^^^^^^^^^^^^^^^ no `FORMAT_MESSAGE_IGNORE_INSERTS` in the root
[INFO] [stdout] 
[INFO] [stdout] 
[INFO] [stdout] error[E0432]: unresolved import `winapi::FORMAT_MESSAGE_FROM_SYSTEM`
[INFO] [stdout]   --> /opt/rustwide/cargo-home/registry/src/index.crates.io-6f17d22bba15001f/win32-error-0.9.0/src/lib.rs:12:5
[INFO] [stdout]    |
[INFO] [stdout] 12 | use winapi::FORMAT_MESSAGE_FROM_SYSTEM;
[INFO] [stdout]    |     ^^^^^^^^^^^^^^^^^^^^^^^^^^^^^^^^^^ no `FORMAT_MESSAGE_FROM_SYSTEM` in the root
[INFO] [stdout] 
[INFO] [stdout] 
[INFO] [stdout] error[E0432]: unresolved import `winapi::FORMAT_MESSAGE_ARGUMENT_ARRAY`
[INFO] [stdout]   --> /opt/rustwide/cargo-home/registry/src/index.crates.io-6f17d22bba15001f/win32-error-0.9.0/src/lib.rs:13:5
[INFO] [stdout]    |
[INFO] [stdout] 13 | use winapi::FORMAT_MESSAGE_ARGUMENT_ARRAY;
[INFO] [stdout]    |     ^^^^^^^^^^^^^^^^^^^^^^^^^^^^^^^^^^^^^ no `FORMAT_MESSAGE_ARGUMENT_ARRAY` in the root
[INFO] [stdout] 
[INFO] [stdout] 
[INFO] [stdout] error: aborting due to 4 previous errors
[INFO] [stdout] 
[INFO] [stdout] 
[INFO] [stdout] For more information about this error, try `rustc --explain E0432`.
[INFO] [stdout] 
[INFO] [stderr] error: could not compile `win32-error` (lib) due to 5 previous errors
[INFO] [stderr] warning: build failed, waiting for other jobs to finish...
[INFO] running `Command { std: "docker" "inspect" "50f197be96e5b9cb6fd2bdfddf7df5e74a4c1c453c8ea6e19a6ccc3c2608b564", kill_on_drop: false }`
[INFO] running `Command { std: "docker" "rm" "-f" "50f197be96e5b9cb6fd2bdfddf7df5e74a4c1c453c8ea6e19a6ccc3c2608b564", kill_on_drop: false }`
[INFO] [stdout] 50f197be96e5b9cb6fd2bdfddf7df5e74a4c1c453c8ea6e19a6ccc3c2608b564
[INFO] documenting ProjectSerotonin/vlfx against beta-2023-12-22 for beta-1.76-rustdoc-1
[INFO] running `Command { std: "git" "clone" "/workspace/cache/git-repos/https%3A%2F%2Fgithub.com%2FProjectSerotonin%2Fvlfx" "/workspace/builds/worker-0-tc2/source", kill_on_drop: false }`
[INFO] [stderr] Cloning into '/workspace/builds/worker-0-tc2/source'...
[INFO] [stderr] done.
[INFO] validating manifest of git repo https://github.com/ProjectSerotonin/vlfx on toolchain beta-2023-12-22
[INFO] running `Command { std: CARGO_HOME="/workspace/cargo-home" RUSTUP_HOME="/workspace/rustup-home" "/workspace/cargo-home/bin/cargo" "+beta-2023-12-22" "metadata" "--manifest-path" "Cargo.toml" "--no-deps", kill_on_drop: false }`
[INFO] started tweaking git repo https://github.com/ProjectSerotonin/vlfx
[INFO] finished tweaking git repo https://github.com/ProjectSerotonin/vlfx
[INFO] tweaked toml for git repo https://github.com/ProjectSerotonin/vlfx written to /workspace/builds/worker-0-tc2/source/Cargo.toml
[INFO] crate git repo https://github.com/ProjectSerotonin/vlfx already has a lockfile, it will not be regenerated
[INFO] running `Command { std: CARGO_HOME="/workspace/cargo-home" RUSTUP_HOME="/workspace/rustup-home" "/workspace/cargo-home/bin/cargo" "+beta-2023-12-22" "fetch" "--manifest-path" "Cargo.toml", kill_on_drop: false }`
[INFO] running `Command { std: "docker" "create" "-v" "/var/lib/crater-agent-workspace/builds/worker-0-tc2/target:/opt/rustwide/target:rw,Z" "-v" "/var/lib/crater-agent-workspace/builds/worker-0-tc2/source:/opt/rustwide/workdir:ro,Z" "-v" "/var/lib/crater-agent-workspace/cargo-home:/opt/rustwide/cargo-home:ro,Z" "-v" "/var/lib/crater-agent-workspace/rustup-home:/opt/rustwide/rustup-home:ro,Z" "-e" "SOURCE_DIR=/opt/rustwide/workdir" "-e" "CARGO_TARGET_DIR=/opt/rustwide/target" "-e" "CARGO_HOME=/opt/rustwide/cargo-home" "-e" "RUSTUP_HOME=/opt/rustwide/rustup-home" "-w" "/opt/rustwide/workdir" "-m" "1610612736" "--user" "0:0" "--network" "none" "ghcr.io/rust-lang/crates-build-env/linux@sha256:2788e3201cd34a07e3172128adcd8b3090168a8e3bcc40d7c032b9dda1df7d1c" "/opt/rustwide/cargo-home/bin/cargo" "+beta-2023-12-22" "metadata" "--no-deps" "--format-version=1", kill_on_drop: false }`
[INFO] [stdout] 3565f4a06a41d788fe6d9d68a76d9f04fa295bf09359212a2cbea73b375af208
[INFO] running `Command { std: "docker" "start" "-a" "3565f4a06a41d788fe6d9d68a76d9f04fa295bf09359212a2cbea73b375af208", kill_on_drop: false }`
[INFO] running `Command { std: "docker" "inspect" "3565f4a06a41d788fe6d9d68a76d9f04fa295bf09359212a2cbea73b375af208", kill_on_drop: false }`
[INFO] running `Command { std: "docker" "rm" "-f" "3565f4a06a41d788fe6d9d68a76d9f04fa295bf09359212a2cbea73b375af208", kill_on_drop: false }`
[INFO] [stdout] 3565f4a06a41d788fe6d9d68a76d9f04fa295bf09359212a2cbea73b375af208
[INFO] running `Command { std: "docker" "create" "-v" "/var/lib/crater-agent-workspace/builds/worker-0-tc2/target:/opt/rustwide/target:rw,Z" "-v" "/var/lib/crater-agent-workspace/builds/worker-0-tc2/source:/opt/rustwide/workdir:ro,Z" "-v" "/var/lib/crater-agent-workspace/cargo-home:/opt/rustwide/cargo-home:ro,Z" "-v" "/var/lib/crater-agent-workspace/rustup-home:/opt/rustwide/rustup-home:ro,Z" "-e" "SOURCE_DIR=/opt/rustwide/workdir" "-e" "CARGO_TARGET_DIR=/opt/rustwide/target" "-e" "CARGO_INCREMENTAL=0" "-e" "RUST_BACKTRACE=full" "-e" "RUSTFLAGS=--cap-lints=warn" "-e" "RUSTDOCFLAGS=--cap-lints=warn" "-e" "CARGO_HOME=/opt/rustwide/cargo-home" "-e" "RUSTUP_HOME=/opt/rustwide/rustup-home" "-w" "/opt/rustwide/workdir" "-m" "1610612736" "--user" "0:0" "--network" "none" "ghcr.io/rust-lang/crates-build-env/linux@sha256:2788e3201cd34a07e3172128adcd8b3090168a8e3bcc40d7c032b9dda1df7d1c" "/opt/rustwide/cargo-home/bin/cargo" "+beta-2023-12-22" "doc" "--frozen" "--no-deps" "--document-private-items" "--message-format=json", kill_on_drop: false }`
[INFO] [stdout] bcfde48531a0bc4940ba6e964e63fcf41ef514949c010aba5c740f3136e26af6
[INFO] running `Command { std: "docker" "start" "-a" "bcfde48531a0bc4940ba6e964e63fcf41ef514949c010aba5c740f3136e26af6", kill_on_drop: false }`
[INFO] [stderr]    Compiling proc-macro2 v1.0.27
[INFO] [stderr]    Compiling winapi-build v0.1.1
[INFO] [stderr]    Compiling libc v0.2.95
[INFO] [stderr]    Compiling syn v1.0.72
[INFO] [stderr]    Compiling anyhow v1.0.40
[INFO] [stderr]     Checking winapi v0.2.8
[INFO] [stderr]     Checking unicode-width v0.1.8
[INFO] [stderr]    Compiling winapi v0.3.9
[INFO] [stderr]     Checking strsim v0.8.0
[INFO] [stderr]     Checking vec_map v0.8.2
[INFO] [stderr]     Checking block-buffer v0.9.0
[INFO] [stderr]     Checking textwrap v0.11.0
[INFO] [stderr]     Checking sha-1 v0.9.6
[INFO] [stderr]    Compiling kernel32-sys v0.2.2
[INFO] [stderr]     Checking win32-error v0.9.0
[INFO] [stdout] error[E0432]: unresolved imports `kernel32::GetLastError`, `kernel32::FormatMessageW`
[INFO] [stdout]  --> /opt/rustwide/cargo-home/registry/src/index.crates.io-6f17d22bba15001f/win32-error-0.9.0/src/lib.rs:9:16
[INFO] [stdout]   |
[INFO] [stdout] 9 | use kernel32::{GetLastError, FormatMessageW};
[INFO] [stdout]   |                ^^^^^^^^^^^^  ^^^^^^^^^^^^^^ no `FormatMessageW` in the root
[INFO] [stdout]   |                |
[INFO] [stdout]   |                no `GetLastError` in the root
[INFO] [stdout] 
[INFO] [stdout] 
[INFO] [stdout] error[E0432]: unresolved import `winapi::FORMAT_MESSAGE_IGNORE_INSERTS`
[INFO] [stdout]   --> /opt/rustwide/cargo-home/registry/src/index.crates.io-6f17d22bba15001f/win32-error-0.9.0/src/lib.rs:11:5
[INFO] [stdout]    |
[INFO] [stdout] 11 | use winapi::FORMAT_MESSAGE_IGNORE_INSERTS;
[INFO] [stdout]    |     ^^^^^^^^^^^^^^^^^^^^^^^^^^^^^^^^^^^^^ no `FORMAT_MESSAGE_IGNORE_INSERTS` in the root
[INFO] [stdout] 
[INFO] [stdout] 
[INFO] [stdout] error[E0432]: unresolved import `winapi::FORMAT_MESSAGE_FROM_SYSTEM`
[INFO] [stdout]   --> /opt/rustwide/cargo-home/registry/src/index.crates.io-6f17d22bba15001f/win32-error-0.9.0/src/lib.rs:12:5
[INFO] [stdout]    |
[INFO] [stdout] 12 | use winapi::FORMAT_MESSAGE_FROM_SYSTEM;
[INFO] [stdout]    |     ^^^^^^^^^^^^^^^^^^^^^^^^^^^^^^^^^^ no `FORMAT_MESSAGE_FROM_SYSTEM` in the root
[INFO] [stdout] 
[INFO] [stdout] 
[INFO] [stdout] error[E0432]: unresolved import `winapi::FORMAT_MESSAGE_ARGUMENT_ARRAY`
[INFO] [stdout]   --> /opt/rustwide/cargo-home/registry/src/index.crates.io-6f17d22bba15001f/win32-error-0.9.0/src/lib.rs:13:5
[INFO] [stdout]    |
[INFO] [stdout] 13 | use winapi::FORMAT_MESSAGE_ARGUMENT_ARRAY;
[INFO] [stdout]    |     ^^^^^^^^^^^^^^^^^^^^^^^^^^^^^^^^^^^^^ no `FORMAT_MESSAGE_ARGUMENT_ARRAY` in the root
[INFO] [stdout] 
[INFO] [stdout] 
[INFO] [stdout] error: aborting due to 4 previous errors
[INFO] [stdout] 
[INFO] [stdout] 
[INFO] [stdout] For more information about this error, try `rustc --explain E0432`.
[INFO] [stdout] 
[INFO] [stderr] error: could not compile `win32-error` (lib) due to 5 previous errors
[INFO] [stderr] warning: build failed, waiting for other jobs to finish...
[INFO] running `Command { std: "docker" "inspect" "bcfde48531a0bc4940ba6e964e63fcf41ef514949c010aba5c740f3136e26af6", kill_on_drop: false }`
[INFO] running `Command { std: "docker" "rm" "-f" "bcfde48531a0bc4940ba6e964e63fcf41ef514949c010aba5c740f3136e26af6", kill_on_drop: false }`
[INFO] [stdout] bcfde48531a0bc4940ba6e964e63fcf41ef514949c010aba5c740f3136e26af6
