[INFO] cloning repository https://github.com/ProjectKML/metal_3_example_rs
[INFO] running `Command { std: "git" "-c" "credential.helper=" "-c" "credential.helper=/workspace/cargo-home/bin/git-credential-null" "clone" "--bare" "https://github.com/ProjectKML/metal_3_example_rs" "/workspace/cache/git-repos/https%3A%2F%2Fgithub.com%2FProjectKML%2Fmetal_3_example_rs", kill_on_drop: false }`
[INFO] [stderr] Cloning into bare repository '/workspace/cache/git-repos/https%3A%2F%2Fgithub.com%2FProjectKML%2Fmetal_3_example_rs'...
[INFO] running `Command { std: "git" "rev-parse" "HEAD", kill_on_drop: false }`
[INFO] [stdout] ebdbe1907abc1728b085a18ab30cc31147a09118
[INFO] documenting ProjectKML/metal_3_example_rs against 1.75.0 for beta-1.76-rustdoc-1
[INFO] running `Command { std: "git" "clone" "/workspace/cache/git-repos/https%3A%2F%2Fgithub.com%2FProjectKML%2Fmetal_3_example_rs" "/workspace/builds/worker-5-tc1/source", kill_on_drop: false }`
[INFO] [stderr] Cloning into '/workspace/builds/worker-5-tc1/source'...
[INFO] [stderr] done.
[INFO] validating manifest of git repo https://github.com/ProjectKML/metal_3_example_rs on toolchain 1.75.0
[INFO] running `Command { std: CARGO_HOME="/workspace/cargo-home" RUSTUP_HOME="/workspace/rustup-home" "/workspace/cargo-home/bin/cargo" "+1.75.0" "metadata" "--manifest-path" "Cargo.toml" "--no-deps", kill_on_drop: false }`
[INFO] started tweaking git repo https://github.com/ProjectKML/metal_3_example_rs
[INFO] finished tweaking git repo https://github.com/ProjectKML/metal_3_example_rs
[INFO] tweaked toml for git repo https://github.com/ProjectKML/metal_3_example_rs written to /workspace/builds/worker-5-tc1/source/Cargo.toml
[INFO] crate git repo https://github.com/ProjectKML/metal_3_example_rs already has a lockfile, it will not be regenerated
[INFO] running `Command { std: CARGO_HOME="/workspace/cargo-home" RUSTUP_HOME="/workspace/rustup-home" "/workspace/cargo-home/bin/cargo" "+1.75.0" "fetch" "--manifest-path" "Cargo.toml", kill_on_drop: false }`
[INFO] [stderr]     Updating crates.io index
[INFO] [stderr]     Updating git repository `https://github.com/projectkml/fast-obj-rs`
[INFO] [stderr]     Updating git submodule `https://github.com/thisistherk/fast_obj`
[INFO] [stderr]     Updating git repository `https://github.com/projectkml/meshopt-rs`
[INFO] [stderr]     Updating git submodule `https://github.com/zeux/meshoptimizer.git`
[INFO] [stderr]  Downloading crates ...
[INFO] [stderr]   Downloaded dolly v0.4.2
[INFO] running `Command { std: "docker" "create" "-v" "/var/lib/crater-agent-workspace/builds/worker-5-tc1/target:/opt/rustwide/target:rw,Z" "-v" "/var/lib/crater-agent-workspace/builds/worker-5-tc1/source:/opt/rustwide/workdir:ro,Z" "-v" "/var/lib/crater-agent-workspace/cargo-home:/opt/rustwide/cargo-home:ro,Z" "-v" "/var/lib/crater-agent-workspace/rustup-home:/opt/rustwide/rustup-home:ro,Z" "-e" "SOURCE_DIR=/opt/rustwide/workdir" "-e" "CARGO_TARGET_DIR=/opt/rustwide/target" "-e" "CARGO_HOME=/opt/rustwide/cargo-home" "-e" "RUSTUP_HOME=/opt/rustwide/rustup-home" "-w" "/opt/rustwide/workdir" "-m" "1610612736" "--user" "0:0" "--network" "none" "ghcr.io/rust-lang/crates-build-env/linux@sha256:2788e3201cd34a07e3172128adcd8b3090168a8e3bcc40d7c032b9dda1df7d1c" "/opt/rustwide/cargo-home/bin/cargo" "+1.75.0" "metadata" "--no-deps" "--format-version=1", kill_on_drop: false }`
[INFO] [stdout] fb6a6bc3979b16589e4c581147f3eb88e2dc747f2b4d402c3b61d28f91ecab3b
[INFO] running `Command { std: "docker" "start" "-a" "fb6a6bc3979b16589e4c581147f3eb88e2dc747f2b4d402c3b61d28f91ecab3b", kill_on_drop: false }`
[INFO] running `Command { std: "docker" "inspect" "fb6a6bc3979b16589e4c581147f3eb88e2dc747f2b4d402c3b61d28f91ecab3b", kill_on_drop: false }`
[INFO] running `Command { std: "docker" "rm" "-f" "fb6a6bc3979b16589e4c581147f3eb88e2dc747f2b4d402c3b61d28f91ecab3b", kill_on_drop: false }`
[INFO] [stdout] fb6a6bc3979b16589e4c581147f3eb88e2dc747f2b4d402c3b61d28f91ecab3b
[INFO] running `Command { std: "docker" "create" "-v" "/var/lib/crater-agent-workspace/builds/worker-5-tc1/target:/opt/rustwide/target:rw,Z" "-v" "/var/lib/crater-agent-workspace/builds/worker-5-tc1/source:/opt/rustwide/workdir:ro,Z" "-v" "/var/lib/crater-agent-workspace/cargo-home:/opt/rustwide/cargo-home:ro,Z" "-v" "/var/lib/crater-agent-workspace/rustup-home:/opt/rustwide/rustup-home:ro,Z" "-e" "SOURCE_DIR=/opt/rustwide/workdir" "-e" "CARGO_TARGET_DIR=/opt/rustwide/target" "-e" "CARGO_INCREMENTAL=0" "-e" "RUST_BACKTRACE=full" "-e" "RUSTFLAGS=--cap-lints=warn" "-e" "RUSTDOCFLAGS=--cap-lints=warn" "-e" "CARGO_HOME=/opt/rustwide/cargo-home" "-e" "RUSTUP_HOME=/opt/rustwide/rustup-home" "-w" "/opt/rustwide/workdir" "-m" "1610612736" "--user" "0:0" "--network" "none" "ghcr.io/rust-lang/crates-build-env/linux@sha256:2788e3201cd34a07e3172128adcd8b3090168a8e3bcc40d7c032b9dda1df7d1c" "/opt/rustwide/cargo-home/bin/cargo" "+1.75.0" "doc" "--frozen" "--no-deps" "--document-private-items" "--message-format=json", kill_on_drop: false }`
[INFO] [stdout] 3727d6119843033b31c20f45f7c99e8bd53bda92e34cc07fb7e9fbb1b3274ab8
[INFO] running `Command { std: "docker" "start" "-a" "3727d6119843033b31c20f45f7c99e8bd53bda92e34cc07fb7e9fbb1b3274ab8", kill_on_drop: false }`
[INFO] [stderr]    Compiling libc v0.2.151
[INFO] [stderr]    Compiling pkg-config v0.3.28
[INFO] [stderr]    Compiling proc-macro2 v1.0.71
[INFO] [stderr]    Compiling xml-rs v0.8.19
[INFO] [stderr]     Checking simd-adler32 v0.3.7
[INFO] [stderr]     Checking smallvec v1.11.2
[INFO] [stderr]    Compiling crossbeam-utils v0.8.18
[INFO] [stderr]     Checking libloading v0.8.1
[INFO] [stderr]     Checking miniz_oxide v0.7.1
[INFO] [stderr]     Checking dlib v0.5.2
[INFO] [stderr]    Compiling lock_api v0.4.11
[INFO] [stderr]     Checking once_cell v1.19.0
[INFO] [stderr]    Compiling wayland-sys v0.29.5
[INFO] [stderr]    Compiling num-traits v0.2.17
[INFO] [stderr]    Compiling thiserror v1.0.51
[INFO] [stderr]    Compiling quote v1.0.33
[INFO] [stderr]     Checking crossbeam-epoch v0.9.17
[INFO] [stderr]     Checking foreign-types-shared v0.3.1
[INFO] [stderr]     Checking bytemuck v1.14.0
[INFO] [stderr]    Compiling rayon-core v1.12.0
[INFO] [stderr]    Compiling syn v2.0.42
[INFO] [stderr]    Compiling wayland-scanner v0.29.5
[INFO] [stderr]     Checking log v0.4.20
[INFO] [stderr]     Checking crossbeam-deque v0.8.4
[INFO] [stderr]    Compiling cc v1.0.83
[INFO] [stderr]    Compiling slotmap v1.0.7
[INFO] [stderr]     Checking flate2 v1.0.28
[INFO] [stderr]    Compiling servo-fontconfig-sys v5.1.0
[INFO] [stderr]     Checking core-foundation-sys v0.8.6
[INFO] [stderr]     Checking nix v0.24.3
[INFO] [stderr]    Compiling cmake v0.1.50
[INFO] [stderr]     Checking scoped-tls v1.0.1
[INFO] [stderr]     Checking core-foundation v0.9.4
[INFO] [stderr]     Checking fdeflate v0.3.1
[INFO] [stderr]     Checking core-graphics-types v0.1.3
[INFO] [stdout] error[E0455]: link kind `framework` is only supported on Apple targets
[INFO] [stdout]    --> /opt/rustwide/cargo-home/registry/src/index.crates.io-6f17d22bba15001f/core-graphics-types-0.1.3/src/geometry.rs:169:69
[INFO] [stdout]     |
[INFO] [stdout] 169 |     #[cfg_attr(feature = "link", link(name = "CoreGraphics", kind = "framework"))]
[INFO] [stdout]     |                                                                     ^^^^^^^^^^^
[INFO] [stdout] 
[INFO] [stdout] 
[INFO] [stdout] error: aborting due to previous error
[INFO] [stdout] 
[INFO] [stdout] 
[INFO] [stdout] For more information about this error, try `rustc --explain E0455`.
[INFO] [stdout] 
[INFO] [stderr] error: could not compile `core-graphics-types` (lib) due to 2 previous errors
[INFO] [stderr] warning: build failed, waiting for other jobs to finish...
[INFO] running `Command { std: "docker" "inspect" "3727d6119843033b31c20f45f7c99e8bd53bda92e34cc07fb7e9fbb1b3274ab8", kill_on_drop: false }`
[INFO] running `Command { std: "docker" "rm" "-f" "3727d6119843033b31c20f45f7c99e8bd53bda92e34cc07fb7e9fbb1b3274ab8", kill_on_drop: false }`
[INFO] [stdout] 3727d6119843033b31c20f45f7c99e8bd53bda92e34cc07fb7e9fbb1b3274ab8
[INFO] documenting ProjectKML/metal_3_example_rs against beta-2023-12-22 for beta-1.76-rustdoc-1
[INFO] running `Command { std: "git" "clone" "/workspace/cache/git-repos/https%3A%2F%2Fgithub.com%2FProjectKML%2Fmetal_3_example_rs" "/workspace/builds/worker-5-tc2/source", kill_on_drop: false }`
[INFO] [stderr] Cloning into '/workspace/builds/worker-5-tc2/source'...
[INFO] [stderr] done.
[INFO] validating manifest of git repo https://github.com/ProjectKML/metal_3_example_rs on toolchain beta-2023-12-22
[INFO] running `Command { std: CARGO_HOME="/workspace/cargo-home" RUSTUP_HOME="/workspace/rustup-home" "/workspace/cargo-home/bin/cargo" "+beta-2023-12-22" "metadata" "--manifest-path" "Cargo.toml" "--no-deps", kill_on_drop: false }`
[INFO] started tweaking git repo https://github.com/ProjectKML/metal_3_example_rs
[INFO] finished tweaking git repo https://github.com/ProjectKML/metal_3_example_rs
[INFO] tweaked toml for git repo https://github.com/ProjectKML/metal_3_example_rs written to /workspace/builds/worker-5-tc2/source/Cargo.toml
[INFO] crate git repo https://github.com/ProjectKML/metal_3_example_rs already has a lockfile, it will not be regenerated
[INFO] running `Command { std: CARGO_HOME="/workspace/cargo-home" RUSTUP_HOME="/workspace/rustup-home" "/workspace/cargo-home/bin/cargo" "+beta-2023-12-22" "fetch" "--manifest-path" "Cargo.toml", kill_on_drop: false }`
[INFO] running `Command { std: "docker" "create" "-v" "/var/lib/crater-agent-workspace/builds/worker-5-tc2/target:/opt/rustwide/target:rw,Z" "-v" "/var/lib/crater-agent-workspace/builds/worker-5-tc2/source:/opt/rustwide/workdir:ro,Z" "-v" "/var/lib/crater-agent-workspace/cargo-home:/opt/rustwide/cargo-home:ro,Z" "-v" "/var/lib/crater-agent-workspace/rustup-home:/opt/rustwide/rustup-home:ro,Z" "-e" "SOURCE_DIR=/opt/rustwide/workdir" "-e" "CARGO_TARGET_DIR=/opt/rustwide/target" "-e" "CARGO_HOME=/opt/rustwide/cargo-home" "-e" "RUSTUP_HOME=/opt/rustwide/rustup-home" "-w" "/opt/rustwide/workdir" "-m" "1610612736" "--user" "0:0" "--network" "none" "ghcr.io/rust-lang/crates-build-env/linux@sha256:2788e3201cd34a07e3172128adcd8b3090168a8e3bcc40d7c032b9dda1df7d1c" "/opt/rustwide/cargo-home/bin/cargo" "+beta-2023-12-22" "metadata" "--no-deps" "--format-version=1", kill_on_drop: false }`
[INFO] [stdout] 8b29ce13d34417f49ffc6630aa5b30b86ae940449d0bcd1cff7c40e48790dc36
[INFO] running `Command { std: "docker" "start" "-a" "8b29ce13d34417f49ffc6630aa5b30b86ae940449d0bcd1cff7c40e48790dc36", kill_on_drop: false }`
[INFO] running `Command { std: "docker" "inspect" "8b29ce13d34417f49ffc6630aa5b30b86ae940449d0bcd1cff7c40e48790dc36", kill_on_drop: false }`
[INFO] running `Command { std: "docker" "rm" "-f" "8b29ce13d34417f49ffc6630aa5b30b86ae940449d0bcd1cff7c40e48790dc36", kill_on_drop: false }`
[INFO] [stdout] 8b29ce13d34417f49ffc6630aa5b30b86ae940449d0bcd1cff7c40e48790dc36
[INFO] running `Command { std: "docker" "create" "-v" "/var/lib/crater-agent-workspace/builds/worker-5-tc2/target:/opt/rustwide/target:rw,Z" "-v" "/var/lib/crater-agent-workspace/builds/worker-5-tc2/source:/opt/rustwide/workdir:ro,Z" "-v" "/var/lib/crater-agent-workspace/cargo-home:/opt/rustwide/cargo-home:ro,Z" "-v" "/var/lib/crater-agent-workspace/rustup-home:/opt/rustwide/rustup-home:ro,Z" "-e" "SOURCE_DIR=/opt/rustwide/workdir" "-e" "CARGO_TARGET_DIR=/opt/rustwide/target" "-e" "CARGO_INCREMENTAL=0" "-e" "RUST_BACKTRACE=full" "-e" "RUSTFLAGS=--cap-lints=warn" "-e" "RUSTDOCFLAGS=--cap-lints=warn" "-e" "CARGO_HOME=/opt/rustwide/cargo-home" "-e" "RUSTUP_HOME=/opt/rustwide/rustup-home" "-w" "/opt/rustwide/workdir" "-m" "1610612736" "--user" "0:0" "--network" "none" "ghcr.io/rust-lang/crates-build-env/linux@sha256:2788e3201cd34a07e3172128adcd8b3090168a8e3bcc40d7c032b9dda1df7d1c" "/opt/rustwide/cargo-home/bin/cargo" "+beta-2023-12-22" "doc" "--frozen" "--no-deps" "--document-private-items" "--message-format=json", kill_on_drop: false }`
[INFO] [stdout] 15d11fb2991af2c44e6e2c924068550fb8fcd4ff15b5286ffb818172a99899bb
[INFO] running `Command { std: "docker" "start" "-a" "15d11fb2991af2c44e6e2c924068550fb8fcd4ff15b5286ffb818172a99899bb", kill_on_drop: false }`
[INFO] [stderr]    Compiling libc v0.2.151
[INFO] [stderr]    Compiling pkg-config v0.3.28
[INFO] [stderr]    Compiling proc-macro2 v1.0.71
[INFO] [stderr]    Compiling xml-rs v0.8.19
[INFO] [stderr]     Checking simd-adler32 v0.3.7
[INFO] [stderr]     Checking smallvec v1.11.2
[INFO] [stderr]    Compiling crossbeam-utils v0.8.18
[INFO] [stderr]     Checking libloading v0.8.1
[INFO] [stderr]     Checking miniz_oxide v0.7.1
[INFO] [stderr]     Checking dlib v0.5.2
[INFO] [stderr]    Compiling lock_api v0.4.11
[INFO] [stderr]     Checking once_cell v1.19.0
[INFO] [stderr]    Compiling num-traits v0.2.17
[INFO] [stderr]     Checking foreign-types-shared v0.3.1
[INFO] [stderr]    Compiling wayland-sys v0.29.5
[INFO] [stderr]    Compiling quote v1.0.33
[INFO] [stderr]     Checking crossbeam-epoch v0.9.17
[INFO] [stderr]     Checking bytemuck v1.14.0
[INFO] [stderr]    Compiling cc v1.0.83
[INFO] [stderr]     Checking log v0.4.20
[INFO] [stderr]    Compiling syn v2.0.42
[INFO] [stderr]    Compiling wayland-scanner v0.29.5
[INFO] [stderr]    Compiling thiserror v1.0.51
[INFO] [stderr]    Compiling rayon-core v1.12.0
[INFO] [stderr]    Compiling slotmap v1.0.7
[INFO] [stderr]     Checking crossbeam-deque v0.8.4
[INFO] [stderr]    Compiling cmake v0.1.50
[INFO] [stderr]    Compiling servo-fontconfig-sys v5.1.0
[INFO] [stderr]     Checking flate2 v1.0.28
[INFO] [stderr]     Checking nix v0.24.3
[INFO] [stderr]     Checking scoped-tls v1.0.1
[INFO] [stderr]     Checking core-foundation-sys v0.8.6
[INFO] [stderr]     Checking fdeflate v0.3.1
[INFO] [stderr]     Checking core-foundation v0.9.4
[INFO] [stderr]    Compiling wayland-client v0.29.5
[INFO] [stderr]    Compiling freetype-sys v0.13.1
[INFO] [stderr]    Compiling expat-sys v2.1.6
[INFO] [stderr]    Compiling objc_exception v0.1.2
[INFO] [stderr]    Compiling wayland-protocols v0.29.5
[INFO] [stderr]     Checking core-graphics-types v0.1.3
[INFO] [stderr] The following warnings were emitted during compilation:
[INFO] [stderr] 
[INFO] [stderr] warning: objc_exception@0.1.2: cc: fatal error: cannot execute 'cc1obj': execvp: No such file or directory
[INFO] [stderr] warning: objc_exception@0.1.2: compilation terminated.
[INFO] [stderr] 
[INFO] [stderr] error: failed to run custom build command for `objc_exception v0.1.2`
[INFO] [stderr] note: To improve backtraces for build dependencies, set the CARGO_PROFILE_DEV_BUILD_OVERRIDE_DEBUG=true environment variable to enable debug information generation.
[INFO] [stderr] 
[INFO] [stderr] Caused by:
[INFO] [stderr]   process didn't exit successfully: `/opt/rustwide/target/debug/build/objc_exception-c9540b5f00ed342b/build-script-build` (exit status: 1)
[INFO] [stderr]   --- stdout
[INFO] [stderr]   TARGET = Some("x86_64-unknown-linux-gnu")
[INFO] [stderr]   OPT_LEVEL = Some("0")
[INFO] [stderr]   HOST = Some("x86_64-unknown-linux-gnu")
[INFO] [stderr]   cargo:rerun-if-env-changed=CC_x86_64-unknown-linux-gnu
[INFO] [stderr]   CC_x86_64-unknown-linux-gnu = None
[INFO] [stderr]   cargo:rerun-if-env-changed=CC_x86_64_unknown_linux_gnu
[INFO] [stderr]   CC_x86_64_unknown_linux_gnu = None
[INFO] [stderr]   cargo:rerun-if-env-changed=HOST_CC
[INFO] [stderr]   HOST_CC = None
[INFO] [stderr]   cargo:rerun-if-env-changed=CC
[INFO] [stderr]   CC = None
[INFO] [stderr]   cargo:rerun-if-env-changed=CRATE_CC_NO_DEFAULTS
[INFO] [stderr]   CRATE_CC_NO_DEFAULTS = None
[INFO] [stderr]   DEBUG = Some("true")
[INFO] [stderr]   CARGO_CFG_TARGET_FEATURE = Some("fxsr,sse,sse2")
[INFO] [stderr]   cargo:rerun-if-env-changed=CFLAGS_x86_64-unknown-linux-gnu
[INFO] [stderr]   CFLAGS_x86_64-unknown-linux-gnu = None
[INFO] [stderr]   cargo:rerun-if-env-changed=CFLAGS_x86_64_unknown_linux_gnu
[INFO] [stderr]   CFLAGS_x86_64_unknown_linux_gnu = None
[INFO] [stderr]   cargo:rerun-if-env-changed=HOST_CFLAGS
[INFO] [stderr]   HOST_CFLAGS = None
[INFO] [stderr]   cargo:rerun-if-env-changed=CFLAGS
[INFO] [stderr]   CFLAGS = None
[INFO] [stderr]   running: "cc" "-O0" "-ffunction-sections" "-fdata-sections" "-fPIC" "-gdwarf-4" "-fno-omit-frame-pointer" "-m64" "-Wall" "-Wextra" "-o" "/opt/rustwide/target/debug/build/objc_exception-53e2f1659ef9e044/out/extern/exception.o" "-c" "extern/exception.m"
[INFO] [stderr]   cargo:warning=cc: fatal error: cannot execute 'cc1obj': execvp: No such file or directory
[INFO] [stderr] 
[INFO] [stderr]   cargo:warning=compilation terminated.
[INFO] [stderr] 
[INFO] [stderr]   exit status: 1
[INFO] [stderr] 
[INFO] [stderr]   --- stderr
[INFO] [stderr] 
[INFO] [stderr] 
[INFO] [stderr]   error occurred: Command "cc" "-O0" "-ffunction-sections" "-fdata-sections" "-fPIC" "-gdwarf-4" "-fno-omit-frame-pointer" "-m64" "-Wall" "-Wextra" "-o" "/opt/rustwide/target/debug/build/objc_exception-53e2f1659ef9e044/out/extern/exception.o" "-c" "extern/exception.m" with args "cc" did not execute successfully (status code exit status: 1).
[INFO] [stderr] 
[INFO] [stderr] 
[INFO] [stderr] warning: build failed, waiting for other jobs to finish...
[INFO] [stdout] error[E0455]: link kind `framework` is only supported on Apple targets
[INFO] [stdout]    --> /opt/rustwide/cargo-home/registry/src/index.crates.io-6f17d22bba15001f/core-graphics-types-0.1.3/src/geometry.rs:169:69
[INFO] [stdout]     |
[INFO] [stdout] 169 |     #[cfg_attr(feature = "link", link(name = "CoreGraphics", kind = "framework"))]
[INFO] [stdout]     |                                                                     ^^^^^^^^^^^
[INFO] [stdout] 
[INFO] [stdout] 
[INFO] [stdout] error: aborting due to 1 previous error
[INFO] [stdout] 
[INFO] [stdout] 
[INFO] [stdout] For more information about this error, try `rustc --explain E0455`.
[INFO] [stdout] 
[INFO] [stderr] error: could not compile `core-graphics-types` (lib) due to 2 previous errors
[INFO] running `Command { std: "docker" "inspect" "15d11fb2991af2c44e6e2c924068550fb8fcd4ff15b5286ffb818172a99899bb", kill_on_drop: false }`
[INFO] running `Command { std: "docker" "rm" "-f" "15d11fb2991af2c44e6e2c924068550fb8fcd4ff15b5286ffb818172a99899bb", kill_on_drop: false }`
[INFO] [stdout] 15d11fb2991af2c44e6e2c924068550fb8fcd4ff15b5286ffb818172a99899bb
