[INFO] cloning repository https://github.com/ProgramCrafter/salsa-iwj-otter
[INFO] running `Command { std: "git" "-c" "credential.helper=" "-c" "credential.helper=/workspace/cargo-home/bin/git-credential-null" "clone" "--bare" "https://github.com/ProgramCrafter/salsa-iwj-otter" "/workspace/cache/git-repos/https%3A%2F%2Fgithub.com%2FProgramCrafter%2Fsalsa-iwj-otter", kill_on_drop: false }`
[INFO] [stderr] Cloning into bare repository '/workspace/cache/git-repos/https%3A%2F%2Fgithub.com%2FProgramCrafter%2Fsalsa-iwj-otter'...
[INFO] running `Command { std: "git" "rev-parse" "HEAD", kill_on_drop: false }`
[INFO] [stdout] a5b9c677f29675d2395c9d1d66763a2ce64f6ffc
[INFO] documenting ProgramCrafter/salsa-iwj-otter against 1.75.0 for beta-1.76-rustdoc-1
[INFO] running `Command { std: "git" "clone" "/workspace/cache/git-repos/https%3A%2F%2Fgithub.com%2FProgramCrafter%2Fsalsa-iwj-otter" "/workspace/builds/worker-3-tc1/source", kill_on_drop: false }`
[INFO] [stderr] Cloning into '/workspace/builds/worker-3-tc1/source'...
[INFO] [stderr] done.
[INFO] validating manifest of git repo https://github.com/ProgramCrafter/salsa-iwj-otter on toolchain 1.75.0
[INFO] running `Command { std: CARGO_HOME="/workspace/cargo-home" RUSTUP_HOME="/workspace/rustup-home" "/workspace/cargo-home/bin/cargo" "+1.75.0" "metadata" "--manifest-path" "Cargo.toml" "--no-deps", kill_on_drop: false }`
[INFO] started tweaking git repo https://github.com/ProgramCrafter/salsa-iwj-otter
[INFO] finished tweaking git repo https://github.com/ProgramCrafter/salsa-iwj-otter
[INFO] tweaked toml for git repo https://github.com/ProgramCrafter/salsa-iwj-otter written to /workspace/builds/worker-3-tc1/source/Cargo.toml
[INFO] crate git repo https://github.com/ProgramCrafter/salsa-iwj-otter already has a lockfile, it will not be regenerated
[INFO] running `Command { std: CARGO_HOME="/workspace/cargo-home" RUSTUP_HOME="/workspace/rustup-home" "/workspace/cargo-home/bin/cargo" "+1.75.0" "fetch" "--manifest-path" "Cargo.toml", kill_on_drop: false }`
[INFO] [stderr]     Updating crates.io index
[INFO] [stderr]     Updating git repository `https://github.com/ijackson/slotmap`
[INFO] [stderr]  Downloading crates ...
[INFO] [stderr]   Downloaded const-default-derive v0.2.0
[INFO] [stderr]   Downloaded derive-into-owned v0.2.0
[INFO] [stderr]   Downloaded zip v0.6.2
[INFO] [stderr]   Downloaded actix-files v0.6.1
[INFO] [stderr]   Downloaded wit-walrus v0.6.0
[INFO] [stderr]   Downloaded displaydoc v0.1.7
[INFO] [stderr]   Downloaded wit-writer v0.2.0
[INFO] [stderr]   Downloaded rouille v3.5.0
[INFO] [stderr]   Downloaded actix-web v4.1.0
[INFO] [stderr]   Downloaded thirtyfour v0.27.3
[INFO] [stderr]   Downloaded tera v1.16.0
[INFO] [stderr]   Downloaded unicode-normalization v0.1.20
[INFO] [stderr]   Downloaded walrus v0.19.0
[INFO] [stderr]   Downloaded erased-serde v0.3.21
[INFO] [stderr]   Downloaded uds v0.2.6
[INFO] [stderr]   Downloaded tiny_http v0.8.2
[INFO] [stderr]   Downloaded actix-cors v0.6.1
[INFO] [stderr]   Downloaded actix-web-codegen v4.0.1
[INFO] [stderr]   Downloaded ghost v0.1.4
[INFO] [stderr]   Downloaded wit-parser v0.2.0
[INFO] [stderr]   Downloaded async-condvar-fair v0.2.2
[INFO] [stderr]   Downloaded lazy-regex v2.3.0
[INFO] [stderr]   Downloaded wasm-bindgen-externref-xform v0.2.81
[INFO] [stderr]   Downloaded stringmatch v0.3.3
[INFO] [stderr]   Downloaded cargo_metadata v0.11.4
[INFO] [stderr]   Downloaded const-default v1.0.0
[INFO] [stderr]   Downloaded lazy-regex-proc_macros v2.3.0
[INFO] [stderr]   Downloaded extend v1.1.2
[INFO] [stderr]   Downloaded pwd v1.3.1
[INFO] [stderr]   Downloaded wit-validator v0.2.1
[INFO] [stderr]   Downloaded walrus-macro v0.19.0
[INFO] [stderr]   Downloaded wit-schema-version v0.1.0
[INFO] [stderr]   Downloaded wasm-bindgen-multi-value-xform v0.2.81
[INFO] [stderr]   Downloaded wast v21.0.0
[INFO] [stderr]   Downloaded wit-text v0.8.0
[INFO] [stderr]   Downloaded lazy-init v0.5.0
[INFO] [stderr]   Downloaded urlparse v0.7.3
[INFO] [stderr]   Downloaded thirtyfour_sync v0.27.1
[INFO] [stderr]   Downloaded ambassador v0.3.1
[INFO] [stderr]   Downloaded delegate v0.7.0
[INFO] [stderr]   Downloaded cast_trait_object_macros v0.1.3
[INFO] [stderr]   Downloaded wasm-bindgen-threads-xform v0.2.81
[INFO] [stderr]   Downloaded wasm-bindgen-wasm-interpreter v0.2.81
[INFO] [stderr]   Downloaded vecdeque-stableix v1.0.0
[INFO] [stderr]   Downloaded wasm-bindgen-wasm-conventions v0.2.81
[INFO] [stderr]   Downloaded bundle-sources v0.0.1
[INFO] [stderr]   Downloaded cast_trait_object v0.1.3
[INFO] [stderr]   Downloaded wasm-bindgen-cli-support v0.2.81
[INFO] [stderr]   Downloaded wasm-bindgen-cli v0.2.81
[INFO] running `Command { std: "docker" "create" "-v" "/var/lib/crater-agent-workspace/builds/worker-3-tc1/target:/opt/rustwide/target:rw,Z" "-v" "/var/lib/crater-agent-workspace/builds/worker-3-tc1/source:/opt/rustwide/workdir:ro,Z" "-v" "/var/lib/crater-agent-workspace/cargo-home:/opt/rustwide/cargo-home:ro,Z" "-v" "/var/lib/crater-agent-workspace/rustup-home:/opt/rustwide/rustup-home:ro,Z" "-e" "SOURCE_DIR=/opt/rustwide/workdir" "-e" "CARGO_TARGET_DIR=/opt/rustwide/target" "-e" "CARGO_HOME=/opt/rustwide/cargo-home" "-e" "RUSTUP_HOME=/opt/rustwide/rustup-home" "-w" "/opt/rustwide/workdir" "-m" "1610612736" "--user" "0:0" "--network" "none" "ghcr.io/rust-lang/crates-build-env/linux@sha256:2788e3201cd34a07e3172128adcd8b3090168a8e3bcc40d7c032b9dda1df7d1c" "/opt/rustwide/cargo-home/bin/cargo" "+1.75.0" "metadata" "--no-deps" "--format-version=1", kill_on_drop: false }`
[INFO] [stdout] 56ec7acd8154a3c7705d0c9577b7e81f5dfd385755a6ff107df6cdc0f5e3634c
[INFO] running `Command { std: "docker" "start" "-a" "56ec7acd8154a3c7705d0c9577b7e81f5dfd385755a6ff107df6cdc0f5e3634c", kill_on_drop: false }`
[INFO] running `Command { std: "docker" "inspect" "56ec7acd8154a3c7705d0c9577b7e81f5dfd385755a6ff107df6cdc0f5e3634c", kill_on_drop: false }`
[INFO] running `Command { std: "docker" "rm" "-f" "56ec7acd8154a3c7705d0c9577b7e81f5dfd385755a6ff107df6cdc0f5e3634c", kill_on_drop: false }`
[INFO] [stdout] 56ec7acd8154a3c7705d0c9577b7e81f5dfd385755a6ff107df6cdc0f5e3634c
[INFO] running `Command { std: "docker" "create" "-v" "/var/lib/crater-agent-workspace/builds/worker-3-tc1/target:/opt/rustwide/target:rw,Z" "-v" "/var/lib/crater-agent-workspace/builds/worker-3-tc1/source:/opt/rustwide/workdir:ro,Z" "-v" "/var/lib/crater-agent-workspace/cargo-home:/opt/rustwide/cargo-home:ro,Z" "-v" "/var/lib/crater-agent-workspace/rustup-home:/opt/rustwide/rustup-home:ro,Z" "-e" "SOURCE_DIR=/opt/rustwide/workdir" "-e" "CARGO_TARGET_DIR=/opt/rustwide/target" "-e" "CARGO_INCREMENTAL=0" "-e" "RUST_BACKTRACE=full" "-e" "RUSTFLAGS=--cap-lints=warn" "-e" "RUSTDOCFLAGS=--cap-lints=warn" "-e" "CARGO_HOME=/opt/rustwide/cargo-home" "-e" "RUSTUP_HOME=/opt/rustwide/rustup-home" "-w" "/opt/rustwide/workdir" "-m" "1610612736" "--user" "0:0" "--network" "none" "ghcr.io/rust-lang/crates-build-env/linux@sha256:2788e3201cd34a07e3172128adcd8b3090168a8e3bcc40d7c032b9dda1df7d1c" "/opt/rustwide/cargo-home/bin/cargo" "+1.75.0" "doc" "--frozen" "--no-deps" "--document-private-items" "--message-format=json", kill_on_drop: false }`
[INFO] [stdout] 4554d4f5e05377deb9ed0abffe5bf80f183461074cdbdb776763633da70334c0
[INFO] running `Command { std: "docker" "start" "-a" "4554d4f5e05377deb9ed0abffe5bf80f183461074cdbdb776763633da70334c0", kill_on_drop: false }`
[INFO] [stderr]    Compiling libc v0.2.126
[INFO] [stderr]    Compiling proc-macro2 v1.0.40
[INFO] [stderr]    Compiling unicode-ident v1.0.1
[INFO] [stderr]    Compiling quote v1.0.20
[INFO] [stderr]    Compiling syn v1.0.98
[INFO] [stderr]    Compiling serde_derive v1.0.137
[INFO] [stderr]    Compiling serde v1.0.137
[INFO] [stderr]    Compiling typenum v1.15.0
[INFO] [stderr]    Compiling generic-array v0.14.5
[INFO] [stderr]    Compiling num-integer v0.1.45
[INFO] [stderr]    Compiling uncased v0.9.7
[INFO] [stderr]    Compiling memchr v2.5.0
[INFO] [stderr]     Checking aho-corasick v0.7.18
[INFO] [stderr]    Compiling proc-macro-error-attr v1.0.4
[INFO] [stderr]    Compiling regex-syntax v0.6.26
[INFO] [stderr]    Compiling siphasher v0.3.10
[INFO] [stderr]    Compiling ppv-lite86 v0.2.16
[INFO] [stderr]    Compiling phf_shared v0.10.0
[INFO] [stderr]    Compiling jobserver v0.1.24
[INFO] [stderr]    Compiling cc v1.0.73
[INFO] [stderr]    Compiling getrandom v0.2.7
[INFO] [stderr]    Compiling rand_core v0.6.3
[INFO] [stderr]    Compiling rand_chacha v0.3.1
[INFO] [stderr]    Compiling num-bigint v0.4.3
[INFO] [stderr]    Compiling proc-macro-error v1.0.4
[INFO] [stderr]     Checking miniz_oxide v0.5.3
[INFO] [stderr]    Compiling regex v1.5.6
[INFO] [stderr]    Compiling rand v0.8.5
[INFO] [stderr]     Checking cpufeatures v0.2.2
[INFO] [stderr]     Checking subtle v2.4.1
[INFO] [stderr]     Checking block-buffer v0.10.2
[INFO] [stderr]     Checking crypto-common v0.1.3
[INFO] [stderr]     Checking itoa v1.0.2
[INFO] [stderr]    Compiling strsim v0.10.0
[INFO] [stderr]    Compiling ident_case v1.0.1
[INFO] [stderr]    Compiling fnv v1.0.7
[INFO] [stderr]     Checking digest v0.10.3
[INFO] [stderr]    Compiling zstd-sys v1.6.3+zstd.1.5.2
[INFO] [stderr]    Compiling phf v0.10.1
[INFO] [stderr]    Compiling phf_generator v0.10.0
[INFO] [stderr]    Compiling parse-zoneinfo v0.3.0
[INFO] [stderr]    Compiling rustversion v1.0.7
[INFO] [stderr]    Compiling phf_codegen v0.10.0
[INFO] [stderr]     Checking net2 v0.2.37
[INFO] [stderr]    Compiling backtrace v0.3.65
[INFO] [stderr]     Checking atty v0.2.14
[INFO] [stderr]     Checking iovec v0.1.4
[INFO] [stderr]    Compiling num-traits v0.2.15
[INFO] [stderr]    Compiling lock_api v0.4.7
[INFO] [stderr]    Compiling chrono-tz-build v0.0.2
[INFO] [stderr]    Compiling parking_lot_core v0.9.3
[INFO] [stderr]    Compiling ucd-trie v0.1.3
[INFO] [stderr]    Compiling failure_derive v0.1.8
[INFO] [stderr]     Checking slab v0.4.6
[INFO] [stderr]     Checking gimli v0.26.1
[INFO] [stderr]    Compiling unicode-xid v0.2.3
[INFO] [stderr]    Compiling serde_json v1.0.81
[INFO] [stderr]    Compiling pkg-config v0.3.25
[INFO] [stderr]    Compiling crossbeam-utils v0.8.10
[INFO] [stderr]    Compiling chrono-tz v0.6.1
[INFO] [stderr]     Checking mio v0.6.23
[INFO] [stderr]    Compiling pest v2.1.3
[INFO] [stderr]    Compiling darling_core v0.13.4
[INFO] [stderr]    Compiling bzip2-sys v0.1.11+1.0.8
[INFO] [stderr]    Compiling synstructure v0.12.6
[INFO] [stderr]     Checking inotify-sys v0.1.5
[INFO] [stderr]     Checking time v0.1.44
[INFO] [stderr]     Checking object v0.28.4
[INFO] [stderr]     Checking bstr v0.2.17
[INFO] [stderr]    Compiling num-iter v0.1.43
[INFO] [stderr]    Compiling memoffset v0.6.5
[INFO] [stderr]    Compiling num-rational v0.4.1
[INFO] [stderr]    Compiling zstd-safe v4.1.6+zstd.1.5.2
[INFO] [stderr]     Checking num_threads v0.1.6
[INFO] [stderr]     Checking lazycell v1.3.0
[INFO] [stderr]     Checking unic-common v0.9.0
[INFO] [stderr]     Checking rustc-demangle v0.1.21
[INFO] [stderr]     Checking unic-char-range v0.9.0
[INFO] [stderr]     Checking smallvec v1.8.1
[INFO] [stderr]     Checking ansi_term v0.12.1
[INFO] [stderr]    Compiling maplit v1.0.2
[INFO] [stderr]    Compiling time-macros v0.2.4
[INFO] [stderr]     Checking ryu v1.0.10
[INFO] [stderr]    Compiling either v1.6.1
[INFO] [stderr]    Compiling pest_meta v2.1.3
[INFO] [stderr]     Checking globset v0.4.9
[INFO] [stderr]     Checking addr2line v0.17.0
[INFO] [stderr]     Checking unic-char-property v0.9.0
[INFO] [stderr]     Checking unic-ucd-version v0.9.0
[INFO] [stderr]     Checking tinyvec v1.6.0
[INFO] [stderr]     Checking mio-extras v2.0.6
[INFO] [stderr]     Checking chrono v0.4.19
[INFO] [stderr]     Checking inotify v0.7.1
[INFO] [stderr]     Checking time v0.3.11
[INFO] [stderr]     Checking sha2 v0.10.2
[INFO] [stderr]    Compiling thiserror-impl v1.0.31
[INFO] [stderr]    Compiling darling_macro v0.13.4
[INFO] [stderr]    Compiling fehler-macros v1.0.0
[INFO] [stderr]    Compiling darling v0.13.4
[INFO] [stderr]    Compiling serde_with_macros v1.5.2
[INFO] [stderr]     Checking thread_local v1.1.4
[INFO] [stderr]     Checking block-buffer v0.9.0
[INFO] [stderr]     Checking digest v0.9.0
[INFO] [stderr]     Checking filetime v0.2.16
[INFO] [stderr]     Checking term_size v0.3.2
[INFO] [stderr]    Compiling slotmap-fork-otter v1.0.2 (https://github.com/ijackson/slotmap?branch=slotmap-fork-otter#d107a9b6)
[INFO] [stderr]    Compiling anyhow v1.0.58
[INFO] [stderr]    Compiling unicode-segmentation v1.9.0
[INFO] [stderr]    Compiling heck v0.4.0
[INFO] [stderr]    Compiling erased-serde v0.3.21
[INFO] [stderr]     Checking base64ct v1.0.1
[INFO] [stderr]     Checking adler32 v1.2.0
[INFO] [stderr]    Compiling paste v1.0.7
[INFO] [stderr]     Checking password-hash v0.3.2
[INFO] [stderr]     Checking deflate v1.0.0
[INFO] [stderr]    Compiling strum_macros v0.24.2
[INFO] [stderr]     Checking thiserror v1.0.31
[INFO] [stderr]    Compiling heck v0.3.3
[INFO] [stderr]    Compiling derive_more v0.99.17
[INFO] [stderr]     Checking itertools v0.10.3
[INFO] [stderr]    Compiling enum-ordinalize v3.1.11
[INFO] [stderr]     Checking textwrap v0.11.0
[INFO] [stderr]     Checking rmp v0.8.11
[INFO] [stderr]     Checking notify v4.0.17
[INFO] [stderr]     Checking failure v0.1.8
[INFO] [stderr]     Checking ignore v0.4.18
[INFO] [stderr]    Compiling ghost v0.1.4
[INFO] [stderr]    Compiling ctor v0.1.22
[INFO] [stderr]     Checking fehler v1.0.0
[INFO] [stderr]    Compiling num-derive v0.3.3
[INFO] [stderr]    Compiling extend v1.1.2
[INFO] [stderr]     Checking unicode-normalization v0.1.20
[INFO] [stderr]    Compiling pest_generator v2.1.3
[INFO] [stderr]     Checking parking_lot v0.12.1
[INFO] [stderr]     Checking unic-ucd-segment v0.9.0
[INFO] [stderr]     Checking hmac v0.12.1
[INFO] [stderr]     Checking cipher v0.3.0
[INFO] [stderr]     Checking terminal_size v0.1.17
[INFO] [stderr]    Compiling unicase v2.6.0
[INFO] [stderr]     Checking void v1.0.2
[INFO] [stderr]     Checking strsim v0.8.0
[INFO] [stderr]     Checking htmlescape v0.3.1
[INFO] [stderr]     Checking unicode-bidi v0.3.8
[INFO] [stderr]     Checking deunicode v0.4.3
[INFO] [stderr]     Checking if_chain v1.0.2
[INFO] [stderr]     Checking glob v0.3.0
[INFO] [stderr]     Checking clap v2.34.0
[INFO] [stderr]     Checking slug v0.1.4
[INFO] [stderr]     Checking idna v0.2.3
[INFO] [stderr]    Compiling pest_derive v2.1.0
[INFO] [stderr]     Checking console v0.15.0
[INFO] [stderr]     Checking aes v0.7.5
[INFO] [stderr]     Checking pbkdf2 v0.10.1
[INFO] [stderr]     Checking unic-segment v0.9.0
[INFO] [stderr]     Checking strum v0.24.1
[INFO] [stderr]     Checking nix v0.24.1
[INFO] [stderr]     Checking inventory v0.2.3
[INFO] [stderr]    Compiling educe v0.4.19
[INFO] [stderr]     Checking globwalk v0.8.1
[INFO] [stderr]     Checking pwd v1.3.1
[INFO] [stderr]    Compiling structopt-derive v0.4.18
[INFO] [stderr]     Checking png v0.17.5
[INFO] [stderr]     Checking md-5 v0.9.1
[INFO] [stderr]     Checking sha2 v0.9.9
[INFO] [stderr]    Compiling lazy-regex-proc_macros v2.3.0
[INFO] [stderr]    Compiling typetag-impl v0.1.8
[INFO] [stderr]    Compiling derive-into-owned v0.2.0
[INFO] [stderr]    Compiling toml v0.5.9
[INFO] [stderr]     Checking serde_with v1.14.0
[INFO] [stderr]     Checking rmp-serde v1.1.0
[INFO] [stderr]    Compiling enum-map-derive v0.9.0
[INFO] [stderr]    Compiling proc-macro-crate v0.1.5
[INFO] [stderr]    Compiling proc-macro-crate v1.1.3
[INFO] [stderr]     Checking otter-base v1.2.1 (/opt/rustwide/workdir/base)
[INFO] [stderr]     Checking flexi_logger v0.22.5
[INFO] [stderr]     Checking flate2 v1.0.24
[INFO] [stderr]     Checking sha1 v0.10.1
[INFO] [stderr]     Checking mio v0.8.4
[INFO] [stderr]     Checking fs2 v0.4.3
[INFO] [stderr]    Compiling cast_trait_object_macros v0.1.3
[INFO] [stderr]    Compiling const-default-derive v0.2.0
[INFO] [stderr]     Checking num-complex v0.4.2
[INFO] [stderr]     Checking dlv-list v0.3.0
[INFO] [stderr]     Checking bytemuck v1.9.1
[INFO] [stderr]     Checking constant_time_eq v0.1.5
[INFO] [stderr]     Checking jpeg-decoder v0.2.6
[INFO] [stderr]     Checking remove_dir_all v0.5.3
[INFO] [stderr]     Checking humansize v1.1.1
[INFO] [stderr]    Compiling once_cell v1.12.0
[INFO] [stderr]     Checking fastrand v1.7.0
[INFO] [stderr]     Checking openssh-keys v0.5.0
[INFO] [stderr]     Checking tera v1.16.0
[INFO] [stderr]     Checking tempfile v3.3.0
[INFO] [stderr]     Checking num v0.4.0
[INFO] [stderr]    Compiling enum_dispatch v0.3.8
[INFO] [stderr]     Checking otter-support v1.2.1 (/opt/rustwide/workdir/support)
[INFO] [stderr]     Checking async-condvar-fair v0.2.2
[INFO] [stderr]     Checking env_logger v0.9.0
[INFO] [stderr]     Checking image v0.24.2
[INFO] [stderr]     Checking const-default v1.0.0
[INFO] [stderr]     Checking enum-map v2.4.0
[INFO] [stderr]     Checking typetag v0.1.8
[INFO] [stderr]     Checking structopt v0.3.26
[INFO] [stderr]     Checking lazy-regex v2.3.0
[INFO] [stderr]     Checking index_vec v0.1.3
[INFO] [stderr]     Checking cast_trait_object v0.1.3
[INFO] [stderr]    Compiling ambassador v0.3.1
[INFO] [stderr]     Checking humantime-serde v1.1.1
[INFO] [stderr]     Checking url v2.2.2
[INFO] [stderr]    Compiling delegate v0.7.0
[INFO] [stderr]     Checking uds v0.2.6
[INFO] [stderr]     Checking vecdeque-stableix v1.0.0
[INFO] [stderr]     Checking ordered-float v3.0.0
[INFO] [stderr]     Checking xmlparser v0.13.3
[INFO] [stderr]     Checking boolinator v2.4.0
[INFO] [stderr]     Checking lazy-init v0.5.0
[INFO] [stderr]     Checking bzip2 v0.4.3
[INFO] [stderr]     Checking zstd v0.10.2+zstd.1.5.2
[INFO] [stderr]     Checking zip v0.6.2
[INFO] [stderr]     Checking otter v1.2.1 (/opt/rustwide/workdir)
[INFO] [stderr]  Documenting otter v1.2.1 (/opt/rustwide/workdir)
[INFO] [stdout] error[E0659]: `Error` is ambiguous
[INFO] [stdout]     --> src/global.rs:1490:8
[INFO] [stdout]      |
[INFO] [stdout] 1490 |     E: Error,
[INFO] [stdout]      |        ^^^^^ ambiguous name
[INFO] [stdout]      |
[INFO] [stdout]      = note: ambiguous because of multiple glob imports of a name in the same module
[INFO] [stdout] note: `Error` could refer to the trait imported here
[INFO] [stdout]     --> src/prelude.rs:31:9
[INFO] [stdout]      |
[INFO] [stdout] 31   | pub use crate::imports::*;
[INFO] [stdout]      |         ^^^^^^^^^^^^^^^^^
[INFO] [stdout]      = help: consider adding an explicit import of `Error` to disambiguate
[INFO] [stdout] note: `Error` could also refer to the enum imported here
[INFO] [stdout]     --> src/prelude.rs:37:9
[INFO] [stdout]      |
[INFO] [stdout] 37   | pub use otter_support::imports::*;
[INFO] [stdout]      |         ^^^^^^^^^^^^^^^^^^^^^^^^^
[INFO] [stdout]      = help: consider adding an explicit import of `Error` to disambiguate
[INFO] [stdout] 
[INFO] [stdout] 
[INFO] [stdout] error[E0659]: `Error` is ambiguous
[INFO] [stdout]    --> src/updates.rs:476:30
[INFO] [stdout]     |
[INFO] [stdout] 476 |   pub fn try_map<NS2, ZC2, E:Error,
[INFO] [stdout]     |                              ^^^^^ ambiguous name
[INFO] [stdout]     |
[INFO] [stdout]     = note: ambiguous because of multiple glob imports of a name in the same module
[INFO] [stdout] note: `Error` could refer to the trait imported here
[INFO] [stdout]    --> src/prelude.rs:31:9
[INFO] [stdout]     |
[INFO] [stdout] 31  | pub use crate::imports::*;
[INFO] [stdout]     |         ^^^^^^^^^^^^^^^^^
[INFO] [stdout]     = help: consider adding an explicit import of `Error` to disambiguate
[INFO] [stdout] note: `Error` could also refer to the enum imported here
[INFO] [stdout]    --> src/prelude.rs:37:9
[INFO] [stdout]     |
[INFO] [stdout] 37  | pub use otter_support::imports::*;
[INFO] [stdout]     |         ^^^^^^^^^^^^^^^^^^^^^^^^^
[INFO] [stdout]     = help: consider adding an explicit import of `Error` to disambiguate
[INFO] [stdout] 
[INFO] [stdout] 
[INFO] [stdout] warning: ambiguous glob re-exports
[INFO] [stdout]   --> src/imports.rs:90:9
[INFO] [stdout]    |
[INFO] [stdout] 90 | pub use crate::fastsplit::*;
[INFO] [stdout]    |         ^^^^^^^^^^^^^^^^^^^ the name `RefTraitObjectPieceTraitExt` in the type namespace is first re-exported here
[INFO] [stdout] 91 | pub use crate::gamestate::*;
[INFO] [stdout]    |         ------------------- but the name `RefTraitObjectPieceTraitExt` in the type namespace is also re-exported here
[INFO] [stdout]    |
[INFO] [stdout]    = note: `#[warn(ambiguous_glob_reexports)]` on by default
[INFO] [stdout] 
[INFO] [stdout] 
[INFO] [stdout] warning: ambiguous glob re-exports
[INFO] [stdout]   --> src/prelude.rs:31:9
[INFO] [stdout]    |
[INFO] [stdout] 31 | pub use crate::imports::*;
[INFO] [stdout]    |         ^^^^^^^^^^^^^^^^^ the name `Error` in the type namespace is first re-exported here
[INFO] [stdout] ...
[INFO] [stdout] 37 | pub use otter_support::imports::*;
[INFO] [stdout]    |         ------------------------- but the name `Error` in the type namespace is also re-exported here
[INFO] [stdout] 
[INFO] [stdout] 
[INFO] [stdout] warning: the item `SIGPIPE` is imported redundantly
[INFO] [stdout]    --> src/utils.rs:476:11
[INFO] [stdout]     |
[INFO] [stdout] 475 |       use nix::sys::signal::*;
[INFO] [stdout]     |           ------------------- the item `SIGPIPE` is already imported here
[INFO] [stdout] 476 |       use Signal::SIGPIPE;
[INFO] [stdout]     |           ^^^^^^^^^^^^^^^
[INFO] [stdout]     |
[INFO] [stdout]     = note: `#[warn(unused_imports)]` on by default
[INFO] [stdout] 
[INFO] [stdout] 
[INFO] [stdout] error[E0659]: `Error` is ambiguous
[INFO] [stdout]     --> src/global.rs:1490:8
[INFO] [stdout]      |
[INFO] [stdout] 1490 |     E: Error,
[INFO] [stdout]      |        ^^^^^ ambiguous name
[INFO] [stdout]      |
[INFO] [stdout]      = note: ambiguous because of multiple glob imports of a name in the same module
[INFO] [stdout] note: `Error` could refer to the trait imported here
[INFO] [stdout]     --> src/prelude.rs:31:9
[INFO] [stdout]      |
[INFO] [stdout] 31   | pub use crate::imports::*;
[INFO] [stdout]      |         ^^^^^^^^^^^^^^^^^
[INFO] [stdout]      = help: consider adding an explicit import of `Error` to disambiguate
[INFO] [stdout] note: `Error` could also refer to the enum imported here
[INFO] [stdout]     --> src/prelude.rs:37:9
[INFO] [stdout]      |
[INFO] [stdout] 37   | pub use otter_support::imports::*;
[INFO] [stdout]      |         ^^^^^^^^^^^^^^^^^^^^^^^^^
[INFO] [stdout]      = help: consider adding an explicit import of `Error` to disambiguate
[INFO] [stdout] 
[INFO] [stdout] 
[INFO] [stdout] error[E0659]: `Error` is ambiguous
[INFO] [stdout]    --> src/updates.rs:476:30
[INFO] [stdout]     |
[INFO] [stdout] 476 |   pub fn try_map<NS2, ZC2, E:Error,
[INFO] [stdout]     |                              ^^^^^ ambiguous name
[INFO] [stdout]     |
[INFO] [stdout]     = note: ambiguous because of multiple glob imports of a name in the same module
[INFO] [stdout] note: `Error` could refer to the trait imported here
[INFO] [stdout]    --> src/prelude.rs:31:9
[INFO] [stdout]     |
[INFO] [stdout] 31  | pub use crate::imports::*;
[INFO] [stdout]     |         ^^^^^^^^^^^^^^^^^
[INFO] [stdout]     = help: consider adding an explicit import of `Error` to disambiguate
[INFO] [stdout] note: `Error` could also refer to the enum imported here
[INFO] [stdout]    --> src/prelude.rs:37:9
[INFO] [stdout]     |
[INFO] [stdout] 37  | pub use otter_support::imports::*;
[INFO] [stdout]     |         ^^^^^^^^^^^^^^^^^^^^^^^^^
[INFO] [stdout]     = help: consider adding an explicit import of `Error` to disambiguate
[INFO] [stdout] 
[INFO] [stdout] 
[INFO] [stdout] error: aborting due to 2 previous errors
[INFO] [stdout] 
[INFO] [stdout] 
[INFO] [stdout] For more information about this error, try `rustc --explain E0659`.
[INFO] [stdout] 
[INFO] [stderr] error: could not document `otter`
[INFO] [stderr] 
[INFO] [stderr] Caused by:
[INFO] [stderr]   process didn't exit successfully: `/opt/rustwide/rustup-home/toolchains/1.75.0-x86_64-unknown-linux-gnu/bin/rustdoc --edition=2021 --crate-type lib --crate-name otter src/lib.rs -o /opt/rustwide/target/doc --error-format=json --json=diagnostic-rendered-ansi,artifacts,future-incompat --document-private-items -C metadata=f204d9be7202607f -L dependency=/opt/rustwide/target/debug/deps --extern ambassador=/opt/rustwide/target/debug/deps/libambassador-1eb30caab3c7ba1f.so --extern async_condvar_fair=/opt/rustwide/target/debug/deps/libasync_condvar_fair-820a91566c47d8c0.rmeta --extern backtrace=/opt/rustwide/target/debug/deps/libbacktrace-32e365507d6fad48.rmeta --extern base64=/opt/rustwide/target/debug/deps/libbase64-f50989ade416fedc.rmeta --extern boolinator=/opt/rustwide/target/debug/deps/libboolinator-8dc07a43506b6d70.rmeta --extern cast_trait_object=/opt/rustwide/target/debug/deps/libcast_trait_object-2b343ff661327312.rmeta --extern const_default=/opt/rustwide/target/debug/deps/libconst_default-cf800c65f9ff8d42.rmeta --extern crossbeam_utils=/opt/rustwide/target/debug/deps/libcrossbeam_utils-c0ca6fa822bde1a2.rmeta --extern delegate=/opt/rustwide/target/debug/deps/libdelegate-b3ab5e26a7eac731.so --extern downcast_rs=/opt/rustwide/target/debug/deps/libdowncast_rs-ab6f4d8d9b0c7d2b.rmeta --extern either=/opt/rustwide/target/debug/deps/libeither-51b666b6b969a885.rmeta --extern enum_map=/opt/rustwide/target/debug/deps/libenum_map-7e12f01fec2ecb03.rmeta --extern enum_dispatch=/opt/rustwide/target/debug/deps/libenum_dispatch-4929a75a181ee707.so --extern env_logger=/opt/rustwide/target/debug/deps/libenv_logger-6aa045bc4a50996d.rmeta --extern fehler=/opt/rustwide/target/debug/deps/libfehler-487b6e451ef8c0f3.rmeta --extern glob=/opt/rustwide/target/debug/deps/libglob-a8c1b669bc40dda2.rmeta --extern humantime_serde=/opt/rustwide/target/debug/deps/libhumantime_serde-fc6a4c19f52fb43d.rmeta --extern image=/opt/rustwide/target/debug/deps/libimage-24061227d9018abe.rmeta --extern index_vec=/opt/rustwide/target/debug/deps/libindex_vec-8dc89b60ac002efa.rmeta --extern inventory=/opt/rustwide/target/debug/deps/libinventory-700e3a8c842644cc.rmeta --extern lazy_init=/opt/rustwide/target/debug/deps/liblazy_init-1852658b8db156c3.rmeta --extern lazy_regex=/opt/rustwide/target/debug/deps/liblazy_regex-c63f0ae39bbb1b39.rmeta --extern libc=/opt/rustwide/target/debug/deps/liblibc-307693101e061fbe.rmeta --extern num=/opt/rustwide/target/debug/deps/libnum-2d41abcf4c451598.rmeta --extern num_traits=/opt/rustwide/target/debug/deps/libnum_traits-6a710994a3aa8095.rmeta --extern once_cell=/opt/rustwide/target/debug/deps/libonce_cell-9d1a79a69703a5bb.rmeta --extern openssh_keys=/opt/rustwide/target/debug/deps/libopenssh_keys-f8791daba48eb4b5.rmeta --extern ordered_float=/opt/rustwide/target/debug/deps/libordered_float-8d2f5d39d186c6a1.rmeta --extern otter_support=/opt/rustwide/target/debug/deps/libotter_support-fdd5cdb7cc01428b.rmeta --extern percent_encoding=/opt/rustwide/target/debug/deps/libpercent_encoding-83e771cd3b2989b3.rmeta --extern regex=/opt/rustwide/target/debug/deps/libregex-638afe25a7eef069.rmeta --extern serde=/opt/rustwide/target/debug/deps/libserde-99d6a08334cd1e02.rmeta --extern serde_with=/opt/rustwide/target/debug/deps/libserde_with-9d49c8735e8cb4ed.rmeta --extern structopt=/opt/rustwide/target/debug/deps/libstructopt-dbcb03ec559e9179.rmeta --extern strum=/opt/rustwide/target/debug/deps/libstrum-b79b431dc81a6f3a.rmeta --extern subtle=/opt/rustwide/target/debug/deps/libsubtle-e696b1eb6c03c8d2.rmeta --extern tempfile=/opt/rustwide/target/debug/deps/libtempfile-7658e42487cd00b9.rmeta --extern tera=/opt/rustwide/target/debug/deps/libtera-05777a54a76d0db2.rmeta --extern thiserror=/opt/rustwide/target/debug/deps/libthiserror-6ae85a52b1d43931.rmeta --extern typetag=/opt/rustwide/target/debug/deps/libtypetag-8e07515bf91e1d1a.rmeta --extern uds=/opt/rustwide/target/debug/deps/libuds-3a82d14ad3a6a27f.rmeta --extern unicase=/opt/rustwide/target/debug/deps/libunicase-8c000e66cab66bad.rmeta --extern url=/opt/rustwide/target/debug/deps/liburl-9d492f5902f23561.rmeta --extern vecdeque_stableix=/opt/rustwide/target/debug/deps/libvecdeque_stableix-5c250057056881f7.rmeta --extern xmlparser=/opt/rustwide/target/debug/deps/libxmlparser-9c48f53e0d6551c1.rmeta --extern zip=/opt/rustwide/target/debug/deps/libzip-7ca6858cb59abb46.rmeta --cap-lints=warn --crate-version 1.2.1` (exit status: 1)
[INFO] [stderr] warning: build failed, waiting for other jobs to finish...
[INFO] [stdout] error: aborting due to 2 previous errors; 3 warnings emitted
[INFO] [stdout] 
[INFO] [stdout] 
[INFO] [stdout] For more information about this error, try `rustc --explain E0659`.
[INFO] [stdout] 
[INFO] [stderr] error: could not compile `otter` (lib) due to 3 previous errors; 3 warnings emitted
[INFO] running `Command { std: "docker" "inspect" "4554d4f5e05377deb9ed0abffe5bf80f183461074cdbdb776763633da70334c0", kill_on_drop: false }`
[INFO] running `Command { std: "docker" "rm" "-f" "4554d4f5e05377deb9ed0abffe5bf80f183461074cdbdb776763633da70334c0", kill_on_drop: false }`
[INFO] [stdout] 4554d4f5e05377deb9ed0abffe5bf80f183461074cdbdb776763633da70334c0
[INFO] documenting ProgramCrafter/salsa-iwj-otter against beta-2023-12-22 for beta-1.76-rustdoc-1
[INFO] running `Command { std: "git" "clone" "/workspace/cache/git-repos/https%3A%2F%2Fgithub.com%2FProgramCrafter%2Fsalsa-iwj-otter" "/workspace/builds/worker-3-tc2/source", kill_on_drop: false }`
[INFO] [stderr] Cloning into '/workspace/builds/worker-3-tc2/source'...
[INFO] [stderr] done.
[INFO] validating manifest of git repo https://github.com/ProgramCrafter/salsa-iwj-otter on toolchain beta-2023-12-22
[INFO] running `Command { std: CARGO_HOME="/workspace/cargo-home" RUSTUP_HOME="/workspace/rustup-home" "/workspace/cargo-home/bin/cargo" "+beta-2023-12-22" "metadata" "--manifest-path" "Cargo.toml" "--no-deps", kill_on_drop: false }`
[INFO] started tweaking git repo https://github.com/ProgramCrafter/salsa-iwj-otter
[INFO] finished tweaking git repo https://github.com/ProgramCrafter/salsa-iwj-otter
[INFO] tweaked toml for git repo https://github.com/ProgramCrafter/salsa-iwj-otter written to /workspace/builds/worker-3-tc2/source/Cargo.toml
[INFO] crate git repo https://github.com/ProgramCrafter/salsa-iwj-otter already has a lockfile, it will not be regenerated
[INFO] running `Command { std: CARGO_HOME="/workspace/cargo-home" RUSTUP_HOME="/workspace/rustup-home" "/workspace/cargo-home/bin/cargo" "+beta-2023-12-22" "fetch" "--manifest-path" "Cargo.toml", kill_on_drop: false }`
[INFO] running `Command { std: "docker" "create" "-v" "/var/lib/crater-agent-workspace/builds/worker-3-tc2/target:/opt/rustwide/target:rw,Z" "-v" "/var/lib/crater-agent-workspace/builds/worker-3-tc2/source:/opt/rustwide/workdir:ro,Z" "-v" "/var/lib/crater-agent-workspace/cargo-home:/opt/rustwide/cargo-home:ro,Z" "-v" "/var/lib/crater-agent-workspace/rustup-home:/opt/rustwide/rustup-home:ro,Z" "-e" "SOURCE_DIR=/opt/rustwide/workdir" "-e" "CARGO_TARGET_DIR=/opt/rustwide/target" "-e" "CARGO_HOME=/opt/rustwide/cargo-home" "-e" "RUSTUP_HOME=/opt/rustwide/rustup-home" "-w" "/opt/rustwide/workdir" "-m" "1610612736" "--user" "0:0" "--network" "none" "ghcr.io/rust-lang/crates-build-env/linux@sha256:2788e3201cd34a07e3172128adcd8b3090168a8e3bcc40d7c032b9dda1df7d1c" "/opt/rustwide/cargo-home/bin/cargo" "+beta-2023-12-22" "metadata" "--no-deps" "--format-version=1", kill_on_drop: false }`
[INFO] [stdout] f17db043e72bacb02185c0ab7eaa357dc6336af9dc2fa25f1233e31482af0619
[INFO] running `Command { std: "docker" "start" "-a" "f17db043e72bacb02185c0ab7eaa357dc6336af9dc2fa25f1233e31482af0619", kill_on_drop: false }`
[INFO] running `Command { std: "docker" "inspect" "f17db043e72bacb02185c0ab7eaa357dc6336af9dc2fa25f1233e31482af0619", kill_on_drop: false }`
[INFO] running `Command { std: "docker" "rm" "-f" "f17db043e72bacb02185c0ab7eaa357dc6336af9dc2fa25f1233e31482af0619", kill_on_drop: false }`
[INFO] [stdout] f17db043e72bacb02185c0ab7eaa357dc6336af9dc2fa25f1233e31482af0619
[INFO] running `Command { std: "docker" "create" "-v" "/var/lib/crater-agent-workspace/builds/worker-3-tc2/target:/opt/rustwide/target:rw,Z" "-v" "/var/lib/crater-agent-workspace/builds/worker-3-tc2/source:/opt/rustwide/workdir:ro,Z" "-v" "/var/lib/crater-agent-workspace/cargo-home:/opt/rustwide/cargo-home:ro,Z" "-v" "/var/lib/crater-agent-workspace/rustup-home:/opt/rustwide/rustup-home:ro,Z" "-e" "SOURCE_DIR=/opt/rustwide/workdir" "-e" "CARGO_TARGET_DIR=/opt/rustwide/target" "-e" "CARGO_INCREMENTAL=0" "-e" "RUST_BACKTRACE=full" "-e" "RUSTFLAGS=--cap-lints=warn" "-e" "RUSTDOCFLAGS=--cap-lints=warn" "-e" "CARGO_HOME=/opt/rustwide/cargo-home" "-e" "RUSTUP_HOME=/opt/rustwide/rustup-home" "-w" "/opt/rustwide/workdir" "-m" "1610612736" "--user" "0:0" "--network" "none" "ghcr.io/rust-lang/crates-build-env/linux@sha256:2788e3201cd34a07e3172128adcd8b3090168a8e3bcc40d7c032b9dda1df7d1c" "/opt/rustwide/cargo-home/bin/cargo" "+beta-2023-12-22" "doc" "--frozen" "--no-deps" "--document-private-items" "--message-format=json", kill_on_drop: false }`
[INFO] [stdout] 618f3aaa406d0e5c22fbfaadaeaee2fc041e3d5cba1b299d1febd48cdf25f47f
[INFO] running `Command { std: "docker" "start" "-a" "618f3aaa406d0e5c22fbfaadaeaee2fc041e3d5cba1b299d1febd48cdf25f47f", kill_on_drop: false }`
[INFO] [stderr]    Compiling libc v0.2.126
[INFO] [stderr]    Compiling proc-macro2 v1.0.40
[INFO] [stderr]    Compiling unicode-ident v1.0.1
[INFO] [stderr]    Compiling quote v1.0.20
[INFO] [stderr]    Compiling syn v1.0.98
[INFO] [stderr]    Compiling serde_derive v1.0.137
[INFO] [stderr]    Compiling serde v1.0.137
[INFO] [stderr]    Compiling typenum v1.15.0
[INFO] [stderr]    Compiling generic-array v0.14.5
[INFO] [stderr]    Compiling uncased v0.9.7
[INFO] [stderr]    Compiling num-integer v0.1.45
[INFO] [stderr]    Compiling memchr v2.5.0
[INFO] [stderr]     Checking aho-corasick v0.7.18
[INFO] [stderr]    Compiling proc-macro-error-attr v1.0.4
[INFO] [stderr]    Compiling ppv-lite86 v0.2.16
[INFO] [stderr]    Compiling regex-syntax v0.6.26
[INFO] [stderr]    Compiling siphasher v0.3.10
[INFO] [stderr]    Compiling phf_shared v0.10.0
[INFO] [stderr]    Compiling proc-macro-error v1.0.4
[INFO] [stderr]    Compiling num-bigint v0.4.3
[INFO] [stderr]    Compiling jobserver v0.1.24
[INFO] [stderr]    Compiling getrandom v0.2.7
[INFO] [stderr]     Checking miniz_oxide v0.5.3
[INFO] [stderr]    Compiling cc v1.0.73
[INFO] [stderr]    Compiling rand_core v0.6.3
[INFO] [stderr]    Compiling rand_chacha v0.3.1
[INFO] [stderr]     Checking cpufeatures v0.2.2
[INFO] [stderr]    Compiling rand v0.8.5
[INFO] [stderr]     Checking subtle v2.4.1
[INFO] [stderr]     Checking regex v1.5.6
[INFO] [stderr]     Checking crypto-common v0.1.3
[INFO] [stderr]     Checking block-buffer v0.10.2
[INFO] [stderr]     Checking itoa v1.0.2
[INFO] [stderr]    Compiling fnv v1.0.7
[INFO] [stderr]    Compiling strsim v0.10.0
[INFO] [stderr]    Compiling ident_case v1.0.1
[INFO] [stderr]     Checking digest v0.10.3
[INFO] [stderr]    Compiling phf_generator v0.10.0
[INFO] [stderr]    Compiling phf v0.10.1
[INFO] [stderr]    Compiling rustversion v1.0.7
[INFO] [stderr]    Compiling zstd-sys v1.6.3+zstd.1.5.2
[INFO] [stderr]    Compiling phf_codegen v0.10.0
[INFO] [stderr]     Checking net2 v0.2.37
[INFO] [stderr]    Compiling backtrace v0.3.65
[INFO] [stderr]     Checking atty v0.2.14
[INFO] [stderr]     Checking iovec v0.1.4
[INFO] [stderr]    Compiling num-traits v0.2.15
[INFO] [stderr]    Compiling lock_api v0.4.7
[INFO] [stderr]    Compiling parking_lot_core v0.9.3
[INFO] [stderr]    Compiling pkg-config v0.3.25
[INFO] [stderr]    Compiling ucd-trie v0.1.3
[INFO] [stderr]    Compiling failure_derive v0.1.8
[INFO] [stderr]    Compiling parse-zoneinfo v0.3.0
[INFO] [stderr]    Compiling serde_json v1.0.81
[INFO] [stderr]     Checking slab v0.4.6
[INFO] [stderr]     Checking gimli v0.26.1
[INFO] [stderr]    Compiling unicode-xid v0.2.3
[INFO] [stderr]    Compiling chrono-tz-build v0.0.2
[INFO] [stderr]    Compiling crossbeam-utils v0.8.10
[INFO] [stderr]    Compiling bzip2-sys v0.1.11+1.0.8
[INFO] [stderr]     Checking mio v0.6.23
[INFO] [stderr]    Compiling pest v2.1.3
[INFO] [stderr]     Checking time v0.1.44
[INFO] [stderr]    Compiling darling_core v0.13.4
[INFO] [stderr]    Compiling synstructure v0.12.6
[INFO] [stderr]     Checking inotify-sys v0.1.5
[INFO] [stderr]     Checking object v0.28.4
[INFO] [stderr]     Checking bstr v0.2.17
[INFO] [stderr]    Compiling num-rational v0.4.1
[INFO] [stderr]    Compiling num-iter v0.1.43
[INFO] [stderr]     Checking addr2line v0.17.0
[INFO] [stderr]    Compiling memoffset v0.6.5
[INFO] [stderr]     Checking lazycell v1.3.0
[INFO] [stderr]    Compiling either v1.6.1
[INFO] [stderr]     Checking rustc-demangle v0.1.21
[INFO] [stderr]    Compiling chrono-tz v0.6.1
[INFO] [stderr]    Compiling zstd-safe v4.1.6+zstd.1.5.2
[INFO] [stderr]     Checking ansi_term v0.12.1
[INFO] [stderr]    Compiling time-macros v0.2.4
[INFO] [stderr]     Checking unic-char-range v0.9.0
[INFO] [stderr]     Checking smallvec v1.8.1
[INFO] [stderr]     Checking ryu v1.0.10
[INFO] [stderr]     Checking unic-common v0.9.0
[INFO] [stderr]    Compiling maplit v1.0.2
[INFO] [stderr]     Checking num_threads v0.1.6
[INFO] [stderr]     Checking globset v0.4.9
[INFO] [stderr]     Checking unic-ucd-version v0.9.0
[INFO] [stderr]    Compiling pest_meta v2.1.3
[INFO] [stderr]     Checking unic-char-property v0.9.0
[INFO] [stderr]     Checking tinyvec v1.6.0
[INFO] [stderr]     Checking mio-extras v2.0.6
[INFO] [stderr]     Checking inotify v0.7.1
[INFO] [stderr]     Checking chrono v0.4.19
[INFO] [stderr]    Compiling thiserror-impl v1.0.31
[INFO] [stderr]    Compiling darling_macro v0.13.4
[INFO] [stderr]     Checking time v0.3.11
[INFO] [stderr]    Compiling fehler-macros v1.0.0
[INFO] [stderr]     Checking sha2 v0.10.2
[INFO] [stderr]    Compiling darling v0.13.4
[INFO] [stderr]     Checking thread_local v1.1.4
[INFO] [stderr]    Compiling serde_with_macros v1.5.2
[INFO] [stderr]     Checking term_size v0.3.2
[INFO] [stderr]     Checking filetime v0.2.16
[INFO] [stderr]     Checking block-buffer v0.9.0
[INFO] [stderr]     Checking digest v0.9.0
[INFO] [stderr]    Compiling slotmap-fork-otter v1.0.2 (https://github.com/ijackson/slotmap?branch=slotmap-fork-otter#d107a9b6)
[INFO] [stderr]    Compiling heck v0.4.0
[INFO] [stderr]     Checking base64ct v1.0.1
[INFO] [stderr]    Compiling erased-serde v0.3.21
[INFO] [stderr]    Compiling unicode-segmentation v1.9.0
[INFO] [stderr]    Compiling anyhow v1.0.58
[INFO] [stderr]    Compiling paste v1.0.7
[INFO] [stderr]     Checking adler32 v1.2.0
[INFO] [stderr]     Checking deflate v1.0.0
[INFO] [stderr]    Compiling heck v0.3.3
[INFO] [stderr]     Checking thiserror v1.0.31
[INFO] [stderr]     Checking itertools v0.10.3
[INFO] [stderr]     Checking password-hash v0.3.2
[INFO] [stderr]    Compiling strum_macros v0.24.2
[INFO] [stderr]    Compiling derive_more v0.99.17
[INFO] [stderr]     Checking notify v4.0.17
[INFO] [stderr]     Checking textwrap v0.11.0
[INFO] [stderr]     Checking rmp v0.8.11
[INFO] [stderr]     Checking failure v0.1.8
[INFO] [stderr]    Compiling enum-ordinalize v3.1.11
[INFO] [stderr]     Checking ignore v0.4.18
[INFO] [stderr]    Compiling ghost v0.1.4
[INFO] [stderr]    Compiling ctor v0.1.22
[INFO] [stderr]    Compiling num-derive v0.3.3
[INFO] [stderr]     Checking fehler v1.0.0
[INFO] [stderr]    Compiling extend v1.1.2
[INFO] [stderr]     Checking unicode-normalization v0.1.20
[INFO] [stderr]    Compiling pest_generator v2.1.3
[INFO] [stderr]     Checking unic-ucd-segment v0.9.0
[INFO] [stderr]     Checking parking_lot v0.12.1
[INFO] [stderr]     Checking hmac v0.12.1
[INFO] [stderr]     Checking terminal_size v0.1.17
[INFO] [stderr]     Checking cipher v0.3.0
[INFO] [stderr]    Compiling unicase v2.6.0
[INFO] [stderr]     Checking void v1.0.2
[INFO] [stderr]     Checking if_chain v1.0.2
[INFO] [stderr]     Checking glob v0.3.0
[INFO] [stderr]     Checking strsim v0.8.0
[INFO] [stderr]     Checking unicode-bidi v0.3.8
[INFO] [stderr]     Checking deunicode v0.4.3
[INFO] [stderr]     Checking htmlescape v0.3.1
[INFO] [stderr]     Checking idna v0.2.3
[INFO] [stderr]     Checking clap v2.34.0
[INFO] [stderr]     Checking slug v0.1.4
[INFO] [stderr]     Checking aes v0.7.5
[INFO] [stderr]     Checking strum v0.24.1
[INFO] [stderr]     Checking console v0.15.0
[INFO] [stderr]     Checking pbkdf2 v0.10.1
[INFO] [stderr]     Checking unic-segment v0.9.0
[INFO] [stderr]    Compiling pest_derive v2.1.0
[INFO] [stderr]     Checking nix v0.24.1
[INFO] [stderr]     Checking inventory v0.2.3
[INFO] [stderr]    Compiling educe v0.4.19
[INFO] [stderr]     Checking globwalk v0.8.1
[INFO] [stderr]     Checking pwd v1.3.1
[INFO] [stderr]    Compiling structopt-derive v0.4.18
[INFO] [stderr]     Checking png v0.17.5
[INFO] [stderr]     Checking sha2 v0.9.9
[INFO] [stderr]    Compiling toml v0.5.9
[INFO] [stderr]     Checking serde_with v1.14.0
[INFO] [stderr]     Checking rmp-serde v1.1.0
[INFO] [stderr]     Checking flexi_logger v0.22.5
[INFO] [stderr]    Compiling proc-macro-crate v0.1.5
[INFO] [stderr]    Compiling proc-macro-crate v1.1.3
[INFO] [stderr]     Checking otter-base v1.2.1 (/opt/rustwide/workdir/base)
[INFO] [stderr]     Checking md-5 v0.9.1
[INFO] [stderr]    Compiling enum-map-derive v0.9.0
[INFO] [stderr]    Compiling lazy-regex-proc_macros v2.3.0
[INFO] [stderr]    Compiling derive-into-owned v0.2.0
[INFO] [stderr]    Compiling typetag-impl v0.1.8
[INFO] [stderr]    Compiling const-default-derive v0.2.0
[INFO] [stderr]    Compiling cast_trait_object_macros v0.1.3
[INFO] [stderr]     Checking flate2 v1.0.24
[INFO] [stderr]     Checking sha1 v0.10.1
[INFO] [stderr]     Checking mio v0.8.4
[INFO] [stderr]     Checking fs2 v0.4.3
[INFO] [stderr]     Checking num-complex v0.4.2
[INFO] [stderr]     Checking fastrand v1.7.0
[INFO] [stderr]     Checking remove_dir_all v0.5.3
[INFO] [stderr]     Checking humansize v1.1.1
[INFO] [stderr]     Checking constant_time_eq v0.1.5
[INFO] [stderr]     Checking dlv-list v0.3.0
[INFO] [stderr]     Checking jpeg-decoder v0.2.6
[INFO] [stderr]     Checking bytemuck v1.9.1
[INFO] [stderr]    Compiling once_cell v1.12.0
[INFO] [stderr]     Checking openssh-keys v0.5.0
[INFO] [stderr]     Checking num v0.4.0
[INFO] [stderr]     Checking tera v1.16.0
[INFO] [stderr]     Checking otter-support v1.2.1 (/opt/rustwide/workdir/support)
[INFO] [stderr]     Checking async-condvar-fair v0.2.2
[INFO] [stderr]    Compiling enum_dispatch v0.3.8
[INFO] [stderr]     Checking lazy-regex v2.3.0
[INFO] [stderr]     Checking typetag v0.1.8
[INFO] [stderr]     Checking tempfile v3.3.0
[INFO] [stderr]     Checking cast_trait_object v0.1.3
[INFO] [stderr]     Checking env_logger v0.9.0
[INFO] [stderr]     Checking const-default v1.0.0
[INFO] [stderr]     Checking enum-map v2.4.0
[INFO] [stderr]    Compiling ambassador v0.3.1
[INFO] [stderr]     Checking image v0.24.2
[INFO] [stderr]     Checking structopt v0.3.26
[INFO] [stderr]     Checking humantime-serde v1.1.1
[INFO] [stderr]     Checking index_vec v0.1.3
[INFO] [stderr]     Checking url v2.2.2
[INFO] [stderr]    Compiling delegate v0.7.0
[INFO] [stderr]     Checking uds v0.2.6
[INFO] [stderr]     Checking vecdeque-stableix v1.0.0
[INFO] [stderr]     Checking ordered-float v3.0.0
[INFO] [stderr]     Checking boolinator v2.4.0
[INFO] [stderr]     Checking lazy-init v0.5.0
[INFO] [stderr]     Checking xmlparser v0.13.3
[INFO] [stderr]     Checking bzip2 v0.4.3
[INFO] [stderr]     Checking zstd v0.10.2+zstd.1.5.2
[INFO] [stderr]     Checking zip v0.6.2
[INFO] [stderr]  Documenting otter v1.2.1 (/opt/rustwide/workdir)
[INFO] [stderr]     Checking otter v1.2.1 (/opt/rustwide/workdir)
[INFO] [stdout] error[E0659]: `Error` is ambiguous
[INFO] [stdout]     --> src/global.rs:1490:8
[INFO] [stdout]      |
[INFO] [stdout] 1490 |     E: Error,
[INFO] [stdout]      |        ^^^^^ ambiguous name
[INFO] [stdout]      |
[INFO] [stdout]      = note: ambiguous because of multiple glob imports of a name in the same module
[INFO] [stdout] note: `Error` could refer to the trait imported here
[INFO] [stdout]     --> src/prelude.rs:31:9
[INFO] [stdout]      |
[INFO] [stdout] 31   | pub use crate::imports::*;
[INFO] [stdout]      |         ^^^^^^^^^^^^^^^^^
[INFO] [stdout]      = help: consider adding an explicit import of `Error` to disambiguate
[INFO] [stdout] note: `Error` could also refer to the enum imported here
[INFO] [stdout]     --> src/prelude.rs:37:9
[INFO] [stdout]      |
[INFO] [stdout] 37   | pub use otter_support::imports::*;
[INFO] [stdout]      |         ^^^^^^^^^^^^^^^^^^^^^^^^^
[INFO] [stdout]      = help: consider adding an explicit import of `Error` to disambiguate
[INFO] [stdout] 
[INFO] [stdout] 
[INFO] [stdout] error[E0659]: `Error` is ambiguous
[INFO] [stdout]    --> src/updates.rs:476:30
[INFO] [stdout]     |
[INFO] [stdout] 476 |   pub fn try_map<NS2, ZC2, E:Error,
[INFO] [stdout]     |                              ^^^^^ ambiguous name
[INFO] [stdout]     |
[INFO] [stdout]     = note: ambiguous because of multiple glob imports of a name in the same module
[INFO] [stdout] note: `Error` could refer to the trait imported here
[INFO] [stdout]    --> src/prelude.rs:31:9
[INFO] [stdout]     |
[INFO] [stdout] 31  | pub use crate::imports::*;
[INFO] [stdout]     |         ^^^^^^^^^^^^^^^^^
[INFO] [stdout]     = help: consider adding an explicit import of `Error` to disambiguate
[INFO] [stdout] note: `Error` could also refer to the enum imported here
[INFO] [stdout]    --> src/prelude.rs:37:9
[INFO] [stdout]     |
[INFO] [stdout] 37  | pub use otter_support::imports::*;
[INFO] [stdout]     |         ^^^^^^^^^^^^^^^^^^^^^^^^^
[INFO] [stdout]     = help: consider adding an explicit import of `Error` to disambiguate
[INFO] [stdout] 
[INFO] [stdout] 
[INFO] [stdout] error[E0659]: `Error` is ambiguous
[INFO] [stdout]     --> src/global.rs:1490:8
[INFO] [stdout]      |
[INFO] [stdout] 1490 |     E: Error,
[INFO] [stdout]      |        ^^^^^ ambiguous name
[INFO] [stdout]      |
[INFO] [stdout]      = note: ambiguous because of multiple glob imports of a name in the same module
[INFO] [stdout] note: `Error` could refer to the trait imported here
[INFO] [stdout]     --> src/prelude.rs:31:9
[INFO] [stdout]      |
[INFO] [stdout] 31   | pub use crate::imports::*;
[INFO] [stdout]      |         ^^^^^^^^^^^^^^^^^
[INFO] [stdout]      = help: consider adding an explicit import of `Error` to disambiguate
[INFO] [stdout] note: `Error` could also refer to the enum imported here
[INFO] [stdout]     --> src/prelude.rs:37:9
[INFO] [stdout]      |
[INFO] [stdout] 37   | pub use otter_support::imports::*;
[INFO] [stdout]      |         ^^^^^^^^^^^^^^^^^^^^^^^^^
[INFO] [stdout]      = help: consider adding an explicit import of `Error` to disambiguate
[INFO] [stdout] 
[INFO] [stdout] 
[INFO] [stdout] error[E0659]: `Error` is ambiguous
[INFO] [stdout]    --> src/updates.rs:476:30
[INFO] [stdout]     |
[INFO] [stdout] 476 |   pub fn try_map<NS2, ZC2, E:Error,
[INFO] [stdout]     |                              ^^^^^ ambiguous name
[INFO] [stdout]     |
[INFO] [stdout]     = note: ambiguous because of multiple glob imports of a name in the same module
[INFO] [stdout] note: `Error` could refer to the trait imported here
[INFO] [stdout]    --> src/prelude.rs:31:9
[INFO] [stdout]     |
[INFO] [stdout] 31  | pub use crate::imports::*;
[INFO] [stdout]     |         ^^^^^^^^^^^^^^^^^
[INFO] [stdout]     = help: consider adding an explicit import of `Error` to disambiguate
[INFO] [stdout] note: `Error` could also refer to the enum imported here
[INFO] [stdout]    --> src/prelude.rs:37:9
[INFO] [stdout]     |
[INFO] [stdout] 37  | pub use otter_support::imports::*;
[INFO] [stdout]     |         ^^^^^^^^^^^^^^^^^^^^^^^^^
[INFO] [stdout]     = help: consider adding an explicit import of `Error` to disambiguate
[INFO] [stdout] 
[INFO] [stdout] 
[INFO] [stdout] warning: ambiguous glob re-exports
[INFO] [stdout]   --> src/imports.rs:90:9
[INFO] [stdout]    |
[INFO] [stdout] 90 | pub use crate::fastsplit::*;
[INFO] [stdout]    |         ^^^^^^^^^^^^^^^^^^^ the name `RefTraitObjectPieceTraitExt` in the type namespace is first re-exported here
[INFO] [stdout] 91 | pub use crate::gamestate::*;
[INFO] [stdout]    |         ------------------- but the name `RefTraitObjectPieceTraitExt` in the type namespace is also re-exported here
[INFO] [stdout]    |
[INFO] [stdout]    = note: `#[warn(ambiguous_glob_reexports)]` on by default
[INFO] [stdout] 
[INFO] [stdout] 
[INFO] [stdout] warning: ambiguous glob re-exports
[INFO] [stdout]   --> src/prelude.rs:31:9
[INFO] [stdout]    |
[INFO] [stdout] 31 | pub use crate::imports::*;
[INFO] [stdout]    |         ^^^^^^^^^^^^^^^^^ the name `Error` in the type namespace is first re-exported here
[INFO] [stdout] ...
[INFO] [stdout] 37 | pub use otter_support::imports::*;
[INFO] [stdout]    |         ------------------------- but the name `Error` in the type namespace is also re-exported here
[INFO] [stdout] 
[INFO] [stdout] 
[INFO] [stdout] warning: the item `SIGPIPE` is imported redundantly
[INFO] [stdout]    --> src/utils.rs:476:11
[INFO] [stdout]     |
[INFO] [stdout] 475 |       use nix::sys::signal::*;
[INFO] [stdout]     |           ------------------- the item `SIGPIPE` is already imported here
[INFO] [stdout] 476 |       use Signal::SIGPIPE;
[INFO] [stdout]     |           ^^^^^^^^^^^^^^^
[INFO] [stdout]     |
[INFO] [stdout]     = note: `#[warn(unused_imports)]` on by default
[INFO] [stdout] 
[INFO] [stdout] 
[INFO] [stdout] error: aborting due to 2 previous errors
[INFO] [stdout] 
[INFO] [stdout] 
[INFO] [stdout] For more information about this error, try `rustc --explain E0659`.
[INFO] [stdout] 
[INFO] [stderr] error: could not document `otter`
[INFO] [stderr] 
[INFO] [stderr] Caused by:
[INFO] [stderr]   process didn't exit successfully: `/opt/rustwide/rustup-home/toolchains/beta-2023-12-22-x86_64-unknown-linux-gnu/bin/rustdoc --edition=2021 --crate-type lib --crate-name otter src/lib.rs -o /opt/rustwide/target/doc --error-format=json --json=diagnostic-rendered-ansi,artifacts,future-incompat --document-private-items -C metadata=9fd44a8d35f91e51 -L dependency=/opt/rustwide/target/debug/deps --extern ambassador=/opt/rustwide/target/debug/deps/libambassador-fdd847625c395c50.so --extern async_condvar_fair=/opt/rustwide/target/debug/deps/libasync_condvar_fair-7755c359963bd199.rmeta --extern backtrace=/opt/rustwide/target/debug/deps/libbacktrace-775454aad8c4f46b.rmeta --extern base64=/opt/rustwide/target/debug/deps/libbase64-1a8c326e8404b491.rmeta --extern boolinator=/opt/rustwide/target/debug/deps/libboolinator-31cfe234c8b44f7a.rmeta --extern cast_trait_object=/opt/rustwide/target/debug/deps/libcast_trait_object-11694d088325c5f6.rmeta --extern const_default=/opt/rustwide/target/debug/deps/libconst_default-94d271b35d412e6c.rmeta --extern crossbeam_utils=/opt/rustwide/target/debug/deps/libcrossbeam_utils-2f761d0939042295.rmeta --extern delegate=/opt/rustwide/target/debug/deps/libdelegate-67e175c01140dae1.so --extern downcast_rs=/opt/rustwide/target/debug/deps/libdowncast_rs-e2180cf4006221e9.rmeta --extern either=/opt/rustwide/target/debug/deps/libeither-2affce0120ac1f08.rmeta --extern enum_map=/opt/rustwide/target/debug/deps/libenum_map-f55ccd8a36847d3c.rmeta --extern enum_dispatch=/opt/rustwide/target/debug/deps/libenum_dispatch-b4975fe78926d3a5.so --extern env_logger=/opt/rustwide/target/debug/deps/libenv_logger-f80a9fde28f4b04b.rmeta --extern fehler=/opt/rustwide/target/debug/deps/libfehler-2f335c6bbfdad6e1.rmeta --extern glob=/opt/rustwide/target/debug/deps/libglob-b39592026b4762d5.rmeta --extern humantime_serde=/opt/rustwide/target/debug/deps/libhumantime_serde-e93476f4595b8245.rmeta --extern image=/opt/rustwide/target/debug/deps/libimage-a220266998b145ef.rmeta --extern index_vec=/opt/rustwide/target/debug/deps/libindex_vec-0f0c67c9973d747c.rmeta --extern inventory=/opt/rustwide/target/debug/deps/libinventory-984346e5b795357f.rmeta --extern lazy_init=/opt/rustwide/target/debug/deps/liblazy_init-b75416e1916fa7c9.rmeta --extern lazy_regex=/opt/rustwide/target/debug/deps/liblazy_regex-25c197290f62f9e3.rmeta --extern libc=/opt/rustwide/target/debug/deps/liblibc-0d8bf18d0e80b863.rmeta --extern num=/opt/rustwide/target/debug/deps/libnum-0373b2f13fd0929d.rmeta --extern num_traits=/opt/rustwide/target/debug/deps/libnum_traits-4e7e4e59f4161671.rmeta --extern once_cell=/opt/rustwide/target/debug/deps/libonce_cell-eb5dff7fd7083e92.rmeta --extern openssh_keys=/opt/rustwide/target/debug/deps/libopenssh_keys-c6d9575c9976dc97.rmeta --extern ordered_float=/opt/rustwide/target/debug/deps/libordered_float-efc253b664861c20.rmeta --extern otter_support=/opt/rustwide/target/debug/deps/libotter_support-101b34ca9a543836.rmeta --extern percent_encoding=/opt/rustwide/target/debug/deps/libpercent_encoding-871fbd77d219d3d7.rmeta --extern regex=/opt/rustwide/target/debug/deps/libregex-53a06c827289dd34.rmeta --extern serde=/opt/rustwide/target/debug/deps/libserde-d190aedf62d16f78.rmeta --extern serde_with=/opt/rustwide/target/debug/deps/libserde_with-86a4a462b9228d62.rmeta --extern structopt=/opt/rustwide/target/debug/deps/libstructopt-cde73c76d483746f.rmeta --extern strum=/opt/rustwide/target/debug/deps/libstrum-e8f926ef7eefc91c.rmeta --extern subtle=/opt/rustwide/target/debug/deps/libsubtle-93543fab751735aa.rmeta --extern tempfile=/opt/rustwide/target/debug/deps/libtempfile-9b0773c0d6e613a6.rmeta --extern tera=/opt/rustwide/target/debug/deps/libtera-b02f482f9c7ad4d2.rmeta --extern thiserror=/opt/rustwide/target/debug/deps/libthiserror-bffa03dbc84cc230.rmeta --extern typetag=/opt/rustwide/target/debug/deps/libtypetag-e2930c2a93ffcfe3.rmeta --extern uds=/opt/rustwide/target/debug/deps/libuds-4884585bd27585b1.rmeta --extern unicase=/opt/rustwide/target/debug/deps/libunicase-c5b995e43e89f50a.rmeta --extern url=/opt/rustwide/target/debug/deps/liburl-441d43289584912f.rmeta --extern vecdeque_stableix=/opt/rustwide/target/debug/deps/libvecdeque_stableix-37996f195dfeb048.rmeta --extern xmlparser=/opt/rustwide/target/debug/deps/libxmlparser-3cbb4aa01bdeb7cb.rmeta --extern zip=/opt/rustwide/target/debug/deps/libzip-193bbeed6b3004e1.rmeta --cap-lints=warn --crate-version 1.2.1` (exit status: 1)
[INFO] [stderr] warning: build failed, waiting for other jobs to finish...
[INFO] [stdout] error: aborting due to 2 previous errors; 3 warnings emitted
[INFO] [stdout] 
[INFO] [stdout] 
[INFO] [stdout] For more information about this error, try `rustc --explain E0659`.
[INFO] [stdout] 
[INFO] [stderr] error: could not compile `otter` (lib) due to 3 previous errors; 3 warnings emitted
[INFO] running `Command { std: "docker" "inspect" "618f3aaa406d0e5c22fbfaadaeaee2fc041e3d5cba1b299d1febd48cdf25f47f", kill_on_drop: false }`
[INFO] running `Command { std: "docker" "rm" "-f" "618f3aaa406d0e5c22fbfaadaeaee2fc041e3d5cba1b299d1febd48cdf25f47f", kill_on_drop: false }`
[INFO] [stdout] 618f3aaa406d0e5c22fbfaadaeaee2fc041e3d5cba1b299d1febd48cdf25f47f
