[INFO] cloning repository https://github.com/Prodev1024/substrate-pow
[INFO] running `Command { std: "git" "-c" "credential.helper=" "-c" "credential.helper=/workspace/cargo-home/bin/git-credential-null" "clone" "--bare" "https://github.com/Prodev1024/substrate-pow" "/workspace/cache/git-repos/https%3A%2F%2Fgithub.com%2FProdev1024%2Fsubstrate-pow", kill_on_drop: false }`
[INFO] [stderr] Cloning into bare repository '/workspace/cache/git-repos/https%3A%2F%2Fgithub.com%2FProdev1024%2Fsubstrate-pow'...
[INFO] running `Command { std: "git" "rev-parse" "HEAD", kill_on_drop: false }`
[INFO] [stdout] 2c14dff7a23be4170b041581c96091272b198765
[INFO] documenting Prodev1024/substrate-pow against 1.75.0 for beta-1.76-rustdoc-1
[INFO] running `Command { std: "git" "clone" "/workspace/cache/git-repos/https%3A%2F%2Fgithub.com%2FProdev1024%2Fsubstrate-pow" "/workspace/builds/worker-5-tc1/source", kill_on_drop: false }`
[INFO] [stderr] Cloning into '/workspace/builds/worker-5-tc1/source'...
[INFO] [stderr] done.
[INFO] validating manifest of git repo https://github.com/Prodev1024/substrate-pow on toolchain 1.75.0
[INFO] running `Command { std: CARGO_HOME="/workspace/cargo-home" RUSTUP_HOME="/workspace/rustup-home" "/workspace/cargo-home/bin/cargo" "+1.75.0" "metadata" "--manifest-path" "Cargo.toml" "--no-deps", kill_on_drop: false }`
[INFO] started tweaking git repo https://github.com/Prodev1024/substrate-pow
[INFO] finished tweaking git repo https://github.com/Prodev1024/substrate-pow
[INFO] tweaked toml for git repo https://github.com/Prodev1024/substrate-pow written to /workspace/builds/worker-5-tc1/source/Cargo.toml
[INFO] crate git repo https://github.com/Prodev1024/substrate-pow already has a lockfile, it will not be regenerated
[INFO] running `Command { std: CARGO_HOME="/workspace/cargo-home" RUSTUP_HOME="/workspace/rustup-home" "/workspace/cargo-home/bin/cargo" "+1.75.0" "fetch" "--manifest-path" "Cargo.toml", kill_on_drop: false }`
[INFO] [stderr]     Updating git repository `https://github.com/rust-blockchain/pallets`
[INFO] [stderr]  Downloading crates ...
[INFO] [stderr]   Downloaded byte-slice-cast v1.1.0
[INFO] [stderr]   Downloaded wasmtime v0.29.0
[INFO] [stderr]   Downloaded zeroize_derive v1.2.0
[INFO] [stderr]   Downloaded minicbor v0.8.1
[INFO] [stderr]   Downloaded libp2p-pnet v0.21.0
[INFO] [stderr]   Downloaded frame-metadata v14.0.0
[INFO] [stderr]   Downloaded libp2p-swarm-derive v0.24.0
[INFO] [stderr]   Downloaded libp2p-deflate v0.29.0
[INFO] [stderr]   Downloaded libp2p-uds v0.29.0
[INFO] [stderr]   Downloaded target-lexicon v0.12.2
[INFO] [stderr]   Downloaded wasmparser v0.79.0
[INFO] [stderr]   Downloaded libp2p-identify v0.30.0
[INFO] [stderr]   Downloaded wasmtime-jit v0.29.0
[INFO] [stderr]   Downloaded libp2p-noise v0.32.0
[INFO] [stderr]   Downloaded parity-db v0.3.2
[INFO] [stderr]   Downloaded wasmtime-obj v0.29.0
[INFO] [stderr]   Downloaded psm v0.1.16
[INFO] [stderr]   Downloaded libp2p-tcp v0.29.0
[INFO] [stderr]   Downloaded libp2p-gossipsub v0.32.0
[INFO] [stderr]   Downloaded zstd-sys v1.6.1+zstd.1.5.0
[INFO] [stderr]   Downloaded wasmtime-environ v0.29.0
[INFO] [stderr]   Downloaded parity-ws v0.11.0
[INFO] [stderr]   Downloaded libp2p-mplex v0.29.0
[INFO] [stderr]   Downloaded rand_distr v0.4.2
[INFO] [stderr]   Downloaded wasmtime-cache v0.29.0
[INFO] [stderr]   Downloaded zstd v0.9.0+zstd.1.5.0
[INFO] [stderr]   Downloaded prometheus v0.12.0
[INFO] [stderr]   Downloaded libp2p-core v0.29.0
[INFO] [stderr]   Downloaded wasmtime-runtime v0.29.0
[INFO] [stderr]   Downloaded libp2p-kad v0.31.0
[INFO] [stderr]   Downloaded libp2p-relay v0.3.0
[INFO] [stderr]   Downloaded libp2p v0.39.1
[INFO] [stderr]   Downloaded cranelift-wasm v0.76.0
[INFO] [stderr]   Downloaded libp2p-swarm v0.30.0
[INFO] [stderr]   Downloaded arrayvec v0.7.1
[INFO] [stderr]   Downloaded wasmtime-debug v0.29.0
[INFO] [stderr]   Downloaded ip_network v0.4.0
[INFO] [stderr]   Downloaded libp2p-mdns v0.31.0
[INFO] [stderr]   Downloaded zeroize v1.4.2
[INFO] [stderr]   Downloaded libp2p-ping v0.30.0
[INFO] [stderr]   Downloaded async-process v1.2.0
[INFO] [stderr]   Downloaded libp2p-request-response v0.12.0
[INFO] [stderr]   Downloaded zstd-safe v4.1.1+zstd.1.5.0
[INFO] [stderr]   Downloaded if-addrs v0.6.6
[INFO] [stderr]   Downloaded libp2p-wasm-ext v0.29.0
[INFO] [stderr]   Downloaded retain_mut v0.1.4
[INFO] [stderr]   Downloaded cargo_metadata v0.13.1
[INFO] [stderr]   Downloaded cranelift-native v0.76.0
[INFO] [stderr]   Downloaded wasmtime-cranelift v0.29.0
[INFO] [stderr]   Downloaded hex-literal-impl v0.2.2
[INFO] [stderr]   Downloaded hex-literal v0.2.1
[INFO] [stderr]   Downloaded wasmtime-profiling v0.29.0
[INFO] [stderr]   Downloaded libp2p-dns v0.29.0
[INFO] [stderr]   Downloaded libp2p-websocket v0.30.0
[INFO] [stderr]   Downloaded libp2p-floodsub v0.30.0
[INFO] [stderr]   Downloaded libp2p-yamux v0.33.0
[INFO] [stderr]   Downloaded libp2p-plaintext v0.29.0
[INFO] running `Command { std: "docker" "create" "-v" "/var/lib/crater-agent-workspace/builds/worker-5-tc1/target:/opt/rustwide/target:rw,Z" "-v" "/var/lib/crater-agent-workspace/builds/worker-5-tc1/source:/opt/rustwide/workdir:ro,Z" "-v" "/var/lib/crater-agent-workspace/cargo-home:/opt/rustwide/cargo-home:ro,Z" "-v" "/var/lib/crater-agent-workspace/rustup-home:/opt/rustwide/rustup-home:ro,Z" "-e" "SOURCE_DIR=/opt/rustwide/workdir" "-e" "CARGO_TARGET_DIR=/opt/rustwide/target" "-e" "CARGO_HOME=/opt/rustwide/cargo-home" "-e" "RUSTUP_HOME=/opt/rustwide/rustup-home" "-w" "/opt/rustwide/workdir" "-m" "1610612736" "--user" "0:0" "--network" "none" "ghcr.io/rust-lang/crates-build-env/linux@sha256:2788e3201cd34a07e3172128adcd8b3090168a8e3bcc40d7c032b9dda1df7d1c" "/opt/rustwide/cargo-home/bin/cargo" "+1.75.0" "metadata" "--no-deps" "--format-version=1", kill_on_drop: false }`
[INFO] [stdout] 88217ce547ffdad3fd933426127b3df329755c27b99940a47f84124b0914de6d
[INFO] running `Command { std: "docker" "start" "-a" "88217ce547ffdad3fd933426127b3df329755c27b99940a47f84124b0914de6d", kill_on_drop: false }`
[INFO] running `Command { std: "docker" "inspect" "88217ce547ffdad3fd933426127b3df329755c27b99940a47f84124b0914de6d", kill_on_drop: false }`
[INFO] running `Command { std: "docker" "rm" "-f" "88217ce547ffdad3fd933426127b3df329755c27b99940a47f84124b0914de6d", kill_on_drop: false }`
[INFO] [stdout] 88217ce547ffdad3fd933426127b3df329755c27b99940a47f84124b0914de6d
[INFO] running `Command { std: "docker" "create" "-v" "/var/lib/crater-agent-workspace/builds/worker-5-tc1/target:/opt/rustwide/target:rw,Z" "-v" "/var/lib/crater-agent-workspace/builds/worker-5-tc1/source:/opt/rustwide/workdir:ro,Z" "-v" "/var/lib/crater-agent-workspace/cargo-home:/opt/rustwide/cargo-home:ro,Z" "-v" "/var/lib/crater-agent-workspace/rustup-home:/opt/rustwide/rustup-home:ro,Z" "-e" "SOURCE_DIR=/opt/rustwide/workdir" "-e" "CARGO_TARGET_DIR=/opt/rustwide/target" "-e" "CARGO_INCREMENTAL=0" "-e" "RUST_BACKTRACE=full" "-e" "RUSTFLAGS=--cap-lints=warn" "-e" "RUSTDOCFLAGS=--cap-lints=warn" "-e" "CARGO_HOME=/opt/rustwide/cargo-home" "-e" "RUSTUP_HOME=/opt/rustwide/rustup-home" "-w" "/opt/rustwide/workdir" "-m" "1610612736" "--user" "0:0" "--network" "none" "ghcr.io/rust-lang/crates-build-env/linux@sha256:2788e3201cd34a07e3172128adcd8b3090168a8e3bcc40d7c032b9dda1df7d1c" "/opt/rustwide/cargo-home/bin/cargo" "+1.75.0" "doc" "--frozen" "--no-deps" "--document-private-items" "--message-format=json", kill_on_drop: false }`
[INFO] [stdout] 311b6faa2c8535d104c969291641b88916da18b49252fe6cb57bcd6d11884ab4
[INFO] running `Command { std: "docker" "start" "-a" "311b6faa2c8535d104c969291641b88916da18b49252fe6cb57bcd6d11884ab4", kill_on_drop: false }`
[INFO] [stderr]    Compiling proc-macro2 v1.0.29
[INFO] [stderr]    Compiling syn v1.0.80
[INFO] [stderr]    Compiling libc v0.2.103
[INFO] [stderr]    Compiling log v0.4.14
[INFO] [stderr]    Compiling value-bag v1.0.0-alpha.7
[INFO] [stderr]    Compiling serde_derive v1.0.130
[INFO] [stderr]    Compiling serde v1.0.130
[INFO] [stderr]    Compiling typenum v1.14.0
[INFO] [stderr]     Checking pin-project-lite v0.2.7
[INFO] [stderr]    Compiling generic-array v0.14.4
[INFO] [stderr]    Compiling futures-core v0.3.17
[INFO] [stderr]     Checking once_cell v1.8.0
[INFO] [stderr]     Checking slab v0.4.4
[INFO] [stderr]     Checking futures-io v0.3.17
[INFO] [stderr]     Checking futures-sink v0.3.17
[INFO] [stderr]    Compiling futures-macro v0.3.17
[INFO] [stderr]    Compiling futures-channel v0.3.17
[INFO] [stderr]    Compiling futures-task v0.3.17
[INFO] [stderr]    Compiling proc-macro-nested v0.1.7
[INFO] [stderr]    Compiling quote v1.0.10
[INFO] [stderr]    Compiling futures-util v0.3.17
[INFO] [stderr]    Compiling jobserver v0.1.24
[INFO] [stderr]     Checking futures v0.1.31
[INFO] [stderr]    Compiling cc v1.0.71
[INFO] [stderr]     Checking num_cpus v1.13.0
[INFO] [stderr]    Compiling ahash v0.7.4
[INFO] [stderr]     Checking smallvec v1.7.0
[INFO] [stderr]     Checking subtle v2.4.1
[INFO] [stderr]    Compiling getrandom v0.1.16
[INFO] [stderr]    Compiling anyhow v1.0.44
[INFO] [stderr]     Checking instant v0.1.11
[INFO] [stderr]     Checking lock_api v0.4.5
[INFO] [stderr]     Checking parking_lot_core v0.8.5
[INFO] [stderr]    Compiling crunchy v0.2.2
[INFO] [stderr]     Checking digest v0.9.0
[INFO] [stderr]     Checking parking_lot v0.11.2
[INFO] [stderr]     Checking rand_core v0.5.1
[INFO] [stderr]     Checking block-buffer v0.9.0
[INFO] [stderr]     Checking tinyvec v1.5.0
[INFO] [stderr]     Checking rand_pcg v0.2.1
[INFO] [stderr]     Checking rand_chacha v0.2.2
[INFO] [stderr]     Checking getrandom v0.2.3
[INFO] [stderr]     Checking crypto-mac v0.8.0
[INFO] [stderr]     Checking rand v0.7.3
[INFO] [stderr]     Checking sha2 v0.9.8
[INFO] [stderr]     Checking rand_core v0.6.3
[INFO] [stderr]     Checking hmac v0.8.1
[INFO] [stderr]    Compiling radium v0.6.2
[INFO] [stderr]     Checking rand_chacha v0.3.1
[INFO] [stderr]     Checking hmac-drbg v0.3.0
[INFO] [stderr]     Checking libsecp256k1-core v0.2.2
[INFO] [stderr]     Checking signature v1.3.1
[INFO] [stderr]     Checking unicode-normalization v0.1.19
[INFO] [stderr]    Compiling ryu v1.0.5
[INFO] [stderr]     Checking rand v0.8.4
[INFO] [stderr]     Checking ed25519 v1.2.0
[INFO] [stderr]    Compiling lazy_static v1.4.0
[INFO] [stderr]    Compiling libm v0.2.1
[INFO] [stderr]    Compiling num-traits v0.2.14
[INFO] [stderr]    Compiling serde_json v1.0.68
[INFO] [stderr]     Checking funty v1.1.0
[INFO] [stderr]     Checking wyz v0.2.0
[INFO] [stderr]     Checking tap v1.0.1
[INFO] [stderr]    Compiling memchr v2.4.1
[INFO] [stderr]     Checking byte-slice-cast v1.1.0
[INFO] [stderr]     Checking arrayvec v0.7.1
[INFO] [stderr]    Compiling regex-syntax v0.6.25
[INFO] [stderr]     Checking bitvec v0.20.4
[INFO] [stderr]    Compiling num-integer v0.1.44
[INFO] [stderr]    Compiling aho-corasick v0.7.18
[INFO] [stderr]     Checking tracing-core v0.1.21
[INFO] [stderr]     Checking hashbrown v0.11.2
[INFO] [stderr]     Checking uint v0.9.1
[INFO] [stderr]    Compiling libsecp256k1-gen-ecmult v0.2.1
[INFO] [stderr]    Compiling libsecp256k1-gen-genmult v0.2.1
[INFO] [stderr]     Checking arrayvec v0.5.2
[INFO] [stderr]     Checking generic-array v0.12.4
[INFO] [stderr]     Checking rustc-hex v2.1.0
[INFO] [stderr]     Checking byte-tools v0.3.1
[INFO] [stderr]     Checking block-padding v0.1.5
[INFO] [stderr]     Checking fixed-hash v0.7.0
[INFO] [stderr]     Checking digest v0.8.1
[INFO] [stderr]     Checking block-buffer v0.7.3
[INFO] [stderr]     Checking opaque-debug v0.2.3
[INFO] [stderr]    Compiling parity-util-mem v0.10.2
[INFO] [stderr]    Compiling arrayvec v0.4.12
[INFO] [stderr]     Checking fake-simd v0.1.2
[INFO] [stderr]    Compiling num-bigint v0.2.6
[INFO] [stderr]     Checking sp-std v4.0.0-dev (https://github.com/paritytech/substrate#4a9b8d19)
[INFO] [stderr]     Checking time v0.1.44
[INFO] [stderr]    Compiling num-rational v0.2.4
[INFO] [stderr]    Compiling synstructure v0.12.5
[INFO] [stderr]     Checking parity-wasm v0.42.2
[INFO] [stderr]    Compiling erased-serde v0.3.16
[INFO] [stderr]    Compiling regex v1.5.4
[INFO] [stderr]    Compiling ref-cast v1.0.6
[INFO] [stderr]     Checking chrono v0.4.19
[INFO] [stderr]     Checking regex-automata v0.1.10
[INFO] [stderr]    Compiling miniz_oxide v0.4.4
[INFO] [stderr]    Compiling slog v2.7.0
[INFO] [stderr]     Checking matchers v0.0.1
[INFO] [stderr]    Compiling Inflector v0.11.4
[INFO] [stderr]     Checking wasmi-validation v0.4.1
[INFO] [stderr]     Checking parking_lot_core v0.7.2
[INFO] [stderr]     Checking crypto-mac v0.11.1
[INFO] [stderr]     Checking lock_api v0.3.4
[INFO] [stderr]     Checking sharded-slab v0.1.3
[INFO] [stderr]     Checking thread_local v1.1.3
[INFO] [stderr]     Checking hash-db v0.15.2
[INFO] [stderr]     Checking memory_units v0.3.0
[INFO] [stderr]     Checking ansi_term v0.12.1
[INFO] [stderr]     Checking downcast-rs v1.2.0
[INFO] [stderr]    Compiling async-trait v0.1.51
[INFO] [stderr]     Checking parking_lot v0.10.2
[INFO] [stderr]     Checking wasmi v0.9.1
[INFO] [stderr]     Checking sha2 v0.8.2
[INFO] [stderr]    Compiling libsecp256k1 v0.6.0
[INFO] [stderr]     Checking environmental v1.1.3
[INFO] [stderr]    Compiling tiny-keccak v2.0.2
[INFO] [stderr]     Checking blake2-rfc v0.2.18
[INFO] [stderr]     Checking hmac v0.11.0
[INFO] [stderr]     Checking pbkdf2 v0.8.0
[INFO] [stderr]     Checking pbkdf2 v0.4.0
[INFO] [stderr]     Checking rustc-hash v1.1.0
[INFO] [stderr]     Checking dyn-clone v1.0.4
[INFO] [stderr]     Checking twox-hash v1.6.1
[INFO] [stderr]     Checking hash256-std-hasher v0.15.2
[INFO] [stderr]     Checking base58 v0.1.0
[INFO] [stderr]    Compiling backtrace v0.3.61
[INFO] [stderr]     Checking gimli v0.25.0
[INFO] [stderr]     Checking object v0.26.2
[INFO] [stderr]     Checking rustc-demangle v0.1.21
[INFO] [stderr]     Checking trie-root v0.16.0
[INFO] [stderr]    Compiling paste v1.0.5
[INFO] [stderr]     Checking integer-sqrt v0.1.5
[INFO] [stderr]    Compiling ctor v0.1.21
[INFO] [stderr]    Compiling thiserror-impl v1.0.29
[INFO] [stderr]    Compiling zeroize_derive v1.2.0
[INFO] [stderr]    Compiling impl-trait-for-tuples v0.2.1
[INFO] [stderr]    Compiling derive_more v0.99.16
[INFO] [stderr]     Checking zeroize v1.4.2
[INFO] [stderr]     Checking curve25519-dalek v3.2.0
[INFO] [stderr]    Compiling tracing-attributes v0.1.18
[INFO] [stderr]    Compiling parity-util-mem-derive v0.1.0
[INFO] [stderr]    Compiling sp-debug-derive v3.0.0 (https://github.com/paritytech/substrate#4a9b8d19)
[INFO] [stderr]    Compiling thiserror v1.0.29
[INFO] [stderr]    Compiling ref-cast-impl v1.0.6
[INFO] [stderr]     Checking tracing-log v0.1.2
[INFO] [stderr]     Checking merlin v2.0.1
[INFO] [stderr]     Checking curve25519-dalek v2.1.3
[INFO] [stderr]    Compiling dyn-clonable-impl v0.9.0
[INFO] [stderr]     Checking schnorrkel v0.9.1
[INFO] [stderr]     Checking tracing v0.1.29
[INFO] [stderr]     Checking tiny-bip39 v0.8.2
[INFO] [stderr]     Checking dyn-clonable v0.9.0
[INFO] [stderr]     Checking secrecy v0.8.0
[INFO] [stderr]     Checking substrate-bip39 v0.4.4
[INFO] [stderr]     Checking addr2line v0.16.0
[INFO] [stderr]     Checking trie-db v0.22.6
[INFO] [stderr]     Checking sp-panic-handler v3.0.0 (https://github.com/paritytech/substrate#4a9b8d19)
[INFO] [stderr]    Compiling unicode-segmentation v1.8.0
[INFO] [stderr]    Compiling either v1.6.1
[INFO] [stderr]     Checking futures-executor v0.3.17
[INFO] [stderr]     Checking futures v0.3.17
[INFO] [stderr]    Compiling ppv-lite86 v0.2.10
[INFO] [stderr]    Compiling heck v0.3.3
[INFO] [stderr]    Compiling remove_dir_all v0.5.3
[INFO] [stderr]    Compiling itertools v0.10.1
[INFO] [stderr]    Compiling indexmap v1.7.0
[INFO] [stderr]    Compiling which v4.2.2
[INFO] [stderr]    Compiling tempfile v3.2.0
[INFO] [stderr]    Compiling bytes v1.1.0
[INFO] [stderr]    Compiling prost-derive v0.8.0
[INFO] [stderr]    Compiling prost-build v0.8.0
[INFO] [stderr]    Compiling nodrop v0.1.14
[INFO] [stderr]    Compiling fixedbitset v0.2.0
[INFO] [stderr]    Compiling petgraph v0.5.1
[INFO] [stderr]     Checking futures-timer v3.0.2
[INFO] [stderr]    Compiling constant_time_eq v0.1.5
[INFO] [stderr]    Compiling multimap v0.8.3
[INFO] [stderr]    Compiling ring v0.16.20
[INFO] [stderr]    Compiling proc-macro-error-attr v1.0.4
[INFO] [stderr]     Checking idna v0.2.3
[INFO] [stderr]    Compiling proc-macro-error v1.0.4
[INFO] [stderr]     Checking ed25519-dalek v1.0.1
[INFO] [stderr]     Checking impl-serde v0.3.1
[INFO] [stderr]     Checking tracing-serde v0.1.2
[INFO] [stderr]     Checking url v2.2.2
[INFO] [stderr]     Checking signal-hook-registry v1.4.0
[INFO] [stderr]     Checking tracing-subscriber v0.2.25
[INFO] [stderr]     Checking data-encoding v2.3.2
[INFO] [stderr]    Compiling toml v0.5.8
[INFO] [stderr]     Checking asynchronous-codec v0.6.0
[INFO] [stderr]    Compiling pin-project-internal v1.0.8
[INFO] [stderr]     Checking cache-padded v1.1.1
[INFO] [stderr]    Compiling pin-project-internal v0.4.28
[INFO] [stderr]     Checking concurrent-queue v1.2.2
[INFO] [stderr]    Compiling prost v0.8.0
[INFO] [stderr]     Checking unsigned-varint v0.7.0
[INFO] [stderr]     Checking socket2 v0.4.2
[INFO] [stderr]     Checking waker-fn v1.1.0
[INFO] [stderr]     Checking fastrand v1.5.0
[INFO] [stderr]    Compiling prost-types v0.8.0
[INFO] [stderr]     Checking parking v2.0.0
[INFO] [stderr]    Compiling proc-macro-crate v1.1.0
[INFO] [stderr]     Checking futures-lite v1.12.0
[INFO] [stderr]    Compiling libsecp256k1 v0.5.0
[INFO] [stderr]    Compiling zstd-sys v1.6.1+zstd.1.5.0
[INFO] [stderr]    Compiling parity-scale-codec-derive v2.3.1
[INFO] [stderr]    Compiling scale-info-derive v1.0.0
[INFO] [stderr]    Compiling sp-runtime-interface-proc-macro v4.0.0-dev (https://github.com/paritytech/substrate#4a9b8d19)
[INFO] [stderr]    Compiling sp-api-proc-macro v4.0.0-dev (https://github.com/paritytech/substrate#4a9b8d19)
[INFO] [stderr]    Compiling multihash-derive v0.7.2
[INFO] [stderr]     Checking pin-project v1.0.8
[INFO] [stderr]    Compiling libp2p-core v0.29.0
[INFO] [stderr]     Checking pin-project v0.4.28
[INFO] [stderr]     Checking bs58 v0.4.0
[INFO] [stderr]     Checking rw-stream-sink v0.2.1
[INFO] [stderr]     Checking multistream-select v0.10.2
[INFO] [stderr]     Checking parity-scale-codec v2.3.1
[INFO] [stderr]     Checking multihash v0.14.0
[INFO] [stderr]     Checking multiaddr v0.13.0
[INFO] [stderr]     Checking scale-info v1.0.0
[INFO] [stderr]     Checking impl-codec v0.5.1
[INFO] [stderr]     Checking sp-storage v4.0.0-dev (https://github.com/paritytech/substrate#4a9b8d19)
[INFO] [stderr]     Checking sp-tracing v4.0.0-dev (https://github.com/paritytech/substrate#4a9b8d19)
[INFO] [stderr]     Checking sp-externalities v0.10.0-dev (https://github.com/paritytech/substrate#4a9b8d19)
[INFO] [stderr]     Checking sp-wasm-interface v4.0.0-dev (https://github.com/paritytech/substrate#4a9b8d19)
[INFO] [stderr]    Compiling sp-version-proc-macro v4.0.0-dev (https://github.com/paritytech/substrate#4a9b8d19)
[INFO] [stderr]     Checking polling v2.1.0
[INFO] [stderr]     Checking asn1_der v0.7.5
[INFO] [stderr]     Checking event-listener v2.5.1
[INFO] [stderr]     Checking void v1.0.2
[INFO] [stderr]     Checking async-io v1.6.0
[INFO] [stderr]    Compiling tokio v1.12.0
[INFO] [stderr]     Checking primitive-types v0.10.1
[INFO] [stderr]     Checking sp-arithmetic v4.0.0-dev (https://github.com/paritytech/substrate#4a9b8d19)
[INFO] [stderr]    Compiling httparse v1.5.1
[INFO] [stderr]     Checking mio v0.7.13
[INFO] [stderr]    Compiling zstd-safe v4.1.1+zstd.1.5.0
[INFO] [stderr]    Compiling frame-support-procedural-tools-derive v3.0.0 (https://github.com/paritytech/substrate#4a9b8d19)
[INFO] [stderr]    Compiling signal-hook v0.3.10
[INFO] [stderr]     Checking sp-runtime-interface v4.0.0-dev (https://github.com/paritytech/substrate#4a9b8d19)
[INFO] [stderr]     Checking memory-db v0.27.0
[INFO] [stderr]    Compiling ucd-trie v0.1.3
[INFO] [stderr]     Checking async-task v4.0.3
[INFO] [stderr]     Checking sp-core v4.0.0-dev (https://github.com/paritytech/substrate#4a9b8d19)
[INFO] [stderr]    Compiling pest v2.1.3
[INFO] [stderr]     Checking async-channel v1.6.1
[INFO] [stderr]    Compiling frame-support-procedural-tools v4.0.0-dev (https://github.com/paritytech/substrate#4a9b8d19)
[INFO] [stderr]     Checking atomic-waker v1.0.0
[INFO] [stderr]    Compiling crossbeam-utils v0.8.5
[INFO] [stderr]     Checking blocking v1.0.2
[INFO] [stderr]    Compiling frame-support-procedural v4.0.0-dev (https://github.com/paritytech/substrate#4a9b8d19)
[INFO] [stderr]     Checking async-executor v1.4.1
[INFO] [stderr]     Checking frame-metadata v14.0.0
[INFO] [stderr]     Checking async-mutex v1.4.0
[INFO] [stderr]     Checking async-global-executor v2.0.2
[INFO] [stderr]     Checking async-process v1.2.0
[INFO] [stderr]     Checking async-lock v2.4.0
[INFO] [stderr]     Checking kv-log-macro v1.0.7
[INFO] [stderr]     Checking lru v0.6.6
[INFO] [stderr]    Compiling semver-parser v0.10.2
[INFO] [stderr]     Checking sp-trie v4.0.0-dev (https://github.com/paritytech/substrate#4a9b8d19)
[INFO] [stderr]     Checking sp-keystore v0.10.0-dev (https://github.com/paritytech/substrate#4a9b8d19)
[INFO] [stderr]     Checking async-std v1.10.0
[INFO] [stderr]     Checking sp-state-machine v0.10.0-dev (https://github.com/paritytech/substrate#4a9b8d19)
[INFO] [stderr]     Checking kvdb v0.10.0
[INFO] [stderr]     Checking http v0.2.5
[INFO] [stderr]    Compiling prometheus v0.12.0
[INFO] [stderr]     Checking want v0.3.0
[INFO] [stderr]    Compiling semver v0.11.0
[INFO] [stderr]     Checking httpdate v1.0.1
[INFO] [stderr]     Checking wasm-timer v0.2.5
[INFO] [stderr]     Checking pwasm-utils v0.18.2
[INFO] [stderr]     Checking cipher v0.3.0
[INFO] [stderr]    Compiling wasm-bindgen-shared v0.2.78
[INFO] [stderr]     Checking sp-database v4.0.0-dev (https://github.com/paritytech/substrate#4a9b8d19)
[INFO] [stderr]     Checking libp2p-swarm v0.30.0
[INFO] [stderr]     Checking sp-io v4.0.0-dev (https://github.com/paritytech/substrate#4a9b8d19)
[INFO] [stderr]    Compiling crc32fast v1.2.1
[INFO] [stderr]     Checking http-body v0.4.3
[INFO] [stderr]     Checking sc-allocator v4.0.0-dev (https://github.com/paritytech/substrate#4a9b8d19)
[INFO] [stderr]     Checking hyper v0.14.13
[INFO] [stderr]     Checking webpki v0.21.4
[INFO] [stderr]     Checking sct v0.6.1
[INFO] [stderr]     Checking sp-serializer v3.0.0 (https://github.com/paritytech/substrate#4a9b8d19)
[INFO] [stderr]     Checking universal-hash v0.4.1
[INFO] [stderr]    Compiling bumpalo v3.7.1
[INFO] [stderr]    Compiling pkg-config v0.3.20
[INFO] [stderr]     Checking scoped-tls v1.0.0
[INFO] [stderr]    Compiling wasm-bindgen-backend v0.2.78
[INFO] [stderr]     Checking rustls v0.19.1
[INFO] [stderr]     Checking sc-utils v4.0.0-dev (https://github.com/paritytech/substrate#4a9b8d19)
[INFO] [stderr]    Compiling wasm-bindgen v0.2.78
[INFO] [stderr]    Compiling libz-sys v1.1.3
[INFO] [stderr]     Checking hostname v0.3.1
[INFO] [stderr]     Checking polyval v0.5.3
[INFO] [stderr]    Compiling rustc_version v0.3.3
[INFO] [stderr]     Checking sp-application-crypto v4.0.0-dev (https://github.com/paritytech/substrate#4a9b8d19)
[INFO] [stderr]     Checking sp-tasks v4.0.0-dev (https://github.com/paritytech/substrate#4a9b8d19)
[INFO] [stderr]    Compiling enum-as-inner v0.3.3
[INFO] [stderr]    Compiling wasm-bindgen-macro-support v0.2.78
[INFO] [stderr]     Checking aead v0.4.3
[INFO] [stderr]     Checking chacha20 v0.7.1
[INFO] [stderr]     Checking sp-runtime v4.0.0-dev (https://github.com/paritytech/substrate#4a9b8d19)
[INFO] [stderr]     Checking flate2 v1.0.22
[INFO] [stderr]    Compiling snow v0.8.0
[INFO] [stderr]     Checking ghash v0.4.4
[INFO] [stderr]     Checking substrate-prometheus-endpoint v0.9.0 (https://github.com/paritytech/substrate#4a9b8d19)
[INFO] [stderr]     Checking trust-dns-proto v0.20.3
[INFO] [stderr]     Checking resolv-conf v0.7.0
[INFO] [stderr]     Checking poly1305 v0.7.2
[INFO] [stderr]     Checking ctr v0.8.0
[INFO] [stderr]     Checking aes v0.7.5
[INFO] [stderr]     Checking sha3 v0.9.1
[INFO] [stderr]    Compiling num-rational v0.4.0
[INFO] [stderr]     Checking nohash-hasher v0.2.0
[INFO] [stderr]     Checking chacha20poly1305 v0.8.0
[INFO] [stderr]    Compiling wasm-bindgen-macro v0.2.78
[INFO] [stderr]     Checking if-watch v0.2.2
[INFO] [stderr]    Compiling libp2p-floodsub v0.30.0
[INFO] [stderr]     Checking aes-gcm v0.9.4
[INFO] [stderr]    Compiling libp2p-relay v0.3.0
[INFO] [stderr]    Compiling libp2p-gossipsub v0.32.0
[INFO] [stderr]    Compiling libp2p-kad v0.31.0
[INFO] [stderr]     Checking trust-dns-resolver v0.20.3
[INFO] [stderr]    Compiling libp2p-noise v0.32.0
[INFO] [stderr]    Compiling libp2p-plaintext v0.29.0
[INFO] [stderr]    Compiling libp2p-identify v0.30.0
[INFO] [stderr]     Checking x25519-dalek v1.1.1
[INFO] [stderr]    Compiling minicbor-derive v0.6.4
[INFO] [stderr]     Checking sp-version v4.0.0-dev (https://github.com/paritytech/substrate#4a9b8d19)
[INFO] [stderr]     Checking sp-inherents v4.0.0-dev (https://github.com/paritytech/substrate#4a9b8d19)
[INFO] [stderr]     Checking sp-api v4.0.0-dev (https://github.com/paritytech/substrate#4a9b8d19)
[INFO] [stderr]     Checking sp-staking v4.0.0-dev (https://github.com/paritytech/substrate#4a9b8d19)
[INFO] [stderr]     Checking js-sys v0.3.55
[INFO] [stderr]     Checking num-complex v0.4.0
[INFO] [stderr]     Checking approx v0.5.0
[INFO] [stderr]     Checking blake2 v0.9.2
[INFO] [stderr]     Checking sha-1 v0.9.8
[INFO] [stderr]    Compiling atomic v0.5.0
[INFO] [stderr]     Checking rawpointer v0.2.1
[INFO] [stderr]     Checking soketto v0.4.2
[INFO] [stderr]     Checking simba v0.5.1
[INFO] [stderr]     Checking matrixmultiply v0.3.1
[INFO] [stderr]     Checking quicksink v0.1.2
[INFO] [stderr]     Checking async-std-resolver v0.20.3
[INFO] [stderr]     Checking yamux v0.9.0
[INFO] [stderr]     Checking futures-rustls v0.21.1
[INFO] [stderr]     Checking dns-parser v0.8.0
[INFO] [stderr]     Checking webpki-roots v0.21.1
[INFO] [stderr]     Checking salsa20 v0.8.1
[INFO] [stderr]     Checking cuckoofilter v0.5.0
[INFO] [stderr]     Checking sp-consensus v0.10.0-dev (https://github.com/paritytech/substrate#4a9b8d19)
[INFO] [stderr]     Checking minicbor v0.8.1
[INFO] [stderr]    Compiling nalgebra-macros v0.1.0
[INFO] [stderr]     Checking rand_distr v0.4.2
[INFO] [stderr]     Checking hex_fmt v0.3.0
[INFO] [stderr]    Compiling radium v0.5.3
[INFO] [stderr]     Checking sp-blockchain v4.0.0-dev (https://github.com/paritytech/substrate#4a9b8d19)
[INFO] [stderr]     Checking wasm-bindgen-futures v0.4.28
[INFO] [stderr]     Checking parity-send-wrapper v0.1.0
[INFO] [stderr]     Checking sc-transaction-pool-api v4.0.0-dev (https://github.com/paritytech/substrate#4a9b8d19)
[INFO] [stderr]     Checking libp2p-mdns v0.31.0
[INFO] [stderr]     Checking libp2p-wasm-ext v0.29.0
[INFO] [stderr]     Checking libp2p-request-response v0.12.0
[INFO] [stderr]     Checking libp2p-pnet v0.21.0
[INFO] [stderr]     Checking libp2p-yamux v0.33.0
[INFO] [stderr]     Checking libp2p-websocket v0.30.0
[INFO] [stderr]     Checking libp2p-dns v0.29.0
[INFO] [stderr]     Checking frame-support v4.0.0-dev (https://github.com/paritytech/substrate#4a9b8d19)
[INFO] [stderr]     Checking libp2p-tcp v0.29.0
[INFO] [stderr]     Checking libp2p-mplex v0.29.0
[INFO] [stderr]     Checking libp2p-deflate v0.29.0
[INFO] [stderr]     Checking libp2p-uds v0.29.0
[INFO] [stderr]     Checking libp2p-ping v0.30.0
[INFO] [stderr]    Compiling libp2p-swarm-derive v0.24.0
[INFO] [stderr]    Compiling glob v0.3.0
[INFO] [stderr]    Compiling nom v6.1.2
[INFO] [stderr]     Checking sp-block-builder v4.0.0-dev (https://github.com/paritytech/substrate#4a9b8d19)
[INFO] [stderr]    Compiling bitvec v0.19.5
[INFO] [stderr]     Checking jsonrpc-core v18.0.0
[INFO] [stderr]    Compiling atty v0.2.14
[INFO] [stderr]    Compiling unicode-width v0.1.9
[INFO] [stderr]    Compiling clang-sys v1.2.2
[INFO] [stderr]    Compiling textwrap v0.11.0
[INFO] [stderr]    Compiling libloading v0.7.0
[INFO] [stderr]    Compiling blake3 v0.3.8
[INFO] [stderr]    Compiling vec_map v0.8.2
[INFO] [stderr]    Compiling ansi_term v0.11.0
[INFO] [stderr]    Compiling strsim v0.8.0
[INFO] [stderr]    Compiling termcolor v1.1.2
[INFO] [stderr]    Compiling bindgen v0.59.1
[INFO] [stderr]    Compiling bitflags v1.3.2
[INFO] [stderr]    Compiling humantime v2.1.0
[INFO] [stderr]     Checking libp2p v0.39.1
[INFO] [stderr]    Compiling clap v2.33.3
[INFO] [stderr]    Compiling env_logger v0.8.4
[INFO] [stderr]    Compiling which v3.1.1
[INFO] [stderr]    Compiling shlex v1.1.0
[INFO] [stderr]    Compiling peeking_take_while v0.1.2
[INFO] [stderr]    Compiling data-encoding-macro-internal v0.1.10
[INFO] [stderr]    Compiling lazycell v1.3.0
[INFO] [stderr]     Checking blake2b_simd v0.5.11
[INFO] [stderr]     Checking blake2s_simd v0.5.11
[INFO] [stderr]     Checking base-x v0.2.8
[INFO] [stderr]     Checking unsigned-varint v0.5.1
[INFO] [stderr]     Checking finality-grandpa v0.14.4
[INFO] [stderr]     Checking data-encoding-macro v0.1.12
[INFO] [stderr]    Compiling sc-network v0.10.0-dev (https://github.com/paritytech/substrate#4a9b8d19)
[INFO] [stderr]     Checking multibase v0.8.0
[INFO] [stderr]     Checking nalgebra v0.27.1
[INFO] [stderr]     Checking asynchronous-codec v0.5.0
[INFO] [stderr]     Checking unsigned-varint v0.6.0
[INFO] [stderr]     Checking sc-peerset v4.0.0-dev (https://github.com/paritytech/substrate#4a9b8d19)
[INFO] [stderr]     Checking jsonrpc-pubsub v18.0.0
[INFO] [stderr]     Checking sp-finality-grandpa v4.0.0-dev (https://github.com/paritytech/substrate#4a9b8d19)
[INFO] [stderr]     Checking linked_hash_set v0.1.4
[INFO] [stderr]     Checking fork-tree v3.0.0 (https://github.com/paritytech/substrate#4a9b8d19)
[INFO] [stderr]    Compiling unicase v2.6.0
[INFO] [stderr]     Checking ip_network v0.4.0
[INFO] [stderr]     Checking idna v0.1.5
[INFO] [stderr]     Checking net2 v0.2.37
[INFO] [stderr]     Checking iovec v0.1.4
[INFO] [stderr]     Checking bstr v0.2.17
[INFO] [stderr]    Compiling cexpr v0.5.0
[INFO] [stderr]     Checking url v1.7.2
[INFO] [stderr]     Checking tokio-stream v0.1.7
[INFO] [stderr]     Checking globset v0.4.8
[INFO] [stderr]     Checking tokio-util v0.6.8
[INFO] [stderr]     Checking jsonrpc-client-transports v18.0.0
[INFO] [stderr]     Checking mio v0.6.23
[INFO] [stderr]     Checking sc-telemetry v4.0.0-dev (https://github.com/paritytech/substrate#4a9b8d19)
[INFO] [stderr]     Checking jsonrpc-server-utils v18.0.0
[INFO] [stderr]     Checking sp-rpc v4.0.0-dev (https://github.com/paritytech/substrate#4a9b8d19)
[INFO] [stderr]    Compiling proc-macro-crate v0.1.5
[INFO] [stderr]     Checking frame-system v4.0.0-dev (https://github.com/paritytech/substrate#4a9b8d19)
[INFO] [stderr]     Checking jsonrpc-core-client v18.0.0
[INFO] [stderr]     Checking mio-extras v2.0.6
[INFO] [stderr]     Checking bytes v0.4.12
[INFO] [stderr]    Compiling jsonrpc-derive v18.0.0
[INFO] [stderr]     Checking sha-1 v0.8.2
[INFO] [stderr]    Compiling lz4-sys v1.9.2
[INFO] [stderr]    Compiling camino v1.0.5
[INFO] [stderr]     Checking parity-ws v0.11.0
[INFO] [stderr]     Checking sp-offchain v4.0.0-dev (https://github.com/paritytech/substrate#4a9b8d19)
[INFO] [stderr]     Checking parity-tokio-ipc v0.9.0
[INFO] [stderr]    Compiling sc-chain-spec-derive v4.0.0-dev (https://github.com/paritytech/substrate#4a9b8d19)
[INFO] [stderr]    Compiling strum_macros v0.20.1
[INFO] [stderr]    Compiling itoa v0.4.8
[INFO] [stderr]    Compiling snap v1.0.5
[INFO] [stderr]    Compiling byteorder v1.4.3
[INFO] [stderr]    Compiling semver v0.6.0
[INFO] [stderr]    Compiling parity-wasm v0.32.0
[INFO] [stderr]     Checking jsonrpc-ws-server v18.0.0
[INFO] [stderr]     Checking jsonrpc-ipc-server v18.0.0
[INFO] [stderr]     Checking jsonrpc-http-server v18.0.0
[INFO] [stderr]     Checking sp-session v4.0.0-dev (https://github.com/paritytech/substrate#4a9b8d19)
[INFO] [stderr]     Checking sp-transaction-pool v4.0.0-dev (https://github.com/paritytech/substrate#4a9b8d19)
[INFO] [stderr]    Compiling cargo-platform v0.1.2
[INFO] [stderr]     Checking openssl-probe v0.1.4
[INFO] [stderr]    Compiling same-file v1.0.6
[INFO] [stderr]     Checking stable_deref_trait v1.2.0
[INFO] [stderr]    Compiling walkdir v2.3.2
[INFO] [stderr]     Checking owning_ref v0.4.1
[INFO] [stderr]     Checking strum v0.20.0
[INFO] [stderr]    Compiling wasm-gc-api v0.1.11
[INFO] [stderr]    Compiling cargo_metadata v0.13.1
[INFO] [stderr]     Checking sp-keyring v4.0.0-dev (https://github.com/paritytech/substrate#4a9b8d19)
[INFO] [stderr]     Checking rustls-native-certs v0.5.0
[INFO] [stderr]     Checking sc-rpc-server v4.0.0-dev (https://github.com/paritytech/substrate#4a9b8d19)
[INFO] [stderr]    Compiling build-helper v0.1.1
[INFO] [stderr]     Checking pallet-contracts-primitives v4.0.0-dev (https://github.com/paritytech/substrate#4a9b8d19)
[INFO] [stderr]     Checking tokio-rustls v0.22.0
[INFO] [stderr]     Checking sc-keystore v4.0.0-dev (https://github.com/paritytech/substrate#4a9b8d19)
[INFO] [stderr]     Checking ct-logs v0.8.0
[INFO] [stderr]    Compiling sc-tracing-proc-macro v4.0.0-dev (https://github.com/paritytech/substrate#4a9b8d19)
[INFO] [stderr]    Compiling cmake v0.1.45
[INFO] [stderr]     Checking fs-swap v0.2.6
[INFO] [stderr]     Checking fs2 v0.4.3
[INFO] [stderr]     Checking memmap2 v0.2.3
[INFO] [stderr]    Compiling platforms v1.1.0
[INFO] [stderr]     Checking futures-timer v2.0.2
[INFO] [stderr]    Compiling maplit v1.0.2
[INFO] [stderr]    Compiling pest_meta v2.1.3
[INFO] [stderr]     Checking intervalier v0.4.0
[INFO] [stderr]     Checking hyper-rustls v0.22.1
[INFO] [stderr]     Checking pallet-transaction-payment v4.0.0-dev (https://github.com/paritytech/substrate#4a9b8d19)
[INFO] [stderr]     Checking sp-timestamp v4.0.0-dev (https://github.com/paritytech/substrate#4a9b8d19)
[INFO] [stderr]     Checking sp-consensus-pow v0.10.0-dev (https://github.com/paritytech/substrate#4a9b8d19)
[INFO] [stderr]     Checking kvdb-memorydb v0.10.0
[INFO] [stderr]    Compiling sp-npos-elections-solution-type v4.0.0-dev (https://github.com/paritytech/substrate#4a9b8d19)
[INFO] [stderr]    Compiling enumflags2_derive v0.6.4
[INFO] [stderr]     Checking threadpool v1.8.1
[INFO] [stderr]     Checking dirs-sys v0.3.6
[INFO] [stderr]     Checking retain_mut v0.1.4
[INFO] [stderr]    Compiling names v0.12.0
[INFO] [stderr]     Checking pallet-transaction-payment-rpc-runtime-api v4.0.0-dev (https://github.com/paritytech/substrate#4a9b8d19)
[INFO] [stderr]    Compiling pest_generator v2.1.3
[INFO] [stderr]     Checking directories v3.0.2
[INFO] [stderr]     Checking enumflags2 v0.6.4
[INFO] [stderr]     Checking pallet-contracts-rpc-runtime-api v4.0.0-dev (https://github.com/paritytech/substrate#4a9b8d19)
[INFO] [stderr]     Checking sp-transaction-storage-proof v4.0.0-dev (https://github.com/paritytech/substrate#4a9b8d19)
[INFO] [stderr]     Checking kulupu-primitives v2.9.0 (/opt/rustwide/workdir/primitives)
[INFO] [stderr]    Compiling librocksdb-sys v6.20.3
[INFO] [stderr]    Compiling kulupu-randomx-sys v2.9.0 (/opt/rustwide/workdir/pow/randomx/sys)
[INFO] [stderr]     Checking frame-system-rpc-runtime-api v4.0.0-dev (https://github.com/paritytech/substrate#4a9b8d19)
[INFO] [stderr]     Checking sp-sandbox v0.10.0-dev (https://github.com/paritytech/substrate#4a9b8d19)
[INFO] [stderr]     Checking tracing-futures v0.2.5
[INFO] [stderr]    Compiling structopt-derive v0.4.16
[INFO] [stderr]     Checking exit-future v0.2.0
[INFO] [stderr]    Compiling pallet-contracts-proc-macro v4.0.0-dev (https://github.com/paritytech/substrate#4a9b8d19)
[INFO] [stderr]     Checking safe-mix v1.0.1
[INFO] [stderr]     Checking sp-npos-elections v4.0.0-dev (https://github.com/paritytech/substrate#4a9b8d19)
[INFO] [stderr]     Checking pallet-elections-phragmen v5.0.0-dev (https://github.com/paritytech/substrate#4a9b8d19)
[INFO] [stderr]     Checking pallet-randomness-collective-flip v4.0.0-dev (https://github.com/paritytech/substrate#4a9b8d19)
[INFO] [stderr]    Compiling pest_derive v2.1.0
[INFO] [stderr]    Compiling substrate-build-script-utils v3.0.0 (https://github.com/paritytech/substrate#4a9b8d19)
[INFO] [stderr]     Checking pallet-rewards v2.9.0 (/opt/rustwide/workdir/frame/rewards)
[INFO] [stderr]     Checking statrs v0.15.0
[INFO] [stderr]     Checking pallet-indices v4.0.0-dev (https://github.com/paritytech/substrate#4a9b8d19)
[INFO] [stderr] error: failed to run custom build command for `kulupu-randomx-sys v2.9.0 (/opt/rustwide/workdir/pow/randomx/sys)`
[INFO] [stderr] note: To improve backtraces for build dependencies, set the CARGO_PROFILE_DEV_BUILD_OVERRIDE_DEBUG=true environment variable to enable debug information generation.
[INFO] [stderr] 
[INFO] [stderr] Caused by:
[INFO] [stderr]   process didn't exit successfully: `/opt/rustwide/target/debug/build/kulupu-randomx-sys-7480369b3ed8a341/build-script-build` (exit status: 101)
[INFO] [stderr]   --- stdout
[INFO] [stderr]   cargo:rerun-if-env-changed=RANDOMX_ARCH
[INFO] [stderr]   running: cd "/opt/rustwide/target/debug/build/kulupu-randomx-sys-d16f8af87796c31b/out/build" && CMAKE_PREFIX_PATH="" "cmake" "/opt/rustwide/workdir/pow/randomx/sys/randomx" "-DARCH=native" "-DCMAKE_INSTALL_PREFIX=/opt/rustwide/target/debug/build/kulupu-randomx-sys-d16f8af87796c31b/out" "-DCMAKE_C_FLAGS= -ffunction-sections -fdata-sections -fPIC -m64" "-DCMAKE_C_COMPILER=/usr/bin/cc" "-DCMAKE_CXX_FLAGS= -ffunction-sections -fdata-sections -fPIC -m64" "-DCMAKE_CXX_COMPILER=/usr/bin/c++" "-DCMAKE_ASM_FLAGS= -ffunction-sections -fdata-sections -fPIC -m64" "-DCMAKE_ASM_COMPILER=/usr/bin/cc" "-DCMAKE_BUILD_TYPE=Debug"
[INFO] [stderr] 
[INFO] [stderr]   --- stderr
[INFO] [stderr]   CMake Error: The source directory "/opt/rustwide/workdir/pow/randomx/sys/randomx" does not exist.
[INFO] [stderr]   Specify --help for usage, or press the help button on the CMake GUI.
[INFO] [stderr]   thread 'main' panicked at /opt/rustwide/cargo-home/registry/src/index.crates.io-6f17d22bba15001f/cmake-0.1.45/src/lib.rs:894:5:
[INFO] [stderr] 
[INFO] [stderr]   command did not execute successfully, got: exit status: 1
[INFO] [stderr] 
[INFO] [stderr]   build script failed, must exit now
[INFO] [stderr]   stack backtrace:
[INFO] [stderr]      0:     0x5569d10a94bc - std::backtrace_rs::backtrace::libunwind::trace::ha637c64ce894333a
[INFO] [stderr]                                  at /rustc/82e1608dfa6e0b5569232559e3d385fea5a93112/library/std/src/../../backtrace/src/backtrace/libunwind.rs:104:5
[INFO] [stderr]      1:     0x5569d10a94bc - std::backtrace_rs::backtrace::trace_unsynchronized::h47f62dea28e0c88d
[INFO] [stderr]                                  at /rustc/82e1608dfa6e0b5569232559e3d385fea5a93112/library/std/src/../../backtrace/src/backtrace/mod.rs:66:5
[INFO] [stderr]      2:     0x5569d10a94bc - std::sys_common::backtrace::_print_fmt::h9eef0abe20ede486
[INFO] [stderr]                                  at /rustc/82e1608dfa6e0b5569232559e3d385fea5a93112/library/std/src/sys_common/backtrace.rs:67:5
[INFO] [stderr]      3:     0x5569d10a94bc - <std::sys_common::backtrace::_print::DisplayBacktrace as core::fmt::Display>::fmt::hed7f999df88cc644
[INFO] [stderr]                                  at /rustc/82e1608dfa6e0b5569232559e3d385fea5a93112/library/std/src/sys_common/backtrace.rs:44:22
[INFO] [stderr]      4:     0x5569d10d5870 - core::fmt::rt::Argument::fmt::h1539a9308b8d058d
[INFO] [stderr]                                  at /rustc/82e1608dfa6e0b5569232559e3d385fea5a93112/library/core/src/fmt/rt.rs:142:9
[INFO] [stderr]      5:     0x5569d10d5870 - core::fmt::write::h3a39390d8560d9c9
[INFO] [stderr]                                  at /rustc/82e1608dfa6e0b5569232559e3d385fea5a93112/library/core/src/fmt/mod.rs:1120:17
[INFO] [stderr]      6:     0x5569d10a680f - std::io::Write::write_fmt::h5fc9997dfe05f882
[INFO] [stderr]                                  at /rustc/82e1608dfa6e0b5569232559e3d385fea5a93112/library/std/src/io/mod.rs:1762:15
[INFO] [stderr]      7:     0x5569d10a92a4 - std::sys_common::backtrace::_print::h894006fb5c6f3d45
[INFO] [stderr]                                  at /rustc/82e1608dfa6e0b5569232559e3d385fea5a93112/library/std/src/sys_common/backtrace.rs:47:5
[INFO] [stderr]      8:     0x5569d10a92a4 - std::sys_common::backtrace::print::h23a2d212c6fff936
[INFO] [stderr]                                  at /rustc/82e1608dfa6e0b5569232559e3d385fea5a93112/library/std/src/sys_common/backtrace.rs:34:9
[INFO] [stderr]      9:     0x5569d10aae37 - std::panicking::default_hook::{{closure}}::h8a1d2ee00185001a
[INFO] [stderr]     10:     0x5569d10aab9f - std::panicking::default_hook::h6038f2eba384e475
[INFO] [stderr]                                  at /rustc/82e1608dfa6e0b5569232559e3d385fea5a93112/library/std/src/panicking.rs:292:9
[INFO] [stderr]     11:     0x5569d10ab2b8 - std::panicking::rust_panic_with_hook::h2b5517d590cab22e
[INFO] [stderr]                                  at /rustc/82e1608dfa6e0b5569232559e3d385fea5a93112/library/std/src/panicking.rs:779:13
[INFO] [stderr]     12:     0x5569d10ab19e - std::panicking::begin_panic_handler::{{closure}}::h233112c06e0ef43e
[INFO] [stderr]                                  at /rustc/82e1608dfa6e0b5569232559e3d385fea5a93112/library/std/src/panicking.rs:657:13
[INFO] [stderr]     13:     0x5569d10a9986 - std::sys_common::backtrace::__rust_end_short_backtrace::h6e893f24d7ebbff8
[INFO] [stderr]                                  at /rustc/82e1608dfa6e0b5569232559e3d385fea5a93112/library/std/src/sys_common/backtrace.rs:170:18
[INFO] [stderr]     14:     0x5569d10aaf02 - rust_begin_unwind
[INFO] [stderr]                                  at /rustc/82e1608dfa6e0b5569232559e3d385fea5a93112/library/std/src/panicking.rs:645:5
[INFO] [stderr]     15:     0x5569d0c55915 - core::panicking::panic_fmt::hbf0e066aabfa482c
[INFO] [stderr]                                  at /rustc/82e1608dfa6e0b5569232559e3d385fea5a93112/library/core/src/panicking.rs:72:14
[INFO] [stderr]     16:     0x5569d1041741 - cmake::fail::h5359bbcc15aa3fbb
[INFO] [stderr]     17:     0x5569d1040e47 - cmake::run::hfb3294546f802775
[INFO] [stderr]     18:     0x5569d103dc32 - cmake::Config::build::h3b9e9391abfd5321
[INFO] [stderr]     19:     0x5569d0c599de - build_script_build::main::h3bd8f99ee90c44bf
[INFO] [stderr]     20:     0x5569d0c57833 - core::ops::function::FnOnce::call_once::habeee292412d5250
[INFO] [stderr]     21:     0x5569d0c56ed6 - std::sys_common::backtrace::__rust_begin_short_backtrace::hdee7a6da9d32c8a3
[INFO] [stderr]     22:     0x5569d0c574a9 - std::rt::lang_start::{{closure}}::he67acc5603bc69c2
[INFO] [stderr]     23:     0x5569d10a2117 - core::ops::function::impls::<impl core::ops::function::FnOnce<A> for &F>::call_once::hd95060ecd5e1ca24
[INFO] [stderr]                                  at /rustc/82e1608dfa6e0b5569232559e3d385fea5a93112/library/core/src/ops/function.rs:284:13
[INFO] [stderr]     24:     0x5569d10a2117 - std::panicking::try::do_call::h6e8cf51db32a6e4b
[INFO] [stderr]                                  at /rustc/82e1608dfa6e0b5569232559e3d385fea5a93112/library/std/src/panicking.rs:552:40
[INFO] [stderr]     25:     0x5569d10a2117 - std::panicking::try::h3a52eefe24fe3c29
[INFO] [stderr]                                  at /rustc/82e1608dfa6e0b5569232559e3d385fea5a93112/library/std/src/panicking.rs:516:19
[INFO] [stderr]     26:     0x5569d10a2117 - std::panic::catch_unwind::h24c28c23c02c3841
[INFO] [stderr]                                  at /rustc/82e1608dfa6e0b5569232559e3d385fea5a93112/library/std/src/panic.rs:142:14
[INFO] [stderr]     27:     0x5569d10a2117 - std::rt::lang_start_internal::{{closure}}::h705d3c9cbc06ef47
[INFO] [stderr]                                  at /rustc/82e1608dfa6e0b5569232559e3d385fea5a93112/library/std/src/rt.rs:148:48
[INFO] [stderr]     28:     0x5569d10a2117 - std::panicking::try::do_call::ha21f52ba13158470
[INFO] [stderr]                                  at /rustc/82e1608dfa6e0b5569232559e3d385fea5a93112/library/std/src/panicking.rs:552:40
[INFO] [stderr]     29:     0x5569d10a2117 - std::panicking::try::h5581346bf6aeb1f8
[INFO] [stderr]                                  at /rustc/82e1608dfa6e0b5569232559e3d385fea5a93112/library/std/src/panicking.rs:516:19
[INFO] [stderr]     30:     0x5569d10a2117 - std::panic::catch_unwind::h7919645a6b72e25b
[INFO] [stderr]                                  at /rustc/82e1608dfa6e0b5569232559e3d385fea5a93112/library/std/src/panic.rs:142:14
[INFO] [stderr]     31:     0x5569d10a2117 - std::rt::lang_start_internal::h12de51168669836e
[INFO] [stderr]                                  at /rustc/82e1608dfa6e0b5569232559e3d385fea5a93112/library/std/src/rt.rs:148:20
[INFO] [stderr]     32:     0x5569d0c57487 - std::rt::lang_start::h232b75fe56c6791b
[INFO] [stderr]     33:     0x5569d0c5a1c5 - main
[INFO] [stderr]     34:     0x7fdbcd241d90 - <unknown>
[INFO] [stderr]     35:     0x7fdbcd241e40 - __libc_start_main
[INFO] [stderr]     36:     0x5569d0c56e05 - _start
[INFO] [stderr]     37:                0x0 - <unknown>
[INFO] [stderr] warning: build failed, waiting for other jobs to finish...
[INFO] [stderr] The following warnings were emitted during compilation:
[INFO] [stderr] 
[INFO] [stderr] warning: librocksdb-sys@6.20.3: c++: fatal error: Killed signal terminated program cc1plus
[INFO] [stderr] warning: librocksdb-sys@6.20.3: compilation terminated.
[INFO] [stderr] warning: librocksdb-sys@6.20.3: c++: fatal error: Killed signal terminated program cc1plus
[INFO] [stderr] warning: librocksdb-sys@6.20.3: compilation terminated.
[INFO] [stderr] 
[INFO] [stderr] error: failed to run custom build command for `librocksdb-sys v6.20.3`
[INFO] [stderr] note: To improve backtraces for build dependencies, set the CARGO_PROFILE_DEV_BUILD_OVERRIDE_DEBUG=true environment variable to enable debug information generation.
[INFO] [stderr] 
[INFO] [stderr] Caused by:
[INFO] [stderr]   process didn't exit successfully: `/opt/rustwide/target/debug/build/librocksdb-sys-3f7dacd90e83aa78/build-script-build` (exit status: 1)
[INFO] [stderr]   --- stdout
[INFO] [stderr]   cargo:rerun-if-changed=rocksdb/
[INFO] [stderr]   TARGET = Some("x86_64-unknown-linux-gnu")
[INFO] [stderr]   OPT_LEVEL = Some("0")
[INFO] [stderr]   HOST = Some("x86_64-unknown-linux-gnu")
[INFO] [stderr]   CXX_x86_64-unknown-linux-gnu = None
[INFO] [stderr]   CXX_x86_64_unknown_linux_gnu = None
[INFO] [stderr]   HOST_CXX = None
[INFO] [stderr]   CXX = None
[INFO] [stderr]   CXXFLAGS_x86_64-unknown-linux-gnu = None
[INFO] [stderr]   CXXFLAGS_x86_64_unknown_linux_gnu = None
[INFO] [stderr]   HOST_CXXFLAGS = None
[INFO] [stderr]   CXXFLAGS = None
[INFO] [stderr]   CRATE_CC_NO_DEFAULTS = None
[INFO] [stderr]   DEBUG = Some("true")
[INFO] [stderr]   CARGO_CFG_TARGET_FEATURE = Some("fxsr,sse,sse2")
[INFO] [stderr]   CXX_x86_64-unknown-linux-gnu = None
[INFO] [stderr]   CXX_x86_64_unknown_linux_gnu = None
[INFO] [stderr]   HOST_CXX = None
[INFO] [stderr]   CXX = None
[INFO] [stderr]   CXXFLAGS_x86_64-unknown-linux-gnu = None
[INFO] [stderr]   CXXFLAGS_x86_64_unknown_linux_gnu = None
[INFO] [stderr]   HOST_CXXFLAGS = None
[INFO] [stderr]   CXXFLAGS = None
[INFO] [stderr]   CRATE_CC_NO_DEFAULTS = None
[INFO] [stderr]   CARGO_CFG_TARGET_FEATURE = Some("fxsr,sse,sse2")
[INFO] [stderr]   running: "c++" "-O0" "-ffunction-sections" "-fdata-sections" "-fPIC" "-g" "-fno-omit-frame-pointer" "-m64" "-I" "rocksdb/include/" "-I" "rocksdb/" "-I" "rocksdb/third-party/gtest-1.8.1/fused-src/" "-I" "snappy/" "-I" "." "-Wall" "-Wextra" "-std=c++11" "-Wno-unused-parameter" "-msse2" "-DSNAPPY=1" "-DNDEBUG=1" "-DOS_LINUX" "-DROCKSDB_PLATFORM_POSIX" "-DROCKSDB_LIB_IO_POSIX" "-DROCKSDB_SUPPORT_THREAD_LOCAL" "-o" "/opt/rustwide/target/debug/build/librocksdb-sys-5828eef08ab48b1d/out/rocksdb/cache/cache.o" "-c" "rocksdb/cache/cache.cc"
[INFO] [stderr]   running: "c++" "-O0" "-ffunction-sections" "-fdata-sections" "-fPIC" "-g" "-fno-omit-frame-pointer" "-m64" "-I" "rocksdb/include/" "-I" "rocksdb/" "-I" "rocksdb/third-party/gtest-1.8.1/fused-src/" "-I" "snappy/" "-I" "." "-Wall" "-Wextra" "-std=c++11" "-Wno-unused-parameter" "-msse2" "-DSNAPPY=1" "-DNDEBUG=1" "-DOS_LINUX" "-DROCKSDB_PLATFORM_POSIX" "-DROCKSDB_LIB_IO_POSIX" "-DROCKSDB_SUPPORT_THREAD_LOCAL" "-o" "/opt/rustwide/target/debug/build/librocksdb-sys-5828eef08ab48b1d/out/rocksdb/cache/clock_cache.o" "-c" "rocksdb/cache/clock_cache.cc"
[INFO] [stderr]   running: "c++" "-O0" "-ffunction-sections" "-fdata-sections" "-fPIC" "-g" "-fno-omit-frame-pointer" "-m64" "-I" "rocksdb/include/" "-I" "rocksdb/" "-I" "rocksdb/third-party/gtest-1.8.1/fused-src/" "-I" "snappy/" "-I" "." "-Wall" "-Wextra" "-std=c++11" "-Wno-unused-parameter" "-msse2" "-DSNAPPY=1" "-DNDEBUG=1" "-DOS_LINUX" "-DROCKSDB_PLATFORM_POSIX" "-DROCKSDB_LIB_IO_POSIX" "-DROCKSDB_SUPPORT_THREAD_LOCAL" "-o" "/opt/rustwide/target/debug/build/librocksdb-sys-5828eef08ab48b1d/out/rocksdb/cache/lru_cache.o" "-c" "rocksdb/cache/lru_cache.cc"
[INFO] [stderr]   exit status: 0
[INFO] [stderr]   exit status: 0
[INFO] [stderr]   running: "c++" "-O0" "-ffunction-sections" "-fdata-sections" "-fPIC" "-g" "-fno-omit-frame-pointer" "-m64" "-I" "rocksdb/include/" "-I" "rocksdb/" "-I" "rocksdb/third-party/gtest-1.8.1/fused-src/" "-I" "snappy/" "-I" "." "-Wall" "-Wextra" "-std=c++11" "-Wno-unused-parameter" "-msse2" "-DSNAPPY=1" "-DNDEBUG=1" "-DOS_LINUX" "-DROCKSDB_PLATFORM_POSIX" "-DROCKSDB_LIB_IO_POSIX" "-DROCKSDB_SUPPORT_THREAD_LOCAL" "-o" "/opt/rustwide/target/debug/build/librocksdb-sys-5828eef08ab48b1d/out/rocksdb/cache/sharded_cache.o" "-c" "rocksdb/cache/sharded_cache.cc"
[INFO] [stderr]   running: "c++" "-O0" "-ffunction-sections" "-fdata-sections" "-fPIC" "-g" "-fno-omit-frame-pointer" "-m64" "-I" "rocksdb/include/" "-I" "rocksdb/" "-I" "rocksdb/third-party/gtest-1.8.1/fused-src/" "-I" "snappy/" "-I" "." "-Wall" "-Wextra" "-std=c++11" "-Wno-unused-parameter" "-msse2" "-DSNAPPY=1" "-DNDEBUG=1" "-DOS_LINUX" "-DROCKSDB_PLATFORM_POSIX" "-DROCKSDB_LIB_IO_POSIX" "-DROCKSDB_SUPPORT_THREAD_LOCAL" "-o" "/opt/rustwide/target/debug/build/librocksdb-sys-5828eef08ab48b1d/out/rocksdb/db/arena_wrapped_db_iter.o" "-c" "rocksdb/db/arena_wrapped_db_iter.cc"
[INFO] [stderr]   exit status: 0
[INFO] [stderr]   exit status: 0
[INFO] [stderr]   running: "c++" "-O0" "-ffunction-sections" "-fdata-sections" "-fPIC" "-g" "-fno-omit-frame-pointer" "-m64" "-I" "rocksdb/include/" "-I" "rocksdb/" "-I" "rocksdb/third-party/gtest-1.8.1/fused-src/" "-I" "snappy/" "-I" "." "-Wall" "-Wextra" "-std=c++11" "-Wno-unused-parameter" "-msse2" "-DSNAPPY=1" "-DNDEBUG=1" "-DOS_LINUX" "-DROCKSDB_PLATFORM_POSIX" "-DROCKSDB_LIB_IO_POSIX" "-DROCKSDB_SUPPORT_THREAD_LOCAL" "-o" "/opt/rustwide/target/debug/build/librocksdb-sys-5828eef08ab48b1d/out/rocksdb/db/blob/blob_file_addition.o" "-c" "rocksdb/db/blob/blob_file_addition.cc"
[INFO] [stderr]   running: "c++" "-O0" "-ffunction-sections" "-fdata-sections" "-fPIC" "-g" "-fno-omit-frame-pointer" "-m64" "-I" "rocksdb/include/" "-I" "rocksdb/" "-I" "rocksdb/third-party/gtest-1.8.1/fused-src/" "-I" "snappy/" "-I" "." "-Wall" "-Wextra" "-std=c++11" "-Wno-unused-parameter" "-msse2" "-DSNAPPY=1" "-DNDEBUG=1" "-DOS_LINUX" "-DROCKSDB_PLATFORM_POSIX" "-DROCKSDB_LIB_IO_POSIX" "-DROCKSDB_SUPPORT_THREAD_LOCAL" "-o" "/opt/rustwide/target/debug/build/librocksdb-sys-5828eef08ab48b1d/out/rocksdb/db/blob/blob_file_builder.o" "-c" "rocksdb/db/blob/blob_file_builder.cc"
[INFO] [stderr]   running: "c++" "-O0" "-ffunction-sections" "-fdata-sections" "-fPIC" "-g" "-fno-omit-frame-pointer" "-m64" "-I" "rocksdb/include/" "-I" "rocksdb/" "-I" "rocksdb/third-party/gtest-1.8.1/fused-src/" "-I" "snappy/" "-I" "." "-Wall" "-Wextra" "-std=c++11" "-Wno-unused-parameter" "-msse2" "-DSNAPPY=1" "-DNDEBUG=1" "-DOS_LINUX" "-DROCKSDB_PLATFORM_POSIX" "-DROCKSDB_LIB_IO_POSIX" "-DROCKSDB_SUPPORT_THREAD_LOCAL" "-o" "/opt/rustwide/target/debug/build/librocksdb-sys-5828eef08ab48b1d/out/rocksdb/db/blob/blob_file_cache.o" "-c" "rocksdb/db/blob/blob_file_cache.cc"
[INFO] [stderr]   exit status: 0
[INFO] [stderr]   running: "c++" "-O0" "-ffunction-sections" "-fdata-sections" "-fPIC" "-g" "-fno-omit-frame-pointer" "-m64" "-I" "rocksdb/include/" "-I" "rocksdb/" "-I" "rocksdb/third-party/gtest-1.8.1/fused-src/" "-I" "snappy/" "-I" "." "-Wall" "-Wextra" "-std=c++11" "-Wno-unused-parameter" "-msse2" "-DSNAPPY=1" "-DNDEBUG=1" "-DOS_LINUX" "-DROCKSDB_PLATFORM_POSIX" "-DROCKSDB_LIB_IO_POSIX" "-DROCKSDB_SUPPORT_THREAD_LOCAL" "-o" "/opt/rustwide/target/debug/build/librocksdb-sys-5828eef08ab48b1d/out/rocksdb/db/blob/blob_file_garbage.o" "-c" "rocksdb/db/blob/blob_file_garbage.cc"
[INFO] [stderr]   running: "c++" "-O0" "-ffunction-sections" "-fdata-sections" "-fPIC" "-g" "-fno-omit-frame-pointer" "-m64" "-I" "rocksdb/include/" "-I" "rocksdb/" "-I" "rocksdb/third-party/gtest-1.8.1/fused-src/" "-I" "snappy/" "-I" "." "-Wall" "-Wextra" "-std=c++11" "-Wno-unused-parameter" "-msse2" "-DSNAPPY=1" "-DNDEBUG=1" "-DOS_LINUX" "-DROCKSDB_PLATFORM_POSIX" "-DROCKSDB_LIB_IO_POSIX" "-DROCKSDB_SUPPORT_THREAD_LOCAL" "-o" "/opt/rustwide/target/debug/build/librocksdb-sys-5828eef08ab48b1d/out/rocksdb/db/blob/blob_file_meta.o" "-c" "rocksdb/db/blob/blob_file_meta.cc"
[INFO] [stderr]   running: "c++" "-O0" "-ffunction-sections" "-fdata-sections" "-fPIC" "-g" "-fno-omit-frame-pointer" "-m64" "-I" "rocksdb/include/" "-I" "rocksdb/" "-I" "rocksdb/third-party/gtest-1.8.1/fused-src/" "-I" "snappy/" "-I" "." "-Wall" "-Wextra" "-std=c++11" "-Wno-unused-parameter" "-msse2" "-DSNAPPY=1" "-DNDEBUG=1" "-DOS_LINUX" "-DROCKSDB_PLATFORM_POSIX" "-DROCKSDB_LIB_IO_POSIX" "-DROCKSDB_SUPPORT_THREAD_LOCAL" "-o" "/opt/rustwide/target/debug/build/librocksdb-sys-5828eef08ab48b1d/out/rocksdb/db/blob/blob_file_reader.o" "-c" "rocksdb/db/blob/blob_file_reader.cc"
[INFO] [stderr]   exit status: 0
[INFO] [stderr]   running: "c++" "-O0" "-ffunction-sections" "-fdata-sections" "-fPIC" "-g" "-fno-omit-frame-pointer" "-m64" "-I" "rocksdb/include/" "-I" "rocksdb/" "-I" "rocksdb/third-party/gtest-1.8.1/fused-src/" "-I" "snappy/" "-I" "." "-Wall" "-Wextra" "-std=c++11" "-Wno-unused-parameter" "-msse2" "-DSNAPPY=1" "-DNDEBUG=1" "-DOS_LINUX" "-DROCKSDB_PLATFORM_POSIX" "-DROCKSDB_LIB_IO_POSIX" "-DROCKSDB_SUPPORT_THREAD_LOCAL" "-o" "/opt/rustwide/target/debug/build/librocksdb-sys-5828eef08ab48b1d/out/rocksdb/db/blob/blob_log_format.o" "-c" "rocksdb/db/blob/blob_log_format.cc"
[INFO] [stderr]   exit status: 0
[INFO] [stderr]   running: "c++" "-O0" "-ffunction-sections" "-fdata-sections" "-fPIC" "-g" "-fno-omit-frame-pointer" "-m64" "-I" "rocksdb/include/" "-I" "rocksdb/" "-I" "rocksdb/third-party/gtest-1.8.1/fused-src/" "-I" "snappy/" "-I" "." "-Wall" "-Wextra" "-std=c++11" "-Wno-unused-parameter" "-msse2" "-DSNAPPY=1" "-DNDEBUG=1" "-DOS_LINUX" "-DROCKSDB_PLATFORM_POSIX" "-DROCKSDB_LIB_IO_POSIX" "-DROCKSDB_SUPPORT_THREAD_LOCAL" "-o" "/opt/rustwide/target/debug/build/librocksdb-sys-5828eef08ab48b1d/out/rocksdb/db/blob/blob_log_sequential_reader.o" "-c" "rocksdb/db/blob/blob_log_sequential_reader.cc"
[INFO] [stderr]   exit status: 0
[INFO] [stderr]   running: "c++" "-O0" "-ffunction-sections" "-fdata-sections" "-fPIC" "-g" "-fno-omit-frame-pointer" "-m64" "-I" "rocksdb/include/" "-I" "rocksdb/" "-I" "rocksdb/third-party/gtest-1.8.1/fused-src/" "-I" "snappy/" "-I" "." "-Wall" "-Wextra" "-std=c++11" "-Wno-unused-parameter" "-msse2" "-DSNAPPY=1" "-DNDEBUG=1" "-DOS_LINUX" "-DROCKSDB_PLATFORM_POSIX" "-DROCKSDB_LIB_IO_POSIX" "-DROCKSDB_SUPPORT_THREAD_LOCAL" "-o" "/opt/rustwide/target/debug/build/librocksdb-sys-5828eef08ab48b1d/out/rocksdb/db/blob/blob_log_writer.o" "-c" "rocksdb/db/blob/blob_log_writer.cc"
[INFO] [stderr]   exit status: 0
[INFO] [stderr]   running: "c++" "-O0" "-ffunction-sections" "-fdata-sections" "-fPIC" "-g" "-fno-omit-frame-pointer" "-m64" "-I" "rocksdb/include/" "-I" "rocksdb/" "-I" "rocksdb/third-party/gtest-1.8.1/fused-src/" "-I" "snappy/" "-I" "." "-Wall" "-Wextra" "-std=c++11" "-Wno-unused-parameter" "-msse2" "-DSNAPPY=1" "-DNDEBUG=1" "-DOS_LINUX" "-DROCKSDB_PLATFORM_POSIX" "-DROCKSDB_LIB_IO_POSIX" "-DROCKSDB_SUPPORT_THREAD_LOCAL" "-o" "/opt/rustwide/target/debug/build/librocksdb-sys-5828eef08ab48b1d/out/rocksdb/db/builder.o" "-c" "rocksdb/db/builder.cc"
[INFO] [stderr]   cargo:warning=c++: fatal error: Killed signal terminated program cc1plus
[INFO] [stderr]   cargo:warning=compilation terminated.
[INFO] [stderr]   exit status: 1
[INFO] [stderr]   running: "c++" "-O0" "-ffunction-sections" "-fdata-sections" "-fPIC" "-g" "-fno-omit-frame-pointer" "-m64" "-I" "rocksdb/include/" "-I" "rocksdb/" "-I" "rocksdb/third-party/gtest-1.8.1/fused-src/" "-I" "snappy/" "-I" "." "-Wall" "-Wextra" "-std=c++11" "-Wno-unused-parameter" "-msse2" "-DSNAPPY=1" "-DNDEBUG=1" "-DOS_LINUX" "-DROCKSDB_PLATFORM_POSIX" "-DROCKSDB_LIB_IO_POSIX" "-DROCKSDB_SUPPORT_THREAD_LOCAL" "-o" "/opt/rustwide/target/debug/build/librocksdb-sys-5828eef08ab48b1d/out/rocksdb/db/c.o" "-c" "rocksdb/db/c.cc"
[INFO] [stderr]   exit status: 0
[INFO] [stderr]   exit status: 0
[INFO] [stderr]   cargo:warning=c++: fatal error: Killed signal terminated program cc1plus
[INFO] [stderr]   cargo:warning=compilation terminated.
[INFO] [stderr]   exit status: 1
[INFO] [stderr]   exit status: 0
[INFO] [stderr]   exit status: 0
[INFO] [stderr]   exit status: 0
[INFO] [stderr] 
[INFO] [stderr]   --- stderr
[INFO] [stderr]   error: 'rustfmt' is not installed for the toolchain '1.75.0-x86_64-unknown-linux-gnu'
[INFO] [stderr]   To install, run `rustup component add rustfmt --toolchain 1.75.0-x86_64-unknown-linux-gnu`
[INFO] [stderr]   Failed to run rustfmt: Internal rustfmt error (non-fatal, continuing)
[INFO] [stderr] 
[INFO] [stderr] 
[INFO] [stderr]   error occurred: Command "c++" "-O0" "-ffunction-sections" "-fdata-sections" "-fPIC" "-g" "-fno-omit-frame-pointer" "-m64" "-I" "rocksdb/include/" "-I" "rocksdb/" "-I" "rocksdb/third-party/gtest-1.8.1/fused-src/" "-I" "snappy/" "-I" "." "-Wall" "-Wextra" "-std=c++11" "-Wno-unused-parameter" "-msse2" "-DSNAPPY=1" "-DNDEBUG=1" "-DOS_LINUX" "-DROCKSDB_PLATFORM_POSIX" "-DROCKSDB_LIB_IO_POSIX" "-DROCKSDB_SUPPORT_THREAD_LOCAL" "-o" "/opt/rustwide/target/debug/build/librocksdb-sys-5828eef08ab48b1d/out/rocksdb/db/arena_wrapped_db_iter.o" "-c" "rocksdb/db/arena_wrapped_db_iter.cc" with args "c++" did not execute successfully (status code exit status: 1).
[INFO] [stderr] 
[INFO] [stderr] 
[INFO] running `Command { std: "docker" "inspect" "311b6faa2c8535d104c969291641b88916da18b49252fe6cb57bcd6d11884ab4", kill_on_drop: false }`
[INFO] running `Command { std: "docker" "rm" "-f" "311b6faa2c8535d104c969291641b88916da18b49252fe6cb57bcd6d11884ab4", kill_on_drop: false }`
[INFO] [stdout] 311b6faa2c8535d104c969291641b88916da18b49252fe6cb57bcd6d11884ab4
