[INFO] cloning repository https://github.com/Primekick/vx-ace-shortcuts-override
[INFO] running `Command { std: "git" "-c" "credential.helper=" "-c" "credential.helper=/workspace/cargo-home/bin/git-credential-null" "clone" "--bare" "https://github.com/Primekick/vx-ace-shortcuts-override" "/workspace/cache/git-repos/https%3A%2F%2Fgithub.com%2FPrimekick%2Fvx-ace-shortcuts-override", kill_on_drop: false }`
[INFO] [stderr] Cloning into bare repository '/workspace/cache/git-repos/https%3A%2F%2Fgithub.com%2FPrimekick%2Fvx-ace-shortcuts-override'...
[INFO] running `Command { std: "git" "rev-parse" "HEAD", kill_on_drop: false }`
[INFO] [stdout] d728e2712808aa4ae821961c38150eb9f5af07b7
[INFO] documenting Primekick/vx-ace-shortcuts-override against 1.75.0 for beta-1.76-rustdoc-1
[INFO] running `Command { std: "git" "clone" "/workspace/cache/git-repos/https%3A%2F%2Fgithub.com%2FPrimekick%2Fvx-ace-shortcuts-override" "/workspace/builds/worker-4-tc1/source", kill_on_drop: false }`
[INFO] [stderr] Cloning into '/workspace/builds/worker-4-tc1/source'...
[INFO] [stderr] done.
[INFO] validating manifest of git repo https://github.com/Primekick/vx-ace-shortcuts-override on toolchain 1.75.0
[INFO] running `Command { std: CARGO_HOME="/workspace/cargo-home" RUSTUP_HOME="/workspace/rustup-home" "/workspace/cargo-home/bin/cargo" "+1.75.0" "metadata" "--manifest-path" "Cargo.toml" "--no-deps", kill_on_drop: false }`
[INFO] removed /workspace/builds/worker-4-tc1/source/.cargo/config.toml
[INFO] removed /workspace/builds/worker-4-tc1/source/rust-toolchain.toml
[INFO] started tweaking git repo https://github.com/Primekick/vx-ace-shortcuts-override
[INFO] finished tweaking git repo https://github.com/Primekick/vx-ace-shortcuts-override
[INFO] tweaked toml for git repo https://github.com/Primekick/vx-ace-shortcuts-override written to /workspace/builds/worker-4-tc1/source/Cargo.toml
[INFO] crate git repo https://github.com/Primekick/vx-ace-shortcuts-override already has a lockfile, it will not be regenerated
[INFO] running `Command { std: CARGO_HOME="/workspace/cargo-home" RUSTUP_HOME="/workspace/rustup-home" "/workspace/cargo-home/bin/cargo" "+1.75.0" "fetch" "--manifest-path" "Cargo.toml", kill_on_drop: false }`
[INFO] [stderr]     Updating crates.io index
[INFO] [stderr]  Downloading crates ...
[INFO] [stderr]   Downloaded stopwatch2 v2.0.0
[INFO] [stderr]   Downloaded cstr v0.2.11
[INFO] [stderr]   Downloaded embed-manifest v1.4.0
[INFO] [stderr]   Downloaded konst_kernel v0.3.6
[INFO] [stderr]   Downloaded dll-syringe v0.15.2
[INFO] [stderr]   Downloaded winnow v0.5.11
[INFO] [stderr]   Downloaded iced-x86 v1.20.0
[INFO] [stderr]   Downloaded sysinfo v0.29.8
[INFO] [stderr]   Downloaded native-windows-gui v1.0.13
[INFO] [stderr]   Downloaded konst v0.3.6
[INFO] [stderr]   Downloaded current_locale v0.1.1
[INFO] [stderr]   Downloaded embed-resource v2.2.0
[INFO] [stderr]   Downloaded native-windows-derive v1.0.5
[INFO] [stderr]   Downloaded winapi-easy v0.1.0
[INFO] running `Command { std: "docker" "create" "-v" "/var/lib/crater-agent-workspace/builds/worker-4-tc1/target:/opt/rustwide/target:rw,Z" "-v" "/var/lib/crater-agent-workspace/builds/worker-4-tc1/source:/opt/rustwide/workdir:ro,Z" "-v" "/var/lib/crater-agent-workspace/cargo-home:/opt/rustwide/cargo-home:ro,Z" "-v" "/var/lib/crater-agent-workspace/rustup-home:/opt/rustwide/rustup-home:ro,Z" "-e" "SOURCE_DIR=/opt/rustwide/workdir" "-e" "CARGO_TARGET_DIR=/opt/rustwide/target" "-e" "CARGO_HOME=/opt/rustwide/cargo-home" "-e" "RUSTUP_HOME=/opt/rustwide/rustup-home" "-w" "/opt/rustwide/workdir" "-m" "1610612736" "--user" "0:0" "--network" "none" "ghcr.io/rust-lang/crates-build-env/linux@sha256:2788e3201cd34a07e3172128adcd8b3090168a8e3bcc40d7c032b9dda1df7d1c" "/opt/rustwide/cargo-home/bin/cargo" "+1.75.0" "metadata" "--no-deps" "--format-version=1", kill_on_drop: false }`
[INFO] [stdout] b96bd628844f6e8e1dfff6f9130fbfa1c7d60435ef55784e11f662ebedde921e
[INFO] running `Command { std: "docker" "start" "-a" "b96bd628844f6e8e1dfff6f9130fbfa1c7d60435ef55784e11f662ebedde921e", kill_on_drop: false }`
[INFO] running `Command { std: "docker" "inspect" "b96bd628844f6e8e1dfff6f9130fbfa1c7d60435ef55784e11f662ebedde921e", kill_on_drop: false }`
[INFO] running `Command { std: "docker" "rm" "-f" "b96bd628844f6e8e1dfff6f9130fbfa1c7d60435ef55784e11f662ebedde921e", kill_on_drop: false }`
[INFO] [stdout] b96bd628844f6e8e1dfff6f9130fbfa1c7d60435ef55784e11f662ebedde921e
[INFO] running `Command { std: "docker" "create" "-v" "/var/lib/crater-agent-workspace/builds/worker-4-tc1/target:/opt/rustwide/target:rw,Z" "-v" "/var/lib/crater-agent-workspace/builds/worker-4-tc1/source:/opt/rustwide/workdir:ro,Z" "-v" "/var/lib/crater-agent-workspace/cargo-home:/opt/rustwide/cargo-home:ro,Z" "-v" "/var/lib/crater-agent-workspace/rustup-home:/opt/rustwide/rustup-home:ro,Z" "-e" "SOURCE_DIR=/opt/rustwide/workdir" "-e" "CARGO_TARGET_DIR=/opt/rustwide/target" "-e" "CARGO_INCREMENTAL=0" "-e" "RUST_BACKTRACE=full" "-e" "RUSTFLAGS=--cap-lints=warn" "-e" "RUSTDOCFLAGS=--cap-lints=warn" "-e" "CARGO_HOME=/opt/rustwide/cargo-home" "-e" "RUSTUP_HOME=/opt/rustwide/rustup-home" "-w" "/opt/rustwide/workdir" "-m" "1610612736" "--user" "0:0" "--network" "none" "ghcr.io/rust-lang/crates-build-env/linux@sha256:2788e3201cd34a07e3172128adcd8b3090168a8e3bcc40d7c032b9dda1df7d1c" "/opt/rustwide/cargo-home/bin/cargo" "+1.75.0" "doc" "--frozen" "--no-deps" "--document-private-items" "--message-format=json", kill_on_drop: false }`
[INFO] [stdout] e1e6edb4b0bf6e95c2b5e57a406411dded344874cb93a6e5d60720eb56317bf5
[INFO] running `Command { std: "docker" "start" "-a" "e1e6edb4b0bf6e95c2b5e57a406411dded344874cb93a6e5d60720eb56317bf5", kill_on_drop: false }`
[INFO] [stderr]    Compiling proc-macro2 v1.0.66
[INFO] [stderr]    Compiling unicode-ident v1.0.11
[INFO] [stderr]    Compiling serde v1.0.183
[INFO] [stderr]    Compiling libc v0.2.147
[INFO] [stderr]    Compiling winapi v0.3.9
[INFO] [stderr]    Compiling serde_derive v1.0.183
[INFO] [stderr]    Compiling equivalent v1.0.1
[INFO] [stderr]    Compiling hashbrown v0.14.0
[INFO] [stderr]    Compiling semver v1.0.18
[INFO] [stderr]    Compiling autocfg v1.1.0
[INFO] [stderr]    Compiling windows_x86_64_gnu v0.48.2
[INFO] [stderr]    Compiling winnow v0.5.11
[INFO] [stderr]    Compiling syn v1.0.109
[INFO] [stderr]     Checking once_cell v1.18.0
[INFO] [stderr]    Compiling libm v0.1.4
[INFO] [stderr]    Compiling either v1.9.0
[INFO] [stderr]    Compiling winapi-build v0.1.1
[INFO] [stderr]    Compiling thiserror v1.0.44
[INFO] [stderr]     Checking typewit v1.5.0
[INFO] [stderr]    Compiling native-windows-gui v1.0.13
[INFO] [stderr]     Checking windows-targets v0.48.2
[INFO] [stderr]    Compiling num-traits v0.2.16
[INFO] [stderr]     Checking path-dedot v3.1.0
[INFO] [stderr]    Compiling itertools v0.8.2
[INFO] [stderr]     Checking konst_kernel v0.3.6
[INFO] [stderr]     Checking unicode-segmentation v1.10.1
[INFO] [stderr]    Compiling indexmap v2.0.0
[INFO] [stderr]    Compiling rustc_version v0.4.0
[INFO] [stderr]     Checking wio v0.2.2
[INFO] [stderr]    Compiling bitflags v1.3.2
[INFO] [stderr]     Checking option-ext v0.2.0
[INFO] [stderr]    Compiling embed-manifest v1.4.0
[INFO] [stderr]    Compiling quote v1.0.32
[INFO] [stderr]     Checking plotters-backend v0.3.5
[INFO] [stderr]     Checking plain v0.2.3
[INFO] [stderr]    Compiling anyhow v1.0.72
[INFO] [stderr]    Compiling syn v2.0.28
[INFO] [stderr]     Checking const_panic v0.2.8
[INFO] [stderr]     Checking log v0.4.20
[INFO] [stderr]    Compiling cc v1.0.82
[INFO] [stderr]     Checking konst v0.3.6
[INFO] [stderr]     Checking dirs-sys v0.4.1
[INFO] [stderr]     Checking sysinfo v0.29.8
[INFO] [stderr]     Checking newline-converter v0.2.2
[INFO] [stderr]     Checking stretch v0.3.2
[INFO] [stderr]    Compiling cstr v0.2.11
[INFO] [stderr]     Checking winapi-easy v0.1.0
[INFO] [stderr]     Checking path-absolutize v3.1.0
[INFO] [stderr]     Checking windows-sys v0.48.0
[INFO] [stderr]     Checking iced-x86 v1.20.0
[INFO] [stderr]     Checking same-file v1.0.6
[INFO] [stderr]     Checking widestring v1.0.2
[INFO] [stderr]     Checking stopwatch2 v2.0.0
[INFO] [stderr]     Checking at_vxa_so v0.2.0 (/opt/rustwide/workdir/dll-lib)
[INFO] [stdout] error[E0433]: failed to resolve: could not find `shared` in `winapi`
[INFO] [stdout]  --> dll-lib/src/lib.rs:5:13
[INFO] [stdout]   |
[INFO] [stdout] 5 | use winapi::shared::minwindef::HINSTANCE;
[INFO] [stdout]   |             ^^^^^^ could not find `shared` in `winapi`
[INFO] [stdout] 
[INFO] [stdout] 
[INFO] [stdout] error[E0433]: failed to resolve: could not find `um` in `winapi`
[INFO] [stdout]  --> dll-lib/src/lib.rs:6:13
[INFO] [stdout]   |
[INFO] [stdout] 6 | use winapi::um::winuser::*;
[INFO] [stdout]   |             ^^ could not find `um` in `winapi`
[INFO] [stdout] 
[INFO] [stdout] 
[INFO] [stdout] error[E0433]: failed to resolve: could not find `um` in `winapi`
[INFO] [stdout]  --> dll-lib/src/lib.rs:7:13
[INFO] [stdout]   |
[INFO] [stdout] 7 | use winapi::um::winnt::DLL_PROCESS_ATTACH;
[INFO] [stdout]   |             ^^ could not find `um` in `winapi`
[INFO] [stdout] 
[INFO] [stdout] 
[INFO] [stdout] error[E0432]: unresolved import `winapi_easy::keyboard`
[INFO] [stdout]  --> dll-lib/src/lib.rs:8:18
[INFO] [stdout]   |
[INFO] [stdout] 8 | use winapi_easy::keyboard::{GlobalHotkeySet, Key, Modifier};
[INFO] [stdout]   |                  ^^^^^^^^ could not find `keyboard` in `winapi_easy`
[INFO] [stdout] 
[INFO] [stdout] 
[INFO] [stdout] error[E0425]: cannot find value `KEYEVENTF_UNICODE` in this scope
[INFO] [stdout]   --> dll-lib/src/lib.rs:18:25
[INFO] [stdout]    |
[INFO] [stdout] 18 |     let flags = if up { KEYEVENTF_UNICODE | KEYEVENTF_KEYUP } else { KEYEVENTF_UNICODE };
[INFO] [stdout]    |                         ^^^^^^^^^^^^^^^^^ not found in this scope
[INFO] [stdout] 
[INFO] [stdout] 
[INFO] [stdout] error[E0425]: cannot find value `KEYEVENTF_KEYUP` in this scope
[INFO] [stdout]   --> dll-lib/src/lib.rs:18:45
[INFO] [stdout]    |
[INFO] [stdout] 18 |     let flags = if up { KEYEVENTF_UNICODE | KEYEVENTF_KEYUP } else { KEYEVENTF_UNICODE };
[INFO] [stdout]    |                                             ^^^^^^^^^^^^^^^ not found in this scope
[INFO] [stdout] 
[INFO] [stdout] 
[INFO] [stdout] error[E0425]: cannot find value `KEYEVENTF_UNICODE` in this scope
[INFO] [stdout]   --> dll-lib/src/lib.rs:18:70
[INFO] [stdout]    |
[INFO] [stdout] 18 |     let flags = if up { KEYEVENTF_UNICODE | KEYEVENTF_KEYUP } else { KEYEVENTF_UNICODE };
[INFO] [stdout]    |                                                                      ^^^^^^^^^^^^^^^^^ not found in this scope
[INFO] [stdout] 
[INFO] [stdout] 
[INFO] [stdout] error[E0422]: cannot find struct, variant or union type `INPUT` in this scope
[INFO] [stdout]   --> dll-lib/src/lib.rs:19:21
[INFO] [stdout]    |
[INFO] [stdout] 19 |     let mut input = INPUT {
[INFO] [stdout]    |                     ^^^^^ not found in this scope
[INFO] [stdout] 
[INFO] [stdout] 
[INFO] [stdout] error[E0425]: cannot find value `INPUT_KEYBOARD` in this scope
[INFO] [stdout]   --> dll-lib/src/lib.rs:20:16
[INFO] [stdout]    |
[INFO] [stdout] 20 |         type_: INPUT_KEYBOARD,
[INFO] [stdout]    |                ^^^^^^^^^^^^^^ not found in this scope
[INFO] [stdout] 
[INFO] [stdout] 
[INFO] [stdout] error[E0422]: cannot find struct, variant or union type `KEYBDINPUT` in this scope
[INFO] [stdout]   --> dll-lib/src/lib.rs:25:29
[INFO] [stdout]    |
[INFO] [stdout] 25 |         *input.u.ki_mut() = KEYBDINPUT {
[INFO] [stdout]    |                             ^^^^^^^^^^ not found in this scope
[INFO] [stdout] 
[INFO] [stdout] 
[INFO] [stdout] error[E0412]: cannot find type `INPUT` in this scope
[INFO] [stdout]   --> dll-lib/src/lib.rs:33:49
[INFO] [stdout]    |
[INFO] [stdout] 33 |         SendInput(1, &mut input, mem::size_of::<INPUT>() as i32);
[INFO] [stdout]    |                                                 ^^^^^ not found in this scope
[INFO] [stdout]    |
[INFO] [stdout] help: you might be missing a type parameter
[INFO] [stdout]    |
[INFO] [stdout] 17 | fn send_key<INPUT>(key_code: u16, up: bool) {
[INFO] [stdout]    |            +++++++
[INFO] [stdout] 
[INFO] [stdout] 
[INFO] [stdout] error[E0425]: cannot find value `VK_CAPITAL` in this scope
[INFO] [stdout]   --> dll-lib/src/lib.rs:53:55
[INFO] [stdout]    |
[INFO] [stdout] 53 |                 let is_caps_on = unsafe { GetKeyState(VK_CAPITAL).bitand(0x0001) } > 0 ;
[INFO] [stdout]    |                                                       ^^^^^^^^^^ not found in this scope
[INFO] [stdout] 
[INFO] [stdout] 
[INFO] [stderr]     Checking directories v5.0.1
[INFO] [stdout] error[E0425]: cannot find function, tuple struct or tuple variant `SendInput` in this scope
[INFO] [stdout]   --> dll-lib/src/lib.rs:33:9
[INFO] [stdout]    |
[INFO] [stdout] 33 |         SendInput(1, &mut input, mem::size_of::<INPUT>() as i32);
[INFO] [stdout]    |         ^^^^^^^^^ not found in this scope
[INFO] [stdout] 
[INFO] [stdout] 
[INFO] [stdout] error[E0425]: cannot find function, tuple struct or tuple variant `GetKeyState` in this scope
[INFO] [stdout]   --> dll-lib/src/lib.rs:53:43
[INFO] [stdout]    |
[INFO] [stdout] 53 |                 let is_caps_on = unsafe { GetKeyState(VK_CAPITAL).bitand(0x0001) } > 0 ;
[INFO] [stdout]    |                                           ^^^^^^^^^^^ not found in this scope
[INFO] [stdout] 
[INFO] [stdout] 
[INFO] [stdout] warning: unused import: `std::ops::BitAnd`
[INFO] [stdout]  --> dll-lib/src/lib.rs:4:5
[INFO] [stdout]   |
[INFO] [stdout] 4 | use std::ops::BitAnd;
[INFO] [stdout]   |     ^^^^^^^^^^^^^^^^
[INFO] [stdout]   |
[INFO] [stdout]   = note: `#[warn(unused_imports)]` on by default
[INFO] [stdout] 
[INFO] [stdout] 
[INFO] [stdout] error: aborting due to 14 previous errors; 1 warning emitted
[INFO] [stdout] 
[INFO] [stdout] 
[INFO] [stdout] Some errors have detailed explanations: E0412, E0422, E0425, E0432, E0433.
[INFO] [stdout] 
[INFO] [stdout] For more information about an error, try `rustc --explain E0412`.
[INFO] [stdout] 
[INFO] [stderr] error: could not compile `at_vxa_so` (lib) due to 15 previous errors; 1 warning emitted
[INFO] [stderr] warning: build failed, waiting for other jobs to finish...
[INFO] running `Command { std: "docker" "inspect" "e1e6edb4b0bf6e95c2b5e57a406411dded344874cb93a6e5d60720eb56317bf5", kill_on_drop: false }`
[INFO] running `Command { std: "docker" "rm" "-f" "e1e6edb4b0bf6e95c2b5e57a406411dded344874cb93a6e5d60720eb56317bf5", kill_on_drop: false }`
[INFO] [stdout] e1e6edb4b0bf6e95c2b5e57a406411dded344874cb93a6e5d60720eb56317bf5
