[INFO] cloning repository https://github.com/Prime-arys/Annoying-window
[INFO] running `Command { std: "git" "-c" "credential.helper=" "-c" "credential.helper=/workspace/cargo-home/bin/git-credential-null" "clone" "--bare" "https://github.com/Prime-arys/Annoying-window" "/workspace/cache/git-repos/https%3A%2F%2Fgithub.com%2FPrime-arys%2FAnnoying-window", kill_on_drop: false }`
[INFO] [stderr] Cloning into bare repository '/workspace/cache/git-repos/https%3A%2F%2Fgithub.com%2FPrime-arys%2FAnnoying-window'...
[INFO] running `Command { std: "git" "rev-parse" "HEAD", kill_on_drop: false }`
[INFO] [stdout] 1421495393f048eaab5e5381757fa0872f84516a
[INFO] documenting Prime-arys/Annoying-window against 1.75.0 for beta-1.76-rustdoc-1
[INFO] running `Command { std: "git" "clone" "/workspace/cache/git-repos/https%3A%2F%2Fgithub.com%2FPrime-arys%2FAnnoying-window" "/workspace/builds/worker-1-tc1/source", kill_on_drop: false }`
[INFO] [stderr] Cloning into '/workspace/builds/worker-1-tc1/source'...
[INFO] [stderr] done.
[INFO] validating manifest of git repo https://github.com/Prime-arys/Annoying-window on toolchain 1.75.0
[INFO] running `Command { std: CARGO_HOME="/workspace/cargo-home" RUSTUP_HOME="/workspace/rustup-home" "/workspace/cargo-home/bin/cargo" "+1.75.0" "metadata" "--manifest-path" "Cargo.toml" "--no-deps", kill_on_drop: false }`
[INFO] started tweaking git repo https://github.com/Prime-arys/Annoying-window
[INFO] finished tweaking git repo https://github.com/Prime-arys/Annoying-window
[INFO] tweaked toml for git repo https://github.com/Prime-arys/Annoying-window written to /workspace/builds/worker-1-tc1/source/Cargo.toml
[INFO] crate git repo https://github.com/Prime-arys/Annoying-window already has a lockfile, it will not be regenerated
[INFO] running `Command { std: CARGO_HOME="/workspace/cargo-home" RUSTUP_HOME="/workspace/rustup-home" "/workspace/cargo-home/bin/cargo" "+1.75.0" "fetch" "--manifest-path" "Cargo.toml", kill_on_drop: false }`
[INFO] [stderr]     Updating crates.io index
[INFO] [stderr]  Downloading crates ...
[INFO] [stderr]   Downloaded crevice-derive v0.10.0
[INFO] [stderr]   Downloaded show-image-macros v0.12.3
[INFO] [stderr]   Downloaded crevice v0.11.0
[INFO] [stderr]   Downloaded show-image v0.13.1
[INFO] [stderr]   Downloaded ggez v0.8.1
[INFO] running `Command { std: "docker" "create" "-v" "/var/lib/crater-agent-workspace/builds/worker-1-tc1/target:/opt/rustwide/target:rw,Z" "-v" "/var/lib/crater-agent-workspace/builds/worker-1-tc1/source:/opt/rustwide/workdir:ro,Z" "-v" "/var/lib/crater-agent-workspace/cargo-home:/opt/rustwide/cargo-home:ro,Z" "-v" "/var/lib/crater-agent-workspace/rustup-home:/opt/rustwide/rustup-home:ro,Z" "-e" "SOURCE_DIR=/opt/rustwide/workdir" "-e" "CARGO_TARGET_DIR=/opt/rustwide/target" "-e" "CARGO_HOME=/opt/rustwide/cargo-home" "-e" "RUSTUP_HOME=/opt/rustwide/rustup-home" "-w" "/opt/rustwide/workdir" "-m" "1610612736" "--user" "0:0" "--network" "none" "ghcr.io/rust-lang/crates-build-env/linux@sha256:2788e3201cd34a07e3172128adcd8b3090168a8e3bcc40d7c032b9dda1df7d1c" "/opt/rustwide/cargo-home/bin/cargo" "+1.75.0" "metadata" "--no-deps" "--format-version=1", kill_on_drop: false }`
[INFO] [stdout] bcdcc2ab79bed5d8e32e0d29fd0a33ef5de33ae7ce437cf4197f54454c18a56c
[INFO] running `Command { std: "docker" "start" "-a" "bcdcc2ab79bed5d8e32e0d29fd0a33ef5de33ae7ce437cf4197f54454c18a56c", kill_on_drop: false }`
[INFO] running `Command { std: "docker" "inspect" "bcdcc2ab79bed5d8e32e0d29fd0a33ef5de33ae7ce437cf4197f54454c18a56c", kill_on_drop: false }`
[INFO] running `Command { std: "docker" "rm" "-f" "bcdcc2ab79bed5d8e32e0d29fd0a33ef5de33ae7ce437cf4197f54454c18a56c", kill_on_drop: false }`
[INFO] [stdout] bcdcc2ab79bed5d8e32e0d29fd0a33ef5de33ae7ce437cf4197f54454c18a56c
[INFO] running `Command { std: "docker" "create" "-v" "/var/lib/crater-agent-workspace/builds/worker-1-tc1/target:/opt/rustwide/target:rw,Z" "-v" "/var/lib/crater-agent-workspace/builds/worker-1-tc1/source:/opt/rustwide/workdir:ro,Z" "-v" "/var/lib/crater-agent-workspace/cargo-home:/opt/rustwide/cargo-home:ro,Z" "-v" "/var/lib/crater-agent-workspace/rustup-home:/opt/rustwide/rustup-home:ro,Z" "-e" "SOURCE_DIR=/opt/rustwide/workdir" "-e" "CARGO_TARGET_DIR=/opt/rustwide/target" "-e" "CARGO_INCREMENTAL=0" "-e" "RUST_BACKTRACE=full" "-e" "RUSTFLAGS=--cap-lints=warn" "-e" "RUSTDOCFLAGS=--cap-lints=warn" "-e" "CARGO_HOME=/opt/rustwide/cargo-home" "-e" "RUSTUP_HOME=/opt/rustwide/rustup-home" "-w" "/opt/rustwide/workdir" "-m" "1610612736" "--user" "0:0" "--network" "none" "ghcr.io/rust-lang/crates-build-env/linux@sha256:2788e3201cd34a07e3172128adcd8b3090168a8e3bcc40d7c032b9dda1df7d1c" "/opt/rustwide/cargo-home/bin/cargo" "+1.75.0" "doc" "--frozen" "--no-deps" "--document-private-items" "--message-format=json", kill_on_drop: false }`
[INFO] [stdout] 96ba249ec614d901114e421bb37966095e0d919aaf1466d5b0b9973042c98ca1
[INFO] running `Command { std: "docker" "start" "-a" "96ba249ec614d901114e421bb37966095e0d919aaf1466d5b0b9973042c98ca1", kill_on_drop: false }`
[INFO] [stderr]    Compiling autocfg v1.1.0
[INFO] [stderr]    Compiling libc v0.2.140
[INFO] [stderr]    Compiling proc-macro2 v1.0.56
[INFO] [stderr]    Compiling unicode-ident v1.0.8
[INFO] [stderr]    Compiling quote v1.0.26
[INFO] [stderr]    Compiling pkg-config v0.3.26
[INFO] [stderr]    Compiling version_check v0.9.4
[INFO] [stderr]    Compiling libm v0.2.6
[INFO] [stderr]     Checking once_cell v1.17.1
[INFO] [stderr]     Checking smallvec v1.10.0
[INFO] [stderr]    Compiling num-traits v0.2.15
[INFO] [stderr]    Compiling thiserror v1.0.40
[INFO] [stderr]    Compiling memoffset v0.6.5
[INFO] [stderr]    Compiling log v0.4.17
[INFO] [stderr]     Checking libloading v0.7.4
[INFO] [stderr]    Compiling memchr v2.5.0
[INFO] [stderr]    Compiling serde_derive v1.0.159
[INFO] [stderr]    Compiling lock_api v0.4.9
[INFO] [stderr]    Compiling syn v2.0.13
[INFO] [stderr]    Compiling serde v1.0.159
[INFO] [stderr]    Compiling xml-rs v0.8.4
[INFO] [stderr]    Compiling ahash v0.7.6
[INFO] [stderr]     Checking arrayvec v0.7.2
[INFO] [stderr]    Compiling crc32fast v1.3.2
[INFO] [stderr]    Compiling crossbeam-utils v0.8.15
[INFO] [stderr]     Checking miniz_oxide v0.6.2
[INFO] [stderr]    Compiling memoffset v0.8.0
[INFO] [stderr]     Checking getrandom v0.2.8
[INFO] [stderr]    Compiling jobserver v0.1.26
[INFO] [stderr]    Compiling wayland-scanner v0.29.5
[INFO] [stderr]    Compiling cc v1.0.79
[INFO] [stderr]    Compiling parking_lot_core v0.9.7
[INFO] [stderr]     Checking hashbrown v0.12.3
[INFO] [stderr]     Checking nix v0.24.3
[INFO] [stderr]    Compiling wayland-sys v0.29.5
[INFO] [stderr]    Compiling crossbeam-epoch v0.9.14
[INFO] [stderr]    Compiling cmake v0.1.50
[INFO] [stderr]    Compiling indexmap v1.9.3
[INFO] [stderr]    Compiling cfg_aliases v0.1.1
[INFO] [stderr]    Compiling syn v1.0.109
[INFO] [stderr]     Checking flate2 v1.0.25
[INFO] [stderr]     Checking dlib v0.5.0
[INFO] [stderr]     Checking rustc-hash v1.1.0
[INFO] [stderr]     Checking parking_lot v0.12.1
[INFO] [stderr]    Compiling wayland-client v0.29.5
[INFO] [stderr]     Checking termcolor v1.2.0
[INFO] [stderr]    Compiling freetype-sys v0.13.1
[INFO] [stderr]    Compiling rayon-core v1.11.0
[INFO] [stderr]    Compiling futures-core v0.3.28
[INFO] [stderr]    Compiling semver v1.0.17
[INFO] [stderr]     Checking unicode-width v0.1.10
[INFO] [stderr]     Checking bit-vec v0.6.3
[INFO] [stderr]     Checking codespan-reporting v0.11.1
[INFO] [stderr]     Checking crossbeam-deque v0.8.3
[INFO] [stderr]     Checking wayland-commons v0.29.5
[INFO] [stderr]     Checking bit-set v0.5.3
[INFO] [stderr]    Compiling expat-sys v2.1.6
[INFO] [stderr]     Checking crossbeam-channel v0.5.7
[INFO] [stderr]     Checking num_cpus v1.15.0
[INFO] [stderr]     Checking spirv v0.2.0+1.5.4
[INFO] [stderr]    Compiling slotmap v1.0.6
[INFO] [stderr]     Checking hexf-parse v0.2.1
[INFO] [stderr]    Compiling khronos-egl v4.1.0
[INFO] [stderr]     Checking minimal-lexical v0.2.1
[INFO] [stderr]     Checking vec_map v0.8.2
[INFO] [stderr]     Checking arrayref v0.3.7
[INFO] [stderr]     Checking downcast-rs v1.2.0
[INFO] [stderr]     Checking unicode-xid v0.2.4
[INFO] [stderr]    Compiling ash v0.37.2+1.3.238
[INFO] [stderr]     Checking scoped-tls v1.0.1
[INFO] [stderr]     Checking nom v7.1.3
[INFO] [stderr]     Checking png v0.17.7
[INFO] [stderr]    Compiling wayland-protocols v0.29.5
[INFO] [stderr]     Checking gpu-alloc-types v0.2.0
[INFO] [stderr]     Checking gpu-descriptor-types v0.1.1
[INFO] [stderr]     Checking futures-sink v0.3.28
[INFO] [stderr]     Checking gpu-descriptor v0.2.3
[INFO] [stderr]     Checking gpu-alloc v0.5.3
[INFO] [stderr]     Checking fxhash v0.2.1
[INFO] [stderr]     Checking nix v0.25.1
[INFO] [stderr]    Compiling smithay-client-toolkit v0.16.0
[INFO] [stderr]     Checking xcursor v0.3.4
[INFO] [stderr]    Compiling servo-fontconfig-sys v5.1.0
[INFO] [stderr]     Checking either v1.8.1
[INFO] [stderr]    Compiling thiserror-impl v1.0.40
[INFO] [stderr]    Compiling bytemuck_derive v1.4.1
[INFO] [stderr]     Checking glow v0.11.2
[INFO] [stderr]     Checking renderdoc-sys v0.7.1
[INFO] [stderr]     Checking profiling v1.0.7
[INFO] [stderr]     Checking ttf-parser v0.18.1
[INFO] [stderr]     Checking bytemuck v1.13.1
[INFO] [stderr]    Compiling io-lifetimes v1.0.9
[INFO] [stderr]     Checking calloop v0.10.5
[INFO] [stderr]     Checking wayland-cursor v0.29.5
[INFO] [stderr]     Checking rayon v1.7.0
[INFO] [stderr]    Compiling zstd-sys v2.0.7+zstd.1.5.4
[INFO] [stderr]     Checking memmap2 v0.5.10
[INFO] [stderr]    Compiling unicase v2.6.0
[INFO] [stderr]    Compiling camino v1.1.4
[INFO] [stderr]    Compiling serde_json v1.0.95
[INFO] [stderr]     Checking cty v0.2.2
[INFO] [stderr]     Checking raw-window-handle v0.5.2
[INFO] [stderr]    Compiling bitflags v1.3.2
[INFO] [stderr]    Compiling rustix v0.37.6
[INFO] [stderr]     Checking ab_glyph_rasterizer v0.1.8
[INFO] [stderr]     Checking raw-window-handle v0.4.3
[INFO] [stderr]     Checking owned_ttf_parser v0.18.1
[INFO] [stderr]    Compiling foreign-types-macros v0.2.3
[INFO] [stderr]     Checking ab_glyph v0.2.20
[INFO] [stderr]     Checking euclid v0.22.9
[INFO] [stderr]    Compiling crossfont v0.5.1
[INFO] [stderr]    Compiling alsa-sys v0.3.1
[INFO] [stderr]    Compiling x11-dl v2.21.0
[INFO] [stderr]    Compiling slab v0.4.8
[INFO] [stderr]    Compiling error-chain v0.12.4
[INFO] [stderr]    Compiling itoa v1.0.6
[INFO] [stderr]    Compiling futures-task v0.3.28
[INFO] [stderr]     Checking fixedbitset v0.4.2
[INFO] [stderr]     Checking foreign-types-shared v0.3.1
[INFO] [stderr]    Compiling ryu v1.0.13
[INFO] [stderr]    Compiling futures-channel v0.3.28
[INFO] [stderr]    Compiling linux-raw-sys v0.3.1
[INFO] [stderr]    Compiling pulldown-cmark v0.9.2
[INFO] [stderr]     Checking petgraph v0.6.3
[INFO] [stderr]     Checking foreign-types v0.5.0
[INFO] [stderr]     Checking lyon_geom v1.0.4
[INFO] [stderr]     Checking servo-fontconfig v0.5.1
[INFO] [stderr]    Compiling pin-project-internal v1.0.12
[INFO] [stderr]     Checking tiny-skia-path v0.7.0
[INFO] [stderr]     Checking safe_arch v0.5.2
[INFO] [stderr]     Checking freetype-rs v0.26.0
[INFO] [stderr]    Compiling bzip2-sys v0.1.11+1.0.8
[INFO] [stderr]    Compiling minimp3-sys v0.3.2
[INFO] [stderr]     Checking rand_core v0.6.4
[INFO] [stderr]    Compiling libudev-sys v0.1.4
[INFO] [stderr]    Compiling num-integer v0.1.45
[INFO] [stderr]     Checking arrayvec v0.5.2
[INFO] [stderr]    Compiling zstd-safe v5.0.2+zstd.1.5.2
[INFO] [stderr]    Compiling futures-util v0.3.28
[INFO] [stderr]     Checking ppv-lite86 v0.2.17
[INFO] [stderr]    Compiling fastrand v1.9.0
[INFO] [stderr]    Compiling cfg-if v1.0.0
[INFO] [stderr]    Compiling same-file v1.0.6
[INFO] [stderr]     Checking pin-project v1.0.12
[INFO] [stderr]    Compiling walkdir v2.3.3
[INFO] [stderr]     Checking rand_chacha v0.3.1
[INFO] [stderr]     Checking tiny-skia v0.7.0
[INFO] [stderr]    Compiling tempfile v3.5.0
[INFO] [stderr]     Checking naga v0.9.0
[INFO] [stderr]     Checking lyon_path v1.0.3
[INFO] [stderr]    Compiling cargo-platform v0.1.2
[INFO] [stderr]     Checking naga v0.10.0
[INFO] [stderr]    Compiling wgpu-core v0.14.2
[INFO] [stderr]    Compiling wgpu-core v0.13.2
[INFO] [stderr]    Compiling cargo_metadata v0.14.2
[INFO] [stderr]     Checking nanorand v0.7.0
[INFO] [stderr]     Checking mio v0.8.6
[INFO] [stderr]     Checking nix v0.23.2
[INFO] [stderr]     Checking spin v0.9.8
[INFO] [stderr]    Compiling num-rational v0.4.1
[INFO] [stderr]     Checking wgpu-types v0.14.1
[INFO] [stderr]     Checking wgpu-types v0.13.2
[INFO] [stderr]     Checking instant v0.1.12
[INFO] [stderr]     Checking inplace_it v0.3.5
[INFO] [stderr]     Checking mint v0.5.9
[INFO] [stderr]     Checking pin-project-lite v0.2.9
[INFO] [stderr]     Checking strict-num v0.1.0
[INFO] [stderr]    Compiling windows_x86_64_gnu v0.48.0
[INFO] [stderr]    Compiling glob v0.3.1
[INFO] [stderr]     Checking simd-adler32 v0.3.5
[INFO] [stderr]    Compiling bytecount v0.6.3
[INFO] [stderr]    Compiling cpal v0.14.2
[INFO] [stderr]     Checking weezl v0.1.7
[INFO] [stderr]     Checking futures-io v0.3.28
[INFO] [stderr]     Checking percent-encoding v2.2.0
[INFO] [stderr]     Checking static_assertions v1.1.0
[INFO] [stderr]     Checking tinyvec_macros v0.1.1
[INFO] [stderr]     Checking pin-utils v0.1.0
[INFO] [stderr]     Checking zune-inflate v0.2.53
[INFO] [stderr]    Compiling skeptic v0.13.7
[INFO] [stderr]     Checking tinyvec v1.6.0
[INFO] [stderr]     Checking wgpu-hal v0.14.1
[INFO] [stderr]     Checking wgpu-hal v0.13.2
[INFO] [stderr]     Checking tiny-skia-path v0.8.3
[INFO] [stderr]     Checking flume v0.10.14
[INFO] [stderr]    Compiling rustc_version v0.4.0
[INFO] [stderr]     Checking alsa v0.6.0
[INFO] [stderr]     Checking rand v0.8.5
[INFO] [stderr]     Checking jpeg-decoder v0.3.0
[INFO] [stderr]     Checking ogg v0.8.0
[INFO] [stderr]     Checking slice-deque v0.3.0
[INFO] [stderr]     Checking float_next_after v0.1.5
[INFO] [stderr]     Checking approx v0.5.1
[INFO] [stderr]    Compiling memoffset v0.7.1
[INFO] [stderr]     Checking xi-unicode v0.3.0
[INFO] [stderr]     Checking uuid v1.3.0
[INFO] [stderr]     Checking bit_field v0.10.2
[INFO] [stderr]     Checking copyless v0.1.5
[INFO] [stderr]     Checking half v2.2.1
[INFO] [stderr]     Checking linked-hash-map v0.5.6
[INFO] [stderr]     Checking lebe v0.5.2
[INFO] [stderr]     Checking gilrs-core v0.4.1
[INFO] [stderr]     Checking gif v0.12.0
[INFO] [stderr]     Checking glyph_brush_draw_cache v0.1.5
[INFO] [stderr]     Checking glyph_brush_layout v0.2.3
[INFO] [stderr]     Checking exr v1.6.3
[INFO] [stderr]     Checking tiff v0.8.1
[INFO] [stderr]     Checking lyon_tessellation v1.0.10
[INFO] [stderr]     Checking twox-hash v1.6.3
[INFO] [stderr]     Checking futures-executor v0.3.28
[INFO] [stderr]     Checking lewton v0.10.2
[INFO] [stderr]    Compiling show-image v0.13.1
[INFO] [stderr]    Compiling ggez v0.8.1
[INFO] [stderr]     Checking tiny-skia v0.8.3
[INFO] [stderr]     Checking glam v0.21.3
[INFO] [stderr]     Checking lyon_algorithms v1.0.3
[INFO] [stderr]    Compiling crevice-derive v0.10.0
[INFO] [stderr]     Checking qoi v0.4.1
[INFO] [stderr]    Compiling winit v0.28.3
[INFO] [stderr]     Checking dirs-sys v0.3.7
[INFO] [stderr]     Checking ordered-float v3.6.0
[INFO] [stderr]     Checking hound v3.5.0
[INFO] [stderr]     Checking claxon v0.4.3
[INFO] [stderr]     Checking fnv v1.0.7
[INFO] [stderr]    Compiling winapi v0.3.9
[INFO] [stderr]     Checking crevice v0.11.0
[INFO] [stderr]     Checking gilrs v0.9.0
[INFO] [stderr]     Checking glyph_brush v0.7.7
[INFO] [stderr]     Checking directories v4.0.1
[INFO] [stderr]     Checking image v0.24.6
[INFO] [stderr]     Checking lyon v1.0.1
[INFO] [stderr]     Checking windows-targets v0.48.0
[INFO] [stderr]     Checking futures v0.3.28
[INFO] [stderr]     Checking toml v0.5.11
[INFO] [stderr]    Compiling show-image-macros v0.12.3
[INFO] [stderr]    Compiling smart-default v0.6.0
[INFO] [stderr]     Checking wgpu v0.13.1
[INFO] [stderr]     Checking wgpu v0.14.2
[INFO] [stderr]     Checking pollster v0.2.5
[INFO] [stderr]     Checking typed-arena v2.0.2
[INFO] [stderr]     Checking windows v0.48.0
[INFO] [stderr]     Checking sysinfo v0.28.4
[INFO] [stderr]     Checking minimp3 v0.5.1
[INFO] [stderr]     Checking rodio v0.16.0
[INFO] [stderr]     Checking bzip2 v0.4.4
[INFO] [stderr]     Checking zstd v0.11.2+zstd.1.5.2
[INFO] [stderr]     Checking zip v0.6.4
[INFO] [stderr]     Checking sctk-adwaita v0.4.3
[INFO] [stderr]     Checking sctk-adwaita v0.5.3
[INFO] [stderr]     Checking winit v0.27.5
[INFO] [stderr]  Documenting tool v0.1.0 (/opt/rustwide/workdir)
[INFO] [stdout] error[E0433]: failed to resolve: could not find `um` in `winapi`
[INFO] [stdout]   --> src/handler.rs:12:13
[INFO] [stdout]    |
[INFO] [stdout] 12 | use winapi::um::wincon::GetConsoleWindow;
[INFO] [stdout]    |             ^^ could not find `um` in `winapi`
[INFO] [stdout] 
[INFO] [stdout] 
[INFO] [stdout] error[E0433]: failed to resolve: could not find `um` in `winapi`
[INFO] [stdout]   --> src/main.rs:21:13
[INFO] [stdout]    |
[INFO] [stdout] 21 | use winapi::um::wincon::GetConsoleWindow;
[INFO] [stdout]    |             ^^ could not find `um` in `winapi`
[INFO] [stdout] 
[INFO] [stdout] 
[INFO] [stdout] error[E0432]: unresolved import `winit::platform::windows`
[INFO] [stdout]   --> src/main.rs:13:22
[INFO] [stdout]    |
[INFO] [stdout] 13 | use winit::platform::windows::{WindowExtWindows, WindowBuilderExtWindows, IconExtWindows};
[INFO] [stdout]    |                      ^^^^^^^ could not find `windows` in `platform`
[INFO] [stdout] 
[INFO] [stdout] 
[INFO] [stdout] error: aborting due to previous error
[INFO] [stdout] 
[INFO] [stdout] 
[INFO] [stdout] For more information about this error, try `rustc --explain E0433`.
[INFO] [stdout] 
[INFO] [stderr] error: could not document `tool`
[INFO] [stderr] 
[INFO] [stderr] Caused by:
[INFO] [stderr]   process didn't exit successfully: `/opt/rustwide/rustup-home/toolchains/1.75.0-x86_64-unknown-linux-gnu/bin/rustdoc --edition=2021 --crate-type bin --crate-name handler src/handler.rs -o /opt/rustwide/target/doc --error-format=json --json=diagnostic-rendered-ansi,artifacts,future-incompat --document-private-items '-Arustdoc::private-intra-doc-links' -C metadata=15922f5a4363a3dc -L dependency=/opt/rustwide/target/debug/deps --extern ggez=/opt/rustwide/target/debug/deps/libggez-0ee7608b0cdacdfc.rmeta --extern image=/opt/rustwide/target/debug/deps/libimage-8c190a4df5f0bdd5.rmeta --extern rand=/opt/rustwide/target/debug/deps/librand-1830ad9ab83461fb.rmeta --extern show_image=/opt/rustwide/target/debug/deps/libshow_image-2708c312a86ff904.rmeta --extern sysinfo=/opt/rustwide/target/debug/deps/libsysinfo-6081f092be75ee3e.rmeta --extern winapi=/opt/rustwide/target/debug/deps/libwinapi-62a9fb4acd8c9a4c.rmeta --extern windows=/opt/rustwide/target/debug/deps/libwindows-9fd0988e6d49a3d7.rmeta --extern winit=/opt/rustwide/target/debug/deps/libwinit-00b5ba1785ca3545.rmeta --cap-lints=warn --crate-version 0.1.0` (exit status: 1)
[INFO] [stderr] warning: build failed, waiting for other jobs to finish...
[INFO] [stdout] warning: unnecessary parentheses around function argument
[INFO] [stdout]    --> src/main.rs:239:40
[INFO] [stdout]     |
[INFO] [stdout] 239 |         if window.is_visible() == Some((false)) {
[INFO] [stdout]     |                                        ^     ^
[INFO] [stdout]     |
[INFO] [stdout]     = note: `#[warn(unused_parens)]` on by default
[INFO] [stdout] help: remove these parentheses
[INFO] [stdout]     |
[INFO] [stdout] 239 -         if window.is_visible() == Some((false)) {
[INFO] [stdout] 239 +         if window.is_visible() == Some(false) {
[INFO] [stdout]     |
[INFO] [stdout] 
[INFO] [stdout] 
[INFO] [stdout] error: aborting due to 2 previous errors; 1 warning emitted
[INFO] [stdout] 
[INFO] [stdout] 
[INFO] [stdout] Some errors have detailed explanations: E0432, E0433.
[INFO] [stdout] 
[INFO] [stdout] For more information about an error, try `rustc --explain E0432`.
[INFO] [stdout] 
[INFO] [stderr] error: could not document `tool`
[INFO] [stderr] 
[INFO] [stderr] Caused by:
[INFO] [stderr]   process didn't exit successfully: `/opt/rustwide/rustup-home/toolchains/1.75.0-x86_64-unknown-linux-gnu/bin/rustdoc --edition=2021 --crate-type bin --crate-name tool src/main.rs -o /opt/rustwide/target/doc --error-format=json --json=diagnostic-rendered-ansi,artifacts,future-incompat --document-private-items '-Arustdoc::private-intra-doc-links' -C metadata=52fe935b33b897d7 -L dependency=/opt/rustwide/target/debug/deps --extern ggez=/opt/rustwide/target/debug/deps/libggez-0ee7608b0cdacdfc.rmeta --extern image=/opt/rustwide/target/debug/deps/libimage-8c190a4df5f0bdd5.rmeta --extern rand=/opt/rustwide/target/debug/deps/librand-1830ad9ab83461fb.rmeta --extern show_image=/opt/rustwide/target/debug/deps/libshow_image-2708c312a86ff904.rmeta --extern sysinfo=/opt/rustwide/target/debug/deps/libsysinfo-6081f092be75ee3e.rmeta --extern winapi=/opt/rustwide/target/debug/deps/libwinapi-62a9fb4acd8c9a4c.rmeta --extern windows=/opt/rustwide/target/debug/deps/libwindows-9fd0988e6d49a3d7.rmeta --extern winit=/opt/rustwide/target/debug/deps/libwinit-00b5ba1785ca3545.rmeta --cap-lints=warn --crate-version 0.1.0` (exit status: 1)
[INFO] running `Command { std: "docker" "inspect" "96ba249ec614d901114e421bb37966095e0d919aaf1466d5b0b9973042c98ca1", kill_on_drop: false }`
[INFO] running `Command { std: "docker" "rm" "-f" "96ba249ec614d901114e421bb37966095e0d919aaf1466d5b0b9973042c98ca1", kill_on_drop: false }`
[INFO] [stdout] 96ba249ec614d901114e421bb37966095e0d919aaf1466d5b0b9973042c98ca1
[INFO] documenting Prime-arys/Annoying-window against beta-2023-12-22 for beta-1.76-rustdoc-1
[INFO] running `Command { std: "git" "clone" "/workspace/cache/git-repos/https%3A%2F%2Fgithub.com%2FPrime-arys%2FAnnoying-window" "/workspace/builds/worker-1-tc2/source", kill_on_drop: false }`
[INFO] [stderr] Cloning into '/workspace/builds/worker-1-tc2/source'...
[INFO] [stderr] done.
[INFO] validating manifest of git repo https://github.com/Prime-arys/Annoying-window on toolchain beta-2023-12-22
[INFO] running `Command { std: CARGO_HOME="/workspace/cargo-home" RUSTUP_HOME="/workspace/rustup-home" "/workspace/cargo-home/bin/cargo" "+beta-2023-12-22" "metadata" "--manifest-path" "Cargo.toml" "--no-deps", kill_on_drop: false }`
[INFO] started tweaking git repo https://github.com/Prime-arys/Annoying-window
[INFO] finished tweaking git repo https://github.com/Prime-arys/Annoying-window
[INFO] tweaked toml for git repo https://github.com/Prime-arys/Annoying-window written to /workspace/builds/worker-1-tc2/source/Cargo.toml
[INFO] crate git repo https://github.com/Prime-arys/Annoying-window already has a lockfile, it will not be regenerated
[INFO] running `Command { std: CARGO_HOME="/workspace/cargo-home" RUSTUP_HOME="/workspace/rustup-home" "/workspace/cargo-home/bin/cargo" "+beta-2023-12-22" "fetch" "--manifest-path" "Cargo.toml", kill_on_drop: false }`
[INFO] running `Command { std: "docker" "create" "-v" "/var/lib/crater-agent-workspace/builds/worker-1-tc2/target:/opt/rustwide/target:rw,Z" "-v" "/var/lib/crater-agent-workspace/builds/worker-1-tc2/source:/opt/rustwide/workdir:ro,Z" "-v" "/var/lib/crater-agent-workspace/cargo-home:/opt/rustwide/cargo-home:ro,Z" "-v" "/var/lib/crater-agent-workspace/rustup-home:/opt/rustwide/rustup-home:ro,Z" "-e" "SOURCE_DIR=/opt/rustwide/workdir" "-e" "CARGO_TARGET_DIR=/opt/rustwide/target" "-e" "CARGO_HOME=/opt/rustwide/cargo-home" "-e" "RUSTUP_HOME=/opt/rustwide/rustup-home" "-w" "/opt/rustwide/workdir" "-m" "1610612736" "--user" "0:0" "--network" "none" "ghcr.io/rust-lang/crates-build-env/linux@sha256:2788e3201cd34a07e3172128adcd8b3090168a8e3bcc40d7c032b9dda1df7d1c" "/opt/rustwide/cargo-home/bin/cargo" "+beta-2023-12-22" "metadata" "--no-deps" "--format-version=1", kill_on_drop: false }`
[INFO] [stdout] aa4af5eaf8d951005df7e5e1f1b6f8535339ccc15ad995523c891b715550e87f
[INFO] running `Command { std: "docker" "start" "-a" "aa4af5eaf8d951005df7e5e1f1b6f8535339ccc15ad995523c891b715550e87f", kill_on_drop: false }`
[INFO] running `Command { std: "docker" "inspect" "aa4af5eaf8d951005df7e5e1f1b6f8535339ccc15ad995523c891b715550e87f", kill_on_drop: false }`
[INFO] running `Command { std: "docker" "rm" "-f" "aa4af5eaf8d951005df7e5e1f1b6f8535339ccc15ad995523c891b715550e87f", kill_on_drop: false }`
[INFO] [stdout] aa4af5eaf8d951005df7e5e1f1b6f8535339ccc15ad995523c891b715550e87f
[INFO] running `Command { std: "docker" "create" "-v" "/var/lib/crater-agent-workspace/builds/worker-1-tc2/target:/opt/rustwide/target:rw,Z" "-v" "/var/lib/crater-agent-workspace/builds/worker-1-tc2/source:/opt/rustwide/workdir:ro,Z" "-v" "/var/lib/crater-agent-workspace/cargo-home:/opt/rustwide/cargo-home:ro,Z" "-v" "/var/lib/crater-agent-workspace/rustup-home:/opt/rustwide/rustup-home:ro,Z" "-e" "SOURCE_DIR=/opt/rustwide/workdir" "-e" "CARGO_TARGET_DIR=/opt/rustwide/target" "-e" "CARGO_INCREMENTAL=0" "-e" "RUST_BACKTRACE=full" "-e" "RUSTFLAGS=--cap-lints=warn" "-e" "RUSTDOCFLAGS=--cap-lints=warn" "-e" "CARGO_HOME=/opt/rustwide/cargo-home" "-e" "RUSTUP_HOME=/opt/rustwide/rustup-home" "-w" "/opt/rustwide/workdir" "-m" "1610612736" "--user" "0:0" "--network" "none" "ghcr.io/rust-lang/crates-build-env/linux@sha256:2788e3201cd34a07e3172128adcd8b3090168a8e3bcc40d7c032b9dda1df7d1c" "/opt/rustwide/cargo-home/bin/cargo" "+beta-2023-12-22" "doc" "--frozen" "--no-deps" "--document-private-items" "--message-format=json", kill_on_drop: false }`
[INFO] [stdout] 4cbef5b3afff32277275fa7df504f314cde775fd64ba40f4ff187a85cf608cc1
[INFO] running `Command { std: "docker" "start" "-a" "4cbef5b3afff32277275fa7df504f314cde775fd64ba40f4ff187a85cf608cc1", kill_on_drop: false }`
[INFO] [stderr]    Compiling autocfg v1.1.0
[INFO] [stderr]    Compiling libc v0.2.140
[INFO] [stderr]    Compiling proc-macro2 v1.0.56
[INFO] [stderr]    Compiling quote v1.0.26
[INFO] [stderr]    Compiling unicode-ident v1.0.8
[INFO] [stderr]    Compiling pkg-config v0.3.26
[INFO] [stderr]    Compiling version_check v0.9.4
[INFO] [stderr]    Compiling libm v0.2.6
[INFO] [stderr]     Checking once_cell v1.17.1
[INFO] [stderr]    Compiling thiserror v1.0.40
[INFO] [stderr]    Compiling num-traits v0.2.15
[INFO] [stderr]     Checking smallvec v1.10.0
[INFO] [stderr]    Compiling memoffset v0.6.5
[INFO] [stderr]    Compiling log v0.4.17
[INFO] [stderr]     Checking libloading v0.7.4
[INFO] [stderr]    Compiling memchr v2.5.0
[INFO] [stderr]    Compiling serde_derive v1.0.159
[INFO] [stderr]    Compiling lock_api v0.4.9
[INFO] [stderr]    Compiling syn v2.0.13
[INFO] [stderr]    Compiling serde v1.0.159
[INFO] [stderr]    Compiling xml-rs v0.8.4
[INFO] [stderr]    Compiling ahash v0.7.6
[INFO] [stderr]     Checking arrayvec v0.7.2
[INFO] [stderr]    Compiling crc32fast v1.3.2
[INFO] [stderr]    Compiling crossbeam-utils v0.8.15
[INFO] [stderr]     Checking miniz_oxide v0.6.2
[INFO] [stderr]     Checking getrandom v0.2.8
[INFO] [stderr]    Compiling wayland-scanner v0.29.5
[INFO] [stderr]    Compiling jobserver v0.1.26
[INFO] [stderr]    Compiling memoffset v0.8.0
[INFO] [stderr]    Compiling parking_lot_core v0.9.7
[INFO] [stderr]    Compiling cc v1.0.79
[INFO] [stderr]     Checking hashbrown v0.12.3
[INFO] [stderr]     Checking nix v0.24.3
[INFO] [stderr]    Compiling wayland-sys v0.29.5
[INFO] [stderr]    Compiling indexmap v1.9.3
[INFO] [stderr]    Compiling cmake v0.1.50
[INFO] [stderr]    Compiling crossbeam-epoch v0.9.14
[INFO] [stderr]    Compiling cfg_aliases v0.1.1
[INFO] [stderr]    Compiling syn v1.0.109
[INFO] [stderr]     Checking flate2 v1.0.25
[INFO] [stderr]     Checking dlib v0.5.0
[INFO] [stderr]     Checking rustc-hash v1.1.0
[INFO] [stderr]    Compiling wayland-client v0.29.5
[INFO] [stderr]     Checking parking_lot v0.12.1
[INFO] [stderr]     Checking termcolor v1.2.0
[INFO] [stderr]     Checking unicode-width v0.1.10
[INFO] [stderr]    Compiling freetype-sys v0.13.1
[INFO] [stderr]    Compiling semver v1.0.17
[INFO] [stderr]     Checking bit-vec v0.6.3
[INFO] [stderr]    Compiling futures-core v0.3.28
[INFO] [stderr]    Compiling rayon-core v1.11.0
[INFO] [stderr]     Checking bit-set v0.5.3
[INFO] [stderr]     Checking wayland-commons v0.29.5
[INFO] [stderr]     Checking codespan-reporting v0.11.1
[INFO] [stderr]    Compiling expat-sys v2.1.6
[INFO] [stderr]     Checking crossbeam-deque v0.8.3
[INFO] [stderr]     Checking crossbeam-channel v0.5.7
[INFO] [stderr]     Checking spirv v0.2.0+1.5.4
[INFO] [stderr]     Checking num_cpus v1.15.0
[INFO] [stderr]    Compiling slotmap v1.0.6
[INFO] [stderr]     Checking minimal-lexical v0.2.1
[INFO] [stderr]     Checking scoped-tls v1.0.1
[INFO] [stderr]     Checking arrayref v0.3.7
[INFO] [stderr]     Checking vec_map v0.8.2
[INFO] [stderr]     Checking downcast-rs v1.2.0
[INFO] [stderr]     Checking unicode-xid v0.2.4
[INFO] [stderr]    Compiling ash v0.37.2+1.3.238
[INFO] [stderr]     Checking hexf-parse v0.2.1
[INFO] [stderr]    Compiling khronos-egl v4.1.0
[INFO] [stderr]     Checking nom v7.1.3
[INFO] [stderr]     Checking png v0.17.7
[INFO] [stderr]    Compiling wayland-protocols v0.29.5
[INFO] [stderr]     Checking gpu-alloc-types v0.2.0
[INFO] [stderr]     Checking gpu-descriptor-types v0.1.1
[INFO] [stderr]     Checking futures-sink v0.3.28
[INFO] [stderr]     Checking gpu-descriptor v0.2.3
[INFO] [stderr]     Checking gpu-alloc v0.5.3
[INFO] [stderr]     Checking fxhash v0.2.1
[INFO] [stderr]     Checking nix v0.25.1
[INFO] [stderr]    Compiling smithay-client-toolkit v0.16.0
[INFO] [stderr]     Checking xcursor v0.3.4
[INFO] [stderr]    Compiling servo-fontconfig-sys v5.1.0
[INFO] [stderr]     Checking ttf-parser v0.18.1
[INFO] [stderr]    Compiling thiserror-impl v1.0.40
[INFO] [stderr]    Compiling bytemuck_derive v1.4.1
[INFO] [stderr]    Compiling io-lifetimes v1.0.9
[INFO] [stderr]     Checking renderdoc-sys v0.7.1
[INFO] [stderr]     Checking profiling v1.0.7
[INFO] [stderr]     Checking either v1.8.1
[INFO] [stderr]     Checking glow v0.11.2
[INFO] [stderr]     Checking owned_ttf_parser v0.18.1
[INFO] [stderr]     Checking rayon v1.7.0
[INFO] [stderr]     Checking calloop v0.10.5
[INFO] [stderr]     Checking bytemuck v1.13.1
[INFO] [stderr]     Checking wayland-cursor v0.29.5
[INFO] [stderr]    Compiling zstd-sys v2.0.7+zstd.1.5.4
[INFO] [stderr]     Checking memmap2 v0.5.10
[INFO] [stderr]    Compiling unicase v2.6.0
[INFO] [stderr]    Compiling serde_json v1.0.95
[INFO] [stderr]     Checking ab_glyph_rasterizer v0.1.8
[INFO] [stderr]    Compiling rustix v0.37.6
[INFO] [stderr]    Compiling bitflags v1.3.2
[INFO] [stderr]    Compiling camino v1.1.4
[INFO] [stderr]     Checking cty v0.2.2
[INFO] [stderr]     Checking raw-window-handle v0.5.2
[INFO] [stderr]     Checking raw-window-handle v0.4.3
[INFO] [stderr]     Checking ab_glyph v0.2.20
[INFO] [stderr]    Compiling foreign-types-macros v0.2.3
[INFO] [stderr]     Checking euclid v0.22.9
[INFO] [stderr]    Compiling crossfont v0.5.1
[INFO] [stderr]    Compiling x11-dl v2.21.0
[INFO] [stderr]    Compiling alsa-sys v0.3.1
[INFO] [stderr]    Compiling slab v0.4.8
[INFO] [stderr]    Compiling error-chain v0.12.4
[INFO] [stderr]    Compiling itoa v1.0.6
[INFO] [stderr]    Compiling ryu v1.0.13
[INFO] [stderr]    Compiling futures-channel v0.3.28
[INFO] [stderr]    Compiling pulldown-cmark v0.9.2
[INFO] [stderr]     Checking fixedbitset v0.4.2
[INFO] [stderr]     Checking foreign-types-shared v0.3.1
[INFO] [stderr]    Compiling futures-task v0.3.28
[INFO] [stderr]    Compiling linux-raw-sys v0.3.1
[INFO] [stderr]     Checking petgraph v0.6.3
[INFO] [stderr]     Checking foreign-types v0.5.0
[INFO] [stderr]     Checking lyon_geom v1.0.4
[INFO] [stderr]     Checking servo-fontconfig v0.5.1
[INFO] [stderr]    Compiling pin-project-internal v1.0.12
[INFO] [stderr]     Checking tiny-skia-path v0.7.0
[INFO] [stderr]     Checking safe_arch v0.5.2
[INFO] [stderr]     Checking freetype-rs v0.26.0
[INFO] [stderr]    Compiling bzip2-sys v0.1.11+1.0.8
[INFO] [stderr]    Compiling minimp3-sys v0.3.2
[INFO] [stderr]     Checking rand_core v0.6.4
[INFO] [stderr]    Compiling libudev-sys v0.1.4
[INFO] [stderr]    Compiling num-integer v0.1.45
[INFO] [stderr]    Compiling futures-util v0.3.28
[INFO] [stderr]    Compiling fastrand v1.9.0
[INFO] [stderr]    Compiling zstd-safe v5.0.2+zstd.1.5.2
[INFO] [stderr]    Compiling same-file v1.0.6
[INFO] [stderr]    Compiling cfg-if v1.0.0
[INFO] [stderr]     Checking arrayvec v0.5.2
[INFO] [stderr]     Checking ppv-lite86 v0.2.17
[INFO] [stderr]     Checking pin-project v1.0.12
[INFO] [stderr]    Compiling walkdir v2.3.3
[INFO] [stderr]     Checking tiny-skia v0.7.0
[INFO] [stderr]     Checking rand_chacha v0.3.1
[INFO] [stderr]     Checking naga v0.9.0
[INFO] [stderr]    Compiling tempfile v3.5.0
[INFO] [stderr]     Checking lyon_path v1.0.3
[INFO] [stderr]    Compiling cargo-platform v0.1.2
[INFO] [stderr]     Checking naga v0.10.0
[INFO] [stderr]    Compiling wgpu-core v0.13.2
[INFO] [stderr]    Compiling wgpu-core v0.14.2
[INFO] [stderr]    Compiling cargo_metadata v0.14.2
[INFO] [stderr]     Checking nanorand v0.7.0
[INFO] [stderr]     Checking mio v0.8.6
[INFO] [stderr]     Checking nix v0.23.2
[INFO] [stderr]     Checking spin v0.9.8
[INFO] [stderr]    Compiling num-rational v0.4.1
[INFO] [stderr]     Checking wgpu-types v0.13.2
[INFO] [stderr]     Checking wgpu-types v0.14.1
[INFO] [stderr]     Checking instant v0.1.12
[INFO] [stderr]     Checking tinyvec_macros v0.1.1
[INFO] [stderr]    Compiling cpal v0.14.2
[INFO] [stderr]     Checking strict-num v0.1.0
[INFO] [stderr]     Checking inplace_it v0.3.5
[INFO] [stderr]     Checking percent-encoding v2.2.0
[INFO] [stderr]     Checking weezl v0.1.7
[INFO] [stderr]     Checking mint v0.5.9
[INFO] [stderr]    Compiling bytecount v0.6.3
[INFO] [stderr]    Compiling glob v0.3.1
[INFO] [stderr]     Checking static_assertions v1.1.0
[INFO] [stderr]     Checking simd-adler32 v0.3.5
[INFO] [stderr]     Checking futures-io v0.3.28
[INFO] [stderr]     Checking pin-project-lite v0.2.9
[INFO] [stderr]    Compiling windows_x86_64_gnu v0.48.0
[INFO] [stderr]     Checking pin-utils v0.1.0
[INFO] [stderr]    Compiling skeptic v0.13.7
[INFO] [stderr]     Checking zune-inflate v0.2.53
[INFO] [stderr]     Checking wgpu-hal v0.13.2
[INFO] [stderr]     Checking tiny-skia-path v0.8.3
[INFO] [stderr]     Checking tinyvec v1.6.0
[INFO] [stderr]     Checking flume v0.10.14
[INFO] [stderr]     Checking wgpu-hal v0.14.1
[INFO] [stderr]    Compiling rustc_version v0.4.0
[INFO] [stderr]     Checking rand v0.8.5
[INFO] [stderr]     Checking alsa v0.6.0
[INFO] [stderr]     Checking jpeg-decoder v0.3.0
[INFO] [stderr]     Checking ogg v0.8.0
[INFO] [stderr]     Checking approx v0.5.1
[INFO] [stderr]     Checking float_next_after v0.1.5
[INFO] [stderr]     Checking slice-deque v0.3.0
[INFO] [stderr]    Compiling memoffset v0.7.1
[INFO] [stderr]     Checking xi-unicode v0.3.0
[INFO] [stderr]     Checking bit_field v0.10.2
[INFO] [stderr]     Checking uuid v1.3.0
[INFO] [stderr]     Checking linked-hash-map v0.5.6
[INFO] [stderr]     Checking lebe v0.5.2
[INFO] [stderr]     Checking copyless v0.1.5
[INFO] [stderr]     Checking half v2.2.1
[INFO] [stderr]     Checking gif v0.12.0
[INFO] [stderr]     Checking glyph_brush_draw_cache v0.1.5
[INFO] [stderr]     Checking gilrs-core v0.4.1
[INFO] [stderr]     Checking exr v1.6.3
[INFO] [stderr]     Checking glyph_brush_layout v0.2.3
[INFO] [stderr]     Checking tiff v0.8.1
[INFO] [stderr]     Checking twox-hash v1.6.3
[INFO] [stderr]     Checking lyon_tessellation v1.0.10
[INFO] [stderr]     Checking lewton v0.10.2
[INFO] [stderr]     Checking futures-executor v0.3.28
[INFO] [stderr]    Compiling show-image v0.13.1
[INFO] [stderr]     Checking tiny-skia v0.8.3
[INFO] [stderr]    Compiling ggez v0.8.1
[INFO] [stderr]     Checking glam v0.21.3
[INFO] [stderr]     Checking lyon_algorithms v1.0.3
[INFO] [stderr]    Compiling crevice-derive v0.10.0
[INFO] [stderr]     Checking qoi v0.4.1
[INFO] [stderr]    Compiling winit v0.28.3
[INFO] [stderr]     Checking ordered-float v3.6.0
[INFO] [stderr]     Checking dirs-sys v0.3.7
[INFO] [stderr]     Checking hound v3.5.0
[INFO] [stderr]    Compiling winapi v0.3.9
[INFO] [stderr]     Checking claxon v0.4.3
[INFO] [stderr]     Checking fnv v1.0.7
[INFO] [stderr]     Checking gilrs v0.9.0
[INFO] [stderr]     Checking crevice v0.11.0
[INFO] [stderr]     Checking glyph_brush v0.7.7
[INFO] [stderr]     Checking directories v4.0.1
[INFO] [stderr]     Checking image v0.24.6
[INFO] [stderr]     Checking lyon v1.0.1
[INFO] [stderr]     Checking windows-targets v0.48.0
[INFO] [stderr]     Checking futures v0.3.28
[INFO] [stderr]     Checking toml v0.5.11
[INFO] [stderr]    Compiling smart-default v0.6.0
[INFO] [stderr]    Compiling show-image-macros v0.12.3
[INFO] [stderr]     Checking wgpu v0.13.1
[INFO] [stderr]     Checking wgpu v0.14.2
[INFO] [stderr]     Checking typed-arena v2.0.2
[INFO] [stderr]     Checking pollster v0.2.5
[INFO] [stderr]     Checking windows v0.48.0
[INFO] [stderr]     Checking sysinfo v0.28.4
[INFO] [stderr]     Checking minimp3 v0.5.1
[INFO] [stderr]     Checking rodio v0.16.0
[INFO] [stderr]     Checking bzip2 v0.4.4
[INFO] [stderr]     Checking zstd v0.11.2+zstd.1.5.2
[INFO] [stderr]     Checking zip v0.6.4
[INFO] [stderr]     Checking sctk-adwaita v0.4.3
[INFO] [stderr]     Checking sctk-adwaita v0.5.3
[INFO] [stderr]     Checking winit v0.27.5
[INFO] [stderr]  Documenting tool v0.1.0 (/opt/rustwide/workdir)
[INFO] [stdout] error[E0433]: failed to resolve: could not find `um` in `winapi`
[INFO] [stdout]   --> src/handler.rs:12:13
[INFO] [stdout]    |
[INFO] [stdout] 12 | use winapi::um::wincon::GetConsoleWindow;
[INFO] [stdout]    |             ^^ could not find `um` in `winapi`
[INFO] [stdout] 
[INFO] [stdout] 
[INFO] [stdout] error[E0433]: failed to resolve: could not find `um` in `winapi`
[INFO] [stdout]   --> src/main.rs:21:13
[INFO] [stdout]    |
[INFO] [stdout] 21 | use winapi::um::wincon::GetConsoleWindow;
[INFO] [stdout]    |             ^^ could not find `um` in `winapi`
[INFO] [stdout] 
[INFO] [stdout] 
[INFO] [stdout] error[E0432]: unresolved import `winit::platform::windows`
[INFO] [stdout]   --> src/main.rs:13:22
[INFO] [stdout]    |
[INFO] [stdout] 13 | use winit::platform::windows::{WindowExtWindows, WindowBuilderExtWindows, IconExtWindows};
[INFO] [stdout]    |                      ^^^^^^^ could not find `windows` in `platform`
[INFO] [stdout] 
[INFO] [stdout] 
[INFO] [stdout] error: aborting due to 1 previous error
[INFO] [stdout] 
[INFO] [stdout] 
[INFO] [stdout] For more information about this error, try `rustc --explain E0433`.
[INFO] [stdout] 
[INFO] [stderr] error: could not document `tool`
[INFO] [stderr] 
[INFO] [stderr] Caused by:
[INFO] [stderr]   process didn't exit successfully: `/opt/rustwide/rustup-home/toolchains/beta-2023-12-22-x86_64-unknown-linux-gnu/bin/rustdoc --edition=2021 --crate-type bin --crate-name handler src/handler.rs -o /opt/rustwide/target/doc --error-format=json --json=diagnostic-rendered-ansi,artifacts,future-incompat --document-private-items '-Arustdoc::private-intra-doc-links' -C metadata=62d08667c7070915 -L dependency=/opt/rustwide/target/debug/deps --extern ggez=/opt/rustwide/target/debug/deps/libggez-4e82c5c0d07f61a1.rmeta --extern image=/opt/rustwide/target/debug/deps/libimage-3d0d27e66d27f00f.rmeta --extern rand=/opt/rustwide/target/debug/deps/librand-4e3ae4489d7638b0.rmeta --extern show_image=/opt/rustwide/target/debug/deps/libshow_image-76894643d3506429.rmeta --extern sysinfo=/opt/rustwide/target/debug/deps/libsysinfo-cccb92fdeebf65e9.rmeta --extern winapi=/opt/rustwide/target/debug/deps/libwinapi-ba63e264c1528808.rmeta --extern windows=/opt/rustwide/target/debug/deps/libwindows-21d28b7e54f31b15.rmeta --extern winit=/opt/rustwide/target/debug/deps/libwinit-f9e53f103274de34.rmeta --cap-lints=warn --crate-version 0.1.0` (exit status: 1)
[INFO] [stderr] warning: build failed, waiting for other jobs to finish...
[INFO] [stdout] warning: unnecessary parentheses around function argument
[INFO] [stdout]    --> src/main.rs:239:40
[INFO] [stdout]     |
[INFO] [stdout] 239 |         if window.is_visible() == Some((false)) {
[INFO] [stdout]     |                                        ^     ^
[INFO] [stdout]     |
[INFO] [stdout]     = note: `#[warn(unused_parens)]` on by default
[INFO] [stdout] help: remove these parentheses
[INFO] [stdout]     |
[INFO] [stdout] 239 -         if window.is_visible() == Some((false)) {
[INFO] [stdout] 239 +         if window.is_visible() == Some(false) {
[INFO] [stdout]     |
[INFO] [stdout] 
[INFO] [stdout] 
[INFO] [stdout] error: aborting due to 2 previous errors; 1 warning emitted
[INFO] [stdout] 
[INFO] [stdout] 
[INFO] [stdout] Some errors have detailed explanations: E0432, E0433.
[INFO] [stdout] 
[INFO] [stdout] For more information about an error, try `rustc --explain E0432`.
[INFO] [stdout] 
[INFO] [stderr] error: could not document `tool`
[INFO] [stderr] 
[INFO] [stderr] Caused by:
[INFO] [stderr]   process didn't exit successfully: `/opt/rustwide/rustup-home/toolchains/beta-2023-12-22-x86_64-unknown-linux-gnu/bin/rustdoc --edition=2021 --crate-type bin --crate-name tool src/main.rs -o /opt/rustwide/target/doc --error-format=json --json=diagnostic-rendered-ansi,artifacts,future-incompat --document-private-items '-Arustdoc::private-intra-doc-links' -C metadata=8ee7f2779e3d1631 -L dependency=/opt/rustwide/target/debug/deps --extern ggez=/opt/rustwide/target/debug/deps/libggez-4e82c5c0d07f61a1.rmeta --extern image=/opt/rustwide/target/debug/deps/libimage-3d0d27e66d27f00f.rmeta --extern rand=/opt/rustwide/target/debug/deps/librand-4e3ae4489d7638b0.rmeta --extern show_image=/opt/rustwide/target/debug/deps/libshow_image-76894643d3506429.rmeta --extern sysinfo=/opt/rustwide/target/debug/deps/libsysinfo-cccb92fdeebf65e9.rmeta --extern winapi=/opt/rustwide/target/debug/deps/libwinapi-ba63e264c1528808.rmeta --extern windows=/opt/rustwide/target/debug/deps/libwindows-21d28b7e54f31b15.rmeta --extern winit=/opt/rustwide/target/debug/deps/libwinit-f9e53f103274de34.rmeta --cap-lints=warn --crate-version 0.1.0` (exit status: 1)
[INFO] running `Command { std: "docker" "inspect" "4cbef5b3afff32277275fa7df504f314cde775fd64ba40f4ff187a85cf608cc1", kill_on_drop: false }`
[INFO] running `Command { std: "docker" "rm" "-f" "4cbef5b3afff32277275fa7df504f314cde775fd64ba40f4ff187a85cf608cc1", kill_on_drop: false }`
[INFO] [stdout] 4cbef5b3afff32277275fa7df504f314cde775fd64ba40f4ff187a85cf608cc1
