[INFO] cloning repository https://github.com/Pr3stigent/ProjectVulkan
[INFO] running `Command { std: "git" "-c" "credential.helper=" "-c" "credential.helper=/workspace/cargo-home/bin/git-credential-null" "clone" "--bare" "https://github.com/Pr3stigent/ProjectVulkan" "/workspace/cache/git-repos/https%3A%2F%2Fgithub.com%2FPr3stigent%2FProjectVulkan", kill_on_drop: false }`
[INFO] [stderr] Cloning into bare repository '/workspace/cache/git-repos/https%3A%2F%2Fgithub.com%2FPr3stigent%2FProjectVulkan'...
[INFO] running `Command { std: "git" "rev-parse" "HEAD", kill_on_drop: false }`
[INFO] [stdout] 25f6f8f7fa9927758717cb950aeec0f06b8689de
[INFO] documenting Pr3stigent/ProjectVulkan against 1.75.0 for beta-1.76-rustdoc-1
[INFO] running `Command { std: "git" "clone" "/workspace/cache/git-repos/https%3A%2F%2Fgithub.com%2FPr3stigent%2FProjectVulkan" "/workspace/builds/worker-1-tc1/source", kill_on_drop: false }`
[INFO] [stderr] Cloning into '/workspace/builds/worker-1-tc1/source'...
[INFO] [stderr] done.
[INFO] validating manifest of git repo https://github.com/Pr3stigent/ProjectVulkan on toolchain 1.75.0
[INFO] running `Command { std: CARGO_HOME="/workspace/cargo-home" RUSTUP_HOME="/workspace/rustup-home" "/workspace/cargo-home/bin/cargo" "+1.75.0" "metadata" "--manifest-path" "Cargo.toml" "--no-deps", kill_on_drop: false }`
[INFO] started tweaking git repo https://github.com/Pr3stigent/ProjectVulkan
[INFO] finished tweaking git repo https://github.com/Pr3stigent/ProjectVulkan
[INFO] tweaked toml for git repo https://github.com/Pr3stigent/ProjectVulkan written to /workspace/builds/worker-1-tc1/source/Cargo.toml
[INFO] crate git repo https://github.com/Pr3stigent/ProjectVulkan already has a lockfile, it will not be regenerated
[INFO] running `Command { std: CARGO_HOME="/workspace/cargo-home" RUSTUP_HOME="/workspace/rustup-home" "/workspace/cargo-home/bin/cargo" "+1.75.0" "fetch" "--manifest-path" "Cargo.toml", kill_on_drop: false }`
[INFO] [stderr]  Downloading crates ...
[INFO] [stderr]   Downloaded dark-light v0.2.2
[INFO] [stderr]   Downloaded enum-map v2.3.0
[INFO] [stderr]   Downloaded zvariant_derive v3.3.0
[INFO] [stderr]   Downloaded egui_demo_lib v0.17.0
[INFO] [stderr]   Downloaded vulkano-win v0.29.0
[INFO] [stderr]   Downloaded async-broadcast v0.4.0
[INFO] [stderr]   Downloaded metal v0.18.0
[INFO] [stderr]   Downloaded zvariant v3.3.0
[INFO] [stderr]   Downloaded unicode_names2 v0.5.0
[INFO] [stderr]   Downloaded vulkano v0.29.0
[INFO] [stderr]   Downloaded ash v0.36.0+1.3.206
[INFO] [stderr]   Downloaded vulkano-shaders v0.29.0
[INFO] [stderr]   Downloaded vk-parse v0.7.0
[INFO] [stderr]   Downloaded zbus_macros v2.3.0
[INFO] [stderr]   Downloaded zbus v2.3.0
[INFO] running `Command { std: "docker" "create" "-v" "/var/lib/crater-agent-workspace/builds/worker-1-tc1/target:/opt/rustwide/target:rw,Z" "-v" "/var/lib/crater-agent-workspace/builds/worker-1-tc1/source:/opt/rustwide/workdir:ro,Z" "-v" "/var/lib/crater-agent-workspace/cargo-home:/opt/rustwide/cargo-home:ro,Z" "-v" "/var/lib/crater-agent-workspace/rustup-home:/opt/rustwide/rustup-home:ro,Z" "-e" "SOURCE_DIR=/opt/rustwide/workdir" "-e" "CARGO_TARGET_DIR=/opt/rustwide/target" "-e" "CARGO_HOME=/opt/rustwide/cargo-home" "-e" "RUSTUP_HOME=/opt/rustwide/rustup-home" "-w" "/opt/rustwide/workdir" "-m" "1610612736" "--user" "0:0" "--network" "none" "ghcr.io/rust-lang/crates-build-env/linux@sha256:2788e3201cd34a07e3172128adcd8b3090168a8e3bcc40d7c032b9dda1df7d1c" "/opt/rustwide/cargo-home/bin/cargo" "+1.75.0" "metadata" "--no-deps" "--format-version=1", kill_on_drop: false }`
[INFO] [stdout] be29887f040a45cf67548083f166321ce8354a18b9b6e7308e041bf39535ceb0
[INFO] running `Command { std: "docker" "start" "-a" "be29887f040a45cf67548083f166321ce8354a18b9b6e7308e041bf39535ceb0", kill_on_drop: false }`
[INFO] running `Command { std: "docker" "inspect" "be29887f040a45cf67548083f166321ce8354a18b9b6e7308e041bf39535ceb0", kill_on_drop: false }`
[INFO] running `Command { std: "docker" "rm" "-f" "be29887f040a45cf67548083f166321ce8354a18b9b6e7308e041bf39535ceb0", kill_on_drop: false }`
[INFO] [stdout] be29887f040a45cf67548083f166321ce8354a18b9b6e7308e041bf39535ceb0
[INFO] running `Command { std: "docker" "create" "-v" "/var/lib/crater-agent-workspace/builds/worker-1-tc1/target:/opt/rustwide/target:rw,Z" "-v" "/var/lib/crater-agent-workspace/builds/worker-1-tc1/source:/opt/rustwide/workdir:ro,Z" "-v" "/var/lib/crater-agent-workspace/cargo-home:/opt/rustwide/cargo-home:ro,Z" "-v" "/var/lib/crater-agent-workspace/rustup-home:/opt/rustwide/rustup-home:ro,Z" "-e" "SOURCE_DIR=/opt/rustwide/workdir" "-e" "CARGO_TARGET_DIR=/opt/rustwide/target" "-e" "CARGO_INCREMENTAL=0" "-e" "RUST_BACKTRACE=full" "-e" "RUSTFLAGS=--cap-lints=warn" "-e" "RUSTDOCFLAGS=--cap-lints=warn" "-e" "CARGO_HOME=/opt/rustwide/cargo-home" "-e" "RUSTUP_HOME=/opt/rustwide/rustup-home" "-w" "/opt/rustwide/workdir" "-m" "1610612736" "--user" "0:0" "--network" "none" "ghcr.io/rust-lang/crates-build-env/linux@sha256:2788e3201cd34a07e3172128adcd8b3090168a8e3bcc40d7c032b9dda1df7d1c" "/opt/rustwide/cargo-home/bin/cargo" "+1.75.0" "doc" "--frozen" "--no-deps" "--document-private-items" "--message-format=json", kill_on_drop: false }`
[INFO] [stdout] 25b0e17ac0084ee8cf6d5b7af50f9d61564243672c54699020847b381a7265be
[INFO] running `Command { std: "docker" "start" "-a" "25b0e17ac0084ee8cf6d5b7af50f9d61564243672c54699020847b381a7265be", kill_on_drop: false }`
[INFO] [stderr]    Compiling libc v0.2.126
[INFO] [stderr]    Compiling syn v1.0.96
[INFO] [stderr]    Compiling serde v1.0.137
[INFO] [stderr]     Checking once_cell v1.12.0
[INFO] [stderr]    Compiling xml-rs v0.8.4
[INFO] [stderr]    Compiling lock_api v0.4.7
[INFO] [stderr]    Compiling pkg-config v0.3.25
[INFO] [stderr]    Compiling futures-core v0.3.21
[INFO] [stderr]     Checking dlib v0.5.0
[INFO] [stderr]    Compiling aho-corasick v0.7.18
[INFO] [stderr]    Compiling regex-syntax v0.6.26
[INFO] [stderr]    Compiling wayland-scanner v0.29.4
[INFO] [stderr]    Compiling wayland-sys v0.29.4
[INFO] [stderr]    Compiling parking_lot_core v0.9.3
[INFO] [stderr]     Checking scoped-tls v1.0.0
[INFO] [stderr]     Checking downcast-rs v1.2.0
[INFO] [stderr]     Checking minimal-lexical v0.2.1
[INFO] [stderr]    Compiling parking_lot_core v0.8.5
[INFO] [stderr]     Checking instant v0.1.12
[INFO] [stderr]    Compiling indexmap v1.8.2
[INFO] [stderr]     Checking nom v7.1.1
[INFO] [stderr]     Checking ppv-lite86 v0.2.16
[INFO] [stderr]    Compiling serde_json v1.0.81
[INFO] [stderr]    Compiling smithay-client-toolkit v0.15.4
[INFO] [stderr]     Checking getrandom v0.2.6
[INFO] [stderr]     Checking nix v0.22.3
[INFO] [stderr]     Checking num_cpus v1.13.1
[INFO] [stderr]     Checking rand_core v0.6.3
[INFO] [stderr]     Checking tracing-core v0.1.27
[INFO] [stderr]     Checking rand_chacha v0.3.1
[INFO] [stderr]     Checking futures-sink v0.3.21
[INFO] [stderr]    Compiling ash v0.36.0+1.3.206
[INFO] [stderr]    Compiling crossbeam-queue v0.3.5
[INFO] [stderr]    Compiling hashbrown v0.11.2
[INFO] [stderr]    Compiling wayland-client v0.29.4
[INFO] [stderr]    Compiling wayland-protocols v0.29.4
[INFO] [stderr]    Compiling regex v1.5.6
[INFO] [stderr]    Compiling ryu v1.0.10
[INFO] [stderr]    Compiling rayon-core v1.9.3
[INFO] [stderr]     Checking xcursor v0.3.4
[INFO] [stderr]    Compiling itoa v1.0.2
[INFO] [stderr]     Checking cache-padded v1.2.0
[INFO] [stderr]     Checking ttf-parser v0.15.1
[INFO] [stderr]     Checking concurrent-queue v1.2.2
[INFO] [stderr]     Checking rand v0.8.5
[INFO] [stderr]     Checking parking_lot v0.11.2
[INFO] [stderr]     Checking memmap2 v0.3.1
[INFO] [stderr]     Checking crossbeam-epoch v0.9.8
[INFO] [stderr]     Checking wayland-commons v0.29.4
[INFO] [stderr]     Checking calloop v0.9.3
[INFO] [stderr]    Compiling vk-parse v0.7.0
[INFO] [stderr]    Compiling quick-xml v0.22.0
[INFO] [stderr]     Checking futures-io v0.3.21
[INFO] [stderr]     Checking waker-fn v1.1.0
[INFO] [stderr]    Compiling futures-task v0.3.21
[INFO] [stderr]     Checking slab v0.4.6
[INFO] [stderr]     Checking event-listener v2.5.2
[INFO] [stderr]     Checking parking v2.0.0
[INFO] [stderr]     Checking ab_glyph_rasterizer v0.1.5
[INFO] [stderr]     Checking owned_ttf_parser v0.15.0
[INFO] [stderr]    Compiling xcb v0.10.1
[INFO] [stderr]     Checking futures-lite v1.12.0
[INFO] [stderr]    Compiling cmake v0.1.48
[INFO] [stderr]     Checking ab_glyph v0.2.15
[INFO] [stderr]     Checking ahash v0.7.6
[INFO] [stderr]     Checking crossbeam-deque v0.8.1
[INFO] [stderr]    Compiling x11-dl v2.19.1
[INFO] [stderr]    Compiling rayon v1.5.3
[INFO] [stderr]     Checking emath v0.17.0
[INFO] [stderr]     Checking wayland-cursor v0.29.4
[INFO] [stderr]    Compiling crossbeam-utils v0.8.8
[INFO] [stderr]    Compiling futures-util v0.3.21
[INFO] [stderr]     Checking adler32 v1.2.0
[INFO] [stderr]    Compiling async-trait v0.1.56
[INFO] [stderr]     Checking ahash v0.4.7
[INFO] [stderr]     Checking nohash-hasher v0.2.0
[INFO] [stderr]     Checking atomic_refcell v0.1.8
[INFO] [stderr]     Checking hashbrown v0.9.1
[INFO] [stderr]     Checking miniz_oxide v0.5.3
[INFO] [stderr]     Checking epaint v0.17.0
[INFO] [stderr]    Compiling shaderc-sys v0.7.4
[INFO] [stderr]     Checking unicode-normalization v0.1.19
[INFO] [stderr]     Checking dlv-list v0.2.3
[INFO] [stderr]     Checking socket2 v0.4.4
[INFO] [stderr]     Checking polling v2.2.0
[INFO] [stderr]     Checking dirs-sys v0.3.7
[INFO] [stderr]     Checking either v1.6.1
[INFO] [stderr]    Compiling smallvec v1.8.0
[INFO] [stderr]     Checking cty v0.2.2
[INFO] [stderr]     Checking async-task v4.2.0
[INFO] [stderr]    Compiling scopeguard v1.1.0
[INFO] [stderr]     Checking easy-parallel v3.2.0
[INFO] [stderr]    Compiling winit v0.26.1
[INFO] [stderr]     Checking half v1.8.2
[INFO] [stderr]     Checking sha1_smol v1.0.0
[INFO] [stderr]     Checking idna v0.2.3
[INFO] [stderr]     Checking sha1 v0.6.1
[INFO] [stderr]     Checking async-broadcast v0.4.0
[INFO] [stderr]     Checking async-executor v1.4.1
[INFO] [stderr]    Compiling serde_derive v1.0.137
[INFO] [stderr]    Compiling thiserror-impl v1.0.31
[INFO] [stderr]    Compiling tracing-attributes v0.1.21
[INFO] [stderr]    Compiling bytemuck_derive v1.1.0
[INFO] [stderr]    Compiling enumflags2_derive v0.7.4
[INFO] [stderr]    Compiling pin-project-internal v1.0.10
[INFO] [stderr]     Checking bytemuck v1.9.1
[INFO] [stderr]    Compiling async-recursion v0.3.2
[INFO] [stderr]    Compiling serde_repr v0.1.8
[INFO] [stderr]    Compiling thiserror v1.0.31
[INFO] [stderr]    Compiling derivative v2.2.0
[INFO] [stderr]     Checking tracing v0.1.35
[INFO] [stderr]     Checking pin-project v1.0.10
[INFO] [stderr]     Checking raw-window-handle v0.4.3
[INFO] [stderr]     Checking egui v0.17.0
[INFO] [stderr]     Checking async-io v1.7.0
[INFO] [stderr]     Checking dirs v4.0.0
[INFO] [stderr]     Checking ordered-multimap v0.3.1
[INFO] [stderr]     Checking deflate v1.0.0
[INFO] [stderr]     Checking async-lock v2.5.0
[INFO] [stderr]     Checking async-channel v1.6.1
[INFO] [stderr]     Checking nanorand v0.7.0
[INFO] [stderr]     Checking nix v0.23.1
[INFO] [stderr]     Checking mio v0.8.3
[INFO] [stderr]    Compiling libloading v0.7.3
[INFO] [stderr]     Checking spin v0.9.3
[INFO] [stderr]     Checking ordered-stream v0.0.1
[INFO] [stderr]    Compiling num-rational v0.4.0
[INFO] [stderr]    Compiling num-iter v0.1.43
[INFO] [stderr]     Checking weezl v0.1.6
[INFO] [stderr]    Compiling dark-light v0.2.2
[INFO] [stderr]     Checking flume v0.10.13
[INFO] [stderr]     Checking parking_lot v0.12.1
[INFO] [stderr]     Checking jpeg-decoder v0.2.6
[INFO] [stderr]     Checking url v2.2.2
[INFO] [stderr]     Checking rust-ini v0.17.0
[INFO] [stderr]     Checking x11-clipboard v0.5.3
[INFO] [stderr]    Compiling enum-map-derive v0.9.0
[INFO] [stderr]     Checking flate2 v1.0.24
[INFO] [stderr]     Checking inflate v0.4.5
[INFO] [stderr]    Compiling toml v0.5.9
[INFO] [stderr]     Checking enumflags2 v0.7.5
[INFO] [stderr]     Checking threadpool v1.8.1
[INFO] [stderr]     Checking time v0.1.43
[INFO] [stderr]     Checking shared_library v0.1.9
[INFO] [stderr]     Checking detect-desktop-environment v0.2.0
[INFO] [stderr]     Checking lebe v0.5.1
[INFO] [stderr]     Checking dconf_rs v0.3.0
[INFO] [stderr]     Checking exr v1.4.2
[INFO] [stderr]     Checking gif v0.11.3
[INFO] [stderr] error: could not compile `ash` (lib)
[INFO] [stderr] 
[INFO] [stderr] Caused by:
[INFO] [stderr]   process didn't exit successfully: `/opt/rustwide/rustup-home/toolchains/1.75.0-x86_64-unknown-linux-gnu/bin/rustc --crate-name ash --edition=2018 /opt/rustwide/cargo-home/registry/src/index.crates.io-6f17d22bba15001f/ash-0.36.0+1.3.206/src/lib.rs --error-format=json --json=diagnostic-rendered-ansi,artifacts,future-incompat --crate-type lib --emit=dep-info,metadata,link -C embed-bitcode=no --cfg 'feature="debug"' --cfg 'feature="default"' --cfg 'feature="libloading"' --cfg 'feature="loaded"' -C metadata=1cd4da4baa769720 -C extra-filename=-1cd4da4baa769720 --out-dir /opt/rustwide/target/debug/deps -L dependency=/opt/rustwide/target/debug/deps --extern libloading=/opt/rustwide/target/debug/deps/liblibloading-d5446e0e970578aa.rmeta --cap-lints allow --cap-lints=warn` (signal: 9, SIGKILL: kill)
[INFO] [stderr] warning: build failed, waiting for other jobs to finish...
[INFO] [stderr] error: could not compile `ash` (lib)
[INFO] [stderr] 
[INFO] [stderr] Caused by:
[INFO] [stderr]   process didn't exit successfully: `/opt/rustwide/rustup-home/toolchains/1.75.0-x86_64-unknown-linux-gnu/bin/rustc --crate-name ash --edition=2018 /opt/rustwide/cargo-home/registry/src/index.crates.io-6f17d22bba15001f/ash-0.36.0+1.3.206/src/lib.rs --error-format=json --json=diagnostic-rendered-ansi,artifacts,future-incompat --crate-type lib --emit=dep-info,metadata -C embed-bitcode=no -C debuginfo=2 --cfg 'feature="debug"' --cfg 'feature="default"' --cfg 'feature="libloading"' --cfg 'feature="loaded"' -C metadata=93b0421333db15a2 -C extra-filename=-93b0421333db15a2 --out-dir /opt/rustwide/target/debug/deps -L dependency=/opt/rustwide/target/debug/deps --extern libloading=/opt/rustwide/target/debug/deps/liblibloading-1977748924be2f80.rmeta --cap-lints allow --cap-lints=warn` (signal: 9, SIGKILL: kill)
[INFO] [stderr] The following warnings were emitted during compilation:
[INFO] [stderr] 
[INFO] [stderr] warning: shaderc-sys@0.7.4: shaderc: searching for native shaderc libraries on system;  use '--features build-from-source' to force building from source code
[INFO] [stderr] warning: shaderc-sys@0.7.4: shaderc: cannot find native shaderc library on system; falling back to build from source
[INFO] [stderr] 
[INFO] [stderr] error: failed to run custom build command for `shaderc-sys v0.7.4`
[INFO] [stderr] note: To improve backtraces for build dependencies, set the CARGO_PROFILE_DEV_BUILD_OVERRIDE_DEBUG=true environment variable to enable debug information generation.
[INFO] [stderr] 
[INFO] [stderr] Caused by:
[INFO] [stderr]   process didn't exit successfully: `/opt/rustwide/target/debug/build/shaderc-sys-205c7f7bd831ad47/build-script-build` (exit status: 101)
[INFO] [stderr]   --- stdout
[INFO] [stderr]   cargo:warning=shaderc: searching for native shaderc libraries on system;  use '--features build-from-source' to force building from source code
[INFO] [stderr]   cargo:warning=shaderc: cannot find native shaderc library on system; falling back to build from source
[INFO] [stderr]   CMAKE_TOOLCHAIN_FILE_x86_64-unknown-linux-gnu = None
[INFO] [stderr]   CMAKE_TOOLCHAIN_FILE_x86_64_unknown_linux_gnu = None
[INFO] [stderr]   HOST_CMAKE_TOOLCHAIN_FILE = None
[INFO] [stderr]   CMAKE_TOOLCHAIN_FILE = None
[INFO] [stderr]   CMAKE_PREFIX_PATH_x86_64-unknown-linux-gnu = None
[INFO] [stderr]   CMAKE_PREFIX_PATH_x86_64_unknown_linux_gnu = None
[INFO] [stderr]   HOST_CMAKE_PREFIX_PATH = None
[INFO] [stderr]   CMAKE_PREFIX_PATH = None
[INFO] [stderr]   CMAKE_x86_64-unknown-linux-gnu = None
[INFO] [stderr]   CMAKE_x86_64_unknown_linux_gnu = None
[INFO] [stderr]   HOST_CMAKE = None
[INFO] [stderr]   CMAKE = None
[INFO] [stderr]   running: cd "/opt/rustwide/target/debug/build/shaderc-sys-6f114cb9f19b068c/out/build" && CMAKE_PREFIX_PATH="" "cmake" "/opt/rustwide/cargo-home/registry/src/index.crates.io-6f17d22bba15001f/shaderc-sys-0.7.4/build" "-G" "Ninja" "-DCMAKE_INSTALL_LIBDIR=lib" "-DCMAKE_POSITION_INDEPENDENT_CODE=ON" "-DENABLE_SPVREMAPPER=OFF" "-DENABLE_GLSLANG_BINARIES=OFF" "-DSHADERC_SKIP_TESTS=ON" "-DSPIRV_SKIP_EXECUTABLES=ON" "-DSPIRV_WERROR=OFF" "-DCMAKE_INSTALL_PREFIX=/opt/rustwide/target/debug/build/shaderc-sys-6f114cb9f19b068c/out" "-DCMAKE_C_FLAGS= -ffunction-sections -fdata-sections -fPIC -m64" "-DCMAKE_C_COMPILER=/usr/bin/cc" "-DCMAKE_CXX_FLAGS= -ffunction-sections -fdata-sections -fPIC -m64" "-DCMAKE_CXX_COMPILER=/usr/bin/c++" "-DCMAKE_ASM_FLAGS= -ffunction-sections -fdata-sections -fPIC -m64" "-DCMAKE_ASM_COMPILER=/usr/bin/cc" "-DCMAKE_BUILD_TYPE=Release"
[INFO] [stderr]   -- The C compiler identification is GNU 11.4.0
[INFO] [stderr]   -- The CXX compiler identification is GNU 11.4.0
[INFO] [stderr]   -- Detecting C compiler ABI info
[INFO] [stderr]   -- Detecting C compiler ABI info - done
[INFO] [stderr]   -- Check for working C compiler: /usr/bin/cc - skipped
[INFO] [stderr]   -- Detecting C compile features
[INFO] [stderr]   -- Detecting C compile features - done
[INFO] [stderr]   -- Detecting CXX compiler ABI info
[INFO] [stderr]   -- Detecting CXX compiler ABI info - done
[INFO] [stderr]   -- Check for working CXX compiler: /usr/bin/c++ - skipped
[INFO] [stderr]   -- Detecting CXX compile features
[INFO] [stderr]   -- Detecting CXX compile features - done
[INFO] [stderr]   -- Building SPIRV-Header examples
[INFO] [stderr]   -- Installing SPIRV-Header
[INFO] [stderr]   -- Found PythonInterp: /usr/bin/python3 (found suitable version "3.10.12", minimum required is "3") 
[INFO] [stderr]   -- Google Mock was not found - tests based on that will not build
[INFO] [stderr]   -- optimizer enabled
[INFO] [stderr]   -- Looking for pthread.h
[INFO] [stderr]   -- Looking for pthread.h - found
[INFO] [stderr]   -- Performing Test CMAKE_HAVE_LIBC_PTHREAD
[INFO] [stderr]   -- Performing Test CMAKE_HAVE_LIBC_PTHREAD - Success
[INFO] [stderr]   -- Found Threads: TRUE  
[INFO] [stderr]   -- Shaderc: build type is "Release".
[INFO] [stderr]   -- Configuring Shaderc to avoid building tests.
[INFO] [stderr]   -- Configuring Shaderc to build examples.
[INFO] [stderr]   -- Configuring Shaderc to check copyrights.
[INFO] [stderr]   -- asciidoctor was not found - no documentation will be generated
[INFO] [stderr]   -- Performing Test COMPILER_SUPPORTS_FALLTHROUGH_WARNING
[INFO] [stderr]   -- Performing Test COMPILER_SUPPORTS_FALLTHROUGH_WARNING - Success
[INFO] [stderr]   -- Performing Test COMPILER_SUPPORTS_EXTRA_SEMI_WARNING
[INFO] [stderr]   -- Performing Test COMPILER_SUPPORTS_EXTRA_SEMI_WARNING - Success
[INFO] [stderr]   -- Performing Test COMPILER_SUPPORTS_PIC
[INFO] [stderr]   -- Performing Test COMPILER_SUPPORTS_PIC - Success
[INFO] [stderr]   -- Configuring done
[INFO] [stderr]   -- Generating done
[INFO] [stderr]   -- Build files have been written to: /opt/rustwide/target/debug/build/shaderc-sys-6f114cb9f19b068c/out/build
[INFO] [stderr]   running: cd "/opt/rustwide/target/debug/build/shaderc-sys-6f114cb9f19b068c/out/build" && "cmake" "--build" "." "--target" "install" "--config" "Release" "--parallel" "8"
[INFO] [stderr]   [1/391] cd /opt/rustwide/target/debug/build/shaderc-sys-6f114cb9f19b068c/out/build/spirv-tools && /usr/bin/cmake -DCHANGES_FILE=/opt/rustwide/cargo-home/registry/src/index.crates.io-6f17d22bba15001f/shaderc-sys-0.7.4/build/spirv-tools/CHANGES -DTEMPLATE_FILE=/opt/rustwide/cargo-home/registry/src/index.crates.io-6f17d22bba15001f/shaderc-sys-0.7.4/build/spirv-tools/cmake/SPIRV-Tools.pc.in -DOUT_FILE=/opt/rustwide/target/debug/build/shaderc-sys-6f114cb9f19b068c/out/build/spirv-tools/SPIRV-Tools.pc -DCMAKE_INSTALL_PREFIX=/opt/rustwide/target/debug/build/shaderc-sys-6f114cb9f19b068c/out -DCMAKE_INSTALL_LIBDIR=lib -DCMAKE_INSTALL_INCLUDEDIR=include -DSPIRV_LIBRARIES=-lSPIRV-Tools-opt\ -lSPIRV-Tools\ -lSPIRV-Tools-link -P /opt/rustwide/cargo-home/registry/src/index.crates.io-6f17d22bba15001f/shaderc-sys-0.7.4/build/spirv-tools/cmake/write_pkg_config.cmake
[INFO] [stderr]   [2/391] cd /opt/rustwide/target/debug/build/shaderc-sys-6f114cb9f19b068c/out/build/spirv-tools && /usr/bin/cmake -DCHANGES_FILE=/opt/rustwide/cargo-home/registry/src/index.crates.io-6f17d22bba15001f/shaderc-sys-0.7.4/build/spirv-tools/CHANGES -DTEMPLATE_FILE=/opt/rustwide/cargo-home/registry/src/index.crates.io-6f17d22bba15001f/shaderc-sys-0.7.4/build/spirv-tools/cmake/SPIRV-Tools-shared.pc.in -DOUT_FILE=/opt/rustwide/target/debug/build/shaderc-sys-6f114cb9f19b068c/out/build/spirv-tools/SPIRV-Tools-shared.pc -DCMAKE_INSTALL_PREFIX=/opt/rustwide/target/debug/build/shaderc-sys-6f114cb9f19b068c/out -DCMAKE_INSTALL_LIBDIR=lib -DCMAKE_INSTALL_INCLUDEDIR=include -DSPIRV_SHARED_LIBRARIES=-lSPIRV-Tools-shared -P /opt/rustwide/cargo-home/registry/src/index.crates.io-6f17d22bba15001f/shaderc-sys-0.7.4/build/spirv-tools/cmake/write_pkg_config.cmake
[INFO] [stderr]   [3/391] Building CXX object spirv-headers/example/CMakeFiles/SPIRV-Headers-example.dir/example.cpp.o
[INFO] [stderr]   [4/391] Generate extended instruction tables for spv-amd-shader-trinary-minmax.
[INFO] [stderr]   [5/391] Generate extended instruction tables for spv-amd-shader-ballot.
[INFO] [stderr]   [6/391] Generate extended instruction tables for debuginfo.
[INFO] [stderr]   [7/391] Generate enum-string mapping for SPIR-V vunified1.
[INFO] [stderr]   [8/391] Generate extended instruction tables for spv-amd-gcn-shader.
[INFO] [stderr]   [9/391] Generate extended instruction tables for opencl.debuginfo.100.
[INFO] [stderr]   [10/391] Generate extended instruction tables for spv-amd-shader-explicit-vertex-parameter.
[INFO] [stderr]   [11/391] Generate extended instruction tables for nonsemantic.shader.debuginfo.100.
[INFO] [stderr]   [12/391] Generate extended instruction tables for nonsemantic.clspvreflection.
[INFO] [stderr]   [13/391] Generate language specific header for NonSemanticShaderDebugInfo100.
[INFO] [stderr]   [14/391] Generate language specific header for OpenCLDebugInfo100.
[INFO] [stderr]   [15/391] Generate language specific header for DebugInfo.
[INFO] [stderr]   [16/391] Generate info tables for GLSL extended instructions and operands vunified1.
[INFO] [stderr]   [17/391] Generate tables based on the SPIR-V XML registry.
[INFO] [stderr]   [18/391] Linking CXX static library spirv-headers/example/libSPIRV-Headers-example.a
[INFO] [stderr]   [19/391] Update build-version.inc in the SPIRV-Tools build directory (if necessary).
[INFO] [stderr]   [20/391] Generate info tables for OpenCL extended instructions and operands vunified1.
[INFO] [stderr]   [21/391] Generate info tables for SPIR-V vunified1 core instructions and operands.
[INFO] [stderr]   [22/391] Building CXX object glslang/hlsl/CMakeFiles/HLSL.dir/stub.cpp.o
[INFO] [stderr]   [23/391] Building CXX object glslang/glslang/OSDependent/Unix/CMakeFiles/OSDependent.dir/ossource.cpp.o
[INFO] [stderr]   [24/391] Building CXX object glslang/OGLCompilersDLL/CMakeFiles/OGLCompiler.dir/InitializeDll.cpp.o
[INFO] [stderr]   [25/391] Building CXX object spirv-tools/source/CMakeFiles/SPIRV-Tools-shared.dir/util/bit_vector.cpp.o
[INFO] [stderr]   [26/391] Building CXX object glslang/glslang/CMakeFiles/GenericCodeGen.dir/GenericCodeGen/CodeGen.cpp.o
[INFO] [stderr]   [27/391] Building CXX object spirv-tools/source/CMakeFiles/SPIRV-Tools-shared.dir/util/string_utils.cpp.o
[INFO] [stderr]   [28/391] Building CXX object glslang/glslang/CMakeFiles/GenericCodeGen.dir/GenericCodeGen/Link.cpp.o
[INFO] [stderr]   [29/391] Building CXX object glslang/glslang/CMakeFiles/glslang.dir/CInterface/glslang_c_interface.cpp.o
[INFO] [stderr]   [30/391] Building CXX object spirv-tools/source/CMakeFiles/SPIRV-Tools-shared.dir/assembly_grammar.cpp.o
[INFO] [stderr]   [31/391] Building CXX object spirv-tools/source/CMakeFiles/SPIRV-Tools-shared.dir/enum_string_mapping.cpp.o
[INFO] [stderr]   [32/391] Building CXX object spirv-tools/source/CMakeFiles/SPIRV-Tools-shared.dir/diagnostic.cpp.o
[INFO] [stderr]   [33/391] Building CXX object spirv-tools/source/CMakeFiles/SPIRV-Tools-shared.dir/extensions.cpp.o
[INFO] [stderr]   [34/391] Building CXX object spirv-tools/source/CMakeFiles/SPIRV-Tools-shared.dir/ext_inst.cpp.o
[INFO] [stderr]   [35/391] Building CXX object spirv-tools/source/CMakeFiles/SPIRV-Tools-shared.dir/util/parse_number.cpp.o
[INFO] [stderr]   [36/391] Building CXX object spirv-tools/source/CMakeFiles/SPIRV-Tools-shared.dir/disassemble.cpp.o
[INFO] [stderr]   [37/391] Building CXX object spirv-tools/source/CMakeFiles/SPIRV-Tools-shared.dir/libspirv.cpp.o
[INFO] [stderr]   [38/391] Building CXX object spirv-tools/source/CMakeFiles/SPIRV-Tools-shared.dir/software_version.cpp.o
[INFO] [stderr]   [39/391] Building CXX object spirv-tools/source/CMakeFiles/SPIRV-Tools-shared.dir/spirv_endian.cpp.o
[INFO] [stderr]   [40/391] Building CXX object spirv-tools/source/CMakeFiles/SPIRV-Tools-shared.dir/opcode.cpp.o
[INFO] [stderr]   [41/391] Building CXX object spirv-tools/source/CMakeFiles/SPIRV-Tools-shared.dir/parsed_operand.cpp.o
[INFO] [stderr]   [42/391] Building CXX object spirv-tools/source/CMakeFiles/SPIRV-Tools-shared.dir/spirv_optimizer_options.cpp.o
[INFO] [stderr]   [43/391] Building CXX object spirv-tools/source/CMakeFiles/SPIRV-Tools-shared.dir/spirv_fuzzer_options.cpp.o
[INFO] [stderr]   [44/391] Building CXX object spirv-tools/source/CMakeFiles/SPIRV-Tools-shared.dir/spirv_validator_options.cpp.o
[INFO] [stderr]   [45/391] Building CXX object spirv-tools/source/CMakeFiles/SPIRV-Tools-shared.dir/print.cpp.o
[INFO] [stderr]   [46/391] Building CXX object spirv-tools/source/CMakeFiles/SPIRV-Tools-shared.dir/spirv_target_env.cpp.o
[INFO] [stderr]   [47/391] Building CXX object spirv-tools/source/CMakeFiles/SPIRV-Tools-shared.dir/name_mapper.cpp.o
[INFO] [stderr]   [48/391] Building CXX object spirv-tools/source/CMakeFiles/SPIRV-Tools-shared.dir/spirv_reducer_options.cpp.o
[INFO] [stderr]   [49/391] Building CXX object spirv-tools/source/CMakeFiles/SPIRV-Tools-shared.dir/operand.cpp.o
[INFO] [stderr]   [50/391] Building CXX object spirv-tools/source/CMakeFiles/SPIRV-Tools-shared.dir/binary.cpp.o
[INFO] [stderr]   [51/391] Building CXX object spirv-tools/source/CMakeFiles/SPIRV-Tools-shared.dir/table.cpp.o
[INFO] [stderr]   [52/391] Building CXX object glslang/glslang/CMakeFiles/MachineIndependent.dir/cmake_pch.hxx.gch
[INFO] [stderr]   [53/391] Building CXX object spirv-tools/source/CMakeFiles/SPIRV-Tools-shared.dir/val/validate_atomics.cpp.o
[INFO] [stderr]   [54/391] Building CXX object spirv-tools/source/CMakeFiles/SPIRV-Tools-shared.dir/val/validate_adjacency.cpp.o
[INFO] [stderr]   [55/391] Building CXX object spirv-tools/source/CMakeFiles/SPIRV-Tools-shared.dir/text_handler.cpp.o
[INFO] [stderr]   [56/391] Building CXX object spirv-tools/source/CMakeFiles/SPIRV-Tools-shared.dir/val/validate_barriers.cpp.o
[INFO] [stderr]   [57/391] Building CXX object spirv-tools/source/CMakeFiles/SPIRV-Tools-shared.dir/val/validate_arithmetics.cpp.o
[INFO] [stderr]   [58/391] Building CXX object spirv-tools/source/CMakeFiles/SPIRV-Tools-shared.dir/text.cpp.o
[INFO] [stderr]   [59/391] Building CXX object spirv-tools/source/CMakeFiles/SPIRV-Tools-shared.dir/val/validate_annotation.cpp.o
[INFO] [stderr]   [60/391] Building CXX object spirv-tools/source/CMakeFiles/SPIRV-Tools-shared.dir/val/validate.cpp.o
[INFO] [stderr]   [61/391] Building CXX object spirv-tools/source/CMakeFiles/SPIRV-Tools-shared.dir/val/validate_bitwise.cpp.o
[INFO] [stderr]   [62/391] Building CXX object spirv-tools/source/CMakeFiles/SPIRV-Tools-shared.dir/val/validate_capability.cpp.o
[INFO] [stderr]   [63/391] Building CXX object spirv-tools/source/CMakeFiles/SPIRV-Tools-shared.dir/val/validate_constants.cpp.o
[INFO] [stderr]   [64/391] Building CXX object spirv-tools/source/CMakeFiles/SPIRV-Tools-shared.dir/val/validate_conversion.cpp.o
[INFO] [stderr]   [65/391] Building CXX object spirv-tools/source/CMakeFiles/SPIRV-Tools-shared.dir/val/validate_composites.cpp.o
[INFO] [stderr]   [66/391] Building CXX object spirv-tools/source/CMakeFiles/SPIRV-Tools-shared.dir/val/validate_debug.cpp.o
[INFO] [stderr]   [67/391] Building CXX object spirv-tools/source/CMakeFiles/SPIRV-Tools-shared.dir/val/validate_derivatives.cpp.o
[INFO] [stderr]   [68/391] Building CXX object spirv-tools/source/CMakeFiles/SPIRV-Tools-shared.dir/val/validate_execution_limitations.cpp.o
[INFO] [stderr]   [69/391] Building CXX object spirv-tools/source/CMakeFiles/SPIRV-Tools-shared.dir/val/validate_cfg.cpp.o
[INFO] [stderr]   [70/391] Building CXX object spirv-tools/source/CMakeFiles/SPIRV-Tools-shared.dir/val/validate_function.cpp.o
[INFO] [stderr]   [71/391] Building CXX object spirv-tools/source/CMakeFiles/SPIRV-Tools-shared.dir/val/validate_id.cpp.o
[INFO] [stderr]   [72/391] Building CXX object spirv-tools/source/CMakeFiles/SPIRV-Tools-shared.dir/val/validate_decorations.cpp.o
[INFO] [stderr]   [73/391] Building CXX object spirv-tools/source/CMakeFiles/SPIRV-Tools-shared.dir/val/validate_layout.cpp.o
[INFO] [stderr]   [74/391] Building CXX object spirv-tools/source/CMakeFiles/SPIRV-Tools-shared.dir/val/validate_interfaces.cpp.o
[INFO] [stderr]   [75/391] Building CXX object spirv-tools/source/CMakeFiles/SPIRV-Tools-shared.dir/val/validate_literals.cpp.o
[INFO] [stderr]   [76/391] Building CXX object spirv-tools/source/CMakeFiles/SPIRV-Tools-shared.dir/val/validate_image.cpp.o
[INFO] [stderr]   [77/391] Building CXX object spirv-tools/source/CMakeFiles/SPIRV-Tools-shared.dir/val/validate_instruction.cpp.o
[INFO] [stderr]   [78/391] Building CXX object spirv-tools/source/CMakeFiles/SPIRV-Tools-shared.dir/val/validate_logicals.cpp.o
[INFO] [stderr]   [79/391] Building CXX object spirv-tools/source/CMakeFiles/SPIRV-Tools-shared.dir/val/validate_memory_semantics.cpp.o
[INFO] [stderr]   [80/391] Building CXX object spirv-tools/source/CMakeFiles/SPIRV-Tools-shared.dir/val/validate_non_uniform.cpp.o
[INFO] [stderr]   [81/391] Building CXX object spirv-tools/source/CMakeFiles/SPIRV-Tools-shared.dir/val/validate_builtins.cpp.o
[INFO] [stderr]   [82/391] Building CXX object spirv-tools/source/CMakeFiles/SPIRV-Tools-shared.dir/val/validate_misc.cpp.o
[INFO] [stderr]   [83/391] Building CXX object spirv-tools/source/CMakeFiles/SPIRV-Tools-shared.dir/val/validate_primitives.cpp.o
[INFO] [stderr]   [84/391] Building CXX object spirv-tools/source/CMakeFiles/SPIRV-Tools-shared.dir/val/validate_mode_setting.cpp.o
[INFO] [stderr]   [85/391] Building CXX object spirv-tools/source/CMakeFiles/SPIRV-Tools-shared.dir/val/validate_extensions.cpp.o
[INFO] [stderr]   [86/391] Building CXX object spirv-tools/source/CMakeFiles/SPIRV-Tools-shared.dir/val/basic_block.cpp.o
[INFO] [stderr]   [87/391] Building CXX object spirv-tools/source/CMakeFiles/SPIRV-Tools-shared.dir/val/validate_memory.cpp.o
[INFO] [stderr]   [88/391] Building CXX object spirv-tools/source/CMakeFiles/SPIRV-Tools-shared.dir/val/validate_small_type_uses.cpp.o
[INFO] [stderr]   [89/391] Building CXX object spirv-tools/source/CMakeFiles/SPIRV-Tools-shared.dir/val/validate_scopes.cpp.o
[INFO] [stderr]   [90/391] Building CXX object spirv-tools/source/CMakeFiles/SPIRV-Tools-shared.dir/val/instruction.cpp.o
[INFO] [stderr]   [91/391] Building CXX object spirv-tools/source/CMakeFiles/SPIRV-Tools-shared.dir/util/timer.cpp.o
[INFO] [stderr]   [92/391] Building CXX object spirv-tools/source/CMakeFiles/SPIRV-Tools-static.dir/util/bit_vector.cpp.o
[INFO] [stderr]   [93/391] Building CXX object spirv-tools/source/CMakeFiles/SPIRV-Tools-static.dir/util/string_utils.cpp.o
[INFO] [stderr]   [94/391] Building CXX object spirv-tools/source/CMakeFiles/SPIRV-Tools-shared.dir/val/construct.cpp.o
[INFO] [stderr]   [95/391] Building CXX object spirv-tools/source/CMakeFiles/SPIRV-Tools-shared.dir/val/validate_type.cpp.o
[INFO] [stderr]   [96/391] Building CXX object spirv-tools/source/CMakeFiles/SPIRV-Tools-static.dir/assembly_grammar.cpp.o
[INFO] [stderr]   [97/391] Building CXX object spirv-tools/source/CMakeFiles/SPIRV-Tools-static.dir/diagnostic.cpp.o
[INFO] [stderr]   [98/391] Building CXX object spirv-tools/source/CMakeFiles/SPIRV-Tools-static.dir/enum_string_mapping.cpp.o
[INFO] [stderr]   [99/391] Building CXX object spirv-tools/source/CMakeFiles/SPIRV-Tools-static.dir/disassemble.cpp.o
[INFO] [stderr]   [100/391] Building CXX object spirv-tools/source/CMakeFiles/SPIRV-Tools-static.dir/ext_inst.cpp.o
[INFO] [stderr]   [101/391] Building CXX object spirv-tools/source/CMakeFiles/SPIRV-Tools-shared.dir/val/function.cpp.o
[INFO] [stderr]   [102/391] Building CXX object spirv-tools/source/CMakeFiles/SPIRV-Tools-static.dir/util/parse_number.cpp.o
[INFO] [stderr]   [103/391] Building CXX object spirv-tools/source/CMakeFiles/SPIRV-Tools-static.dir/extensions.cpp.o
[INFO] [stderr]   [104/391] Building CXX object spirv-tools/source/CMakeFiles/SPIRV-Tools-static.dir/libspirv.cpp.o
[INFO] [stderr]   [105/391] Building CXX object spirv-tools/source/CMakeFiles/SPIRV-Tools-static.dir/opcode.cpp.o
[INFO] [stderr]   [106/391] Building CXX object spirv-tools/source/CMakeFiles/SPIRV-Tools-static.dir/software_version.cpp.o
[INFO] [stderr]   [107/391] Building CXX object spirv-tools/source/CMakeFiles/SPIRV-Tools-static.dir/spirv_endian.cpp.o
[INFO] [stderr]   [108/391] Building CXX object spirv-tools/source/CMakeFiles/SPIRV-Tools-static.dir/binary.cpp.o
[INFO] [stderr]   [109/391] Building CXX object spirv-tools/source/CMakeFiles/SPIRV-Tools-static.dir/print.cpp.o
[INFO] [stderr]   [110/391] Building CXX object spirv-tools/source/CMakeFiles/SPIRV-Tools-static.dir/spirv_optimizer_options.cpp.o
[INFO] [stderr]   [111/391] Building CXX object spirv-tools/source/CMakeFiles/SPIRV-Tools-static.dir/spirv_fuzzer_options.cpp.o
[INFO] [stderr]   [112/391] Building CXX object spirv-tools/source/CMakeFiles/SPIRV-Tools-static.dir/spirv_reducer_options.cpp.o
[INFO] [stderr]   [113/391] Building CXX object spirv-tools/source/CMakeFiles/SPIRV-Tools-static.dir/spirv_validator_options.cpp.o
[INFO] [stderr]   [114/391] Building CXX object spirv-tools/source/CMakeFiles/SPIRV-Tools-static.dir/parsed_operand.cpp.o
[INFO] [stderr]   [115/391] Building CXX object spirv-tools/source/CMakeFiles/SPIRV-Tools-static.dir/spirv_target_env.cpp.o
[INFO] [stderr]   [116/391] Building CXX object spirv-tools/source/CMakeFiles/SPIRV-Tools-static.dir/operand.cpp.o
[INFO] [stderr]   [117/391] Building CXX object spirv-tools/source/CMakeFiles/SPIRV-Tools-static.dir/name_mapper.cpp.o
[INFO] [stderr]   [118/391] Building CXX object spirv-tools/source/CMakeFiles/SPIRV-Tools-static.dir/table.cpp.o
[INFO] [stderr]   [119/391] Building CXX object spirv-tools/source/CMakeFiles/SPIRV-Tools-static.dir/val/validate_adjacency.cpp.o
[INFO] [stderr]   [120/391] Building CXX object spirv-tools/source/CMakeFiles/SPIRV-Tools-static.dir/text_handler.cpp.o
[INFO] [stderr]   [121/391] Building CXX object spirv-tools/source/CMakeFiles/SPIRV-Tools-static.dir/text.cpp.o
[INFO] [stderr]   [122/391] Building CXX object spirv-tools/source/CMakeFiles/SPIRV-Tools-shared.dir/val/validation_state.cpp.o
[INFO] [stderr]   [123/391] Linking CXX shared library spirv-tools/source/libSPIRV-Tools-shared.so
[INFO] [stderr]   [124/391] Building CXX object spirv-tools/source/CMakeFiles/SPIRV-Tools-static.dir/val/validate_arithmetics.cpp.o
[INFO] [stderr]   [125/391] Building CXX object spirv-tools/source/CMakeFiles/SPIRV-Tools-static.dir/val/validate_annotation.cpp.o
[INFO] [stderr]   [126/391] Building CXX object spirv-tools/source/CMakeFiles/SPIRV-Tools-static.dir/val/validate.cpp.o
[INFO] [stderr]   [127/391] Building CXX object spirv-tools/source/CMakeFiles/SPIRV-Tools-static.dir/val/validate_atomics.cpp.o
[INFO] [stderr]   [128/391] Building CXX object spirv-tools/source/CMakeFiles/SPIRV-Tools-static.dir/val/validate_bitwise.cpp.o
[INFO] [stderr]   [129/391] Building CXX object spirv-tools/source/CMakeFiles/SPIRV-Tools-static.dir/val/validate_barriers.cpp.o
[INFO] [stderr]   [130/391] Building CXX object spirv-tools/source/CMakeFiles/SPIRV-Tools-static.dir/val/validate_capability.cpp.o
[INFO] [stderr]   [131/391] Building CXX object spirv-tools/source/opt/CMakeFiles/SPIRV-Tools-opt.dir/loop_unswitch_pass.cpp.o
[INFO] [stderr]   [132/391] Building CXX object spirv-tools/source/CMakeFiles/SPIRV-Tools-static.dir/val/validate_debug.cpp.o
[INFO] [stderr]   [133/391] Building CXX object spirv-tools/source/CMakeFiles/SPIRV-Tools-static.dir/val/validate_constants.cpp.o
[INFO] [stderr]   [134/391] Building CXX object spirv-tools/source/CMakeFiles/SPIRV-Tools-static.dir/val/validate_composites.cpp.o
[INFO] [stderr]   [135/391] Building CXX object spirv-tools/source/CMakeFiles/SPIRV-Tools-static.dir/val/validate_conversion.cpp.o
[INFO] [stderr]   [136/391] Building CXX object spirv-tools/source/CMakeFiles/SPIRV-Tools-static.dir/val/validate_derivatives.cpp.o
[INFO] [stderr]   [137/391] Building CXX object spirv-tools/source/CMakeFiles/SPIRV-Tools-static.dir/val/validate_execution_limitations.cpp.o
[INFO] [stderr]   [138/391] Building CXX object spirv-tools/source/CMakeFiles/SPIRV-Tools-static.dir/val/validate_function.cpp.o
[INFO] [stderr]   [139/391] Building CXX object spirv-tools/source/CMakeFiles/SPIRV-Tools-static.dir/val/validate_cfg.cpp.o
[INFO] [stderr]   [140/391] Building CXX object spirv-tools/source/CMakeFiles/SPIRV-Tools-static.dir/val/validate_id.cpp.o
[INFO] [stderr]   [141/391] Building CXX object spirv-tools/source/CMakeFiles/SPIRV-Tools-static.dir/val/validate_layout.cpp.o
[INFO] [stderr]   [142/391] Building CXX object spirv-tools/source/CMakeFiles/SPIRV-Tools-static.dir/val/validate_interfaces.cpp.o
[INFO] [stderr]   [143/391] Building CXX object spirv-tools/source/CMakeFiles/SPIRV-Tools-static.dir/val/validate_image.cpp.o
[INFO] [stderr]   [144/391] Building CXX object spirv-tools/source/CMakeFiles/SPIRV-Tools-static.dir/val/validate_decorations.cpp.o
[INFO] [stderr]   [145/391] Building CXX object spirv-tools/source/CMakeFiles/SPIRV-Tools-static.dir/val/validate_literals.cpp.o
[INFO] [stderr]   [146/391] Building CXX object spirv-tools/source/CMakeFiles/SPIRV-Tools-static.dir/val/validate_instruction.cpp.o
[INFO] [stderr]   [147/391] Building CXX object spirv-tools/source/CMakeFiles/SPIRV-Tools-static.dir/val/validate_logicals.cpp.o
[INFO] [stderr]   [148/391] Building CXX object spirv-tools/source/CMakeFiles/SPIRV-Tools-static.dir/val/validate_builtins.cpp.o
[INFO] [stderr]   [149/391] Building CXX object spirv-tools/source/CMakeFiles/SPIRV-Tools-static.dir/val/validate_misc.cpp.o
[INFO] [stderr]   [150/391] Building CXX object spirv-tools/source/CMakeFiles/SPIRV-Tools-static.dir/val/validate_memory_semantics.cpp.o
[INFO] [stderr]   [151/391] Building CXX object spirv-tools/source/CMakeFiles/SPIRV-Tools-static.dir/val/validate_extensions.cpp.o
[INFO] [stderr]   [152/391] Building CXX object spirv-tools/source/CMakeFiles/SPIRV-Tools-static.dir/val/validate_mode_setting.cpp.o
[INFO] [stderr]   [153/391] Building CXX object spirv-tools/source/CMakeFiles/SPIRV-Tools-static.dir/val/validate_primitives.cpp.o
[INFO] [stderr]   [154/391] Building CXX object spirv-tools/source/CMakeFiles/SPIRV-Tools-static.dir/val/validate_non_uniform.cpp.o
[INFO] [stderr]   [155/391] Building CXX object spirv-tools/source/CMakeFiles/SPIRV-Tools-static.dir/val/validate_memory.cpp.o
[INFO] [stderr]   [156/391] Building CXX object spirv-tools/source/CMakeFiles/SPIRV-Tools-static.dir/val/basic_block.cpp.o
[INFO] [stderr]   [157/391] Building CXX object spirv-tools/source/CMakeFiles/SPIRV-Tools-static.dir/val/validate_small_type_uses.cpp.o
[INFO] [stderr]   [158/391] Building CXX object spirv-tools/source/CMakeFiles/SPIRV-Tools-static.dir/val/instruction.cpp.o
[INFO] [stderr]   [159/391] Building CXX object spirv-tools/source/CMakeFiles/SPIRV-Tools-static.dir/util/timer.cpp.o
[INFO] [stderr]   [160/391] Building CXX object spirv-tools/source/CMakeFiles/SPIRV-Tools-static.dir/val/construct.cpp.o
[INFO] [stderr]   [161/391] Building CXX object spirv-tools/source/CMakeFiles/SPIRV-Tools-static.dir/val/validate_scopes.cpp.o
[INFO] [stderr]   [162/391] Building CXX object spirv-tools/source/CMakeFiles/SPIRV-Tools-static.dir/val/validate_type.cpp.o
[INFO] [stderr]   [163/391] Building CXX object spirv-tools/source/CMakeFiles/SPIRV-Tools-static.dir/val/function.cpp.o
[INFO] [stderr]   [164/391] Building CXX object spirv-tools/source/opt/CMakeFiles/SPIRV-Tools-opt.dir/basic_block.cpp.o
[INFO] [stderr]   FAILED: spirv-tools/source/opt/CMakeFiles/SPIRV-Tools-opt.dir/basic_block.cpp.o 
[INFO] [stderr]   /usr/bin/c++ -DSPIRV_COLOR_TERMINAL -DSPIRV_LINUX -DSPIRV_TIMER_ENABLED -I/opt/rustwide/cargo-home/registry/src/index.crates.io-6f17d22bba15001f/shaderc-sys-0.7.4/build/spirv-tools -I/opt/rustwide/cargo-home/registry/src/index.crates.io-6f17d22bba15001f/shaderc-sys-0.7.4/build/spirv-tools/include -I/opt/rustwide/cargo-home/registry/src/index.crates.io-6f17d22bba15001f/shaderc-sys-0.7.4/build/spirv-headers/include -I/opt/rustwide/target/debug/build/shaderc-sys-6f114cb9f19b068c/out/build/spirv-tools -ffunction-sections -fdata-sections -fPIC -m64 -O3 -DNDEBUG -fPIC -Wall -Wextra -Wnon-virtual-dtor -Wno-missing-field-initializers -std=c++11 -fno-exceptions -Wno-long-long -Wshadow -Wundef -Wconversion -Wno-sign-conversion -std=gnu++11 -MD -MT spirv-tools/source/opt/CMakeFiles/SPIRV-Tools-opt.dir/basic_block.cpp.o -MF spirv-tools/source/opt/CMakeFiles/SPIRV-Tools-opt.dir/basic_block.cpp.o.d -o spirv-tools/source/opt/CMakeFiles/SPIRV-Tools-opt.dir/basic_block.cpp.o -c /opt/rustwide/cargo-home/registry/src/index.crates.io-6f17d22bba15001f/shaderc-sys-0.7.4/build/spirv-tools/source/opt/basic_block.cpp
[INFO] [stderr]   c++: fatal error: Killed signal terminated program cc1plus
[INFO] [stderr]   compilation terminated.
[INFO] [stderr]   [165/391] Building CXX object spirv-tools/source/opt/CMakeFiles/SPIRV-Tools-opt.dir/aggressive_dead_code_elim_pass.cpp.o
[INFO] [stderr]   FAILED: spirv-tools/source/opt/CMakeFiles/SPIRV-Tools-opt.dir/aggressive_dead_code_elim_pass.cpp.o 
[INFO] [stderr]   /usr/bin/c++ -DSPIRV_COLOR_TERMINAL -DSPIRV_LINUX -DSPIRV_TIMER_ENABLED -I/opt/rustwide/cargo-home/registry/src/index.crates.io-6f17d22bba15001f/shaderc-sys-0.7.4/build/spirv-tools -I/opt/rustwide/cargo-home/registry/src/index.crates.io-6f17d22bba15001f/shaderc-sys-0.7.4/build/spirv-tools/include -I/opt/rustwide/cargo-home/registry/src/index.crates.io-6f17d22bba15001f/shaderc-sys-0.7.4/build/spirv-headers/include -I/opt/rustwide/target/debug/build/shaderc-sys-6f114cb9f19b068c/out/build/spirv-tools -ffunction-sections -fdata-sections -fPIC -m64 -O3 -DNDEBUG -fPIC -Wall -Wextra -Wnon-virtual-dtor -Wno-missing-field-initializers -std=c++11 -fno-exceptions -Wno-long-long -Wshadow -Wundef -Wconversion -Wno-sign-conversion -std=gnu++11 -MD -MT spirv-tools/source/opt/CMakeFiles/SPIRV-Tools-opt.dir/aggressive_dead_code_elim_pass.cpp.o -MF spirv-tools/source/opt/CMakeFiles/SPIRV-Tools-opt.dir/aggressive_dead_code_elim_pass.cpp.o.d -o spirv-tools/source/opt/CMakeFiles/SPIRV-Tools-opt.dir/aggressive_dead_code_elim_pass.cpp.o -c /opt/rustwide/cargo-home/registry/src/index.crates.io-6f17d22bba15001f/shaderc-sys-0.7.4/build/spirv-tools/source/opt/aggressive_dead_code_elim_pass.cpp
[INFO] [stderr]   c++: fatal error: Killed signal terminated program cc1plus
[INFO] [stderr]   compilation terminated.
[INFO] [stderr]   [166/391] Building CXX object spirv-tools/source/opt/CMakeFiles/SPIRV-Tools-opt.dir/amd_ext_to_khr.cpp.o
[INFO] [stderr]   FAILED: spirv-tools/source/opt/CMakeFiles/SPIRV-Tools-opt.dir/amd_ext_to_khr.cpp.o 
[INFO] [stderr]   /usr/bin/c++ -DSPIRV_COLOR_TERMINAL -DSPIRV_LINUX -DSPIRV_TIMER_ENABLED -I/opt/rustwide/cargo-home/registry/src/index.crates.io-6f17d22bba15001f/shaderc-sys-0.7.4/build/spirv-tools -I/opt/rustwide/cargo-home/registry/src/index.crates.io-6f17d22bba15001f/shaderc-sys-0.7.4/build/spirv-tools/include -I/opt/rustwide/cargo-home/registry/src/index.crates.io-6f17d22bba15001f/shaderc-sys-0.7.4/build/spirv-headers/include -I/opt/rustwide/target/debug/build/shaderc-sys-6f114cb9f19b068c/out/build/spirv-tools -ffunction-sections -fdata-sections -fPIC -m64 -O3 -DNDEBUG -fPIC -Wall -Wextra -Wnon-virtual-dtor -Wno-missing-field-initializers -std=c++11 -fno-exceptions -Wno-long-long -Wshadow -Wundef -Wconversion -Wno-sign-conversion -std=gnu++11 -MD -MT spirv-tools/source/opt/CMakeFiles/SPIRV-Tools-opt.dir/amd_ext_to_khr.cpp.o -MF spirv-tools/source/opt/CMakeFiles/SPIRV-Tools-opt.dir/amd_ext_to_khr.cpp.o.d -o spirv-tools/source/opt/CMakeFiles/SPIRV-Tools-opt.dir/amd_ext_to_khr.cpp.o -c /opt/rustwide/cargo-home/registry/src/index.crates.io-6f17d22bba15001f/shaderc-sys-0.7.4/build/spirv-tools/source/opt/amd_ext_to_khr.cpp
[INFO] [stderr]   c++: fatal error: Killed signal terminated program cc1plus
[INFO] [stderr]   compilation terminated.
[INFO] [stderr]   [167/391] Building CXX object spirv-tools/source/opt/CMakeFiles/SPIRV-Tools-opt.dir/block_merge_pass.cpp.o
[INFO] [stderr]   [168/391] Building CXX object spirv-tools/source/CMakeFiles/SPIRV-Tools-static.dir/val/validation_state.cpp.o
[INFO] [stderr]   [169/391] Building CXX object spirv-tools/source/opt/CMakeFiles/SPIRV-Tools-opt.dir/block_merge_util.cpp.o
[INFO] [stderr]   [170/391] Building CXX object spirv-tools/source/opt/CMakeFiles/SPIRV-Tools-opt.dir/build_module.cpp.o
[INFO] [stderr]   [171/391] Building CXX object spirv-tools/source/opt/CMakeFiles/SPIRV-Tools-opt.dir/ccp_pass.cpp.o
[INFO] [stderr]   ninja: build stopped: subcommand failed.
[INFO] [stderr] 
[INFO] [stderr]   --- stderr
[INFO] [stderr]   CMake Warning:
[INFO] [stderr]     Manually-specified variables were not used by the project:
[INFO] [stderr] 
[INFO] [stderr]       CMAKE_ASM_COMPILER
[INFO] [stderr]       CMAKE_ASM_FLAGS
[INFO] [stderr] 
[INFO] [stderr] 
[INFO] [stderr]   thread 'main' panicked at /opt/rustwide/cargo-home/registry/src/index.crates.io-6f17d22bba15001f/cmake-0.1.48/src/lib.rs:975:5:
[INFO] [stderr] 
[INFO] [stderr]   command did not execute successfully, got: exit status: 1
[INFO] [stderr] 
[INFO] [stderr]   build script failed, must exit now
[INFO] [stderr]   stack backtrace:
[INFO] [stderr]      0:     0x55e433d2e2fc - std::backtrace_rs::backtrace::libunwind::trace::ha637c64ce894333a
[INFO] [stderr]                                  at /rustc/82e1608dfa6e0b5569232559e3d385fea5a93112/library/std/src/../../backtrace/src/backtrace/libunwind.rs:104:5
[INFO] [stderr]      1:     0x55e433d2e2fc - std::backtrace_rs::backtrace::trace_unsynchronized::h47f62dea28e0c88d
[INFO] [stderr]                                  at /rustc/82e1608dfa6e0b5569232559e3d385fea5a93112/library/std/src/../../backtrace/src/backtrace/mod.rs:66:5
[INFO] [stderr]      2:     0x55e433d2e2fc - std::sys_common::backtrace::_print_fmt::h9eef0abe20ede486
[INFO] [stderr]                                  at /rustc/82e1608dfa6e0b5569232559e3d385fea5a93112/library/std/src/sys_common/backtrace.rs:67:5
[INFO] [stderr]      3:     0x55e433d2e2fc - <std::sys_common::backtrace::_print::DisplayBacktrace as core::fmt::Display>::fmt::hed7f999df88cc644
[INFO] [stderr]                                  at /rustc/82e1608dfa6e0b5569232559e3d385fea5a93112/library/std/src/sys_common/backtrace.rs:44:22
[INFO] [stderr]      4:     0x55e433d547f0 - core::fmt::rt::Argument::fmt::h1539a9308b8d058d
[INFO] [stderr]                                  at /rustc/82e1608dfa6e0b5569232559e3d385fea5a93112/library/core/src/fmt/rt.rs:142:9
[INFO] [stderr]      5:     0x55e433d547f0 - core::fmt::write::h3a39390d8560d9c9
[INFO] [stderr]                                  at /rustc/82e1608dfa6e0b5569232559e3d385fea5a93112/library/core/src/fmt/mod.rs:1120:17
[INFO] [stderr]      6:     0x55e433d2b76f - std::io::Write::write_fmt::h5fc9997dfe05f882
[INFO] [stderr]                                  at /rustc/82e1608dfa6e0b5569232559e3d385fea5a93112/library/std/src/io/mod.rs:1762:15
[INFO] [stderr]      7:     0x55e433d2e0e4 - std::sys_common::backtrace::_print::h894006fb5c6f3d45
[INFO] [stderr]                                  at /rustc/82e1608dfa6e0b5569232559e3d385fea5a93112/library/std/src/sys_common/backtrace.rs:47:5
[INFO] [stderr]      8:     0x55e433d2e0e4 - std::sys_common::backtrace::print::h23a2d212c6fff936
[INFO] [stderr]                                  at /rustc/82e1608dfa6e0b5569232559e3d385fea5a93112/library/std/src/sys_common/backtrace.rs:34:9
[INFO] [stderr]      9:     0x55e433d2f8f7 - std::panicking::default_hook::{{closure}}::h8a1d2ee00185001a
[INFO] [stderr]     10:     0x55e433d2f65f - std::panicking::default_hook::h6038f2eba384e475
[INFO] [stderr]                                  at /rustc/82e1608dfa6e0b5569232559e3d385fea5a93112/library/std/src/panicking.rs:292:9
[INFO] [stderr]     11:     0x55e433d2fd78 - std::panicking::rust_panic_with_hook::h2b5517d590cab22e
[INFO] [stderr]                                  at /rustc/82e1608dfa6e0b5569232559e3d385fea5a93112/library/std/src/panicking.rs:779:13
[INFO] [stderr]     12:     0x55e433d2fc5e - std::panicking::begin_panic_handler::{{closure}}::h233112c06e0ef43e
[INFO] [stderr]                                  at /rustc/82e1608dfa6e0b5569232559e3d385fea5a93112/library/std/src/panicking.rs:657:13
[INFO] [stderr]     13:     0x55e433d2e7c6 - std::sys_common::backtrace::__rust_end_short_backtrace::h6e893f24d7ebbff8
[INFO] [stderr]                                  at /rustc/82e1608dfa6e0b5569232559e3d385fea5a93112/library/std/src/sys_common/backtrace.rs:170:18
[INFO] [stderr]     14:     0x55e433d2f9c2 - rust_begin_unwind
[INFO] [stderr]                                  at /rustc/82e1608dfa6e0b5569232559e3d385fea5a93112/library/std/src/panicking.rs:645:5
[INFO] [stderr]     15:     0x55e433cad625 - core::panicking::panic_fmt::hbf0e066aabfa482c
[INFO] [stderr]                                  at /rustc/82e1608dfa6e0b5569232559e3d385fea5a93112/library/core/src/panicking.rs:72:14
[INFO] [stderr]     16:     0x55e433ccaf81 - cmake::fail::h4684a5c31c166c91
[INFO] [stderr]     17:     0x55e433cca687 - cmake::run::h953481bdfb54d7fe
[INFO] [stderr]     18:     0x55e433cc7818 - cmake::Config::build::h4640391b4ca0ba63
[INFO] [stderr]     19:     0x55e433cb35c5 - build_script_build::build_shaderc_unix::h0ce884800d70ef47
[INFO] [stderr]     20:     0x55e433cb68ca - build_script_build::main::h4cde75bcef8a36d6
[INFO] [stderr]     21:     0x55e433caef83 - core::ops::function::FnOnce::call_once::h07be0c4e36dc7850
[INFO] [stderr]     22:     0x55e433cae066 - std::sys_common::backtrace::__rust_begin_short_backtrace::h59d2b50bc9080140
[INFO] [stderr]     23:     0x55e433cae8c9 - std::rt::lang_start::{{closure}}::h7424c30b1da53db8
[INFO] [stderr]     24:     0x55e433d27637 - core::ops::function::impls::<impl core::ops::function::FnOnce<A> for &F>::call_once::hd95060ecd5e1ca24
[INFO] [stderr]                                  at /rustc/82e1608dfa6e0b5569232559e3d385fea5a93112/library/core/src/ops/function.rs:284:13
[INFO] [stderr]     25:     0x55e433d27637 - std::panicking::try::do_call::h6e8cf51db32a6e4b
[INFO] [stderr]                                  at /rustc/82e1608dfa6e0b5569232559e3d385fea5a93112/library/std/src/panicking.rs:552:40
[INFO] [stderr]     26:     0x55e433d27637 - std::panicking::try::h3a52eefe24fe3c29
[INFO] [stderr]                                  at /rustc/82e1608dfa6e0b5569232559e3d385fea5a93112/library/std/src/panicking.rs:516:19
[INFO] [stderr]     27:     0x55e433d27637 - std::panic::catch_unwind::h24c28c23c02c3841
[INFO] [stderr]                                  at /rustc/82e1608dfa6e0b5569232559e3d385fea5a93112/library/std/src/panic.rs:142:14
[INFO] [stderr]     28:     0x55e433d27637 - std::rt::lang_start_internal::{{closure}}::h705d3c9cbc06ef47
[INFO] [stderr]                                  at /rustc/82e1608dfa6e0b5569232559e3d385fea5a93112/library/std/src/rt.rs:148:48
[INFO] [stderr]     29:     0x55e433d27637 - std::panicking::try::do_call::ha21f52ba13158470
[INFO] [stderr]                                  at /rustc/82e1608dfa6e0b5569232559e3d385fea5a93112/library/std/src/panicking.rs:552:40
[INFO] [stderr]     30:     0x55e433d27637 - std::panicking::try::h5581346bf6aeb1f8
[INFO] [stderr]                                  at /rustc/82e1608dfa6e0b5569232559e3d385fea5a93112/library/std/src/panicking.rs:516:19
[INFO] [stderr]     31:     0x55e433d27637 - std::panic::catch_unwind::h7919645a6b72e25b
[INFO] [stderr]                                  at /rustc/82e1608dfa6e0b5569232559e3d385fea5a93112/library/std/src/panic.rs:142:14
[INFO] [stderr]     32:     0x55e433d27637 - std::rt::lang_start_internal::h12de51168669836e
[INFO] [stderr]                                  at /rustc/82e1608dfa6e0b5569232559e3d385fea5a93112/library/std/src/rt.rs:148:20
[INFO] [stderr]     33:     0x55e433cae8a7 - std::rt::lang_start::h0fbb675e3e82157e
[INFO] [stderr]     34:     0x55e433cb6f75 - main
[INFO] [stderr]     35:     0x7f2f3e555d90 - <unknown>
[INFO] [stderr]     36:     0x7f2f3e555e40 - __libc_start_main
[INFO] [stderr]     37:     0x55e433cadd45 - _start
[INFO] [stderr]     38:                0x0 - <unknown>
[INFO] running `Command { std: "docker" "inspect" "25b0e17ac0084ee8cf6d5b7af50f9d61564243672c54699020847b381a7265be", kill_on_drop: false }`
[INFO] running `Command { std: "docker" "rm" "-f" "25b0e17ac0084ee8cf6d5b7af50f9d61564243672c54699020847b381a7265be", kill_on_drop: false }`
[INFO] [stdout] 25b0e17ac0084ee8cf6d5b7af50f9d61564243672c54699020847b381a7265be
