[INFO] cloning repository https://github.com/Ponseelan/RustCV
[INFO] running `Command { std: "git" "-c" "credential.helper=" "-c" "credential.helper=/workspace/cargo-home/bin/git-credential-null" "clone" "--bare" "https://github.com/Ponseelan/RustCV" "/workspace/cache/git-repos/https%3A%2F%2Fgithub.com%2FPonseelan%2FRustCV", kill_on_drop: false }`
[INFO] [stderr] Cloning into bare repository '/workspace/cache/git-repos/https%3A%2F%2Fgithub.com%2FPonseelan%2FRustCV'...
[INFO] running `Command { std: "git" "rev-parse" "HEAD", kill_on_drop: false }`
[INFO] [stdout] 010add6fd7a5aa6d33aed3c898040904d51fda17
[INFO] documenting Ponseelan/RustCV against 1.75.0 for beta-1.76-rustdoc-1
[INFO] running `Command { std: "git" "clone" "/workspace/cache/git-repos/https%3A%2F%2Fgithub.com%2FPonseelan%2FRustCV" "/workspace/builds/worker-6-tc1/source", kill_on_drop: false }`
[INFO] [stderr] Cloning into '/workspace/builds/worker-6-tc1/source'...
[INFO] [stderr] done.
[INFO] validating manifest of git repo https://github.com/Ponseelan/RustCV on toolchain 1.75.0
[INFO] running `Command { std: CARGO_HOME="/workspace/cargo-home" RUSTUP_HOME="/workspace/rustup-home" "/workspace/cargo-home/bin/cargo" "+1.75.0" "metadata" "--manifest-path" "Cargo.toml" "--no-deps", kill_on_drop: false }`
[INFO] started tweaking git repo https://github.com/Ponseelan/RustCV
[INFO] finished tweaking git repo https://github.com/Ponseelan/RustCV
[INFO] tweaked toml for git repo https://github.com/Ponseelan/RustCV written to /workspace/builds/worker-6-tc1/source/Cargo.toml
[INFO] crate git repo https://github.com/Ponseelan/RustCV already has a lockfile, it will not be regenerated
[INFO] running `Command { std: CARGO_HOME="/workspace/cargo-home" RUSTUP_HOME="/workspace/rustup-home" "/workspace/cargo-home/bin/cargo" "+1.75.0" "fetch" "--manifest-path" "Cargo.toml", kill_on_drop: false }`
[INFO] running `Command { std: "docker" "create" "-v" "/var/lib/crater-agent-workspace/builds/worker-6-tc1/target:/opt/rustwide/target:rw,Z" "-v" "/var/lib/crater-agent-workspace/builds/worker-6-tc1/source:/opt/rustwide/workdir:ro,Z" "-v" "/var/lib/crater-agent-workspace/cargo-home:/opt/rustwide/cargo-home:ro,Z" "-v" "/var/lib/crater-agent-workspace/rustup-home:/opt/rustwide/rustup-home:ro,Z" "-e" "SOURCE_DIR=/opt/rustwide/workdir" "-e" "CARGO_TARGET_DIR=/opt/rustwide/target" "-e" "CARGO_HOME=/opt/rustwide/cargo-home" "-e" "RUSTUP_HOME=/opt/rustwide/rustup-home" "-w" "/opt/rustwide/workdir" "-m" "1610612736" "--user" "0:0" "--network" "none" "ghcr.io/rust-lang/crates-build-env/linux@sha256:2788e3201cd34a07e3172128adcd8b3090168a8e3bcc40d7c032b9dda1df7d1c" "/opt/rustwide/cargo-home/bin/cargo" "+1.75.0" "metadata" "--no-deps" "--format-version=1", kill_on_drop: false }`
[INFO] [stdout] 323084a526b35a83051e0f470a26b00ef044c30224d9b70ea33f8578f33e6013
[INFO] running `Command { std: "docker" "start" "-a" "323084a526b35a83051e0f470a26b00ef044c30224d9b70ea33f8578f33e6013", kill_on_drop: false }`
[INFO] running `Command { std: "docker" "inspect" "323084a526b35a83051e0f470a26b00ef044c30224d9b70ea33f8578f33e6013", kill_on_drop: false }`
[INFO] running `Command { std: "docker" "rm" "-f" "323084a526b35a83051e0f470a26b00ef044c30224d9b70ea33f8578f33e6013", kill_on_drop: false }`
[INFO] [stdout] 323084a526b35a83051e0f470a26b00ef044c30224d9b70ea33f8578f33e6013
[INFO] running `Command { std: "docker" "create" "-v" "/var/lib/crater-agent-workspace/builds/worker-6-tc1/target:/opt/rustwide/target:rw,Z" "-v" "/var/lib/crater-agent-workspace/builds/worker-6-tc1/source:/opt/rustwide/workdir:ro,Z" "-v" "/var/lib/crater-agent-workspace/cargo-home:/opt/rustwide/cargo-home:ro,Z" "-v" "/var/lib/crater-agent-workspace/rustup-home:/opt/rustwide/rustup-home:ro,Z" "-e" "SOURCE_DIR=/opt/rustwide/workdir" "-e" "CARGO_TARGET_DIR=/opt/rustwide/target" "-e" "CARGO_INCREMENTAL=0" "-e" "RUST_BACKTRACE=full" "-e" "RUSTFLAGS=--cap-lints=warn" "-e" "RUSTDOCFLAGS=--cap-lints=warn" "-e" "CARGO_HOME=/opt/rustwide/cargo-home" "-e" "RUSTUP_HOME=/opt/rustwide/rustup-home" "-w" "/opt/rustwide/workdir" "-m" "1610612736" "--user" "0:0" "--network" "none" "ghcr.io/rust-lang/crates-build-env/linux@sha256:2788e3201cd34a07e3172128adcd8b3090168a8e3bcc40d7c032b9dda1df7d1c" "/opt/rustwide/cargo-home/bin/cargo" "+1.75.0" "doc" "--frozen" "--no-deps" "--document-private-items" "--message-format=json", kill_on_drop: false }`
[INFO] [stdout] c58448278c4e3403b7e0281191092c7b58800d38929925d3e5ad136b57296782
[INFO] running `Command { std: "docker" "start" "-a" "c58448278c4e3403b7e0281191092c7b58800d38929925d3e5ad136b57296782", kill_on_drop: false }`
[INFO] [stderr]    Compiling proc-macro2 v1.0.59
[INFO] [stderr]    Compiling quote v1.0.28
[INFO] [stderr]    Compiling unicode-ident v1.0.9
[INFO] [stderr]    Compiling serde v1.0.163
[INFO] [stderr]    Compiling serde_json v1.0.96
[INFO] [stderr]    Compiling libc v0.2.144
[INFO] [stderr]    Compiling syn v2.0.18
[INFO] [stderr]    Compiling serde_derive v1.0.163
[INFO] [stderr]  Documenting main v0.1.0 (/opt/rustwide/workdir)
[INFO] [stdout] error[E0583]: file not found for module `ScdPreprocessingValidatorPlugin`
[INFO] [stdout]  --> src/ConnectorVertical/Plugins.rs:1:1
[INFO] [stdout]   |
[INFO] [stdout] 1 | pub mod ScdPreprocessingValidatorPlugin;
[INFO] [stdout]   | ^^^^^^^^^^^^^^^^^^^^^^^^^^^^^^^^^^^^^^^^
[INFO] [stdout]   |
[INFO] [stdout]   = help: to create the module `ScdPreprocessingValidatorPlugin`, create file "src/ConnectorVertical/Plugins/ScdPreprocessingValidatorPlugin.rs" or "src/ConnectorVertical/Plugins/ScdPreprocessingValidatorPlugin/mod.rs"
[INFO] [stdout]   = note: if there is a `mod ScdPreprocessingValidatorPlugin` elsewhere in the crate already, import it with `use crate::...` instead
[INFO] [stdout] 
[INFO] [stdout] 
[INFO] [stdout] error[E0583]: file not found for module `ScdPreprocessingValidatorPlugin`
[INFO] [stdout]  --> src/ConnectorVertical/Plugins.rs:1:1
[INFO] [stdout]   |
[INFO] [stdout] 1 | pub mod ScdPreprocessingValidatorPlugin;
[INFO] [stdout]   | ^^^^^^^^^^^^^^^^^^^^^^^^^^^^^^^^^^^^^^^^
[INFO] [stdout]   |
[INFO] [stdout]   = help: to create the module `ScdPreprocessingValidatorPlugin`, create file "src/ConnectorVertical/Plugins/ScdPreprocessingValidatorPlugin.rs" or "src/ConnectorVertical/Plugins/ScdPreprocessingValidatorPlugin/mod.rs"
[INFO] [stdout]   = note: if there is a `mod ScdPreprocessingValidatorPlugin` elsewhere in the crate already, import it with `use crate::...` instead
[INFO] [stdout] 
[INFO] [stdout] 
[INFO] [stdout] error[E0583]: file not found for module `ResolveVerticalSettingPlugin`
[INFO] [stdout]  --> src/ConnectorVertical/Plugins.rs:2:1
[INFO] [stdout]   |
[INFO] [stdout] 2 | pub mod ResolveVerticalSettingPlugin;
[INFO] [stdout]   | ^^^^^^^^^^^^^^^^^^^^^^^^^^^^^^^^^^^^^
[INFO] [stdout]   |
[INFO] [stdout]   = help: to create the module `ResolveVerticalSettingPlugin`, create file "src/ConnectorVertical/Plugins/ResolveVerticalSettingPlugin.rs" or "src/ConnectorVertical/Plugins/ResolveVerticalSettingPlugin/mod.rs"
[INFO] [stdout]   = note: if there is a `mod ResolveVerticalSettingPlugin` elsewhere in the crate already, import it with `use crate::...` instead
[INFO] [stdout] 
[INFO] [stdout] 
[INFO] [stdout] error[E0583]: file not found for module `ResolveVerticalSettingPlugin`
[INFO] [stdout]  --> src/ConnectorVertical/Plugins.rs:2:1
[INFO] [stdout]   |
[INFO] [stdout] 2 | pub mod ResolveVerticalSettingPlugin;
[INFO] [stdout]   | ^^^^^^^^^^^^^^^^^^^^^^^^^^^^^^^^^^^^^
[INFO] [stdout]   |
[INFO] [stdout]   = help: to create the module `ResolveVerticalSettingPlugin`, create file "src/ConnectorVertical/Plugins/ResolveVerticalSettingPlugin.rs" or "src/ConnectorVertical/Plugins/ResolveVerticalSettingPlugin/mod.rs"
[INFO] [stdout]   = note: if there is a `mod ResolveVerticalSettingPlugin` elsewhere in the crate already, import it with `use crate::...` instead
[INFO] [stdout] 
[INFO] [stdout] 
[INFO] [stdout] error[E0432]: unresolved import `ConnectorVertical::Plugins::ScdPreprocessingValidatorPlugin::ScdPreprocessingValidatorPlugin`
[INFO] [stdout]  --> src/UnitTest/TestConnectorVertical.rs:3:5
[INFO] [stdout]   |
[INFO] [stdout] 3 |     Plugins::ScdPreprocessingValidatorPlugin::ScdPreprocessingValidatorPlugin};
[INFO] [stdout]   |     ^^^^^^^^^^^^^^^^^^^^^^^^^^^^^^^^^^^^^^^^^^^^^^^^^^^^^^^^^^^^^^^^^^^^^^^^^ no `ScdPreprocessingValidatorPlugin` in `ConnectorVertical::Plugins::ScdPreprocessingValidatorPlugin`
[INFO] [stdout]   |
[INFO] [stdout]   = help: consider importing this module instead:
[INFO] [stdout]           ConnectorVertical::Plugins::ScdPreprocessingValidatorPlugin
[INFO] [stdout] 
[INFO] [stdout] 
[INFO] [stdout] error: aborting due to 3 previous errors
[INFO] [stdout] 
[INFO] [stdout] 
[INFO] [stdout] error: aborting due to 2 previous errors
[INFO] [stdout] 
[INFO] [stdout] 
[INFO] [stdout] For more information about this error, try `rustc --explain E0583`.
[INFO] [stdout] 
[INFO] [stdout] Some errors have detailed explanations: E0432, E0583.
[INFO] [stdout] 
[INFO] [stdout] For more information about an error, try `rustc --explain E0432`.
[INFO] [stdout] 
[INFO] [stderr] error: could not document `main`
[INFO] [stderr] 
[INFO] [stderr] Caused by:
[INFO] [stderr]   process didn't exit successfully: `/opt/rustwide/rustup-home/toolchains/1.75.0-x86_64-unknown-linux-gnu/bin/rustdoc --crate-type cdylib --crate-name ConnectorVertical src/lib.rs -o /opt/rustwide/target/doc --error-format=json --json=diagnostic-rendered-ansi,artifacts,future-incompat --document-private-items -C metadata=7034a2d5effe9488 -L dependency=/opt/rustwide/target/debug/deps --extern lazy_static=/opt/rustwide/target/debug/deps/liblazy_static-e7445b4e8703c20b.rmeta --extern libc=/opt/rustwide/target/debug/deps/liblibc-aa0e6b9065dfb0ca.rmeta --extern serde=/opt/rustwide/target/debug/deps/libserde-af550f3f6e8f60a6.rmeta --extern serde_json=/opt/rustwide/target/debug/deps/libserde_json-b1fa9cfad5748938.rmeta --cap-lints=warn --crate-version 0.1.0` (exit status: 1)
[INFO] [stderr] warning: build failed, waiting for other jobs to finish...
[INFO] [stderr] error: could not document `main`
[INFO] [stderr] 
[INFO] [stderr] Caused by:
[INFO] [stderr]   process didn't exit successfully: `/opt/rustwide/rustup-home/toolchains/1.75.0-x86_64-unknown-linux-gnu/bin/rustdoc --crate-type bin --crate-name main src/main.rs -o /opt/rustwide/target/doc --error-format=json --json=diagnostic-rendered-ansi,artifacts,future-incompat --document-private-items '-Arustdoc::private-intra-doc-links' -C metadata=be6fd20bbd8764a7 -L dependency=/opt/rustwide/target/debug/deps --extern lazy_static=/opt/rustwide/target/debug/deps/liblazy_static-e7445b4e8703c20b.rmeta --extern libc=/opt/rustwide/target/debug/deps/liblibc-aa0e6b9065dfb0ca.rmeta --extern serde=/opt/rustwide/target/debug/deps/libserde-af550f3f6e8f60a6.rmeta --extern serde_json=/opt/rustwide/target/debug/deps/libserde_json-b1fa9cfad5748938.rmeta --cap-lints=warn --crate-version 0.1.0` (exit status: 1)
[INFO] running `Command { std: "docker" "inspect" "c58448278c4e3403b7e0281191092c7b58800d38929925d3e5ad136b57296782", kill_on_drop: false }`
[INFO] running `Command { std: "docker" "rm" "-f" "c58448278c4e3403b7e0281191092c7b58800d38929925d3e5ad136b57296782", kill_on_drop: false }`
[INFO] [stdout] c58448278c4e3403b7e0281191092c7b58800d38929925d3e5ad136b57296782
[INFO] documenting Ponseelan/RustCV against beta-2023-12-22 for beta-1.76-rustdoc-1
[INFO] running `Command { std: "git" "clone" "/workspace/cache/git-repos/https%3A%2F%2Fgithub.com%2FPonseelan%2FRustCV" "/workspace/builds/worker-6-tc2/source", kill_on_drop: false }`
[INFO] [stderr] Cloning into '/workspace/builds/worker-6-tc2/source'...
[INFO] [stderr] done.
[INFO] validating manifest of git repo https://github.com/Ponseelan/RustCV on toolchain beta-2023-12-22
[INFO] running `Command { std: CARGO_HOME="/workspace/cargo-home" RUSTUP_HOME="/workspace/rustup-home" "/workspace/cargo-home/bin/cargo" "+beta-2023-12-22" "metadata" "--manifest-path" "Cargo.toml" "--no-deps", kill_on_drop: false }`
[INFO] started tweaking git repo https://github.com/Ponseelan/RustCV
[INFO] finished tweaking git repo https://github.com/Ponseelan/RustCV
[INFO] tweaked toml for git repo https://github.com/Ponseelan/RustCV written to /workspace/builds/worker-6-tc2/source/Cargo.toml
[INFO] crate git repo https://github.com/Ponseelan/RustCV already has a lockfile, it will not be regenerated
[INFO] running `Command { std: CARGO_HOME="/workspace/cargo-home" RUSTUP_HOME="/workspace/rustup-home" "/workspace/cargo-home/bin/cargo" "+beta-2023-12-22" "fetch" "--manifest-path" "Cargo.toml", kill_on_drop: false }`
[INFO] running `Command { std: "docker" "create" "-v" "/var/lib/crater-agent-workspace/builds/worker-6-tc2/target:/opt/rustwide/target:rw,Z" "-v" "/var/lib/crater-agent-workspace/builds/worker-6-tc2/source:/opt/rustwide/workdir:ro,Z" "-v" "/var/lib/crater-agent-workspace/cargo-home:/opt/rustwide/cargo-home:ro,Z" "-v" "/var/lib/crater-agent-workspace/rustup-home:/opt/rustwide/rustup-home:ro,Z" "-e" "SOURCE_DIR=/opt/rustwide/workdir" "-e" "CARGO_TARGET_DIR=/opt/rustwide/target" "-e" "CARGO_HOME=/opt/rustwide/cargo-home" "-e" "RUSTUP_HOME=/opt/rustwide/rustup-home" "-w" "/opt/rustwide/workdir" "-m" "1610612736" "--user" "0:0" "--network" "none" "ghcr.io/rust-lang/crates-build-env/linux@sha256:2788e3201cd34a07e3172128adcd8b3090168a8e3bcc40d7c032b9dda1df7d1c" "/opt/rustwide/cargo-home/bin/cargo" "+beta-2023-12-22" "metadata" "--no-deps" "--format-version=1", kill_on_drop: false }`
[INFO] [stdout] 3ec5a7d2f76d9c61aabbe20310d154baf671326f3e668da2a2dac9a6f81a6104
[INFO] running `Command { std: "docker" "start" "-a" "3ec5a7d2f76d9c61aabbe20310d154baf671326f3e668da2a2dac9a6f81a6104", kill_on_drop: false }`
[INFO] running `Command { std: "docker" "inspect" "3ec5a7d2f76d9c61aabbe20310d154baf671326f3e668da2a2dac9a6f81a6104", kill_on_drop: false }`
[INFO] running `Command { std: "docker" "rm" "-f" "3ec5a7d2f76d9c61aabbe20310d154baf671326f3e668da2a2dac9a6f81a6104", kill_on_drop: false }`
[INFO] [stdout] 3ec5a7d2f76d9c61aabbe20310d154baf671326f3e668da2a2dac9a6f81a6104
[INFO] running `Command { std: "docker" "create" "-v" "/var/lib/crater-agent-workspace/builds/worker-6-tc2/target:/opt/rustwide/target:rw,Z" "-v" "/var/lib/crater-agent-workspace/builds/worker-6-tc2/source:/opt/rustwide/workdir:ro,Z" "-v" "/var/lib/crater-agent-workspace/cargo-home:/opt/rustwide/cargo-home:ro,Z" "-v" "/var/lib/crater-agent-workspace/rustup-home:/opt/rustwide/rustup-home:ro,Z" "-e" "SOURCE_DIR=/opt/rustwide/workdir" "-e" "CARGO_TARGET_DIR=/opt/rustwide/target" "-e" "CARGO_INCREMENTAL=0" "-e" "RUST_BACKTRACE=full" "-e" "RUSTFLAGS=--cap-lints=warn" "-e" "RUSTDOCFLAGS=--cap-lints=warn" "-e" "CARGO_HOME=/opt/rustwide/cargo-home" "-e" "RUSTUP_HOME=/opt/rustwide/rustup-home" "-w" "/opt/rustwide/workdir" "-m" "1610612736" "--user" "0:0" "--network" "none" "ghcr.io/rust-lang/crates-build-env/linux@sha256:2788e3201cd34a07e3172128adcd8b3090168a8e3bcc40d7c032b9dda1df7d1c" "/opt/rustwide/cargo-home/bin/cargo" "+beta-2023-12-22" "doc" "--frozen" "--no-deps" "--document-private-items" "--message-format=json", kill_on_drop: false }`
[INFO] [stdout] 09ecd39c4690a6c7d9c50ec41619f9ae874bb8400fa8f6acf927f658b672d108
[INFO] running `Command { std: "docker" "start" "-a" "09ecd39c4690a6c7d9c50ec41619f9ae874bb8400fa8f6acf927f658b672d108", kill_on_drop: false }`
[INFO] [stderr]    Compiling proc-macro2 v1.0.59
[INFO] [stderr]    Compiling quote v1.0.28
[INFO] [stderr]    Compiling unicode-ident v1.0.9
[INFO] [stderr]    Compiling serde v1.0.163
[INFO] [stderr]    Compiling libc v0.2.144
[INFO] [stderr]    Compiling serde_json v1.0.96
[INFO] [stderr]    Compiling syn v2.0.18
[INFO] [stderr]    Compiling serde_derive v1.0.163
[INFO] [stderr]  Documenting main v0.1.0 (/opt/rustwide/workdir)
[INFO] [stdout] error[E0583]: file not found for module `ScdPreprocessingValidatorPlugin`
[INFO] [stdout]  --> src/ConnectorVertical/Plugins.rs:1:1
[INFO] [stdout]   |
[INFO] [stdout] 1 | pub mod ScdPreprocessingValidatorPlugin;
[INFO] [stdout]   | ^^^^^^^^^^^^^^^^^^^^^^^^^^^^^^^^^^^^^^^^
[INFO] [stdout]   |
[INFO] [stdout]   = help: to create the module `ScdPreprocessingValidatorPlugin`, create file "src/ConnectorVertical/Plugins/ScdPreprocessingValidatorPlugin.rs" or "src/ConnectorVertical/Plugins/ScdPreprocessingValidatorPlugin/mod.rs"
[INFO] [stdout]   = note: if there is a `mod ScdPreprocessingValidatorPlugin` elsewhere in the crate already, import it with `use crate::...` instead
[INFO] [stdout] 
[INFO] [stdout] 
[INFO] [stdout] error[E0583]: file not found for module `ScdPreprocessingValidatorPlugin`
[INFO] [stdout]  --> src/ConnectorVertical/Plugins.rs:1:1
[INFO] [stdout]   |
[INFO] [stdout] 1 | pub mod ScdPreprocessingValidatorPlugin;
[INFO] [stdout]   | ^^^^^^^^^^^^^^^^^^^^^^^^^^^^^^^^^^^^^^^^
[INFO] [stdout]   |
[INFO] [stdout]   = help: to create the module `ScdPreprocessingValidatorPlugin`, create file "src/ConnectorVertical/Plugins/ScdPreprocessingValidatorPlugin.rs" or "src/ConnectorVertical/Plugins/ScdPreprocessingValidatorPlugin/mod.rs"
[INFO] [stdout]   = note: if there is a `mod ScdPreprocessingValidatorPlugin` elsewhere in the crate already, import it with `use crate::...` instead
[INFO] [stdout] 
[INFO] [stdout] 
[INFO] [stdout] error[E0583]: file not found for module `ResolveVerticalSettingPlugin`
[INFO] [stdout]  --> src/ConnectorVertical/Plugins.rs:2:1
[INFO] [stdout]   |
[INFO] [stdout] 2 | pub mod ResolveVerticalSettingPlugin;
[INFO] [stdout]   | ^^^^^^^^^^^^^^^^^^^^^^^^^^^^^^^^^^^^^
[INFO] [stdout]   |
[INFO] [stdout]   = help: to create the module `ResolveVerticalSettingPlugin`, create file "src/ConnectorVertical/Plugins/ResolveVerticalSettingPlugin.rs" or "src/ConnectorVertical/Plugins/ResolveVerticalSettingPlugin/mod.rs"
[INFO] [stdout]   = note: if there is a `mod ResolveVerticalSettingPlugin` elsewhere in the crate already, import it with `use crate::...` instead
[INFO] [stdout] 
[INFO] [stdout] 
[INFO] [stdout] error[E0583]: file not found for module `ResolveVerticalSettingPlugin`
[INFO] [stdout]  --> src/ConnectorVertical/Plugins.rs:2:1
[INFO] [stdout]   |
[INFO] [stdout] 2 | pub mod ResolveVerticalSettingPlugin;
[INFO] [stdout]   | ^^^^^^^^^^^^^^^^^^^^^^^^^^^^^^^^^^^^^
[INFO] [stdout]   |
[INFO] [stdout]   = help: to create the module `ResolveVerticalSettingPlugin`, create file "src/ConnectorVertical/Plugins/ResolveVerticalSettingPlugin.rs" or "src/ConnectorVertical/Plugins/ResolveVerticalSettingPlugin/mod.rs"
[INFO] [stdout]   = note: if there is a `mod ResolveVerticalSettingPlugin` elsewhere in the crate already, import it with `use crate::...` instead
[INFO] [stdout] 
[INFO] [stdout] 
[INFO] [stdout] error[E0432]: unresolved import `ConnectorVertical::Plugins::ScdPreprocessingValidatorPlugin::ScdPreprocessingValidatorPlugin`
[INFO] [stdout]  --> src/UnitTest/TestConnectorVertical.rs:3:5
[INFO] [stdout]   |
[INFO] [stdout] 3 |     Plugins::ScdPreprocessingValidatorPlugin::ScdPreprocessingValidatorPlugin};
[INFO] [stdout]   |     ^^^^^^^^^^^^^^^^^^^^^^^^^^^^^^^^^^^^^^^^^^^^^^^^^^^^^^^^^^^^^^^^^^^^^^^^^ no `ScdPreprocessingValidatorPlugin` in `ConnectorVertical::Plugins::ScdPreprocessingValidatorPlugin`
[INFO] [stdout]   |
[INFO] [stdout]   = help: consider importing this module instead:
[INFO] [stdout]           ConnectorVertical::Plugins::ScdPreprocessingValidatorPlugin
[INFO] [stdout] 
[INFO] [stdout] 
[INFO] [stdout] error: aborting due to 2 previous errors
[INFO] [stdout] 
[INFO] [stdout] 
[INFO] [stdout] For more information about this error, try `rustc --explain E0583`.
[INFO] [stdout] 
[INFO] [stdout] error: aborting due to 3 previous errors
[INFO] [stdout] 
[INFO] [stdout] 
[INFO] [stdout] Some errors have detailed explanations: E0432, E0583.
[INFO] [stdout] 
[INFO] [stdout] For more information about an error, try `rustc --explain E0432`.
[INFO] [stdout] 
[INFO] [stderr] error: could not document `main`
[INFO] [stderr] 
[INFO] [stderr] Caused by:
[INFO] [stderr]   process didn't exit successfully: `/opt/rustwide/rustup-home/toolchains/beta-2023-12-22-x86_64-unknown-linux-gnu/bin/rustdoc --crate-type cdylib --crate-name ConnectorVertical src/lib.rs -o /opt/rustwide/target/doc --error-format=json --json=diagnostic-rendered-ansi,artifacts,future-incompat --document-private-items -C metadata=09a7ce4e4aa9edbc -L dependency=/opt/rustwide/target/debug/deps --extern lazy_static=/opt/rustwide/target/debug/deps/liblazy_static-cc91e7c9c894213a.rmeta --extern libc=/opt/rustwide/target/debug/deps/liblibc-481ff8c107ffe31a.rmeta --extern serde=/opt/rustwide/target/debug/deps/libserde-932c8507c19f1a53.rmeta --extern serde_json=/opt/rustwide/target/debug/deps/libserde_json-fe0244f51406cbb9.rmeta --cap-lints=warn --crate-version 0.1.0` (exit status: 1)
[INFO] [stderr] warning: build failed, waiting for other jobs to finish...
[INFO] [stderr] error: could not document `main`
[INFO] [stderr] 
[INFO] [stderr] Caused by:
[INFO] [stderr]   process didn't exit successfully: `/opt/rustwide/rustup-home/toolchains/beta-2023-12-22-x86_64-unknown-linux-gnu/bin/rustdoc --crate-type bin --crate-name main src/main.rs -o /opt/rustwide/target/doc --error-format=json --json=diagnostic-rendered-ansi,artifacts,future-incompat --document-private-items '-Arustdoc::private-intra-doc-links' -C metadata=c68891bc02d26e50 -L dependency=/opt/rustwide/target/debug/deps --extern lazy_static=/opt/rustwide/target/debug/deps/liblazy_static-cc91e7c9c894213a.rmeta --extern libc=/opt/rustwide/target/debug/deps/liblibc-481ff8c107ffe31a.rmeta --extern serde=/opt/rustwide/target/debug/deps/libserde-932c8507c19f1a53.rmeta --extern serde_json=/opt/rustwide/target/debug/deps/libserde_json-fe0244f51406cbb9.rmeta --cap-lints=warn --crate-version 0.1.0` (exit status: 1)
[INFO] running `Command { std: "docker" "inspect" "09ecd39c4690a6c7d9c50ec41619f9ae874bb8400fa8f6acf927f658b672d108", kill_on_drop: false }`
[INFO] running `Command { std: "docker" "rm" "-f" "09ecd39c4690a6c7d9c50ec41619f9ae874bb8400fa8f6acf927f658b672d108", kill_on_drop: false }`
[INFO] [stdout] 09ecd39c4690a6c7d9c50ec41619f9ae874bb8400fa8f6acf927f658b672d108
