[INFO] cloning repository https://github.com/PolymagicYang/upload-server
[INFO] running `Command { std: "git" "-c" "credential.helper=" "-c" "credential.helper=/workspace/cargo-home/bin/git-credential-null" "clone" "--bare" "https://github.com/PolymagicYang/upload-server" "/workspace/cache/git-repos/https%3A%2F%2Fgithub.com%2FPolymagicYang%2Fupload-server", kill_on_drop: false }`
[INFO] [stderr] Cloning into bare repository '/workspace/cache/git-repos/https%3A%2F%2Fgithub.com%2FPolymagicYang%2Fupload-server'...
[INFO] running `Command { std: "git" "rev-parse" "HEAD", kill_on_drop: false }`
[INFO] [stdout] 672382366be0a0722a23f2a5658eeefef8581cd5
[INFO] documenting PolymagicYang/upload-server against 1.75.0 for beta-1.76-rustdoc-1
[INFO] running `Command { std: "git" "clone" "/workspace/cache/git-repos/https%3A%2F%2Fgithub.com%2FPolymagicYang%2Fupload-server" "/workspace/builds/worker-5-tc1/source", kill_on_drop: false }`
[INFO] [stderr] Cloning into '/workspace/builds/worker-5-tc1/source'...
[INFO] [stderr] done.
[INFO] validating manifest of git repo https://github.com/PolymagicYang/upload-server on toolchain 1.75.0
[INFO] running `Command { std: CARGO_HOME="/workspace/cargo-home" RUSTUP_HOME="/workspace/rustup-home" "/workspace/cargo-home/bin/cargo" "+1.75.0" "metadata" "--manifest-path" "Cargo.toml" "--no-deps", kill_on_drop: false }`
[INFO] started tweaking git repo https://github.com/PolymagicYang/upload-server
[INFO] finished tweaking git repo https://github.com/PolymagicYang/upload-server
[INFO] tweaked toml for git repo https://github.com/PolymagicYang/upload-server written to /workspace/builds/worker-5-tc1/source/Cargo.toml
[INFO] crate git repo https://github.com/PolymagicYang/upload-server already has a lockfile, it will not be regenerated
[INFO] running `Command { std: CARGO_HOME="/workspace/cargo-home" RUSTUP_HOME="/workspace/rustup-home" "/workspace/cargo-home/bin/cargo" "+1.75.0" "fetch" "--manifest-path" "Cargo.toml", kill_on_drop: false }`
[INFO] [stderr]     Updating crates.io index
[INFO] [stderr]  Downloading crates ...
[INFO] [stderr]   Downloaded bitreader v0.3.5
[INFO] [stderr]   Downloaded kamadak-exif v0.5.4
[INFO] [stderr]   Downloaded tracing v0.1.31
[INFO] [stderr]   Downloaded fallible_collections v0.4.4
[INFO] [stderr]   Downloaded mp4parse v0.12.0
[INFO] running `Command { std: "docker" "create" "-v" "/var/lib/crater-agent-workspace/builds/worker-5-tc1/target:/opt/rustwide/target:rw,Z" "-v" "/var/lib/crater-agent-workspace/builds/worker-5-tc1/source:/opt/rustwide/workdir:ro,Z" "-v" "/var/lib/crater-agent-workspace/cargo-home:/opt/rustwide/cargo-home:ro,Z" "-v" "/var/lib/crater-agent-workspace/rustup-home:/opt/rustwide/rustup-home:ro,Z" "-e" "SOURCE_DIR=/opt/rustwide/workdir" "-e" "CARGO_TARGET_DIR=/opt/rustwide/target" "-e" "CARGO_HOME=/opt/rustwide/cargo-home" "-e" "RUSTUP_HOME=/opt/rustwide/rustup-home" "-w" "/opt/rustwide/workdir" "-m" "1610612736" "--user" "0:0" "--network" "none" "ghcr.io/rust-lang/crates-build-env/linux@sha256:2788e3201cd34a07e3172128adcd8b3090168a8e3bcc40d7c032b9dda1df7d1c" "/opt/rustwide/cargo-home/bin/cargo" "+1.75.0" "metadata" "--no-deps" "--format-version=1", kill_on_drop: false }`
[INFO] [stdout] 23e33a553a10c5c5c633f70085d7b0b93397ce714dc1fff3bfb9fc295bb4be87
[INFO] running `Command { std: "docker" "start" "-a" "23e33a553a10c5c5c633f70085d7b0b93397ce714dc1fff3bfb9fc295bb4be87", kill_on_drop: false }`
[INFO] running `Command { std: "docker" "inspect" "23e33a553a10c5c5c633f70085d7b0b93397ce714dc1fff3bfb9fc295bb4be87", kill_on_drop: false }`
[INFO] running `Command { std: "docker" "rm" "-f" "23e33a553a10c5c5c633f70085d7b0b93397ce714dc1fff3bfb9fc295bb4be87", kill_on_drop: false }`
[INFO] [stdout] 23e33a553a10c5c5c633f70085d7b0b93397ce714dc1fff3bfb9fc295bb4be87
[INFO] running `Command { std: "docker" "create" "-v" "/var/lib/crater-agent-workspace/builds/worker-5-tc1/target:/opt/rustwide/target:rw,Z" "-v" "/var/lib/crater-agent-workspace/builds/worker-5-tc1/source:/opt/rustwide/workdir:ro,Z" "-v" "/var/lib/crater-agent-workspace/cargo-home:/opt/rustwide/cargo-home:ro,Z" "-v" "/var/lib/crater-agent-workspace/rustup-home:/opt/rustwide/rustup-home:ro,Z" "-e" "SOURCE_DIR=/opt/rustwide/workdir" "-e" "CARGO_TARGET_DIR=/opt/rustwide/target" "-e" "CARGO_INCREMENTAL=0" "-e" "RUST_BACKTRACE=full" "-e" "RUSTFLAGS=--cap-lints=warn" "-e" "RUSTDOCFLAGS=--cap-lints=warn" "-e" "CARGO_HOME=/opt/rustwide/cargo-home" "-e" "RUSTUP_HOME=/opt/rustwide/rustup-home" "-w" "/opt/rustwide/workdir" "-m" "1610612736" "--user" "0:0" "--network" "none" "ghcr.io/rust-lang/crates-build-env/linux@sha256:2788e3201cd34a07e3172128adcd8b3090168a8e3bcc40d7c032b9dda1df7d1c" "/opt/rustwide/cargo-home/bin/cargo" "+1.75.0" "doc" "--frozen" "--no-deps" "--document-private-items" "--message-format=json", kill_on_drop: false }`
[INFO] [stdout] 9cb41bd026d97fc139c9e706f19da78a8f24268b26d45bb3a82251b0f7973be7
[INFO] running `Command { std: "docker" "start" "-a" "9cb41bd026d97fc139c9e706f19da78a8f24268b26d45bb3a82251b0f7973be7", kill_on_drop: false }`
[INFO] [stderr]    Compiling libc v0.2.118
[INFO] [stderr]     Checking cfg-if v1.0.0
[INFO] [stderr]    Compiling proc-macro2 v1.0.36
[INFO] [stderr]    Compiling unicode-xid v0.2.2
[INFO] [stderr]    Compiling syn v1.0.86
[INFO] [stderr]    Compiling autocfg v1.1.0
[INFO] [stderr]    Compiling log v0.4.14
[INFO] [stderr]    Compiling version_check v0.9.4
[INFO] [stderr]    Compiling memchr v2.4.1
[INFO] [stderr]    Compiling futures-core v0.3.21
[INFO] [stderr]     Checking once_cell v1.9.0
[INFO] [stderr]    Compiling cc v1.0.73
[INFO] [stderr]     Checking lazy_static v1.4.0
[INFO] [stderr]     Checking pin-project-lite v0.2.8
[INFO] [stderr]     Checking slab v0.4.5
[INFO] [stderr]     Checking futures-sink v0.3.21
[INFO] [stderr]    Compiling futures-channel v0.3.21
[INFO] [stderr]    Compiling futures-task v0.3.21
[INFO] [stderr]    Compiling futures-util v0.3.21
[INFO] [stderr]     Checking pin-utils v0.1.0
[INFO] [stderr]     Checking futures-io v0.3.21
[INFO] [stderr]     Checking cfg-if v0.1.10
[INFO] [stderr]     Checking matches v0.1.9
[INFO] [stderr]     Checking tinyvec_macros v0.1.0
[INFO] [stderr]    Compiling version_check v0.1.5
[INFO] [stderr]     Checking tinyvec v1.5.1
[INFO] [stderr]    Compiling autocfg v0.1.8
[INFO] [stderr]    Compiling quote v1.0.15
[INFO] [stderr]     Checking pin-project-lite v0.1.12
[INFO] [stderr]    Compiling rand_core v0.4.2
[INFO] [stderr]     Checking itoa v1.0.1
[INFO] [stderr]    Compiling unicase v1.4.2
[INFO] [stderr]     Checking num_cpus v1.13.1
[INFO] [stderr]     Checking net2 v0.2.37
[INFO] [stderr]     Checking getrandom v0.2.4
[INFO] [stderr]     Checking iovec v0.1.4
[INFO] [stderr]     Checking signal-hook-registry v1.4.0
[INFO] [stderr]     Checking bytes v1.1.0
[INFO] [stderr]    Compiling serde_derive v1.0.136
[INFO] [stderr]     Checking mio v0.6.23
[INFO] [stderr]     Checking bytes v0.5.6
[INFO] [stderr]     Checking unicode-bidi v0.3.7
[INFO] [stderr]    Compiling serde v1.0.136
[INFO] [stderr]    Compiling ahash v0.7.6
[INFO] [stderr]    Compiling ring v0.16.20
[INFO] [stderr]     Checking bitflags v1.3.2
[INFO] [stderr]     Checking untrusted v0.7.1
[INFO] [stderr]     Checking unicode-normalization v0.1.19
[INFO] [stderr]     Checking smallvec v1.8.0
[INFO] [stderr]     Checking spin v0.5.2
[INFO] [stderr]    Compiling parking_lot_core v0.8.5
[INFO] [stderr]     Checking mio-uds v0.6.8
[INFO] [stderr]    Compiling pin-project-internal v0.4.29
[INFO] [stderr]    Compiling rand_core v0.3.1
[INFO] [stderr]     Checking tokio v0.2.25
[INFO] [stderr]     Checking instant v0.1.12
[INFO] [stderr]     Checking scopeguard v1.1.0
[INFO] [stderr]    Compiling httparse v1.6.0
[INFO] [stderr]     Checking fnv v1.0.7
[INFO] [stderr]     Checking http v0.2.6
[INFO] [stderr]     Checking lock_api v0.4.6
[INFO] [stderr]     Checking hashbrown v0.11.2
[INFO] [stderr]     Checking percent-encoding v2.1.0
[INFO] [stderr]     Checking ppv-lite86 v0.2.16
[INFO] [stderr]    Compiling convert_case v0.4.0
[INFO] [stderr]    Compiling getrandom v0.1.16
[INFO] [stderr]     Checking parking_lot v0.11.2
[INFO] [stderr]     Checking threadpool v1.8.1
[INFO] [stderr]    Compiling rand_chacha v0.1.1
[INFO] [stderr]    Compiling rand_pcg v0.1.2
[INFO] [stderr]     Checking tracing-core v0.1.22
[INFO] [stderr]    Compiling indexmap v1.8.0
[INFO] [stderr]     Checking byteorder v1.4.3
[INFO] [stderr]    Compiling pkg-config v0.3.24
[INFO] [stderr]     Checking tracing v0.1.31
[INFO] [stderr]     Checking form_urlencoded v1.0.1
[INFO] [stderr]    Compiling rand v0.6.5
[INFO] [stderr]     Checking aho-corasick v0.7.18
[INFO] [stderr]    Compiling standback v0.2.17
[INFO] [stderr]    Compiling openssl-sys v0.9.72
[INFO] [stderr]    Compiling typenum v1.15.0
[INFO] [stderr]     Checking copyless v0.1.5
[INFO] [stderr]    Compiling proc-macro-hack v0.5.19
[INFO] [stderr]    Compiling siphasher v0.2.3
[INFO] [stderr]     Checking tokio-util v0.3.1
[INFO] [stderr]     Checking regex-syntax v0.6.25
[INFO] [stderr]    Compiling phf_shared v0.7.24
[INFO] [stderr]    Compiling rand_os v0.1.3
[INFO] [stderr]     Checking rand_core v0.5.1
[INFO] [stderr]     Checking idna v0.2.3
[INFO] [stderr]    Compiling rand_isaac v0.1.1
[INFO] [stderr]    Compiling rand_hc v0.1.0
[INFO] [stderr]    Compiling rand_xorshift v0.1.1
[INFO] [stderr]    Compiling rand_jitter v0.1.4
[INFO] [stderr]    Compiling generic-array v0.14.5
[INFO] [stderr]     Checking either v1.6.1
[INFO] [stderr]    Compiling unicode-segmentation v1.9.0
[INFO] [stderr]    Compiling async-trait v0.1.52
[INFO] [stderr]     Checking ryu v1.0.9
[INFO] [stderr]    Compiling serde_json v1.0.79
[INFO] [stderr]     Checking url v2.2.2
[INFO] [stderr]    Compiling heck v0.3.3
[INFO] [stderr]     Checking webpki v0.21.4
[INFO] [stderr]     Checking sct v0.6.1
[INFO] [stderr]     Checking rand_chacha v0.2.2
[INFO] [stderr]     Checking socket2 v0.4.4
[INFO] [stderr]     Checking mio v0.8.0
[INFO] [stderr]     Checking log v0.3.9
[INFO] [stderr]    Compiling num-traits v0.2.14
[INFO] [stderr]     Checking regex v1.5.4
[INFO] [stderr]    Compiling unicase v2.6.0
[INFO] [stderr]     Checking language-tags v0.2.2
[INFO] [stderr]    Compiling const_fn v0.4.9
[INFO] [stderr]     Checking base64 v0.12.3
[INFO] [stderr]     Checking traitobject v0.1.0
[INFO] [stderr]     Checking match_cfg v0.1.0
[INFO] [stderr]     Checking quick-error v1.2.3
[INFO] [stderr]     Checking hostname v0.3.1
[INFO] [stderr]     Checking rustls v0.18.1
[INFO] [stderr]     Checking tokio v1.17.0
[INFO] [stderr]    Compiling phf_generator v0.7.24
[INFO] [stderr]     Checking rand v0.7.3
[INFO] [stderr]     Checking idna v0.1.5
[INFO] [stderr]     Checking time v0.1.44
[INFO] [stderr]    Compiling miniz_oxide v0.4.4
[INFO] [stderr]    Compiling time v0.2.27
[INFO] [stderr]    Compiling encoding_rs v0.8.30
[INFO] [stderr]     Checking mime v0.3.16
[INFO] [stderr]     Checking linked-hash-map v0.5.4
[INFO] [stderr]     Checking percent-encoding v1.0.1
[INFO] [stderr]     Checking safemem v0.3.3
[INFO] [stderr]     Checking foreign-types-shared v0.1.1
[INFO] [stderr]    Compiling crc32fast v1.3.2
[INFO] [stderr]     Checking alloc-no-stdlib v2.0.3
[INFO] [stderr]    Compiling openssl v0.10.38
[INFO] [stderr]     Checking foreign-types v0.3.2
[INFO] [stderr]     Checking lru-cache v0.1.2
[INFO] [stderr]     Checking alloc-stdlib v0.2.1
[INFO] [stderr]     Checking url v1.7.2
[INFO] [stderr]    Compiling phf_codegen v0.7.24
[INFO] [stderr]     Checking resolv-conf v0.7.0
[INFO] [stderr]     Checking unsafe-any v0.4.2
[INFO] [stderr]     Checking mime v0.2.6
[INFO] [stderr]    Compiling phf v0.7.24
[INFO] [stderr]    Compiling num-integer v0.1.44
[INFO] [stderr]    Compiling cookie v0.14.4
[INFO] [stderr]     Checking tokio-rustls v0.14.1
[INFO] [stderr]    Compiling native-tls v0.2.8
[INFO] [stderr]     Checking adler v1.0.2
[INFO] [stderr]    Compiling futures-macro v0.3.21
[INFO] [stderr]    Compiling derive_more v0.99.17
[INFO] [stderr]    Compiling actix-macros v0.1.3
[INFO] [stderr]    Compiling thiserror-impl v1.0.30
[INFO] [stderr]    Compiling pin-project-internal v1.0.10
[INFO] [stderr]    Compiling time-macros-impl v0.1.2
[INFO] [stderr]    Compiling enum-as-inner v0.3.3
[INFO] [stderr]     Checking time-macros v0.1.1
[INFO] [stderr]     Checking thiserror v1.0.30
[INFO] [stderr]     Checking tokio-util v0.6.9
[INFO] [stderr]     Checking pin-project v0.4.29
[INFO] [stderr]     Checking actix-codec v0.3.0
[INFO] [stderr]    Compiling mime_guess v1.8.8
[INFO] [stderr]     Checking typemap v0.3.3
[INFO] [stderr]     Checking brotli-decompressor v2.3.2
[INFO] [stderr]     Checking pin-project v1.0.10
[INFO] [stderr]     Checking tracing-futures v0.2.5
[INFO] [stderr]     Checking base64 v0.9.3
[INFO] [stderr]     Checking block-buffer v0.9.0
[INFO] [stderr]     Checking digest v0.9.0
[INFO] [stderr]     Checking webpki-roots v0.20.0
[INFO] [stderr]     Checking cpufeatures v0.2.1
[INFO] [stderr]     Checking opaque-debug v0.3.0
[INFO] [stderr]     Checking typeable v0.1.2
[INFO] [stderr]     Checking try-lock v0.2.3
[INFO] [stderr]     Checking base64 v0.13.0
[INFO] [stderr]     Checking openssl-probe v0.1.5
[INFO] [stderr]     Checking want v0.3.0
[INFO] [stderr]     Checking hyper v0.10.16
[INFO] [stderr]     Checking sha-1 v0.9.8
[INFO] [stderr]    Compiling mime_guess v2.0.4
[INFO] [stderr]     Checking brotli v3.3.3
[INFO] [stderr]     Checking flate2 v1.0.22
[INFO] [stderr]     Checking actix-service v1.0.6
[INFO] [stderr]     Checking futures v0.3.21
[INFO] [stderr]     Checking trust-dns-proto v0.19.7
[INFO] [stderr]     Checking h2 v0.3.11
[INFO] [stderr]     Checking actix-threadpool v0.3.3
[INFO] [stderr]     Checking h2 v0.2.7
[INFO] [stderr]     Checking actix-rt v1.1.1
[INFO] [stderr]     Checking plugin v0.2.6
[INFO] [stderr]     Checking actix-utils v2.0.0
[INFO] [stderr]     Checking http-body v0.4.4
[INFO] [stderr]     Checking fxhash v0.2.1
[INFO] [stderr]     Checking actix-tls v2.0.0
[INFO] [stderr]     Checking rand_core v0.6.3
[INFO] [stderr]     Checking socket2 v0.3.19
[INFO] [stderr]     Checking tower-service v0.3.1
[INFO] [stderr]     Checking modifier v0.1.0
[INFO] [stderr]     Checking httpdate v1.0.2
[INFO] [stderr]     Checking itoa v0.4.8
[INFO] [stderr]     Checking actix-server v1.0.4
[INFO] [stderr]     Checking rand_chacha v0.3.1
[INFO] [stderr]     Checking tokio-native-tls v0.3.0
[INFO] [stderr]     Checking trust-dns-resolver v0.19.7
[INFO] [stderr]     Checking bytestring v1.0.0
[INFO] [stderr]     Checking atty v0.2.14
[INFO] [stderr]    Compiling rustls v0.20.4
[INFO] [stderr]     Checking groupable v0.2.0
[INFO] [stderr]     Checking ascii v0.8.7
[INFO] [stderr]     Checking fastrand v1.7.0
[INFO] [stderr]     Checking humantime v2.1.0
[INFO] [stderr]     Checking remove_dir_all v0.5.3
[INFO] [stderr]     Checking chunked_transfer v0.3.1
[INFO] [stderr]     Checking termcolor v1.1.2
[INFO] [stderr]     Checking tempfile v3.3.0
[INFO] [stderr]     Checking iron v0.6.1
[INFO] [stderr]     Checking env_logger v0.8.4
[INFO] [stderr]     Checking actix-connect v2.0.0
[INFO] [stderr]     Checking actix-testing v1.0.1
[INFO] [stderr]     Checking rand v0.8.5
[INFO] [stderr]    Compiling actix-web-codegen v0.4.0
[INFO] [stderr]     Checking buf_redux v0.8.4
[INFO] [stderr]     Checking sct v0.7.0
[INFO] [stderr]     Checking webpki v0.22.0
[INFO] [stderr]     Checking fallible_collections v0.4.4
[INFO] [stderr]     Checking twoway v0.1.8
[INFO] [stderr]     Checking bitreader v0.3.5
[INFO] [stderr]     Checking mutate_once v0.1.1
[INFO] [stderr]     Checking static_assertions v1.1.0
[INFO] [stderr]     Checking ipnet v2.3.1
[INFO] [stderr]     Checking mp4parse v0.12.0
[INFO] [stderr]     Checking kamadak-exif v0.5.4
[INFO] [stdout] error[E0277]: cannot multiply `u64` by `NonZeroU8`
[INFO] [stdout]     --> /opt/rustwide/cargo-home/registry/src/index.crates.io-6f17d22bba15001f/mp4parse-0.12.0/src/lib.rs:2547:62
[INFO] [stdout]      |
[INFO] [stdout] 2547 |                 static_assertions::const_assert!(<$lhs>::MAX * <$rhs>::MAX <= <$output>::MAX);
[INFO] [stdout]      |                                                              ^ no implementation for `u64 * NonZeroU8`
[INFO] [stdout] ...
[INFO] [stdout] 2557 | impl_mul!((U8, std::num::NonZeroU8) => (U16, u16));
[INFO] [stdout]      | -------------------------------------------------- in this macro invocation
[INFO] [stdout]      |
[INFO] [stdout]      = help: the trait `Mul<NonZeroU8>` is not implemented for `u64`
[INFO] [stdout]      = help: the following other types implement trait `Mul<Rhs>`:
[INFO] [stdout]                <u64 as Mul>
[INFO] [stdout]                <u64 as Mul<&u64>>
[INFO] [stdout]                <&'a u64 as Mul<u64>>
[INFO] [stdout]                <&u64 as Mul<&u64>>
[INFO] [stdout]      = note: this error originates in the macro `impl_mul` (in Nightly builds, run with -Z macro-backtrace for more info)
[INFO] [stdout] 
[INFO] [stdout] 
[INFO] [stdout] error[E0277]: cannot multiply `u64` by `NonZeroU8`
[INFO] [stdout]     --> /opt/rustwide/cargo-home/registry/src/index.crates.io-6f17d22bba15001f/mp4parse-0.12.0/src/lib.rs:2547:62
[INFO] [stdout]      |
[INFO] [stdout] 2547 |                 static_assertions::const_assert!(<$lhs>::MAX * <$rhs>::MAX <= <$output>::MAX);
[INFO] [stdout]      |                                                              ^ no implementation for `u64 * NonZeroU8`
[INFO] [stdout] ...
[INFO] [stdout] 2558 | impl_mul!((U32, std::num::NonZeroU8) => (U32MulU8, u64));
[INFO] [stdout]      | -------------------------------------------------------- in this macro invocation
[INFO] [stdout]      |
[INFO] [stdout]      = help: the trait `Mul<NonZeroU8>` is not implemented for `u64`
[INFO] [stdout]      = help: the following other types implement trait `Mul<Rhs>`:
[INFO] [stdout]                <u64 as Mul>
[INFO] [stdout]                <u64 as Mul<&u64>>
[INFO] [stdout]                <&'a u64 as Mul<u64>>
[INFO] [stdout]                <&u64 as Mul<&u64>>
[INFO] [stdout]      = note: this error originates in the macro `impl_mul` (in Nightly builds, run with -Z macro-backtrace for more info)
[INFO] [stdout] 
[INFO] [stdout] 
[INFO] [stderr]     Checking serde_urlencoded v0.7.1
[INFO] [stderr]     Checking chrono v0.4.19
[INFO] [stderr]     Checking mustache v0.9.0
[INFO] [stdout] error: aborting due to 2 previous errors
[INFO] [stdout] 
[INFO] [stdout] 
[INFO] [stdout] For more information about this error, try `rustc --explain E0277`.
[INFO] [stdout] 
[INFO] [stderr] error: could not compile `mp4parse` (lib) due to 3 previous errors
[INFO] [stderr] warning: build failed, waiting for other jobs to finish...
[INFO] running `Command { std: "docker" "inspect" "9cb41bd026d97fc139c9e706f19da78a8f24268b26d45bb3a82251b0f7973be7", kill_on_drop: false }`
[INFO] running `Command { std: "docker" "rm" "-f" "9cb41bd026d97fc139c9e706f19da78a8f24268b26d45bb3a82251b0f7973be7", kill_on_drop: false }`
[INFO] [stdout] 9cb41bd026d97fc139c9e706f19da78a8f24268b26d45bb3a82251b0f7973be7
[INFO] documenting PolymagicYang/upload-server against beta-2023-12-22 for beta-1.76-rustdoc-1
[INFO] running `Command { std: "git" "clone" "/workspace/cache/git-repos/https%3A%2F%2Fgithub.com%2FPolymagicYang%2Fupload-server" "/workspace/builds/worker-5-tc2/source", kill_on_drop: false }`
[INFO] [stderr] Cloning into '/workspace/builds/worker-5-tc2/source'...
[INFO] [stderr] done.
[INFO] validating manifest of git repo https://github.com/PolymagicYang/upload-server on toolchain beta-2023-12-22
[INFO] running `Command { std: CARGO_HOME="/workspace/cargo-home" RUSTUP_HOME="/workspace/rustup-home" "/workspace/cargo-home/bin/cargo" "+beta-2023-12-22" "metadata" "--manifest-path" "Cargo.toml" "--no-deps", kill_on_drop: false }`
[INFO] started tweaking git repo https://github.com/PolymagicYang/upload-server
[INFO] finished tweaking git repo https://github.com/PolymagicYang/upload-server
[INFO] tweaked toml for git repo https://github.com/PolymagicYang/upload-server written to /workspace/builds/worker-5-tc2/source/Cargo.toml
[INFO] crate git repo https://github.com/PolymagicYang/upload-server already has a lockfile, it will not be regenerated
[INFO] running `Command { std: CARGO_HOME="/workspace/cargo-home" RUSTUP_HOME="/workspace/rustup-home" "/workspace/cargo-home/bin/cargo" "+beta-2023-12-22" "fetch" "--manifest-path" "Cargo.toml", kill_on_drop: false }`
[INFO] running `Command { std: "docker" "create" "-v" "/var/lib/crater-agent-workspace/builds/worker-5-tc2/target:/opt/rustwide/target:rw,Z" "-v" "/var/lib/crater-agent-workspace/builds/worker-5-tc2/source:/opt/rustwide/workdir:ro,Z" "-v" "/var/lib/crater-agent-workspace/cargo-home:/opt/rustwide/cargo-home:ro,Z" "-v" "/var/lib/crater-agent-workspace/rustup-home:/opt/rustwide/rustup-home:ro,Z" "-e" "SOURCE_DIR=/opt/rustwide/workdir" "-e" "CARGO_TARGET_DIR=/opt/rustwide/target" "-e" "CARGO_HOME=/opt/rustwide/cargo-home" "-e" "RUSTUP_HOME=/opt/rustwide/rustup-home" "-w" "/opt/rustwide/workdir" "-m" "1610612736" "--user" "0:0" "--network" "none" "ghcr.io/rust-lang/crates-build-env/linux@sha256:2788e3201cd34a07e3172128adcd8b3090168a8e3bcc40d7c032b9dda1df7d1c" "/opt/rustwide/cargo-home/bin/cargo" "+beta-2023-12-22" "metadata" "--no-deps" "--format-version=1", kill_on_drop: false }`
[INFO] [stdout] 949d6a92136fe4c7cee2c3642aa47b84091c5dcb00564074eb73ddfbf3f03ef2
[INFO] running `Command { std: "docker" "start" "-a" "949d6a92136fe4c7cee2c3642aa47b84091c5dcb00564074eb73ddfbf3f03ef2", kill_on_drop: false }`
[INFO] running `Command { std: "docker" "inspect" "949d6a92136fe4c7cee2c3642aa47b84091c5dcb00564074eb73ddfbf3f03ef2", kill_on_drop: false }`
[INFO] running `Command { std: "docker" "rm" "-f" "949d6a92136fe4c7cee2c3642aa47b84091c5dcb00564074eb73ddfbf3f03ef2", kill_on_drop: false }`
[INFO] [stdout] 949d6a92136fe4c7cee2c3642aa47b84091c5dcb00564074eb73ddfbf3f03ef2
[INFO] running `Command { std: "docker" "create" "-v" "/var/lib/crater-agent-workspace/builds/worker-5-tc2/target:/opt/rustwide/target:rw,Z" "-v" "/var/lib/crater-agent-workspace/builds/worker-5-tc2/source:/opt/rustwide/workdir:ro,Z" "-v" "/var/lib/crater-agent-workspace/cargo-home:/opt/rustwide/cargo-home:ro,Z" "-v" "/var/lib/crater-agent-workspace/rustup-home:/opt/rustwide/rustup-home:ro,Z" "-e" "SOURCE_DIR=/opt/rustwide/workdir" "-e" "CARGO_TARGET_DIR=/opt/rustwide/target" "-e" "CARGO_INCREMENTAL=0" "-e" "RUST_BACKTRACE=full" "-e" "RUSTFLAGS=--cap-lints=warn" "-e" "RUSTDOCFLAGS=--cap-lints=warn" "-e" "CARGO_HOME=/opt/rustwide/cargo-home" "-e" "RUSTUP_HOME=/opt/rustwide/rustup-home" "-w" "/opt/rustwide/workdir" "-m" "1610612736" "--user" "0:0" "--network" "none" "ghcr.io/rust-lang/crates-build-env/linux@sha256:2788e3201cd34a07e3172128adcd8b3090168a8e3bcc40d7c032b9dda1df7d1c" "/opt/rustwide/cargo-home/bin/cargo" "+beta-2023-12-22" "doc" "--frozen" "--no-deps" "--document-private-items" "--message-format=json", kill_on_drop: false }`
[INFO] [stdout] 6d7836dcac6a1ffeac3ef5071d0630969e6cd1cf2f2083b1bb4dabef9d1c92b0
[INFO] running `Command { std: "docker" "start" "-a" "6d7836dcac6a1ffeac3ef5071d0630969e6cd1cf2f2083b1bb4dabef9d1c92b0", kill_on_drop: false }`
[INFO] [stderr]    Compiling libc v0.2.118
[INFO] [stderr]     Checking cfg-if v1.0.0
[INFO] [stderr]    Compiling proc-macro2 v1.0.36
[INFO] [stderr]    Compiling unicode-xid v0.2.2
[INFO] [stderr]    Compiling syn v1.0.86
[INFO] [stderr]    Compiling autocfg v1.1.0
[INFO] [stderr]    Compiling log v0.4.14
[INFO] [stderr]    Compiling version_check v0.9.4
[INFO] [stderr]    Compiling memchr v2.4.1
[INFO] [stderr]    Compiling futures-core v0.3.21
[INFO] [stderr]    Compiling cc v1.0.73
[INFO] [stderr]     Checking once_cell v1.9.0
[INFO] [stderr]     Checking lazy_static v1.4.0
[INFO] [stderr]     Checking pin-project-lite v0.2.8
[INFO] [stderr]     Checking slab v0.4.5
[INFO] [stderr]     Checking futures-sink v0.3.21
[INFO] [stderr]    Compiling futures-channel v0.3.21
[INFO] [stderr]    Compiling futures-task v0.3.21
[INFO] [stderr]    Compiling futures-util v0.3.21
[INFO] [stderr]     Checking cfg-if v0.1.10
[INFO] [stderr]     Checking pin-utils v0.1.0
[INFO] [stderr]     Checking futures-io v0.3.21
[INFO] [stderr]     Checking tinyvec_macros v0.1.0
[INFO] [stderr]     Checking matches v0.1.9
[INFO] [stderr]     Checking tinyvec v1.5.1
[INFO] [stderr]    Compiling version_check v0.1.5
[INFO] [stderr]    Compiling autocfg v0.1.8
[INFO] [stderr]    Compiling quote v1.0.15
[INFO] [stderr]    Compiling serde_derive v1.0.136
[INFO] [stderr]     Checking pin-project-lite v0.1.12
[INFO] [stderr]     Checking num_cpus v1.13.1
[INFO] [stderr]     Checking iovec v0.1.4
[INFO] [stderr]     Checking net2 v0.2.37
[INFO] [stderr]     Checking getrandom v0.2.4
[INFO] [stderr]    Compiling unicase v1.4.2
[INFO] [stderr]     Checking signal-hook-registry v1.4.0
[INFO] [stderr]     Checking bytes v1.1.0
[INFO] [stderr]    Compiling rand_core v0.4.2
[INFO] [stderr]     Checking mio v0.6.23
[INFO] [stderr]     Checking itoa v1.0.1
[INFO] [stderr]     Checking bytes v0.5.6
[INFO] [stderr]     Checking unicode-bidi v0.3.7
[INFO] [stderr]    Compiling serde v1.0.136
[INFO] [stderr]    Compiling ahash v0.7.6
[INFO] [stderr]     Checking bitflags v1.3.2
[INFO] [stderr]    Compiling ring v0.16.20
[INFO] [stderr]     Checking unicode-normalization v0.1.19
[INFO] [stderr]     Checking untrusted v0.7.1
[INFO] [stderr]     Checking smallvec v1.8.0
[INFO] [stderr]     Checking spin v0.5.2
[INFO] [stderr]     Checking mio-uds v0.6.8
[INFO] [stderr]    Compiling pin-project-internal v0.4.29
[INFO] [stderr]    Compiling parking_lot_core v0.8.5
[INFO] [stderr]     Checking tokio v0.2.25
[INFO] [stderr]    Compiling rand_core v0.3.1
[INFO] [stderr]     Checking instant v0.1.12
[INFO] [stderr]     Checking fnv v1.0.7
[INFO] [stderr]     Checking scopeguard v1.1.0
[INFO] [stderr]    Compiling httparse v1.6.0
[INFO] [stderr]     Checking lock_api v0.4.6
[INFO] [stderr]     Checking http v0.2.6
[INFO] [stderr]     Checking hashbrown v0.11.2
[INFO] [stderr]    Compiling convert_case v0.4.0
[INFO] [stderr]     Checking ppv-lite86 v0.2.16
[INFO] [stderr]     Checking percent-encoding v2.1.0
[INFO] [stderr]    Compiling getrandom v0.1.16
[INFO] [stderr]     Checking parking_lot v0.11.2
[INFO] [stderr]     Checking threadpool v1.8.1
[INFO] [stderr]    Compiling rand_pcg v0.1.2
[INFO] [stderr]    Compiling rand_chacha v0.1.1
[INFO] [stderr]     Checking tracing-core v0.1.22
[INFO] [stderr]    Compiling indexmap v1.8.0
[INFO] [stderr]    Compiling pkg-config v0.3.24
[INFO] [stderr]     Checking byteorder v1.4.3
[INFO] [stderr]     Checking tracing v0.1.31
[INFO] [stderr]     Checking form_urlencoded v1.0.1
[INFO] [stderr]    Compiling rand v0.6.5
[INFO] [stderr]     Checking aho-corasick v0.7.18
[INFO] [stderr]    Compiling openssl-sys v0.9.72
[INFO] [stderr]    Compiling standback v0.2.17
[INFO] [stderr]    Compiling siphasher v0.2.3
[INFO] [stderr]     Checking copyless v0.1.5
[INFO] [stderr]     Checking regex-syntax v0.6.25
[INFO] [stderr]    Compiling proc-macro-hack v0.5.19
[INFO] [stderr]    Compiling typenum v1.15.0
[INFO] [stderr]    Compiling rand_os v0.1.3
[INFO] [stderr]     Checking tokio-util v0.3.1
[INFO] [stderr]    Compiling phf_shared v0.7.24
[INFO] [stderr]     Checking rand_core v0.5.1
[INFO] [stderr]     Checking idna v0.2.3
[INFO] [stderr]    Compiling rand_isaac v0.1.1
[INFO] [stderr]    Compiling rand_hc v0.1.0
[INFO] [stderr]    Compiling rand_xorshift v0.1.1
[INFO] [stderr]    Compiling rand_jitter v0.1.4
[INFO] [stderr]    Compiling generic-array v0.14.5
[INFO] [stderr]    Compiling async-trait v0.1.52
[INFO] [stderr]     Checking ryu v1.0.9
[INFO] [stderr]    Compiling serde_json v1.0.79
[INFO] [stderr]    Compiling unicode-segmentation v1.9.0
[INFO] [stderr]     Checking either v1.6.1
[INFO] [stderr]     Checking url v2.2.2
[INFO] [stderr]     Checking rand_chacha v0.2.2
[INFO] [stderr]     Checking webpki v0.21.4
[INFO] [stderr]     Checking sct v0.6.1
[INFO] [stderr]    Compiling heck v0.3.3
[INFO] [stderr]     Checking socket2 v0.4.4
[INFO] [stderr]     Checking mio v0.8.0
[INFO] [stderr]    Compiling num-traits v0.2.14
[INFO] [stderr]     Checking regex v1.5.4
[INFO] [stderr]     Checking log v0.3.9
[INFO] [stderr]    Compiling unicase v2.6.0
[INFO] [stderr]    Compiling const_fn v0.4.9
[INFO] [stderr]     Checking match_cfg v0.1.0
[INFO] [stderr]     Checking traitobject v0.1.0
[INFO] [stderr]     Checking quick-error v1.2.3
[INFO] [stderr]     Checking base64 v0.12.3
[INFO] [stderr]     Checking language-tags v0.2.2
[INFO] [stderr]     Checking hostname v0.3.1
[INFO] [stderr]     Checking tokio v1.17.0
[INFO] [stderr]     Checking rustls v0.18.1
[INFO] [stderr]    Compiling phf_generator v0.7.24
[INFO] [stderr]     Checking rand v0.7.3
[INFO] [stderr]     Checking idna v0.1.5
[INFO] [stderr]     Checking time v0.1.44
[INFO] [stderr]    Compiling miniz_oxide v0.4.4
[INFO] [stderr]    Compiling time v0.2.27
[INFO] [stderr]    Compiling crc32fast v1.3.2
[INFO] [stderr]     Checking linked-hash-map v0.5.4
[INFO] [stderr]     Checking alloc-no-stdlib v2.0.3
[INFO] [stderr]     Checking percent-encoding v1.0.1
[INFO] [stderr]    Compiling encoding_rs v0.8.30
[INFO] [stderr]     Checking foreign-types-shared v0.1.1
[INFO] [stderr]     Checking mime v0.3.16
[INFO] [stderr]    Compiling openssl v0.10.38
[INFO] [stderr]     Checking safemem v0.3.3
[INFO] [stderr]     Checking foreign-types v0.3.2
[INFO] [stderr]     Checking lru-cache v0.1.2
[INFO] [stderr]     Checking url v1.7.2
[INFO] [stderr]     Checking alloc-stdlib v0.2.1
[INFO] [stderr]    Compiling phf_codegen v0.7.24
[INFO] [stderr]     Checking resolv-conf v0.7.0
[INFO] [stderr]     Checking unsafe-any v0.4.2
[INFO] [stderr]     Checking mime v0.2.6
[INFO] [stderr]    Compiling phf v0.7.24
[INFO] [stderr]    Compiling num-integer v0.1.44
[INFO] [stderr]    Compiling cookie v0.14.4
[INFO] [stderr]    Compiling native-tls v0.2.8
[INFO] [stderr]     Checking adler v1.0.2
[INFO] [stderr]     Checking tokio-rustls v0.14.1
[INFO] [stderr]    Compiling mime_guess v1.8.8
[INFO] [stderr]     Checking typemap v0.3.3
[INFO] [stderr]     Checking brotli-decompressor v2.3.2
[INFO] [stderr]    Compiling futures-macro v0.3.21
[INFO] [stderr]    Compiling derive_more v0.99.17
[INFO] [stderr]    Compiling actix-macros v0.1.3
[INFO] [stderr]    Compiling thiserror-impl v1.0.30
[INFO] [stderr]    Compiling pin-project-internal v1.0.10
[INFO] [stderr]    Compiling enum-as-inner v0.3.3
[INFO] [stderr]     Checking pin-project v0.4.29
[INFO] [stderr]     Checking actix-codec v0.3.0
[INFO] [stderr]    Compiling time-macros-impl v0.1.2
[INFO] [stderr]     Checking tokio-util v0.6.9
[INFO] [stderr]     Checking thiserror v1.0.30
[INFO] [stderr]     Checking base64 v0.9.3
[INFO] [stderr]     Checking block-buffer v0.9.0
[INFO] [stderr]     Checking digest v0.9.0
[INFO] [stderr]     Checking pin-project v1.0.10
[INFO] [stderr]     Checking tracing-futures v0.2.5
[INFO] [stderr]     Checking webpki-roots v0.20.0
[INFO] [stderr]     Checking openssl-probe v0.1.5
[INFO] [stderr]     Checking try-lock v0.2.3
[INFO] [stderr]     Checking base64 v0.13.0
[INFO] [stderr]     Checking opaque-debug v0.3.0
[INFO] [stderr]     Checking typeable v0.1.2
[INFO] [stderr]     Checking cpufeatures v0.2.1
[INFO] [stderr]     Checking time-macros v0.1.1
[INFO] [stderr]     Checking hyper v0.10.16
[INFO] [stderr]     Checking sha-1 v0.9.8
[INFO] [stderr]    Compiling mime_guess v2.0.4
[INFO] [stderr]     Checking want v0.3.0
[INFO] [stderr]     Checking flate2 v1.0.22
[INFO] [stderr]     Checking brotli v3.3.3
[INFO] [stderr]     Checking actix-service v1.0.6
[INFO] [stderr]     Checking futures v0.3.21
[INFO] [stderr]     Checking h2 v0.3.11
[INFO] [stderr]     Checking trust-dns-proto v0.19.7
[INFO] [stderr]     Checking h2 v0.2.7
[INFO] [stderr]     Checking plugin v0.2.6
[INFO] [stderr]     Checking http-body v0.4.4
[INFO] [stderr]     Checking actix-threadpool v0.3.3
[INFO] [stderr]     Checking fxhash v0.2.1
[INFO] [stderr]     Checking actix-rt v1.1.1
[INFO] [stderr]     Checking rand_core v0.6.3
[INFO] [stderr]     Checking socket2 v0.3.19
[INFO] [stderr]     Checking itoa v0.4.8
[INFO] [stderr]     Checking actix-utils v2.0.0
[INFO] [stderr]     Checking modifier v0.1.0
[INFO] [stderr]     Checking tower-service v0.3.1
[INFO] [stderr]     Checking trust-dns-resolver v0.19.7
[INFO] [stderr]     Checking httpdate v1.0.2
[INFO] [stderr]     Checking rand_chacha v0.3.1
[INFO] [stderr]     Checking tokio-native-tls v0.3.0
[INFO] [stderr]     Checking actix-tls v2.0.0
[INFO] [stderr]     Checking actix-server v1.0.4
[INFO] [stderr]     Checking bytestring v1.0.0
[INFO] [stderr]     Checking atty v0.2.14
[INFO] [stderr]    Compiling rustls v0.20.4
[INFO] [stderr]     Checking chunked_transfer v0.3.1
[INFO] [stderr]     Checking ascii v0.8.7
[INFO] [stderr]     Checking actix-connect v2.0.0
[INFO] [stderr]     Checking termcolor v1.1.2
[INFO] [stderr]     Checking groupable v0.2.0
[INFO] [stderr]     Checking humantime v2.1.0
[INFO] [stderr]     Checking fastrand v1.7.0
[INFO] [stderr]     Checking remove_dir_all v0.5.3
[INFO] [stderr]     Checking actix-testing v1.0.1
[INFO] [stderr]     Checking iron v0.6.1
[INFO] [stderr]     Checking env_logger v0.8.4
[INFO] [stderr]     Checking tempfile v3.3.0
[INFO] [stderr]     Checking rand v0.8.5
[INFO] [stderr]    Compiling actix-web-codegen v0.4.0
[INFO] [stderr]     Checking buf_redux v0.8.4
[INFO] [stderr]     Checking sct v0.7.0
[INFO] [stderr]     Checking webpki v0.22.0
[INFO] [stderr]     Checking fallible_collections v0.4.4
[INFO] [stderr]     Checking twoway v0.1.8
[INFO] [stderr]     Checking bitreader v0.3.5
[INFO] [stderr]     Checking static_assertions v1.1.0
[INFO] [stderr]     Checking mutate_once v0.1.1
[INFO] [stderr]     Checking ipnet v2.3.1
[INFO] [stderr]     Checking kamadak-exif v0.5.4
[INFO] [stderr]     Checking mp4parse v0.12.0
[INFO] [stdout] error[E0277]: cannot multiply `u64` by `NonZeroU8`
[INFO] [stdout]     --> /opt/rustwide/cargo-home/registry/src/index.crates.io-6f17d22bba15001f/mp4parse-0.12.0/src/lib.rs:2547:62
[INFO] [stdout]      |
[INFO] [stdout] 2547 |                 static_assertions::const_assert!(<$lhs>::MAX * <$rhs>::MAX <= <$output>::MAX);
[INFO] [stdout]      |                                                              ^ no implementation for `u64 * NonZeroU8`
[INFO] [stdout] ...
[INFO] [stdout] 2557 | impl_mul!((U8, std::num::NonZeroU8) => (U16, u16));
[INFO] [stdout]      | -------------------------------------------------- in this macro invocation
[INFO] [stdout]      |
[INFO] [stdout]      = help: the trait `Mul<NonZeroU8>` is not implemented for `u64`
[INFO] [stdout]      = help: the following other types implement trait `Mul<Rhs>`:
[INFO] [stdout]                <u64 as Mul>
[INFO] [stdout]                <u64 as Mul<&u64>>
[INFO] [stdout]                <&'a u64 as Mul<u64>>
[INFO] [stdout]                <&u64 as Mul<&u64>>
[INFO] [stdout]      = note: this error originates in the macro `impl_mul` (in Nightly builds, run with -Z macro-backtrace for more info)
[INFO] [stdout] 
[INFO] [stdout] 
[INFO] [stdout] error[E0277]: cannot multiply `u64` by `NonZeroU8`
[INFO] [stdout]     --> /opt/rustwide/cargo-home/registry/src/index.crates.io-6f17d22bba15001f/mp4parse-0.12.0/src/lib.rs:2547:62
[INFO] [stdout]      |
[INFO] [stdout] 2547 |                 static_assertions::const_assert!(<$lhs>::MAX * <$rhs>::MAX <= <$output>::MAX);
[INFO] [stdout]      |                                                              ^ no implementation for `u64 * NonZeroU8`
[INFO] [stdout] ...
[INFO] [stdout] 2558 | impl_mul!((U32, std::num::NonZeroU8) => (U32MulU8, u64));
[INFO] [stdout]      | -------------------------------------------------------- in this macro invocation
[INFO] [stdout]      |
[INFO] [stdout]      = help: the trait `Mul<NonZeroU8>` is not implemented for `u64`
[INFO] [stdout]      = help: the following other types implement trait `Mul<Rhs>`:
[INFO] [stdout]                <u64 as Mul>
[INFO] [stdout]                <u64 as Mul<&u64>>
[INFO] [stdout]                <&'a u64 as Mul<u64>>
[INFO] [stdout]                <&u64 as Mul<&u64>>
[INFO] [stdout]      = note: this error originates in the macro `impl_mul` (in Nightly builds, run with -Z macro-backtrace for more info)
[INFO] [stdout] 
[INFO] [stdout] 
[INFO] [stderr]     Checking json v0.12.4
[INFO] [stderr]     Checking dotenv v0.15.0
[INFO] [stdout] error: aborting due to 2 previous errors
[INFO] [stdout] 
[INFO] [stdout] 
[INFO] [stdout] For more information about this error, try `rustc --explain E0277`.
[INFO] [stdout] 
[INFO] [stderr] error: could not compile `mp4parse` (lib) due to 3 previous errors
[INFO] [stderr] warning: build failed, waiting for other jobs to finish...
[INFO] running `Command { std: "docker" "inspect" "6d7836dcac6a1ffeac3ef5071d0630969e6cd1cf2f2083b1bb4dabef9d1c92b0", kill_on_drop: false }`
[INFO] running `Command { std: "docker" "rm" "-f" "6d7836dcac6a1ffeac3ef5071d0630969e6cd1cf2f2083b1bb4dabef9d1c92b0", kill_on_drop: false }`
[INFO] [stdout] 6d7836dcac6a1ffeac3ef5071d0630969e6cd1cf2f2083b1bb4dabef9d1c92b0
