[INFO] cloning repository https://github.com/PluMGMK/raykit_eduobjs
[INFO] running `Command { std: "git" "-c" "credential.helper=" "-c" "credential.helper=/workspace/cargo-home/bin/git-credential-null" "clone" "--bare" "https://github.com/PluMGMK/raykit_eduobjs" "/workspace/cache/git-repos/https%3A%2F%2Fgithub.com%2FPluMGMK%2Fraykit_eduobjs", kill_on_drop: false }`
[INFO] [stderr] Cloning into bare repository '/workspace/cache/git-repos/https%3A%2F%2Fgithub.com%2FPluMGMK%2Fraykit_eduobjs'...
[INFO] running `Command { std: "git" "rev-parse" "HEAD", kill_on_drop: false }`
[INFO] [stdout] 502ffdfe6791ae58c71b9fb2e3be513217b5ab6f
[INFO] documenting PluMGMK/raykit_eduobjs against 1.75.0 for beta-1.76-rustdoc-1
[INFO] running `Command { std: "git" "clone" "/workspace/cache/git-repos/https%3A%2F%2Fgithub.com%2FPluMGMK%2Fraykit_eduobjs" "/workspace/builds/worker-1-tc1/source", kill_on_drop: false }`
[INFO] [stderr] Cloning into '/workspace/builds/worker-1-tc1/source'...
[INFO] [stderr] done.
[INFO] validating manifest of git repo https://github.com/PluMGMK/raykit_eduobjs on toolchain 1.75.0
[INFO] running `Command { std: CARGO_HOME="/workspace/cargo-home" RUSTUP_HOME="/workspace/rustup-home" "/workspace/cargo-home/bin/cargo" "+1.75.0" "metadata" "--manifest-path" "Cargo.toml" "--no-deps", kill_on_drop: false }`
[INFO] removed /workspace/builds/worker-1-tc1/source/rust-toolchain
[INFO] started tweaking git repo https://github.com/PluMGMK/raykit_eduobjs
[INFO] finished tweaking git repo https://github.com/PluMGMK/raykit_eduobjs
[INFO] tweaked toml for git repo https://github.com/PluMGMK/raykit_eduobjs written to /workspace/builds/worker-1-tc1/source/Cargo.toml
[INFO] crate git repo https://github.com/PluMGMK/raykit_eduobjs already has a lockfile, it will not be regenerated
[INFO] running `Command { std: CARGO_HOME="/workspace/cargo-home" RUSTUP_HOME="/workspace/rustup-home" "/workspace/cargo-home/bin/cargo" "+1.75.0" "fetch" "--manifest-path" "Cargo.toml", kill_on_drop: false }`
[INFO] [stderr]     Updating crates.io index
[INFO] [stderr]  Downloading crates ...
[INFO] [stderr]   Downloaded pmw1 v0.2.0
[INFO] running `Command { std: "docker" "create" "-v" "/var/lib/crater-agent-workspace/builds/worker-1-tc1/target:/opt/rustwide/target:rw,Z" "-v" "/var/lib/crater-agent-workspace/builds/worker-1-tc1/source:/opt/rustwide/workdir:ro,Z" "-v" "/var/lib/crater-agent-workspace/cargo-home:/opt/rustwide/cargo-home:ro,Z" "-v" "/var/lib/crater-agent-workspace/rustup-home:/opt/rustwide/rustup-home:ro,Z" "-e" "SOURCE_DIR=/opt/rustwide/workdir" "-e" "CARGO_TARGET_DIR=/opt/rustwide/target" "-e" "CARGO_HOME=/opt/rustwide/cargo-home" "-e" "RUSTUP_HOME=/opt/rustwide/rustup-home" "-w" "/opt/rustwide/workdir" "-m" "1610612736" "--user" "0:0" "--network" "none" "ghcr.io/rust-lang/crates-build-env/linux@sha256:2788e3201cd34a07e3172128adcd8b3090168a8e3bcc40d7c032b9dda1df7d1c" "/opt/rustwide/cargo-home/bin/cargo" "+1.75.0" "metadata" "--no-deps" "--format-version=1", kill_on_drop: false }`
[INFO] [stdout] f859115c6e7714c2b34c0d136ba87f44917389ce8963e86a9a5432e3d63acf2d
[INFO] running `Command { std: "docker" "start" "-a" "f859115c6e7714c2b34c0d136ba87f44917389ce8963e86a9a5432e3d63acf2d", kill_on_drop: false }`
[INFO] running `Command { std: "docker" "inspect" "f859115c6e7714c2b34c0d136ba87f44917389ce8963e86a9a5432e3d63acf2d", kill_on_drop: false }`
[INFO] running `Command { std: "docker" "rm" "-f" "f859115c6e7714c2b34c0d136ba87f44917389ce8963e86a9a5432e3d63acf2d", kill_on_drop: false }`
[INFO] [stdout] f859115c6e7714c2b34c0d136ba87f44917389ce8963e86a9a5432e3d63acf2d
[INFO] running `Command { std: "docker" "create" "-v" "/var/lib/crater-agent-workspace/builds/worker-1-tc1/target:/opt/rustwide/target:rw,Z" "-v" "/var/lib/crater-agent-workspace/builds/worker-1-tc1/source:/opt/rustwide/workdir:ro,Z" "-v" "/var/lib/crater-agent-workspace/cargo-home:/opt/rustwide/cargo-home:ro,Z" "-v" "/var/lib/crater-agent-workspace/rustup-home:/opt/rustwide/rustup-home:ro,Z" "-e" "SOURCE_DIR=/opt/rustwide/workdir" "-e" "CARGO_TARGET_DIR=/opt/rustwide/target" "-e" "CARGO_INCREMENTAL=0" "-e" "RUST_BACKTRACE=full" "-e" "RUSTFLAGS=--cap-lints=warn" "-e" "RUSTDOCFLAGS=--cap-lints=warn" "-e" "CARGO_HOME=/opt/rustwide/cargo-home" "-e" "RUSTUP_HOME=/opt/rustwide/rustup-home" "-w" "/opt/rustwide/workdir" "-m" "1610612736" "--user" "0:0" "--network" "none" "ghcr.io/rust-lang/crates-build-env/linux@sha256:2788e3201cd34a07e3172128adcd8b3090168a8e3bcc40d7c032b9dda1df7d1c" "/opt/rustwide/cargo-home/bin/cargo" "+1.75.0" "doc" "--frozen" "--no-deps" "--document-private-items" "--message-format=json", kill_on_drop: false }`
[INFO] [stdout] fa5e0818de79af29d4a69cdb11bb1cf911bb5ee9224e541679b1c17ae9c6ffd3
[INFO] running `Command { std: "docker" "start" "-a" "fa5e0818de79af29d4a69cdb11bb1cf911bb5ee9224e541679b1c17ae9c6ffd3", kill_on_drop: false }`
[INFO] [stderr]     Checking pmw1 v0.2.0
[INFO] [stderr]     Checking md5 v0.7.0
[INFO] [stdout] error: cannot find macro `asm` in this scope
[INFO] [stdout]    --> /opt/rustwide/cargo-home/registry/src/index.crates.io-6f17d22bba15001f/pmw1-0.2.0/src/codec.rs:276:12
[INFO] [stdout]     |
[INFO] [stdout] 276 |     unsafe{asm!("
[INFO] [stdout]     |            ^^^
[INFO] [stdout]     |
[INFO] [stdout] help: consider importing one of these items
[INFO] [stdout]     |
[INFO] [stdout] 15  + use core::arch::asm;
[INFO] [stdout]     |
[INFO] [stdout] 15  + use std::arch::asm;
[INFO] [stdout]     |
[INFO] [stdout] 
[INFO] [stdout] 
[INFO] [stdout] error: cannot find macro `asm` in this scope
[INFO] [stdout]    --> /opt/rustwide/cargo-home/registry/src/index.crates.io-6f17d22bba15001f/pmw1-0.2.0/src/codec.rs:636:29
[INFO] [stdout]     |
[INFO] [stdout] 636 | ...                   asm!("
[INFO] [stdout]     |                       ^^^
[INFO] [stdout]     |
[INFO] [stdout] help: consider importing one of these items
[INFO] [stdout]     |
[INFO] [stdout] 15  + use core::arch::asm;
[INFO] [stdout]     |
[INFO] [stdout] 15  + use std::arch::asm;
[INFO] [stdout]     |
[INFO] [stdout] 
[INFO] [stdout] 
[INFO] [stdout] error[E0554]: `#![feature]` may not be used on the stable release channel
[INFO] [stdout]  --> /opt/rustwide/cargo-home/registry/src/index.crates.io-6f17d22bba15001f/pmw1-0.2.0/src/lib.rs:7:12
[INFO] [stdout]   |
[INFO] [stdout] 7 | #![feature(asm)]
[INFO] [stdout]   |            ^^^
[INFO] [stdout] 
[INFO] [stdout] 
[INFO] [stdout] error[E0554]: `#![feature]` may not be used on the stable release channel
[INFO] [stdout]  --> /opt/rustwide/cargo-home/registry/src/index.crates.io-6f17d22bba15001f/pmw1-0.2.0/src/lib.rs:8:12
[INFO] [stdout]   |
[INFO] [stdout] 8 | #![feature(cell_update)]
[INFO] [stdout]   |            ^^^^^^^^^^^
[INFO] [stdout] 
[INFO] [stdout] 
[INFO] [stdout] error: aborting due to 4 previous errors
[INFO] [stdout] 
[INFO] [stdout] 
[INFO] [stdout] For more information about this error, try `rustc --explain E0554`.
[INFO] [stdout] 
[INFO] [stderr] error: could not compile `pmw1` (lib) due to 5 previous errors
[INFO] running `Command { std: "docker" "inspect" "fa5e0818de79af29d4a69cdb11bb1cf911bb5ee9224e541679b1c17ae9c6ffd3", kill_on_drop: false }`
[INFO] running `Command { std: "docker" "rm" "-f" "fa5e0818de79af29d4a69cdb11bb1cf911bb5ee9224e541679b1c17ae9c6ffd3", kill_on_drop: false }`
[INFO] [stdout] fa5e0818de79af29d4a69cdb11bb1cf911bb5ee9224e541679b1c17ae9c6ffd3
[INFO] documenting PluMGMK/raykit_eduobjs against beta-2023-12-22 for beta-1.76-rustdoc-1
[INFO] running `Command { std: "git" "clone" "/workspace/cache/git-repos/https%3A%2F%2Fgithub.com%2FPluMGMK%2Fraykit_eduobjs" "/workspace/builds/worker-1-tc2/source", kill_on_drop: false }`
[INFO] [stderr] Cloning into '/workspace/builds/worker-1-tc2/source'...
[INFO] [stderr] done.
[INFO] validating manifest of git repo https://github.com/PluMGMK/raykit_eduobjs on toolchain beta-2023-12-22
[INFO] running `Command { std: CARGO_HOME="/workspace/cargo-home" RUSTUP_HOME="/workspace/rustup-home" "/workspace/cargo-home/bin/cargo" "+beta-2023-12-22" "metadata" "--manifest-path" "Cargo.toml" "--no-deps", kill_on_drop: false }`
[INFO] removed /workspace/builds/worker-1-tc2/source/rust-toolchain
[INFO] started tweaking git repo https://github.com/PluMGMK/raykit_eduobjs
[INFO] finished tweaking git repo https://github.com/PluMGMK/raykit_eduobjs
[INFO] tweaked toml for git repo https://github.com/PluMGMK/raykit_eduobjs written to /workspace/builds/worker-1-tc2/source/Cargo.toml
[INFO] crate git repo https://github.com/PluMGMK/raykit_eduobjs already has a lockfile, it will not be regenerated
[INFO] running `Command { std: CARGO_HOME="/workspace/cargo-home" RUSTUP_HOME="/workspace/rustup-home" "/workspace/cargo-home/bin/cargo" "+beta-2023-12-22" "fetch" "--manifest-path" "Cargo.toml", kill_on_drop: false }`
[INFO] running `Command { std: "docker" "create" "-v" "/var/lib/crater-agent-workspace/builds/worker-1-tc2/target:/opt/rustwide/target:rw,Z" "-v" "/var/lib/crater-agent-workspace/builds/worker-1-tc2/source:/opt/rustwide/workdir:ro,Z" "-v" "/var/lib/crater-agent-workspace/cargo-home:/opt/rustwide/cargo-home:ro,Z" "-v" "/var/lib/crater-agent-workspace/rustup-home:/opt/rustwide/rustup-home:ro,Z" "-e" "SOURCE_DIR=/opt/rustwide/workdir" "-e" "CARGO_TARGET_DIR=/opt/rustwide/target" "-e" "CARGO_HOME=/opt/rustwide/cargo-home" "-e" "RUSTUP_HOME=/opt/rustwide/rustup-home" "-w" "/opt/rustwide/workdir" "-m" "1610612736" "--user" "0:0" "--network" "none" "ghcr.io/rust-lang/crates-build-env/linux@sha256:2788e3201cd34a07e3172128adcd8b3090168a8e3bcc40d7c032b9dda1df7d1c" "/opt/rustwide/cargo-home/bin/cargo" "+beta-2023-12-22" "metadata" "--no-deps" "--format-version=1", kill_on_drop: false }`
[INFO] [stdout] 64dc9d04584dadfe497a28076ea6e5251a20c07db56d243340633569c1bd5495
[INFO] running `Command { std: "docker" "start" "-a" "64dc9d04584dadfe497a28076ea6e5251a20c07db56d243340633569c1bd5495", kill_on_drop: false }`
[INFO] running `Command { std: "docker" "inspect" "64dc9d04584dadfe497a28076ea6e5251a20c07db56d243340633569c1bd5495", kill_on_drop: false }`
[INFO] running `Command { std: "docker" "rm" "-f" "64dc9d04584dadfe497a28076ea6e5251a20c07db56d243340633569c1bd5495", kill_on_drop: false }`
[INFO] [stdout] 64dc9d04584dadfe497a28076ea6e5251a20c07db56d243340633569c1bd5495
[INFO] running `Command { std: "docker" "create" "-v" "/var/lib/crater-agent-workspace/builds/worker-1-tc2/target:/opt/rustwide/target:rw,Z" "-v" "/var/lib/crater-agent-workspace/builds/worker-1-tc2/source:/opt/rustwide/workdir:ro,Z" "-v" "/var/lib/crater-agent-workspace/cargo-home:/opt/rustwide/cargo-home:ro,Z" "-v" "/var/lib/crater-agent-workspace/rustup-home:/opt/rustwide/rustup-home:ro,Z" "-e" "SOURCE_DIR=/opt/rustwide/workdir" "-e" "CARGO_TARGET_DIR=/opt/rustwide/target" "-e" "CARGO_INCREMENTAL=0" "-e" "RUST_BACKTRACE=full" "-e" "RUSTFLAGS=--cap-lints=warn" "-e" "RUSTDOCFLAGS=--cap-lints=warn" "-e" "CARGO_HOME=/opt/rustwide/cargo-home" "-e" "RUSTUP_HOME=/opt/rustwide/rustup-home" "-w" "/opt/rustwide/workdir" "-m" "1610612736" "--user" "0:0" "--network" "none" "ghcr.io/rust-lang/crates-build-env/linux@sha256:2788e3201cd34a07e3172128adcd8b3090168a8e3bcc40d7c032b9dda1df7d1c" "/opt/rustwide/cargo-home/bin/cargo" "+beta-2023-12-22" "doc" "--frozen" "--no-deps" "--document-private-items" "--message-format=json", kill_on_drop: false }`
[INFO] [stdout] 4d82b84a3185c2215aa91ddc2f392f74cd5d7f209a24db7e29ae53535d949b3c
[INFO] running `Command { std: "docker" "start" "-a" "4d82b84a3185c2215aa91ddc2f392f74cd5d7f209a24db7e29ae53535d949b3c", kill_on_drop: false }`
[INFO] [stderr]     Checking md5 v0.7.0
[INFO] [stderr]     Checking pmw1 v0.2.0
[INFO] [stdout] error: cannot find macro `asm` in this scope
[INFO] [stdout]    --> /opt/rustwide/cargo-home/registry/src/index.crates.io-6f17d22bba15001f/pmw1-0.2.0/src/codec.rs:276:12
[INFO] [stdout]     |
[INFO] [stdout] 276 |     unsafe{asm!("
[INFO] [stdout]     |            ^^^
[INFO] [stdout]     |
[INFO] [stdout] help: consider importing one of these items
[INFO] [stdout]     |
[INFO] [stdout] 15  + use core::arch::asm;
[INFO] [stdout]     |
[INFO] [stdout] 15  + use std::arch::asm;
[INFO] [stdout]     |
[INFO] [stdout] 
[INFO] [stdout] 
[INFO] [stdout] error: cannot find macro `asm` in this scope
[INFO] [stdout]    --> /opt/rustwide/cargo-home/registry/src/index.crates.io-6f17d22bba15001f/pmw1-0.2.0/src/codec.rs:636:29
[INFO] [stdout]     |
[INFO] [stdout] 636 | ...                   asm!("
[INFO] [stdout]     |                       ^^^
[INFO] [stdout]     |
[INFO] [stdout] help: consider importing one of these items
[INFO] [stdout]     |
[INFO] [stdout] 15  + use core::arch::asm;
[INFO] [stdout]     |
[INFO] [stdout] 15  + use std::arch::asm;
[INFO] [stdout]     |
[INFO] [stdout] 
[INFO] [stdout] 
[INFO] [stdout] error[E0554]: `#![feature]` may not be used on the beta release channel
[INFO] [stdout]  --> /opt/rustwide/cargo-home/registry/src/index.crates.io-6f17d22bba15001f/pmw1-0.2.0/src/lib.rs:7:12
[INFO] [stdout]   |
[INFO] [stdout] 7 | #![feature(asm)]
[INFO] [stdout]   |            ^^^
[INFO] [stdout] 
[INFO] [stdout] 
[INFO] [stdout] error[E0554]: `#![feature]` may not be used on the beta release channel
[INFO] [stdout]  --> /opt/rustwide/cargo-home/registry/src/index.crates.io-6f17d22bba15001f/pmw1-0.2.0/src/lib.rs:8:12
[INFO] [stdout]   |
[INFO] [stdout] 8 | #![feature(cell_update)]
[INFO] [stdout]   |            ^^^^^^^^^^^
[INFO] [stdout] 
[INFO] [stdout] 
[INFO] [stdout] error: aborting due to 4 previous errors
[INFO] [stdout] 
[INFO] [stdout] 
[INFO] [stdout] For more information about this error, try `rustc --explain E0554`.
[INFO] [stdout] 
[INFO] [stderr] error: could not compile `pmw1` (lib) due to 5 previous errors
[INFO] running `Command { std: "docker" "inspect" "4d82b84a3185c2215aa91ddc2f392f74cd5d7f209a24db7e29ae53535d949b3c", kill_on_drop: false }`
[INFO] running `Command { std: "docker" "rm" "-f" "4d82b84a3185c2215aa91ddc2f392f74cd5d7f209a24db7e29ae53535d949b3c", kill_on_drop: false }`
[INFO] [stdout] 4d82b84a3185c2215aa91ddc2f392f74cd5d7f209a24db7e29ae53535d949b3c
