[INFO] cloning repository https://github.com/PlatONnetwork/Zokrates
[INFO] running `Command { std: "git" "-c" "credential.helper=" "-c" "credential.helper=/workspace/cargo-home/bin/git-credential-null" "clone" "--bare" "https://github.com/PlatONnetwork/Zokrates" "/workspace/cache/git-repos/https%3A%2F%2Fgithub.com%2FPlatONnetwork%2FZokrates", kill_on_drop: false }`
[INFO] [stderr] Cloning into bare repository '/workspace/cache/git-repos/https%3A%2F%2Fgithub.com%2FPlatONnetwork%2FZokrates'...
[INFO] running `Command { std: "git" "rev-parse" "HEAD", kill_on_drop: false }`
[INFO] [stdout] be3865e9957e4e8509b227b9c82276c1b0d3edef
[INFO] documenting PlatONnetwork/Zokrates against 1.75.0 for beta-1.76-rustdoc-1
[INFO] running `Command { std: "git" "clone" "/workspace/cache/git-repos/https%3A%2F%2Fgithub.com%2FPlatONnetwork%2FZokrates" "/workspace/builds/worker-1-tc1/source", kill_on_drop: false }`
[INFO] [stderr] Cloning into '/workspace/builds/worker-1-tc1/source'...
[INFO] [stderr] done.
[INFO] validating manifest of git repo https://github.com/PlatONnetwork/Zokrates on toolchain 1.75.0
[INFO] running `Command { std: CARGO_HOME="/workspace/cargo-home" RUSTUP_HOME="/workspace/rustup-home" "/workspace/cargo-home/bin/cargo" "+1.75.0" "metadata" "--manifest-path" "Cargo.toml" "--no-deps", kill_on_drop: false }`
[INFO] started tweaking git repo https://github.com/PlatONnetwork/Zokrates
[INFO] finished tweaking git repo https://github.com/PlatONnetwork/Zokrates
[INFO] tweaked toml for git repo https://github.com/PlatONnetwork/Zokrates written to /workspace/builds/worker-1-tc1/source/Cargo.toml
[INFO] crate git repo https://github.com/PlatONnetwork/Zokrates already has a lockfile, it will not be regenerated
[INFO] running `Command { std: CARGO_HOME="/workspace/cargo-home" RUSTUP_HOME="/workspace/rustup-home" "/workspace/cargo-home/bin/cargo" "+1.75.0" "fetch" "--manifest-path" "Cargo.toml", kill_on_drop: false }`
[INFO] [stderr]     Updating git repository `https://github.com/arkworks-rs/curves`
[INFO] [stderr]     Updating git repository `https://github.com/arkworks-rs/algebra`
[INFO] [stderr]     Updating git repository `https://github.com/arkworks-rs/gm17`
[INFO] [stderr]     Updating git repository `https://github.com/arkworks-rs/snark`
[INFO] [stderr]     Updating crates.io index
[INFO] [stderr]     Updating git repository `https://github.com/arkworks-rs/utils`
[INFO] [stderr]     Updating git repository `https://github.com/arkworks-rs/crypto-primitives.git`
[INFO] [stderr]  Downloading crates ...
[INFO] [stderr]   Downloaded from-pest v0.3.1
[INFO] [stderr]   Downloaded reduce v0.1.3
[INFO] [stderr]   Downloaded wasm-bindgen-test-macro v0.3.19
[INFO] [stderr]   Downloaded ctor v0.1.16
[INFO] [stderr]   Downloaded ff_derive_ce v0.8.0
[INFO] [stderr]   Downloaded pest-ast v0.3.3
[INFO] [stderr]   Downloaded environment v0.1.1
[INFO] [stderr]   Downloaded wasm-bindgen-test v0.3.19
[INFO] [stderr]   Downloaded rustc_version v0.3.0
[INFO] [stderr]   Downloaded semver-parser v0.10.1
[INFO] [stderr]   Downloaded ff_ce v0.9.0
[INFO] [stderr]   Downloaded assert_cli v0.5.4
[INFO] [stderr]   Downloaded openssl-sys v0.9.59
[INFO] [stderr]   Downloaded bincode v0.8.0
[INFO] [stderr]   Downloaded difference v1.0.0
[INFO] [stderr]   Downloaded bellman_ce v0.3.5
[INFO] [stderr]   Downloaded libgit2-sys v0.12.14+1.1.0
[INFO] [stderr]   Downloaded libssh2-sys v0.2.20
[INFO] [stderr]   Downloaded ff_ce v0.10.3
[INFO] [stderr]   Downloaded git2 v0.13.12
[INFO] [stderr]   Downloaded sapling-crypto_ce v0.1.3
[INFO] [stderr]   Downloaded pairing_ce v0.21.1
[INFO] running `Command { std: "docker" "create" "-v" "/var/lib/crater-agent-workspace/builds/worker-1-tc1/target:/opt/rustwide/target:rw,Z" "-v" "/var/lib/crater-agent-workspace/builds/worker-1-tc1/source:/opt/rustwide/workdir:ro,Z" "-v" "/var/lib/crater-agent-workspace/cargo-home:/opt/rustwide/cargo-home:ro,Z" "-v" "/var/lib/crater-agent-workspace/rustup-home:/opt/rustwide/rustup-home:ro,Z" "-e" "SOURCE_DIR=/opt/rustwide/workdir" "-e" "CARGO_TARGET_DIR=/opt/rustwide/target" "-e" "CARGO_HOME=/opt/rustwide/cargo-home" "-e" "RUSTUP_HOME=/opt/rustwide/rustup-home" "-w" "/opt/rustwide/workdir" "-m" "1610612736" "--user" "0:0" "--network" "none" "ghcr.io/rust-lang/crates-build-env/linux@sha256:2788e3201cd34a07e3172128adcd8b3090168a8e3bcc40d7c032b9dda1df7d1c" "/opt/rustwide/cargo-home/bin/cargo" "+1.75.0" "metadata" "--no-deps" "--format-version=1", kill_on_drop: false }`
[INFO] [stdout] 83b3e08d5294ef9be6cd23aa1871c76a00204693f4860195b70690902abb3ffa
[INFO] running `Command { std: "docker" "start" "-a" "83b3e08d5294ef9be6cd23aa1871c76a00204693f4860195b70690902abb3ffa", kill_on_drop: false }`
[INFO] running `Command { std: "docker" "inspect" "83b3e08d5294ef9be6cd23aa1871c76a00204693f4860195b70690902abb3ffa", kill_on_drop: false }`
[INFO] running `Command { std: "docker" "rm" "-f" "83b3e08d5294ef9be6cd23aa1871c76a00204693f4860195b70690902abb3ffa", kill_on_drop: false }`
[INFO] [stdout] 83b3e08d5294ef9be6cd23aa1871c76a00204693f4860195b70690902abb3ffa
[INFO] running `Command { std: "docker" "create" "-v" "/var/lib/crater-agent-workspace/builds/worker-1-tc1/target:/opt/rustwide/target:rw,Z" "-v" "/var/lib/crater-agent-workspace/builds/worker-1-tc1/source:/opt/rustwide/workdir:ro,Z" "-v" "/var/lib/crater-agent-workspace/cargo-home:/opt/rustwide/cargo-home:ro,Z" "-v" "/var/lib/crater-agent-workspace/rustup-home:/opt/rustwide/rustup-home:ro,Z" "-e" "SOURCE_DIR=/opt/rustwide/workdir" "-e" "CARGO_TARGET_DIR=/opt/rustwide/target" "-e" "CARGO_INCREMENTAL=0" "-e" "RUST_BACKTRACE=full" "-e" "RUSTFLAGS=--cap-lints=warn" "-e" "RUSTDOCFLAGS=--cap-lints=warn" "-e" "CARGO_HOME=/opt/rustwide/cargo-home" "-e" "RUSTUP_HOME=/opt/rustwide/rustup-home" "-w" "/opt/rustwide/workdir" "-m" "1610612736" "--user" "0:0" "--network" "none" "ghcr.io/rust-lang/crates-build-env/linux@sha256:2788e3201cd34a07e3172128adcd8b3090168a8e3bcc40d7c032b9dda1df7d1c" "/opt/rustwide/cargo-home/bin/cargo" "+1.75.0" "doc" "--frozen" "--no-deps" "--document-private-items" "--message-format=json", kill_on_drop: false }`
[INFO] [stdout] d098c6b36a86b5d25f2bdd8e2574cb74cdec088f873f0bc97eb38cad416dc96d
[INFO] running `Command { std: "docker" "start" "-a" "d098c6b36a86b5d25f2bdd8e2574cb74cdec088f873f0bc97eb38cad416dc96d", kill_on_drop: false }`
[INFO] [stderr]    Compiling syn v1.0.54
[INFO] [stderr]    Compiling libc v0.2.81
[INFO] [stderr]    Compiling serde_derive v1.0.118
[INFO] [stderr]    Compiling serde v1.0.118
[INFO] [stderr]    Compiling byteorder v1.3.4
[INFO] [stderr]    Compiling getrandom v0.1.15
[INFO] [stderr]     Checking ark-std v0.1.0 (https://github.com/arkworks-rs/utils#f6974ac7)
[INFO] [stderr]    Compiling num-integer v0.1.44
[INFO] [stderr]    Compiling num-bigint v0.3.1
[INFO] [stderr]    Compiling num-bigint v0.2.6
[INFO] [stderr]     Checking futures-sink v0.3.8
[INFO] [stderr]    Compiling quote v1.0.7
[INFO] [stderr]    Compiling semver-parser v0.10.1
[INFO] [stderr]    Compiling num-traits v0.2.14
[INFO] [stderr]     Checking generic-array v0.12.3
[INFO] [stderr]     Checking futures-core v0.3.8
[INFO] [stderr]     Checking once_cell v1.5.2
[INFO] [stderr]     Checking futures-io v0.3.8
[INFO] [stderr]     Checking futures-channel v0.3.8
[INFO] [stderr]     Checking futures-task v0.3.8
[INFO] [stderr]     Checking hex v0.4.2
[INFO] [stderr]    Compiling miniz_oxide v0.4.3
[INFO] [stderr]     Checking digest v0.8.1
[INFO] [stderr]    Compiling gimli v0.23.0
[INFO] [stderr]    Compiling failure_derive v0.1.8
[INFO] [stderr]    Compiling maplit v1.0.2
[INFO] [stderr]    Compiling adler v0.2.3
[INFO] [stderr]    Compiling proc-macro2 v0.4.30
[INFO] [stderr]     Checking bit-vec v0.6.3
[INFO] [stderr]     Checking ucd-trie v0.1.3
[INFO] [stderr]    Compiling rustc-demangle v0.1.18
[INFO] [stderr]    Compiling pest_meta v2.1.3
[INFO] [stderr]    Compiling semver v0.11.0
[INFO] [stderr]    Compiling arrayvec v0.4.12
[INFO] [stderr]    Compiling crunchy v0.2.2
[INFO] [stderr]    Compiling object v0.22.0
[INFO] [stderr]    Compiling rustc_version v0.3.0
[INFO] [stderr]     Checking block-buffer v0.7.3
[INFO] [stderr]     Checking sha2 v0.8.2
[INFO] [stderr]     Checking pest v2.1.3
[INFO] [stderr]     Checking tracing-core v0.1.17
[INFO] [stderr]     Checking nodrop v0.1.14
[INFO] [stderr]     Checking pin-project-lite v0.2.0
[INFO] [stderr]    Compiling syn v0.15.44
[INFO] [stderr]    Compiling tiny-keccak v2.0.2
[INFO] [stderr]     Checking rand v0.4.6
[INFO] [stderr]    Compiling ark-ff v0.1.0 (https://github.com/arkworks-rs/algebra#eac2dd72)
[INFO] [stderr]     Checking num_cpus v1.13.0
[INFO] [stderr]     Checking tracing v0.1.22
[INFO] [stderr]     Checking rand_core v0.5.1
[INFO] [stderr]    Compiling quote v0.6.13
[INFO] [stderr]    Compiling serde_json v1.0.60
[INFO] [stderr]     Checking itoa v0.4.6
[INFO] [stderr]    Compiling either v1.6.1
[INFO] [stderr]     Checking crypto-mac v0.7.0
[INFO] [stderr]     Checking rand_chacha v0.2.2
[INFO] [stderr]     Checking blake2-rfc_bellman_edition v0.0.1
[INFO] [stderr]    Compiling itertools v0.7.11
[INFO] [stderr]     Checking num-traits v0.1.43
[INFO] [stderr]     Checking blake2 v0.8.1
[INFO] [stderr]     Checking rand v0.7.3
[INFO] [stderr]     Checking regex-automata v0.1.9
[INFO] [stderr]    Compiling regex v0.2.11
[INFO] [stderr]    Compiling getrandom v0.2.2
[INFO] [stderr]     Checking bench-utils v0.1.0 (https://github.com/arkworks-rs/utils#f6974ac7)
[INFO] [stderr]     Checking zokrates_common v0.1.0 (/opt/rustwide/workdir/zokrates_common)
[INFO] [stderr]     Checking ucd-util v0.1.8
[INFO] [stderr]     Checking num-iter v0.1.42
[INFO] [stderr]     Checking from-pest v0.3.1
[INFO] [stderr]     Checking thread_local v0.3.6
[INFO] [stderr]     Checking csv-core v0.1.10
[INFO] [stderr]     Checking regex-syntax v0.5.6
[INFO] [stderr]     Checking aho-corasick v0.6.10
[INFO] [stderr]     Checking utf8-ranges v1.0.4
[INFO] [stderr]    Compiling zokrates_core v0.5.4 (/opt/rustwide/workdir/zokrates_core)
[INFO] [stderr]    Compiling zokrates_test_derive v0.0.1 (/opt/rustwide/workdir/zokrates_test_derive)
[INFO] [stderr]     Checking num v0.1.42
[INFO] [stderr]     Checking ff_ce v0.9.0
[INFO] [stderr]    Compiling fs_extra v1.2.0
[INFO] [stderr]     Checking typed-arena v1.7.0
[INFO] [stdout] error[E0308]: mismatched types
[INFO] [stdout]    --> /opt/rustwide/cargo-home/registry/src/index.crates.io-6f17d22bba15001f/num-bigint-0.3.1/src/biguint.rs:208:19
[INFO] [stdout]     |
[INFO] [stdout] 208 |         .div_ceil(&big_digit::BITS.into())
[INFO] [stdout]     |          -------- ^^^^^^^^^^^^^^^^^^^^^^^ expected `u64`, found `&_`
[INFO] [stdout]     |          |
[INFO] [stdout]     |          arguments to this method are incorrect
[INFO] [stdout]     |
[INFO] [stdout]     = note:   expected type `u64`
[INFO] [stdout]             found reference `&_`
[INFO] [stdout] note: method defined here
[INFO] [stdout]    --> /rustc/82e1608dfa6e0b5569232559e3d385fea5a93112/library/core/src/num/mod.rs:1169:5
[INFO] [stdout]     = note: this error originates in the macro `uint_impl` (in Nightly builds, run with -Z macro-backtrace for more info)
[INFO] [stdout] help: consider removing the borrow
[INFO] [stdout]     |
[INFO] [stdout] 208 -         .div_ceil(&big_digit::BITS.into())
[INFO] [stdout] 208 +         .div_ceil(big_digit::BITS.into())
[INFO] [stdout]     |
[INFO] [stdout] 
[INFO] [stdout] 
[INFO] [stderr]     Checking reduce v0.1.3
[INFO] [stderr]     Checking unicode-width v0.1.8
[INFO] [stderr]    Compiling zokrates_core_test v0.1.5 (/opt/rustwide/workdir/zokrates_core_test)
[INFO] [stdout] error[E0308]: mismatched types
[INFO] [stdout]     --> /opt/rustwide/cargo-home/registry/src/index.crates.io-6f17d22bba15001f/num-bigint-0.3.1/src/biguint.rs:2128:19
[INFO] [stdout]      |
[INFO] [stdout] 2128 |         .div_ceil(&u64::from(bits))
[INFO] [stdout]      |          -------- ^^^^^^^^^^^^^^^^ expected `u64`, found `&u64`
[INFO] [stdout]      |          |
[INFO] [stdout]      |          arguments to this method are incorrect
[INFO] [stdout]      |
[INFO] [stdout] note: method defined here
[INFO] [stdout]     --> /rustc/82e1608dfa6e0b5569232559e3d385fea5a93112/library/core/src/num/mod.rs:1169:5
[INFO] [stdout]      = note: this error originates in the macro `uint_impl` (in Nightly builds, run with -Z macro-backtrace for more info)
[INFO] [stdout] help: consider removing the borrow
[INFO] [stdout]      |
[INFO] [stdout] 2128 -         .div_ceil(&u64::from(bits))
[INFO] [stdout] 2128 +         .div_ceil(u64::from(bits))
[INFO] [stdout]      |
[INFO] [stdout] 
[INFO] [stdout] 
[INFO] [stderr]     Checking zokrates_fs_resolver v0.5.1 (/opt/rustwide/workdir/zokrates_fs_resolver)
[INFO] [stdout] error[E0308]: mismatched types
[INFO] [stdout]     --> /opt/rustwide/cargo-home/registry/src/index.crates.io-6f17d22bba15001f/num-bigint-0.3.1/src/biguint.rs:2156:19
[INFO] [stdout]      |
[INFO] [stdout] 2156 |         .div_ceil(&u64::from(bits))
[INFO] [stdout]      |          -------- ^^^^^^^^^^^^^^^^ expected `u64`, found `&u64`
[INFO] [stdout]      |          |
[INFO] [stdout]      |          arguments to this method are incorrect
[INFO] [stdout]      |
[INFO] [stdout] note: method defined here
[INFO] [stdout]     --> /rustc/82e1608dfa6e0b5569232559e3d385fea5a93112/library/core/src/num/mod.rs:1169:5
[INFO] [stdout]      = note: this error originates in the macro `uint_impl` (in Nightly builds, run with -Z macro-backtrace for more info)
[INFO] [stdout] help: consider removing the borrow
[INFO] [stdout]      |
[INFO] [stdout] 2156 -         .div_ceil(&u64::from(bits))
[INFO] [stdout] 2156 +         .div_ceil(u64::from(bits))
[INFO] [stdout]      |
[INFO] [stdout] 
[INFO] [stdout] 
[INFO] [stderr]     Checking dirs-sys v0.3.5
[INFO] [stderr]     Checking atty v0.2.14
[INFO] [stderr]     Checking vec_map v0.8.2
[INFO] [stdout] error: aborting due to 3 previous errors
[INFO] [stdout] 
[INFO] [stdout] 
[INFO] [stdout] For more information about this error, try `rustc --explain E0308`.
[INFO] [stdout] 
[INFO] [stderr]     Checking textwrap v0.11.0
[INFO] [stderr] error: could not compile `num-bigint` (lib) due to 4 previous errors
[INFO] [stderr] warning: build failed, waiting for other jobs to finish...
[INFO] running `Command { std: "docker" "inspect" "d098c6b36a86b5d25f2bdd8e2574cb74cdec088f873f0bc97eb38cad416dc96d", kill_on_drop: false }`
[INFO] running `Command { std: "docker" "rm" "-f" "d098c6b36a86b5d25f2bdd8e2574cb74cdec088f873f0bc97eb38cad416dc96d", kill_on_drop: false }`
[INFO] [stdout] d098c6b36a86b5d25f2bdd8e2574cb74cdec088f873f0bc97eb38cad416dc96d
[INFO] documenting PlatONnetwork/Zokrates against beta-2023-12-22 for beta-1.76-rustdoc-1
[INFO] running `Command { std: "git" "clone" "/workspace/cache/git-repos/https%3A%2F%2Fgithub.com%2FPlatONnetwork%2FZokrates" "/workspace/builds/worker-1-tc2/source", kill_on_drop: false }`
[INFO] [stderr] Cloning into '/workspace/builds/worker-1-tc2/source'...
[INFO] [stderr] done.
[INFO] validating manifest of git repo https://github.com/PlatONnetwork/Zokrates on toolchain beta-2023-12-22
[INFO] running `Command { std: CARGO_HOME="/workspace/cargo-home" RUSTUP_HOME="/workspace/rustup-home" "/workspace/cargo-home/bin/cargo" "+beta-2023-12-22" "metadata" "--manifest-path" "Cargo.toml" "--no-deps", kill_on_drop: false }`
[INFO] started tweaking git repo https://github.com/PlatONnetwork/Zokrates
[INFO] finished tweaking git repo https://github.com/PlatONnetwork/Zokrates
[INFO] tweaked toml for git repo https://github.com/PlatONnetwork/Zokrates written to /workspace/builds/worker-1-tc2/source/Cargo.toml
[INFO] crate git repo https://github.com/PlatONnetwork/Zokrates already has a lockfile, it will not be regenerated
[INFO] running `Command { std: CARGO_HOME="/workspace/cargo-home" RUSTUP_HOME="/workspace/rustup-home" "/workspace/cargo-home/bin/cargo" "+beta-2023-12-22" "fetch" "--manifest-path" "Cargo.toml", kill_on_drop: false }`
[INFO] running `Command { std: "docker" "create" "-v" "/var/lib/crater-agent-workspace/builds/worker-1-tc2/target:/opt/rustwide/target:rw,Z" "-v" "/var/lib/crater-agent-workspace/builds/worker-1-tc2/source:/opt/rustwide/workdir:ro,Z" "-v" "/var/lib/crater-agent-workspace/cargo-home:/opt/rustwide/cargo-home:ro,Z" "-v" "/var/lib/crater-agent-workspace/rustup-home:/opt/rustwide/rustup-home:ro,Z" "-e" "SOURCE_DIR=/opt/rustwide/workdir" "-e" "CARGO_TARGET_DIR=/opt/rustwide/target" "-e" "CARGO_HOME=/opt/rustwide/cargo-home" "-e" "RUSTUP_HOME=/opt/rustwide/rustup-home" "-w" "/opt/rustwide/workdir" "-m" "1610612736" "--user" "0:0" "--network" "none" "ghcr.io/rust-lang/crates-build-env/linux@sha256:2788e3201cd34a07e3172128adcd8b3090168a8e3bcc40d7c032b9dda1df7d1c" "/opt/rustwide/cargo-home/bin/cargo" "+beta-2023-12-22" "metadata" "--no-deps" "--format-version=1", kill_on_drop: false }`
[INFO] [stdout] 038a53e92eb9e52e5719811282e11cf1c5ce3277661ee90b2d7719a2ab3667b6
[INFO] running `Command { std: "docker" "start" "-a" "038a53e92eb9e52e5719811282e11cf1c5ce3277661ee90b2d7719a2ab3667b6", kill_on_drop: false }`
[INFO] running `Command { std: "docker" "inspect" "038a53e92eb9e52e5719811282e11cf1c5ce3277661ee90b2d7719a2ab3667b6", kill_on_drop: false }`
[INFO] running `Command { std: "docker" "rm" "-f" "038a53e92eb9e52e5719811282e11cf1c5ce3277661ee90b2d7719a2ab3667b6", kill_on_drop: false }`
[INFO] [stdout] 038a53e92eb9e52e5719811282e11cf1c5ce3277661ee90b2d7719a2ab3667b6
[INFO] running `Command { std: "docker" "create" "-v" "/var/lib/crater-agent-workspace/builds/worker-1-tc2/target:/opt/rustwide/target:rw,Z" "-v" "/var/lib/crater-agent-workspace/builds/worker-1-tc2/source:/opt/rustwide/workdir:ro,Z" "-v" "/var/lib/crater-agent-workspace/cargo-home:/opt/rustwide/cargo-home:ro,Z" "-v" "/var/lib/crater-agent-workspace/rustup-home:/opt/rustwide/rustup-home:ro,Z" "-e" "SOURCE_DIR=/opt/rustwide/workdir" "-e" "CARGO_TARGET_DIR=/opt/rustwide/target" "-e" "CARGO_INCREMENTAL=0" "-e" "RUST_BACKTRACE=full" "-e" "RUSTFLAGS=--cap-lints=warn" "-e" "RUSTDOCFLAGS=--cap-lints=warn" "-e" "CARGO_HOME=/opt/rustwide/cargo-home" "-e" "RUSTUP_HOME=/opt/rustwide/rustup-home" "-w" "/opt/rustwide/workdir" "-m" "1610612736" "--user" "0:0" "--network" "none" "ghcr.io/rust-lang/crates-build-env/linux@sha256:2788e3201cd34a07e3172128adcd8b3090168a8e3bcc40d7c032b9dda1df7d1c" "/opt/rustwide/cargo-home/bin/cargo" "+beta-2023-12-22" "doc" "--frozen" "--no-deps" "--document-private-items" "--message-format=json", kill_on_drop: false }`
[INFO] [stdout] 0a207d3c62e06f9dfeb65185c2e38130a990e9cc4b60124293c86a707b7ec3b0
[INFO] running `Command { std: "docker" "start" "-a" "0a207d3c62e06f9dfeb65185c2e38130a990e9cc4b60124293c86a707b7ec3b0", kill_on_drop: false }`
[INFO] [stderr]    Compiling syn v1.0.54
[INFO] [stderr]    Compiling libc v0.2.81
[INFO] [stderr]    Compiling serde_derive v1.0.118
[INFO] [stderr]    Compiling serde v1.0.118
[INFO] [stderr]    Compiling byteorder v1.3.4
[INFO] [stderr]    Compiling getrandom v0.1.15
[INFO] [stderr]     Checking ark-std v0.1.0 (https://github.com/arkworks-rs/utils#f6974ac7)
[INFO] [stderr]    Compiling num-integer v0.1.44
[INFO] [stderr]    Compiling num-bigint v0.3.1
[INFO] [stderr]    Compiling num-bigint v0.2.6
[INFO] [stderr]     Checking futures-core v0.3.8
[INFO] [stderr]    Compiling quote v1.0.7
[INFO] [stderr]    Compiling semver-parser v0.10.1
[INFO] [stderr]    Compiling num-traits v0.2.14
[INFO] [stderr]     Checking generic-array v0.12.3
[INFO] [stderr]     Checking futures-sink v0.3.8
[INFO] [stderr]     Checking once_cell v1.5.2
[INFO] [stderr]     Checking futures-channel v0.3.8
[INFO] [stderr]     Checking hex v0.4.2
[INFO] [stderr]     Checking futures-task v0.3.8
[INFO] [stderr]     Checking futures-io v0.3.8
[INFO] [stderr]     Checking digest v0.8.1
[INFO] [stderr]    Compiling miniz_oxide v0.4.3
[INFO] [stderr]    Compiling proc-macro2 v0.4.30
[INFO] [stderr]    Compiling adler v0.2.3
[INFO] [stderr]    Compiling failure_derive v0.1.8
[INFO] [stderr]    Compiling gimli v0.23.0
[INFO] [stderr]    Compiling maplit v1.0.2
[INFO] [stderr]    Compiling arrayvec v0.4.12
[INFO] [stderr]    Compiling crunchy v0.2.2
[INFO] [stderr]    Compiling rustc-demangle v0.1.18
[INFO] [stderr]    Compiling pest_meta v2.1.3
[INFO] [stderr]     Checking bit-vec v0.6.3
[INFO] [stderr]    Compiling semver v0.11.0
[INFO] [stderr]    Compiling object v0.22.0
[INFO] [stderr]     Checking block-buffer v0.7.3
[INFO] [stderr]     Checking ucd-trie v0.1.3
[INFO] [stderr]     Checking sha2 v0.8.2
[INFO] [stderr]    Compiling rustc_version v0.3.0
[INFO] [stderr]     Checking pest v2.1.3
[INFO] [stderr]     Checking nodrop v0.1.14
[INFO] [stderr]     Checking tracing-core v0.1.17
[INFO] [stderr]    Compiling tiny-keccak v2.0.2
[INFO] [stderr]     Checking pin-project-lite v0.2.0
[INFO] [stderr]     Checking rand v0.4.6
[INFO] [stderr]     Checking num_cpus v1.13.0
[INFO] [stderr]    Compiling syn v0.15.44
[INFO] [stderr]    Compiling ark-ff v0.1.0 (https://github.com/arkworks-rs/algebra#eac2dd72)
[INFO] [stderr]     Checking rand_core v0.5.1
[INFO] [stderr]     Checking itoa v0.4.6
[INFO] [stderr]     Checking tracing v0.1.22
[INFO] [stderr]    Compiling either v1.6.1
[INFO] [stderr]    Compiling quote v0.6.13
[INFO] [stderr]     Checking rand_chacha v0.2.2
[INFO] [stderr]    Compiling serde_json v1.0.60
[INFO] [stderr]     Checking blake2-rfc_bellman_edition v0.0.1
[INFO] [stderr]    Compiling itertools v0.7.11
[INFO] [stderr]     Checking crypto-mac v0.7.0
[INFO] [stderr]     Checking rand v0.7.3
[INFO] [stderr]     Checking num-traits v0.1.43
[INFO] [stderr]     Checking blake2 v0.8.1
[INFO] [stderr]     Checking regex-automata v0.1.9
[INFO] [stderr]     Checking from-pest v0.3.1
[INFO] [stderr]    Compiling getrandom v0.2.2
[INFO] [stderr]     Checking zokrates_common v0.1.0 (/opt/rustwide/workdir/zokrates_common)
[INFO] [stderr]    Compiling regex v0.2.11
[INFO] [stderr]     Checking ucd-util v0.1.8
[INFO] [stderr]     Checking bench-utils v0.1.0 (https://github.com/arkworks-rs/utils#f6974ac7)
[INFO] [stderr]     Checking num-iter v0.1.42
[INFO] [stderr]     Checking thread_local v0.3.6
[INFO] [stderr]     Checking csv-core v0.1.10
[INFO] [stderr]     Checking aho-corasick v0.6.10
[INFO] [stderr]     Checking regex-syntax v0.5.6
[INFO] [stderr]     Checking utf8-ranges v1.0.4
[INFO] [stderr]    Compiling zokrates_core v0.5.4 (/opt/rustwide/workdir/zokrates_core)
[INFO] [stderr]    Compiling glob v0.3.0
[INFO] [stderr]     Checking num v0.1.42
[INFO] [stderr]     Checking ff_ce v0.9.0
[INFO] [stderr]     Checking typed-arena v1.7.0
[INFO] [stderr]    Compiling fs_extra v1.2.0
[INFO] [stderr]     Checking reduce v0.1.3
[INFO] [stderr]     Checking unicode-width v0.1.8
[INFO] [stderr]     Checking zokrates_fs_resolver v0.5.1 (/opt/rustwide/workdir/zokrates_fs_resolver)
[INFO] [stderr]     Checking atty v0.2.14
[INFO] [stderr]    Compiling zokrates_test_derive v0.0.1 (/opt/rustwide/workdir/zokrates_test_derive)
[INFO] [stderr]     Checking dirs-sys v0.3.5
[INFO] [stderr]     Checking textwrap v0.11.0
[INFO] [stderr]     Checking ansi_term v0.11.0
[INFO] [stdout] error[E0308]: mismatched types
[INFO] [stdout]    --> /opt/rustwide/cargo-home/registry/src/index.crates.io-6f17d22bba15001f/num-bigint-0.3.1/src/biguint.rs:208:19
[INFO] [stdout]     |
[INFO] [stdout] 208 |         .div_ceil(&big_digit::BITS.into())
[INFO] [stdout]     |          -------- ^^^^^^^^^^^^^^^^^^^^^^^ expected `u64`, found `&_`
[INFO] [stdout]     |          |
[INFO] [stdout]     |          arguments to this method are incorrect
[INFO] [stdout]     |
[INFO] [stdout]     = note:   expected type `u64`
[INFO] [stdout]             found reference `&_`
[INFO] [stdout] note: method defined here
[INFO] [stdout]    --> /rustc/0e09125c6c3c2fd70d7de961bcf0e51575235fad/library/core/src/num/mod.rs:1169:5
[INFO] [stdout]     = note: this error originates in the macro `uint_impl` (in Nightly builds, run with -Z macro-backtrace for more info)
[INFO] [stdout] help: consider removing the borrow
[INFO] [stdout]     |
[INFO] [stdout] 208 -         .div_ceil(&big_digit::BITS.into())
[INFO] [stdout] 208 +         .div_ceil(big_digit::BITS.into())
[INFO] [stdout]     |
[INFO] [stdout] 
[INFO] [stdout] 
[INFO] [stderr]     Checking vec_map v0.8.2
[INFO] [stderr]     Checking strsim v0.8.0
[INFO] [stderr]     Checking dirs v3.0.1
[INFO] [stderr]  Documenting zokrates_fs_resolver v0.5.1 (/opt/rustwide/workdir/zokrates_fs_resolver)
[INFO] [stdout] error[E0308]: mismatched types
[INFO] [stdout]     --> /opt/rustwide/cargo-home/registry/src/index.crates.io-6f17d22bba15001f/num-bigint-0.3.1/src/biguint.rs:2128:19
[INFO] [stdout]      |
[INFO] [stdout] 2128 |         .div_ceil(&u64::from(bits))
[INFO] [stdout]      |          -------- ^^^^^^^^^^^^^^^^ expected `u64`, found `&u64`
[INFO] [stdout]      |          |
[INFO] [stdout]      |          arguments to this method are incorrect
[INFO] [stdout]      |
[INFO] [stdout] note: method defined here
[INFO] [stdout]     --> /rustc/0e09125c6c3c2fd70d7de961bcf0e51575235fad/library/core/src/num/mod.rs:1169:5
[INFO] [stdout]      = note: this error originates in the macro `uint_impl` (in Nightly builds, run with -Z macro-backtrace for more info)
[INFO] [stdout] help: consider removing the borrow
[INFO] [stdout]      |
[INFO] [stdout] 2128 -         .div_ceil(&u64::from(bits))
[INFO] [stdout] 2128 +         .div_ceil(u64::from(bits))
[INFO] [stdout]      |
[INFO] [stdout] 
[INFO] [stdout] 
[INFO] [stdout] error[E0308]: mismatched types
[INFO] [stdout]     --> /opt/rustwide/cargo-home/registry/src/index.crates.io-6f17d22bba15001f/num-bigint-0.3.1/src/biguint.rs:2156:19
[INFO] [stdout]      |
[INFO] [stdout] 2156 |         .div_ceil(&u64::from(bits))
[INFO] [stdout]      |          -------- ^^^^^^^^^^^^^^^^ expected `u64`, found `&u64`
[INFO] [stdout]      |          |
[INFO] [stdout]      |          arguments to this method are incorrect
[INFO] [stdout]      |
[INFO] [stdout] note: method defined here
[INFO] [stdout]     --> /rustc/0e09125c6c3c2fd70d7de961bcf0e51575235fad/library/core/src/num/mod.rs:1169:5
[INFO] [stdout]      = note: this error originates in the macro `uint_impl` (in Nightly builds, run with -Z macro-backtrace for more info)
[INFO] [stdout] help: consider removing the borrow
[INFO] [stdout]      |
[INFO] [stdout] 2156 -         .div_ceil(&u64::from(bits))
[INFO] [stdout] 2156 +         .div_ceil(u64::from(bits))
[INFO] [stdout]      |
[INFO] [stdout] 
[INFO] [stdout] 
[INFO] [stdout] error: aborting due to 3 previous errors
[INFO] [stdout] 
[INFO] [stdout] 
[INFO] [stdout] For more information about this error, try `rustc --explain E0308`.
[INFO] [stdout] 
[INFO] [stderr]  Documenting zokrates_common v0.1.0 (/opt/rustwide/workdir/zokrates_common)
[INFO] [stderr] error: could not compile `num-bigint` (lib) due to 4 previous errors
[INFO] [stderr] warning: build failed, waiting for other jobs to finish...
[INFO] running `Command { std: "docker" "inspect" "0a207d3c62e06f9dfeb65185c2e38130a990e9cc4b60124293c86a707b7ec3b0", kill_on_drop: false }`
[INFO] running `Command { std: "docker" "rm" "-f" "0a207d3c62e06f9dfeb65185c2e38130a990e9cc4b60124293c86a707b7ec3b0", kill_on_drop: false }`
[INFO] [stdout] 0a207d3c62e06f9dfeb65185c2e38130a990e9cc4b60124293c86a707b7ec3b0
