[INFO] cloning repository https://github.com/Pjottos/aoc-2022
[INFO] running `Command { std: "git" "-c" "credential.helper=" "-c" "credential.helper=/workspace/cargo-home/bin/git-credential-null" "clone" "--bare" "https://github.com/Pjottos/aoc-2022" "/workspace/cache/git-repos/https%3A%2F%2Fgithub.com%2FPjottos%2Faoc-2022", kill_on_drop: false }`
[INFO] [stderr] Cloning into bare repository '/workspace/cache/git-repos/https%3A%2F%2Fgithub.com%2FPjottos%2Faoc-2022'...
[INFO] running `Command { std: "git" "rev-parse" "HEAD", kill_on_drop: false }`
[INFO] [stdout] a53f25011be81821255328c2d07a2a3734dbb63c
[INFO] documenting Pjottos/aoc-2022 against 1.75.0 for beta-1.76-rustdoc-1
[INFO] running `Command { std: "git" "clone" "/workspace/cache/git-repos/https%3A%2F%2Fgithub.com%2FPjottos%2Faoc-2022" "/workspace/builds/worker-4-tc1/source", kill_on_drop: false }`
[INFO] [stderr] Cloning into '/workspace/builds/worker-4-tc1/source'...
[INFO] [stderr] done.
[INFO] validating manifest of git repo https://github.com/Pjottos/aoc-2022 on toolchain 1.75.0
[INFO] running `Command { std: CARGO_HOME="/workspace/cargo-home" RUSTUP_HOME="/workspace/rustup-home" "/workspace/cargo-home/bin/cargo" "+1.75.0" "metadata" "--manifest-path" "Cargo.toml" "--no-deps", kill_on_drop: false }`
[INFO] started tweaking git repo https://github.com/Pjottos/aoc-2022
[INFO] finished tweaking git repo https://github.com/Pjottos/aoc-2022
[INFO] tweaked toml for git repo https://github.com/Pjottos/aoc-2022 written to /workspace/builds/worker-4-tc1/source/Cargo.toml
[INFO] crate git repo https://github.com/Pjottos/aoc-2022 already has a lockfile, it will not be regenerated
[INFO] running `Command { std: CARGO_HOME="/workspace/cargo-home" RUSTUP_HOME="/workspace/rustup-home" "/workspace/cargo-home/bin/cargo" "+1.75.0" "fetch" "--manifest-path" "Cargo.toml", kill_on_drop: false }`
[INFO] [stderr]  Downloading crates ...
[INFO] [stderr]   Downloaded dynasm v1.2.3
[INFO] [stderr]   Downloaded dynasmrt v1.2.3
[INFO] running `Command { std: "docker" "create" "-v" "/var/lib/crater-agent-workspace/builds/worker-4-tc1/target:/opt/rustwide/target:rw,Z" "-v" "/var/lib/crater-agent-workspace/builds/worker-4-tc1/source:/opt/rustwide/workdir:ro,Z" "-v" "/var/lib/crater-agent-workspace/cargo-home:/opt/rustwide/cargo-home:ro,Z" "-v" "/var/lib/crater-agent-workspace/rustup-home:/opt/rustwide/rustup-home:ro,Z" "-e" "SOURCE_DIR=/opt/rustwide/workdir" "-e" "CARGO_TARGET_DIR=/opt/rustwide/target" "-e" "CARGO_HOME=/opt/rustwide/cargo-home" "-e" "RUSTUP_HOME=/opt/rustwide/rustup-home" "-w" "/opt/rustwide/workdir" "-m" "1610612736" "--user" "0:0" "--network" "none" "ghcr.io/rust-lang/crates-build-env/linux@sha256:2788e3201cd34a07e3172128adcd8b3090168a8e3bcc40d7c032b9dda1df7d1c" "/opt/rustwide/cargo-home/bin/cargo" "+1.75.0" "metadata" "--no-deps" "--format-version=1", kill_on_drop: false }`
[INFO] [stdout] 66e34aa2d606d1129901eff601a0e2e5a169b7254ac28c49aa96be0d8d967901
[INFO] running `Command { std: "docker" "start" "-a" "66e34aa2d606d1129901eff601a0e2e5a169b7254ac28c49aa96be0d8d967901", kill_on_drop: false }`
[INFO] running `Command { std: "docker" "inspect" "66e34aa2d606d1129901eff601a0e2e5a169b7254ac28c49aa96be0d8d967901", kill_on_drop: false }`
[INFO] running `Command { std: "docker" "rm" "-f" "66e34aa2d606d1129901eff601a0e2e5a169b7254ac28c49aa96be0d8d967901", kill_on_drop: false }`
[INFO] [stdout] 66e34aa2d606d1129901eff601a0e2e5a169b7254ac28c49aa96be0d8d967901
[INFO] running `Command { std: "docker" "create" "-v" "/var/lib/crater-agent-workspace/builds/worker-4-tc1/target:/opt/rustwide/target:rw,Z" "-v" "/var/lib/crater-agent-workspace/builds/worker-4-tc1/source:/opt/rustwide/workdir:ro,Z" "-v" "/var/lib/crater-agent-workspace/cargo-home:/opt/rustwide/cargo-home:ro,Z" "-v" "/var/lib/crater-agent-workspace/rustup-home:/opt/rustwide/rustup-home:ro,Z" "-e" "SOURCE_DIR=/opt/rustwide/workdir" "-e" "CARGO_TARGET_DIR=/opt/rustwide/target" "-e" "CARGO_INCREMENTAL=0" "-e" "RUST_BACKTRACE=full" "-e" "RUSTFLAGS=--cap-lints=warn" "-e" "RUSTDOCFLAGS=--cap-lints=warn" "-e" "CARGO_HOME=/opt/rustwide/cargo-home" "-e" "RUSTUP_HOME=/opt/rustwide/rustup-home" "-w" "/opt/rustwide/workdir" "-m" "1610612736" "--user" "0:0" "--network" "none" "ghcr.io/rust-lang/crates-build-env/linux@sha256:2788e3201cd34a07e3172128adcd8b3090168a8e3bcc40d7c032b9dda1df7d1c" "/opt/rustwide/cargo-home/bin/cargo" "+1.75.0" "doc" "--frozen" "--no-deps" "--document-private-items" "--message-format=json", kill_on_drop: false }`
[INFO] [stdout] 894c528468a4c83f5696d7a1c770e7089a82d9c0622b28cf19f5642209949184
[INFO] running `Command { std: "docker" "start" "-a" "894c528468a4c83f5696d7a1c770e7089a82d9c0622b28cf19f5642209949184", kill_on_drop: false }`
[INFO] [stderr]    Compiling libc v0.2.137
[INFO] [stderr]    Compiling proc-macro2 v1.0.47
[INFO] [stderr]    Compiling unicode-ident v1.0.5
[INFO] [stderr]    Compiling quote v1.0.21
[INFO] [stderr]    Compiling syn v1.0.104
[INFO] [stderr]    Compiling log v0.4.17
[INFO] [stderr]     Checking once_cell v1.16.0
[INFO] [stderr]     Checking itoa v1.0.4
[INFO] [stderr]    Compiling serde_derive v1.0.148
[INFO] [stderr]    Compiling cc v1.0.77
[INFO] [stderr]    Compiling serde v1.0.148
[INFO] [stderr]    Compiling num-traits v0.2.15
[INFO] [stderr]    Compiling futures-core v0.3.25
[INFO] [stderr]     Checking bytes v1.3.0
[INFO] [stderr]    Compiling tokio v1.22.0
[INFO] [stderr]    Compiling crossbeam-utils v0.8.14
[INFO] [stderr]     Checking tinyvec_macros v0.1.0
[INFO] [stderr]     Checking spin v0.5.2
[INFO] [stderr]     Checking untrusted v0.7.1
[INFO] [stderr]     Checking tinyvec v1.6.0
[INFO] [stderr]     Checking num_cpus v1.14.0
[INFO] [stderr]     Checking socket2 v0.4.7
[INFO] [stderr]     Checking mio v0.8.5
[INFO] [stderr]    Compiling memoffset v0.7.1
[INFO] [stderr]    Compiling slab v0.4.7
[INFO] [stderr]     Checking ryu v1.0.11
[INFO] [stderr]    Compiling futures-task v0.3.25
[INFO] [stderr]    Compiling ring v0.16.20
[INFO] [stderr]     Checking tracing-core v0.1.30
[INFO] [stderr]    Compiling indexmap v1.9.2
[INFO] [stderr]     Checking unicode-normalization v0.1.22
[INFO] [stderr]    Compiling crossbeam-epoch v0.9.13
[INFO] [stderr]    Compiling num-integer v0.1.45
[INFO] [stderr]     Checking percent-encoding v2.2.0
[INFO] [stderr]    Compiling serde_json v1.0.89
[INFO] [stderr]    Compiling futures-util v0.3.25
[INFO] [stderr]     Checking unicode-bidi v0.3.8
[INFO] [stderr]     Checking tracing v0.1.37
[INFO] [stderr]     Checking http v0.2.8
[INFO] [stderr]    Compiling proc-macro-error-attr v1.0.4
[INFO] [stderr]     Checking futures-io v0.3.25
[INFO] [stderr]     Checking futures-sink v0.3.25
[INFO] [stderr]    Compiling time-core v0.1.0
[INFO] [stderr]    Compiling rustls v0.20.7
[INFO] [stderr]    Compiling futures-channel v0.3.25
[INFO] [stderr]    Compiling time-macros v0.2.6
[INFO] [stderr]     Checking idna v0.3.0
[INFO] [stderr]     Checking form_urlencoded v1.1.0
[INFO] [stderr]    Compiling cookie v0.16.1
[INFO] [stderr]    Compiling proc-macro-error v1.0.4
[INFO] [stderr]    Compiling num-bigint v0.4.3
[INFO] [stderr]     Checking either v1.8.0
[INFO] [stderr]     Checking try-lock v0.2.3
[INFO] [stderr]    Compiling rayon-core v1.10.1
[INFO] [stderr]     Checking want v0.3.0
[INFO] [stderr]     Checking miniz_oxide v0.6.2
[INFO] [stderr]     Checking http-body v0.4.5
[INFO] [stderr]     Checking tokio-util v0.7.4
[INFO] [stderr]     Checking time v0.3.17
[INFO] [stderr]     Checking crossbeam-deque v0.8.2
[INFO] [stderr]     Checking brotli-decompressor v2.3.2
[INFO] [stderr]     Checking crossbeam-channel v0.5.6
[INFO] [stderr]    Compiling num-iter v0.1.43
[INFO] [stderr]    Compiling num-rational v0.4.1
[INFO] [stderr]     Checking h2 v0.3.15
[INFO] [stderr]     Checking plotters-backend v0.3.4
[INFO] [stderr]     Checking httpdate v1.0.2
[INFO] [stderr]     Checking tower-service v0.3.2
[INFO] [stderr]     Checking unicode-width v0.1.10
[INFO] [stderr]    Compiling proc-macro-hack v0.5.19
[INFO] [stderr]     Checking regex-automata v0.1.10
[INFO] [stderr]     Checking psl-types v2.0.11
[INFO] [stderr]    Compiling encoding_rs v0.8.31
[INFO] [stderr]     Checking matches v0.1.9
[INFO] [stderr]     Checking idna v0.2.3
[INFO] [stderr]     Checking publicsuffix v2.2.3
[INFO] [stderr]     Checking brotli v3.3.4
[INFO] [stderr]     Checking textwrap v0.11.0
[INFO] [stderr]     Checking plotters-svg v0.3.3
[INFO] [stderr]     Checking flate2 v1.0.25
[INFO] [stderr]     Checking itertools v0.10.5
[INFO] [stderr]     Checking url v2.3.1
[INFO] [stderr]     Checking csv-core v0.1.10
[INFO] [stderr]     Checking regex-syntax v0.6.28
[INFO] [stderr]     Checking webpki v0.22.0
[INFO] [stderr]     Checking sct v0.7.0
[INFO] [stderr]    Compiling byteorder v1.4.3
[INFO] [stderr]    Compiling bitflags v1.3.2
[INFO] [stderr]    Compiling lazy_static v1.4.0
[INFO] [stderr]     Checking cast v0.3.0
[INFO] [stderr]     Checking half v1.8.2
[INFO] [stderr]     Checking regex v1.7.0
[INFO] [stderr]     Checking criterion-plot v0.4.5
[INFO] [stderr]     Checking rustls-pemfile v1.0.1
[INFO] [stderr]     Checking webpki-roots v0.22.5
[INFO] [stderr]     Checking clap v2.34.0
[INFO] [stderr]     Checking rayon v1.6.0
[INFO] [stderr]     Checking plotters v0.3.4
[INFO] [stderr]     Checking hyper v0.14.23
[INFO] [stderr]    Compiling dynasm v1.2.3
[INFO] [stderr]     Checking tokio-rustls v0.23.4
[INFO] [stderr]     Checking num-complex v0.4.2
[INFO] [stderr]     Checking atty v0.2.14
[INFO] [stderr]     Checking memmap2 v0.5.8
[INFO] [stderr]     Checking async-compression v0.3.15
[INFO] [stderr]     Checking ipnet v2.5.1
[INFO] [stderr]     Checking mime v0.3.16
[INFO] [stderr]     Checking oorandom v11.1.3
[INFO] [stderr]     Checking hyper-rustls v0.23.1
[INFO] [stderr]     Checking num v0.4.0
[INFO] [stderr]     Checking bytemuck v1.12.3
[INFO] [stderr]     Checking arrayvec v0.7.2
[INFO] [stderr]     Checking bstr v0.2.17
[INFO] [stderr]     Checking serde_urlencoded v0.7.1
[INFO] [stderr]     Checking serde_cbor v0.11.2
[INFO] [stderr]     Checking dynasmrt v1.2.3
[INFO] [stderr]     Checking csv v1.1.6
[INFO] [stderr]     Checking tinytemplate v1.2.1
[INFO] [stderr]     Checking cookie_store v0.16.1
[INFO] [stderr]     Checking criterion v0.3.6
[INFO] [stderr]     Checking reqwest v0.11.13
[INFO] [stderr]  Documenting aoc-2022 v0.1.0 (/opt/rustwide/workdir)
[INFO] [stderr]     Checking aoc-2022 v0.1.0 (/opt/rustwide/workdir)
[INFO] [stdout] error[E0554]: `#![feature]` may not be used on the stable release channel
[INFO] [stdout]  --> src/bin/day4.rs:1:12
[INFO] [stdout]   |
[INFO] [stdout] 1 | #![feature(portable_simd)]
[INFO] [stdout]   |            ^^^^^^^^^^^^^
[INFO] [stdout] 
[INFO] [stdout] 
[INFO] [stdout] error[E0554]: `#![feature]` may not be used on the stable release channel
[INFO] [stdout]  --> src/bin/day5.rs:1:1
[INFO] [stdout]   |
[INFO] [stdout] 1 | #![feature(inline_const)]
[INFO] [stdout]   | ^^^^^^^^^^^^^^^^^^^^^^^^^
[INFO] [stdout] 
[INFO] [stdout] 
[INFO] [stdout] error[E0554]: `#![feature]` may not be used on the stable release channel
[INFO] [stdout]  --> src/bin/day2.rs:1:12
[INFO] [stdout]   |
[INFO] [stdout] 1 | #![feature(portable_simd)]
[INFO] [stdout]   |            ^^^^^^^^^^^^^
[INFO] [stdout] 
[INFO] [stdout] 
[INFO] [stdout] error[E0554]: `#![feature]` may not be used on the stable release channel
[INFO] [stdout]  --> src/bin/day2.rs:2:12
[INFO] [stdout]   |
[INFO] [stdout] 2 | #![feature(array_chunks)]
[INFO] [stdout]   |            ^^^^^^^^^^^^
[INFO] [stdout] 
[INFO] [stdout] 
[INFO] [stdout] error: aborting due to previous error
[INFO] [stdout] 
[INFO] [stdout] 
[INFO] [stdout] For more information about this error, try `rustc --explain E0554`.
[INFO] [stdout] 
[INFO] [stderr] error: could not document `aoc-2022`
[INFO] [stderr] 
[INFO] [stderr] Caused by:
[INFO] [stderr]   process didn't exit successfully: `/opt/rustwide/rustup-home/toolchains/1.75.0-x86_64-unknown-linux-gnu/bin/rustdoc --edition=2021 --crate-type bin --crate-name day5 src/bin/day5.rs -o /opt/rustwide/target/doc --error-format=json --json=diagnostic-rendered-ansi,artifacts,future-incompat --document-private-items '-Arustdoc::private-intra-doc-links' -C metadata=842d85354286e24d -L dependency=/opt/rustwide/target/debug/deps --extern aoc_2022=/opt/rustwide/target/debug/deps/libaoc_2022-0e6f9561642a6cb3.rmeta --extern arrayvec=/opt/rustwide/target/debug/deps/libarrayvec-601c416dd35a7fcc.rmeta --extern bytemuck=/opt/rustwide/target/debug/deps/libbytemuck-408147e77ce20ba9.rmeta --extern criterion=/opt/rustwide/target/debug/deps/libcriterion-39870ef5901e7cb4.rmeta --extern dynasmrt=/opt/rustwide/target/debug/deps/libdynasmrt-4eb25860ee887b2a.rmeta --extern num=/opt/rustwide/target/debug/deps/libnum-58a73fa137e3a287.rmeta --extern reqwest=/opt/rustwide/target/debug/deps/libreqwest-1d9afc520664003f.rmeta --cap-lints=warn --crate-version 0.1.0` (exit status: 1)
[INFO] [stderr] warning: build failed, waiting for other jobs to finish...
[INFO] [stdout] error[E0554]: `#![feature]` may not be used on the stable release channel
[INFO] [stdout]  --> src/bin/day6.rs:1:12
[INFO] [stdout]   |
[INFO] [stdout] 1 | #![feature(array_windows)]
[INFO] [stdout]   |            ^^^^^^^^^^^^^
[INFO] [stdout] 
[INFO] [stdout] 
[INFO] [stdout] error[E0554]: `#![feature]` may not be used on the stable release channel
[INFO] [stdout]  --> src/bin/day6.rs:2:12
[INFO] [stdout]   |
[INFO] [stdout] 2 | #![feature(portable_simd)]
[INFO] [stdout]   |            ^^^^^^^^^^^^^
[INFO] [stdout] 
[INFO] [stdout] 
[INFO] [stdout] error: aborting due to 2 previous errors
[INFO] [stdout] 
[INFO] [stdout] 
[INFO] [stdout] For more information about this error, try `rustc --explain E0554`.
[INFO] [stdout] 
[INFO] [stdout] error: aborting due to previous error
[INFO] [stdout] 
[INFO] [stdout] 
[INFO] [stdout] For more information about this error, try `rustc --explain E0554`.
[INFO] [stdout] 
[INFO] [stderr] error: could not document `aoc-2022`
[INFO] [stderr] 
[INFO] [stderr] Caused by:
[INFO] [stderr]   process didn't exit successfully: `/opt/rustwide/rustup-home/toolchains/1.75.0-x86_64-unknown-linux-gnu/bin/rustdoc --edition=2021 --crate-type bin --crate-name day2 src/bin/day2.rs -o /opt/rustwide/target/doc --error-format=json --json=diagnostic-rendered-ansi,artifacts,future-incompat --document-private-items '-Arustdoc::private-intra-doc-links' -C metadata=e1b9b9d25650c6ec -L dependency=/opt/rustwide/target/debug/deps --extern aoc_2022=/opt/rustwide/target/debug/deps/libaoc_2022-0e6f9561642a6cb3.rmeta --extern arrayvec=/opt/rustwide/target/debug/deps/libarrayvec-601c416dd35a7fcc.rmeta --extern bytemuck=/opt/rustwide/target/debug/deps/libbytemuck-408147e77ce20ba9.rmeta --extern criterion=/opt/rustwide/target/debug/deps/libcriterion-39870ef5901e7cb4.rmeta --extern dynasmrt=/opt/rustwide/target/debug/deps/libdynasmrt-4eb25860ee887b2a.rmeta --extern num=/opt/rustwide/target/debug/deps/libnum-58a73fa137e3a287.rmeta --extern reqwest=/opt/rustwide/target/debug/deps/libreqwest-1d9afc520664003f.rmeta --cap-lints=warn --crate-version 0.1.0` (exit status: 1)
[INFO] [stderr] error: could not document `aoc-2022`
[INFO] [stderr] 
[INFO] [stderr] Caused by:
[INFO] [stderr]   process didn't exit successfully: `/opt/rustwide/rustup-home/toolchains/1.75.0-x86_64-unknown-linux-gnu/bin/rustdoc --edition=2021 --crate-type bin --crate-name day4 src/bin/day4.rs -o /opt/rustwide/target/doc --error-format=json --json=diagnostic-rendered-ansi,artifacts,future-incompat --document-private-items '-Arustdoc::private-intra-doc-links' -C metadata=69b239f689e2533b -L dependency=/opt/rustwide/target/debug/deps --extern aoc_2022=/opt/rustwide/target/debug/deps/libaoc_2022-0e6f9561642a6cb3.rmeta --extern arrayvec=/opt/rustwide/target/debug/deps/libarrayvec-601c416dd35a7fcc.rmeta --extern bytemuck=/opt/rustwide/target/debug/deps/libbytemuck-408147e77ce20ba9.rmeta --extern criterion=/opt/rustwide/target/debug/deps/libcriterion-39870ef5901e7cb4.rmeta --extern dynasmrt=/opt/rustwide/target/debug/deps/libdynasmrt-4eb25860ee887b2a.rmeta --extern num=/opt/rustwide/target/debug/deps/libnum-58a73fa137e3a287.rmeta --extern reqwest=/opt/rustwide/target/debug/deps/libreqwest-1d9afc520664003f.rmeta --cap-lints=warn --crate-version 0.1.0` (exit status: 1)
[INFO] [stdout] error: aborting due to 2 previous errors
[INFO] [stdout] 
[INFO] [stdout] 
[INFO] [stdout] For more information about this error, try `rustc --explain E0554`.
[INFO] [stdout] 
[INFO] [stderr] error: could not document `aoc-2022`
[INFO] [stderr] 
[INFO] [stderr] Caused by:
[INFO] [stderr]   process didn't exit successfully: `/opt/rustwide/rustup-home/toolchains/1.75.0-x86_64-unknown-linux-gnu/bin/rustdoc --edition=2021 --crate-type bin --crate-name day6 src/bin/day6.rs -o /opt/rustwide/target/doc --error-format=json --json=diagnostic-rendered-ansi,artifacts,future-incompat --document-private-items '-Arustdoc::private-intra-doc-links' -C metadata=de01f15cdbd02db8 -L dependency=/opt/rustwide/target/debug/deps --extern aoc_2022=/opt/rustwide/target/debug/deps/libaoc_2022-0e6f9561642a6cb3.rmeta --extern arrayvec=/opt/rustwide/target/debug/deps/libarrayvec-601c416dd35a7fcc.rmeta --extern bytemuck=/opt/rustwide/target/debug/deps/libbytemuck-408147e77ce20ba9.rmeta --extern criterion=/opt/rustwide/target/debug/deps/libcriterion-39870ef5901e7cb4.rmeta --extern dynasmrt=/opt/rustwide/target/debug/deps/libdynasmrt-4eb25860ee887b2a.rmeta --extern num=/opt/rustwide/target/debug/deps/libnum-58a73fa137e3a287.rmeta --extern reqwest=/opt/rustwide/target/debug/deps/libreqwest-1d9afc520664003f.rmeta --cap-lints=warn --crate-version 0.1.0` (exit status: 1)
[INFO] running `Command { std: "docker" "inspect" "894c528468a4c83f5696d7a1c770e7089a82d9c0622b28cf19f5642209949184", kill_on_drop: false }`
[INFO] running `Command { std: "docker" "rm" "-f" "894c528468a4c83f5696d7a1c770e7089a82d9c0622b28cf19f5642209949184", kill_on_drop: false }`
[INFO] [stdout] 894c528468a4c83f5696d7a1c770e7089a82d9c0622b28cf19f5642209949184
[INFO] documenting Pjottos/aoc-2022 against beta-2023-12-22 for beta-1.76-rustdoc-1
[INFO] running `Command { std: "git" "clone" "/workspace/cache/git-repos/https%3A%2F%2Fgithub.com%2FPjottos%2Faoc-2022" "/workspace/builds/worker-4-tc2/source", kill_on_drop: false }`
[INFO] [stderr] Cloning into '/workspace/builds/worker-4-tc2/source'...
[INFO] [stderr] done.
[INFO] validating manifest of git repo https://github.com/Pjottos/aoc-2022 on toolchain beta-2023-12-22
[INFO] running `Command { std: CARGO_HOME="/workspace/cargo-home" RUSTUP_HOME="/workspace/rustup-home" "/workspace/cargo-home/bin/cargo" "+beta-2023-12-22" "metadata" "--manifest-path" "Cargo.toml" "--no-deps", kill_on_drop: false }`
[INFO] started tweaking git repo https://github.com/Pjottos/aoc-2022
[INFO] finished tweaking git repo https://github.com/Pjottos/aoc-2022
[INFO] tweaked toml for git repo https://github.com/Pjottos/aoc-2022 written to /workspace/builds/worker-4-tc2/source/Cargo.toml
[INFO] crate git repo https://github.com/Pjottos/aoc-2022 already has a lockfile, it will not be regenerated
[INFO] running `Command { std: CARGO_HOME="/workspace/cargo-home" RUSTUP_HOME="/workspace/rustup-home" "/workspace/cargo-home/bin/cargo" "+beta-2023-12-22" "fetch" "--manifest-path" "Cargo.toml", kill_on_drop: false }`
[INFO] [stderr]     Blocking waiting for file lock on package cache
[INFO] running `Command { std: "docker" "create" "-v" "/var/lib/crater-agent-workspace/builds/worker-4-tc2/target:/opt/rustwide/target:rw,Z" "-v" "/var/lib/crater-agent-workspace/builds/worker-4-tc2/source:/opt/rustwide/workdir:ro,Z" "-v" "/var/lib/crater-agent-workspace/cargo-home:/opt/rustwide/cargo-home:ro,Z" "-v" "/var/lib/crater-agent-workspace/rustup-home:/opt/rustwide/rustup-home:ro,Z" "-e" "SOURCE_DIR=/opt/rustwide/workdir" "-e" "CARGO_TARGET_DIR=/opt/rustwide/target" "-e" "CARGO_HOME=/opt/rustwide/cargo-home" "-e" "RUSTUP_HOME=/opt/rustwide/rustup-home" "-w" "/opt/rustwide/workdir" "-m" "1610612736" "--user" "0:0" "--network" "none" "ghcr.io/rust-lang/crates-build-env/linux@sha256:2788e3201cd34a07e3172128adcd8b3090168a8e3bcc40d7c032b9dda1df7d1c" "/opt/rustwide/cargo-home/bin/cargo" "+beta-2023-12-22" "metadata" "--no-deps" "--format-version=1", kill_on_drop: false }`
[INFO] [stdout] 73d0a374ef0ef598cefb5d2662a39e0d4b3abdb68ce69120caa0dd2dcdd67d89
[INFO] running `Command { std: "docker" "start" "-a" "73d0a374ef0ef598cefb5d2662a39e0d4b3abdb68ce69120caa0dd2dcdd67d89", kill_on_drop: false }`
[INFO] running `Command { std: "docker" "inspect" "73d0a374ef0ef598cefb5d2662a39e0d4b3abdb68ce69120caa0dd2dcdd67d89", kill_on_drop: false }`
[INFO] running `Command { std: "docker" "rm" "-f" "73d0a374ef0ef598cefb5d2662a39e0d4b3abdb68ce69120caa0dd2dcdd67d89", kill_on_drop: false }`
[INFO] [stdout] 73d0a374ef0ef598cefb5d2662a39e0d4b3abdb68ce69120caa0dd2dcdd67d89
[INFO] running `Command { std: "docker" "create" "-v" "/var/lib/crater-agent-workspace/builds/worker-4-tc2/target:/opt/rustwide/target:rw,Z" "-v" "/var/lib/crater-agent-workspace/builds/worker-4-tc2/source:/opt/rustwide/workdir:ro,Z" "-v" "/var/lib/crater-agent-workspace/cargo-home:/opt/rustwide/cargo-home:ro,Z" "-v" "/var/lib/crater-agent-workspace/rustup-home:/opt/rustwide/rustup-home:ro,Z" "-e" "SOURCE_DIR=/opt/rustwide/workdir" "-e" "CARGO_TARGET_DIR=/opt/rustwide/target" "-e" "CARGO_INCREMENTAL=0" "-e" "RUST_BACKTRACE=full" "-e" "RUSTFLAGS=--cap-lints=warn" "-e" "RUSTDOCFLAGS=--cap-lints=warn" "-e" "CARGO_HOME=/opt/rustwide/cargo-home" "-e" "RUSTUP_HOME=/opt/rustwide/rustup-home" "-w" "/opt/rustwide/workdir" "-m" "1610612736" "--user" "0:0" "--network" "none" "ghcr.io/rust-lang/crates-build-env/linux@sha256:2788e3201cd34a07e3172128adcd8b3090168a8e3bcc40d7c032b9dda1df7d1c" "/opt/rustwide/cargo-home/bin/cargo" "+beta-2023-12-22" "doc" "--frozen" "--no-deps" "--document-private-items" "--message-format=json", kill_on_drop: false }`
[INFO] [stdout] 109c42580ecc67f3052bdac3f52d9348b87877bf728372c26a2c9c2fa2b43b7e
[INFO] running `Command { std: "docker" "start" "-a" "109c42580ecc67f3052bdac3f52d9348b87877bf728372c26a2c9c2fa2b43b7e", kill_on_drop: false }`
[INFO] [stderr]    Compiling libc v0.2.137
[INFO] [stderr]    Compiling proc-macro2 v1.0.47
[INFO] [stderr]    Compiling quote v1.0.21
[INFO] [stderr]    Compiling unicode-ident v1.0.5
[INFO] [stderr]    Compiling syn v1.0.104
[INFO] [stderr]    Compiling log v0.4.17
[INFO] [stderr]     Checking once_cell v1.16.0
[INFO] [stderr]     Checking itoa v1.0.4
[INFO] [stderr]    Compiling serde_derive v1.0.148
[INFO] [stderr]    Compiling cc v1.0.77
[INFO] [stderr]    Compiling serde v1.0.148
[INFO] [stderr]    Compiling num-traits v0.2.15
[INFO] [stderr]    Compiling futures-core v0.3.25
[INFO] [stderr]     Checking bytes v1.3.0
[INFO] [stderr]    Compiling tokio v1.22.0
[INFO] [stderr]    Compiling crossbeam-utils v0.8.14
[INFO] [stderr]     Checking tinyvec_macros v0.1.0
[INFO] [stderr]    Compiling slab v0.4.7
[INFO] [stderr]     Checking num_cpus v1.14.0
[INFO] [stderr]     Checking socket2 v0.4.7
[INFO] [stderr]     Checking mio v0.8.5
[INFO] [stderr]     Checking tinyvec v1.6.0
[INFO] [stderr]     Checking ryu v1.0.11
[INFO] [stderr]    Compiling futures-task v0.3.25
[INFO] [stderr]     Checking tracing-core v0.1.30
[INFO] [stderr]    Compiling crossbeam-epoch v0.9.13
[INFO] [stderr]    Compiling num-integer v0.1.45
[INFO] [stderr]     Checking unicode-normalization v0.1.22
[INFO] [stderr]    Compiling ring v0.16.20
[INFO] [stderr]    Compiling indexmap v1.9.2
[INFO] [stderr]    Compiling serde_json v1.0.89
[INFO] [stderr]     Checking unicode-bidi v0.3.8
[INFO] [stderr]     Checking percent-encoding v2.2.0
[INFO] [stderr]    Compiling futures-util v0.3.25
[INFO] [stderr]     Checking http v0.2.8
[INFO] [stderr]     Checking tracing v0.1.37
[INFO] [stderr]    Compiling proc-macro-error-attr v1.0.4
[INFO] [stderr]    Compiling futures-channel v0.3.25
[INFO] [stderr]     Checking futures-io v0.3.25
[INFO] [stderr]    Compiling time-core v0.1.0
[INFO] [stderr]    Compiling rustls v0.20.7
[INFO] [stderr]     Checking futures-sink v0.3.25
[INFO] [stderr]    Compiling time-macros v0.2.6
[INFO] [stderr]     Checking idna v0.3.0
[INFO] [stderr]     Checking form_urlencoded v1.1.0
[INFO] [stderr]    Compiling cookie v0.16.1
[INFO] [stderr]    Compiling proc-macro-error v1.0.4
[INFO] [stderr]    Compiling num-bigint v0.4.3
[INFO] [stderr]     Checking try-lock v0.2.3
[INFO] [stderr]    Compiling rayon-core v1.10.1
[INFO] [stderr]     Checking either v1.8.0
[INFO] [stderr]     Checking want v0.3.0
[INFO] [stderr]     Checking miniz_oxide v0.6.2
[INFO] [stderr]     Checking http-body v0.4.5
[INFO] [stderr]     Checking crossbeam-deque v0.8.2
[INFO] [stderr]     Checking tokio-util v0.7.4
[INFO] [stderr]     Checking brotli-decompressor v2.3.2
[INFO] [stderr]     Checking crossbeam-channel v0.5.6
[INFO] [stderr]     Checking time v0.3.17
[INFO] [stderr]    Compiling num-iter v0.1.43
[INFO] [stderr]    Compiling num-rational v0.4.1
[INFO] [stderr]     Checking regex-automata v0.1.10
[INFO] [stderr]     Checking httpdate v1.0.2
[INFO] [stderr]     Checking plotters-backend v0.3.4
[INFO] [stderr]     Checking unicode-width v0.1.10
[INFO] [stderr]     Checking psl-types v2.0.11
[INFO] [stderr]     Checking h2 v0.3.15
[INFO] [stderr]    Compiling proc-macro-hack v0.5.19
[INFO] [stderr]     Checking matches v0.1.9
[INFO] [stderr]    Compiling encoding_rs v0.8.31
[INFO] [stderr]     Checking publicsuffix v2.2.3
[INFO] [stderr]     Checking brotli v3.3.4
[INFO] [stderr]     Checking idna v0.2.3
[INFO] [stderr]     Checking plotters-svg v0.3.3
[INFO] [stderr]     Checking textwrap v0.11.0
[INFO] [stderr]     Checking flate2 v1.0.25
[INFO] [stderr]     Checking itertools v0.10.5
[INFO] [stderr]     Checking webpki v0.22.0
[INFO] [stderr]     Checking sct v0.7.0
[INFO] [stderr]     Checking url v2.3.1
[INFO] [stderr]     Checking csv-core v0.1.10
[INFO] [stderr]    Compiling lazy_static v1.4.0
[INFO] [stderr]     Checking cast v0.3.0
[INFO] [stderr]    Compiling byteorder v1.4.3
[INFO] [stderr]     Checking regex-syntax v0.6.28
[INFO] [stderr]    Compiling bitflags v1.3.2
[INFO] [stderr]     Checking half v1.8.2
[INFO] [stderr]     Checking rustls-pemfile v1.0.1
[INFO] [stderr]     Checking clap v2.34.0
[INFO] [stderr]     Checking criterion-plot v0.4.5
[INFO] [stderr]     Checking hyper v0.14.23
[INFO] [stderr]     Checking rayon v1.6.0
[INFO] [stderr]     Checking tokio-rustls v0.23.4
[INFO] [stderr]     Checking webpki-roots v0.22.5
[INFO] [stderr]     Checking plotters v0.3.4
[INFO] [stderr]     Checking regex v1.7.0
[INFO] [stderr]    Compiling dynasm v1.2.3
[INFO] [stderr]     Checking async-compression v0.3.15
[INFO] [stderr]     Checking num-complex v0.4.2
[INFO] [stderr]     Checking atty v0.2.14
[INFO] [stderr]     Checking memmap2 v0.5.8
[INFO] [stderr]     Checking ipnet v2.5.1
[INFO] [stderr]     Checking oorandom v11.1.3
[INFO] [stderr]     Checking mime v0.3.16
[INFO] [stderr]     Checking arrayvec v0.7.2
[INFO] [stderr]     Checking bytemuck v1.12.3
[INFO] [stderr]     Checking num v0.4.0
[INFO] [stderr]     Checking hyper-rustls v0.23.1
[INFO] [stderr]     Checking bstr v0.2.17
[INFO] [stderr]     Checking serde_cbor v0.11.2
[INFO] [stderr]     Checking serde_urlencoded v0.7.1
[INFO] [stderr]     Checking csv v1.1.6
[INFO] [stderr]     Checking cookie_store v0.16.1
[INFO] [stderr]     Checking tinytemplate v1.2.1
[INFO] [stderr]     Checking criterion v0.3.6
[INFO] [stderr]     Checking reqwest v0.11.13
[INFO] [stderr]     Checking dynasmrt v1.2.3
[INFO] [stderr]  Documenting aoc-2022 v0.1.0 (/opt/rustwide/workdir)
[INFO] [stderr]     Checking aoc-2022 v0.1.0 (/opt/rustwide/workdir)
[INFO] [stdout] error[E0554]: `#![feature]` may not be used on the beta release channel
[INFO] [stdout]  --> src/bin/day5.rs:1:1
[INFO] [stdout]   |
[INFO] [stdout] 1 | #![feature(inline_const)]
[INFO] [stdout]   | ^^^^^^^^^^^^^^^^^^^^^^^^^
[INFO] [stdout] 
[INFO] [stdout] 
[INFO] [stdout] error: aborting due to 1 previous error
[INFO] [stdout] 
[INFO] [stdout] 
[INFO] [stdout] For more information about this error, try `rustc --explain E0554`.
[INFO] [stdout] 
[INFO] [stderr] error: could not document `aoc-2022`
[INFO] [stderr] 
[INFO] [stderr] Caused by:
[INFO] [stderr]   process didn't exit successfully: `/opt/rustwide/rustup-home/toolchains/beta-2023-12-22-x86_64-unknown-linux-gnu/bin/rustdoc --edition=2021 --crate-type bin --crate-name day5 src/bin/day5.rs -o /opt/rustwide/target/doc --error-format=json --json=diagnostic-rendered-ansi,artifacts,future-incompat --document-private-items '-Arustdoc::private-intra-doc-links' -C metadata=597f3f7458632e08 -L dependency=/opt/rustwide/target/debug/deps --extern aoc_2022=/opt/rustwide/target/debug/deps/libaoc_2022-eff1e78cbfcbd738.rmeta --extern arrayvec=/opt/rustwide/target/debug/deps/libarrayvec-befa2d3795527ab9.rmeta --extern bytemuck=/opt/rustwide/target/debug/deps/libbytemuck-651cd87ba7c5973e.rmeta --extern criterion=/opt/rustwide/target/debug/deps/libcriterion-97b02193229a1cda.rmeta --extern dynasmrt=/opt/rustwide/target/debug/deps/libdynasmrt-4f3e29d96acfdaa0.rmeta --extern num=/opt/rustwide/target/debug/deps/libnum-d8bb3e90df307f59.rmeta --extern reqwest=/opt/rustwide/target/debug/deps/libreqwest-5a19ec7fc91dd2cc.rmeta --cap-lints=warn --crate-version 0.1.0` (exit status: 1)
[INFO] [stderr] warning: build failed, waiting for other jobs to finish...
[INFO] [stdout] error[E0432]: unresolved import `std::simd::SimdPartialEq`
[INFO] [stdout]  --> src/bin/day20.rs:7:20
[INFO] [stdout]   |
[INFO] [stdout] 7 |     simd::{u16x16, SimdPartialEq},
[INFO] [stdout]   |                    ^^^^^^^^^^^^^ no `SimdPartialEq` in `simd`
[INFO] [stdout]   |
[INFO] [stdout]   = help: consider importing one of these items instead:
[INFO] [stdout]           core::simd::prelude::SimdPartialEq
[INFO] [stdout]           std::simd::prelude::SimdPartialEq
[INFO] [stdout] 
[INFO] [stdout] 
[INFO] [stdout] error[E0432]: unresolved import `std::simd::SimdPartialOrd`
[INFO] [stdout]  --> src/bin/day4.rs:7:19
[INFO] [stdout]   |
[INFO] [stdout] 7 |     simd::{u8x32, SimdPartialOrd},
[INFO] [stdout]   |                   ^^^^^^^^^^^^^^ no `SimdPartialOrd` in `simd`
[INFO] [stdout]   |
[INFO] [stdout]   = help: consider importing one of these items instead:
[INFO] [stdout]           core::simd::prelude::SimdPartialOrd
[INFO] [stdout]           std::simd::prelude::SimdPartialOrd
[INFO] [stdout] 
[INFO] [stdout] 
[INFO] [stdout] error[E0432]: unresolved imports `std::simd::SimdPartialEq`, `std::simd::SimdUint`
[INFO] [stdout]  --> src/bin/day2.rs:8:34
[INFO] [stdout]   |
[INFO] [stdout] 8 |     simd::{u16x16, u8x16, u8x32, SimdPartialEq, SimdUint},
[INFO] [stdout]   |                                  ^^^^^^^^^^^^^  ^^^^^^^^ no `SimdUint` in `simd`
[INFO] [stdout]   |                                  |
[INFO] [stdout]   |                                  no `SimdPartialEq` in `simd`
[INFO] [stdout]   |
[INFO] [stdout]   = help: consider importing one of these items instead:
[INFO] [stdout]           core::simd::prelude::SimdPartialEq
[INFO] [stdout]           std::simd::prelude::SimdPartialEq
[INFO] [stdout]   = help: consider importing one of these items instead:
[INFO] [stdout]           core::simd::prelude::SimdUint
[INFO] [stdout]           std::simd::prelude::SimdUint
[INFO] [stdout] 
[INFO] [stdout] 
[INFO] [stdout] error: aborting due to 1 previous error
[INFO] [stdout] 
[INFO] [stdout] 
[INFO] [stdout] For more information about this error, try `rustc --explain E0432`.
[INFO] [stdout] 
[INFO] [stdout] error: aborting due to 1 previous error
[INFO] [stdout] 
[INFO] [stdout] 
[INFO] [stdout] For more information about this error, try `rustc --explain E0432`.
[INFO] [stdout] 
[INFO] [stderr] error: could not document `aoc-2022`
[INFO] [stderr] 
[INFO] [stderr] Caused by:
[INFO] [stderr]   process didn't exit successfully: `/opt/rustwide/rustup-home/toolchains/beta-2023-12-22-x86_64-unknown-linux-gnu/bin/rustdoc --edition=2021 --crate-type bin --crate-name day2 src/bin/day2.rs -o /opt/rustwide/target/doc --error-format=json --json=diagnostic-rendered-ansi,artifacts,future-incompat --document-private-items '-Arustdoc::private-intra-doc-links' -C metadata=c8abfe95ad04f91f -L dependency=/opt/rustwide/target/debug/deps --extern aoc_2022=/opt/rustwide/target/debug/deps/libaoc_2022-eff1e78cbfcbd738.rmeta --extern arrayvec=/opt/rustwide/target/debug/deps/libarrayvec-befa2d3795527ab9.rmeta --extern bytemuck=/opt/rustwide/target/debug/deps/libbytemuck-651cd87ba7c5973e.rmeta --extern criterion=/opt/rustwide/target/debug/deps/libcriterion-97b02193229a1cda.rmeta --extern dynasmrt=/opt/rustwide/target/debug/deps/libdynasmrt-4f3e29d96acfdaa0.rmeta --extern num=/opt/rustwide/target/debug/deps/libnum-d8bb3e90df307f59.rmeta --extern reqwest=/opt/rustwide/target/debug/deps/libreqwest-5a19ec7fc91dd2cc.rmeta --cap-lints=warn --crate-version 0.1.0` (exit status: 1)
[INFO] [stdout] error: aborting due to 1 previous error
[INFO] [stdout] 
[INFO] [stdout] 
[INFO] [stderr] error: could not document `aoc-2022`
[INFO] [stdout] For more information about this error, try `rustc --explain E0432`.
[INFO] [stdout] 
[INFO] [stderr] 
[INFO] [stderr] Caused by:
[INFO] [stderr]   process didn't exit successfully: `/opt/rustwide/rustup-home/toolchains/beta-2023-12-22-x86_64-unknown-linux-gnu/bin/rustdoc --edition=2021 --crate-type bin --crate-name day20 src/bin/day20.rs -o /opt/rustwide/target/doc --error-format=json --json=diagnostic-rendered-ansi,artifacts,future-incompat --document-private-items '-Arustdoc::private-intra-doc-links' -C metadata=96d3dd35b2856c2e -L dependency=/opt/rustwide/target/debug/deps --extern aoc_2022=/opt/rustwide/target/debug/deps/libaoc_2022-eff1e78cbfcbd738.rmeta --extern arrayvec=/opt/rustwide/target/debug/deps/libarrayvec-befa2d3795527ab9.rmeta --extern bytemuck=/opt/rustwide/target/debug/deps/libbytemuck-651cd87ba7c5973e.rmeta --extern criterion=/opt/rustwide/target/debug/deps/libcriterion-97b02193229a1cda.rmeta --extern dynasmrt=/opt/rustwide/target/debug/deps/libdynasmrt-4f3e29d96acfdaa0.rmeta --extern num=/opt/rustwide/target/debug/deps/libnum-d8bb3e90df307f59.rmeta --extern reqwest=/opt/rustwide/target/debug/deps/libreqwest-5a19ec7fc91dd2cc.rmeta --cap-lints=warn --crate-version 0.1.0` (exit status: 1)
[INFO] [stderr] error: could not document `aoc-2022`
[INFO] [stderr] 
[INFO] [stderr] Caused by:
[INFO] [stderr]   process didn't exit successfully: `/opt/rustwide/rustup-home/toolchains/beta-2023-12-22-x86_64-unknown-linux-gnu/bin/rustdoc --edition=2021 --crate-type bin --crate-name day4 src/bin/day4.rs -o /opt/rustwide/target/doc --error-format=json --json=diagnostic-rendered-ansi,artifacts,future-incompat --document-private-items '-Arustdoc::private-intra-doc-links' -C metadata=3b1f746a1274f05d -L dependency=/opt/rustwide/target/debug/deps --extern aoc_2022=/opt/rustwide/target/debug/deps/libaoc_2022-eff1e78cbfcbd738.rmeta --extern arrayvec=/opt/rustwide/target/debug/deps/libarrayvec-befa2d3795527ab9.rmeta --extern bytemuck=/opt/rustwide/target/debug/deps/libbytemuck-651cd87ba7c5973e.rmeta --extern criterion=/opt/rustwide/target/debug/deps/libcriterion-97b02193229a1cda.rmeta --extern dynasmrt=/opt/rustwide/target/debug/deps/libdynasmrt-4f3e29d96acfdaa0.rmeta --extern num=/opt/rustwide/target/debug/deps/libnum-d8bb3e90df307f59.rmeta --extern reqwest=/opt/rustwide/target/debug/deps/libreqwest-5a19ec7fc91dd2cc.rmeta --cap-lints=warn --crate-version 0.1.0` (exit status: 1)
[INFO] running `Command { std: "docker" "inspect" "109c42580ecc67f3052bdac3f52d9348b87877bf728372c26a2c9c2fa2b43b7e", kill_on_drop: false }`
[INFO] running `Command { std: "docker" "rm" "-f" "109c42580ecc67f3052bdac3f52d9348b87877bf728372c26a2c9c2fa2b43b7e", kill_on_drop: false }`
[INFO] [stdout] 109c42580ecc67f3052bdac3f52d9348b87877bf728372c26a2c9c2fa2b43b7e
