[INFO] cloning repository https://github.com/Pivot-Studio/pivot-lang
[INFO] running `Command { std: "git" "-c" "credential.helper=" "-c" "credential.helper=/workspace/cargo-home/bin/git-credential-null" "clone" "--bare" "https://github.com/Pivot-Studio/pivot-lang" "/workspace/cache/git-repos/https%3A%2F%2Fgithub.com%2FPivot-Studio%2Fpivot-lang", kill_on_drop: false }`
[INFO] [stderr] Cloning into bare repository '/workspace/cache/git-repos/https%3A%2F%2Fgithub.com%2FPivot-Studio%2Fpivot-lang'...
[INFO] running `Command { std: "git" "rev-parse" "HEAD", kill_on_drop: false }`
[INFO] [stdout] b8f50aa35c1969d43e8e9e52d11855a5903ce87b
[INFO] documenting Pivot-Studio/pivot-lang against 1.75.0 for beta-1.76-rustdoc-1
[INFO] running `Command { std: "git" "clone" "/workspace/cache/git-repos/https%3A%2F%2Fgithub.com%2FPivot-Studio%2Fpivot-lang" "/workspace/builds/worker-1-tc1/source", kill_on_drop: false }`
[INFO] [stderr] Cloning into '/workspace/builds/worker-1-tc1/source'...
[INFO] [stderr] done.
[INFO] validating manifest of git repo https://github.com/Pivot-Studio/pivot-lang on toolchain 1.75.0
[INFO] running `Command { std: CARGO_HOME="/workspace/cargo-home" RUSTUP_HOME="/workspace/rustup-home" "/workspace/cargo-home/bin/cargo" "+1.75.0" "metadata" "--manifest-path" "Cargo.toml" "--no-deps", kill_on_drop: false }`
[INFO] removed /workspace/builds/worker-1-tc1/source/rust-toolchain
[INFO] started tweaking git repo https://github.com/Pivot-Studio/pivot-lang
[INFO] finished tweaking git repo https://github.com/Pivot-Studio/pivot-lang
[INFO] tweaked toml for git repo https://github.com/Pivot-Studio/pivot-lang written to /workspace/builds/worker-1-tc1/source/Cargo.toml
[INFO] crate git repo https://github.com/Pivot-Studio/pivot-lang already has a lockfile, it will not be regenerated
[INFO] running `Command { std: CARGO_HOME="/workspace/cargo-home" RUSTUP_HOME="/workspace/rustup-home" "/workspace/cargo-home/bin/cargo" "+1.75.0" "fetch" "--manifest-path" "Cargo.toml", kill_on_drop: false }`
[INFO] [stderr]     Updating crates.io index
[INFO] [stderr]     Updating git repository `https://github.com/Pivot-Studio/sys-info-rs.git`
[INFO] [stderr]     Updating git repository `https://github.com/Pivot-Studio/lld-rs.git`
[INFO] [stderr]     Updating git repository `https://github.com/mun-lang/mun.git`
[INFO] [stderr]     Updating git submodule `https://github.com/mun-lang/highlight.js.git`
[INFO] [stderr]     Updating git repository `https://github.com/TheDan64/inkwell`
[INFO] [stderr]     Updating git repository `https://github.com/Pivot-Studio/lsp-types`
[INFO] [stderr]     Updating git repository `https://github.com/salsa-rs/salsa`
[INFO] [stderr]  Downloading crates ...
[INFO] [stderr]   Downloaded dyn-fmt v0.3.0
[INFO] [stderr]   Downloaded dissimilar v1.0.6
[INFO] [stderr]   Downloaded rowan v0.15.11
[INFO] [stderr]   Downloaded int-enum-impl v0.5.0
[INFO] [stderr]   Downloaded enum_dispatch v0.3.11
[INFO] [stderr]   Downloaded int-enum v0.5.0
[INFO] [stderr]   Downloaded lsp-server v0.7.0
[INFO] [stderr]   Downloaded llvm-sys v160.1.3
[INFO] [stderr]   Downloaded context v3.0.0
[INFO] [stderr]   Downloaded clap_builder v4.4.5
[INFO] [stderr]   Downloaded clap v4.4.5
[INFO] [stderr]   Downloaded ena v0.2.0
[INFO] running `Command { std: "docker" "create" "-v" "/var/lib/crater-agent-workspace/builds/worker-1-tc1/target:/opt/rustwide/target:rw,Z" "-v" "/var/lib/crater-agent-workspace/builds/worker-1-tc1/source:/opt/rustwide/workdir:ro,Z" "-v" "/var/lib/crater-agent-workspace/cargo-home:/opt/rustwide/cargo-home:ro,Z" "-v" "/var/lib/crater-agent-workspace/rustup-home:/opt/rustwide/rustup-home:ro,Z" "-e" "SOURCE_DIR=/opt/rustwide/workdir" "-e" "CARGO_TARGET_DIR=/opt/rustwide/target" "-e" "CARGO_HOME=/opt/rustwide/cargo-home" "-e" "RUSTUP_HOME=/opt/rustwide/rustup-home" "-w" "/opt/rustwide/workdir" "-m" "1610612736" "--user" "0:0" "--network" "none" "ghcr.io/rust-lang/crates-build-env/linux@sha256:2788e3201cd34a07e3172128adcd8b3090168a8e3bcc40d7c032b9dda1df7d1c" "/opt/rustwide/cargo-home/bin/cargo" "+1.75.0" "metadata" "--no-deps" "--format-version=1", kill_on_drop: false }`
[INFO] [stdout] 25bbd8dc2b297ef003e55ed2779d63886babc61d0079c7d14fefc186a199011d
[INFO] running `Command { std: "docker" "start" "-a" "25bbd8dc2b297ef003e55ed2779d63886babc61d0079c7d14fefc186a199011d", kill_on_drop: false }`
[INFO] running `Command { std: "docker" "inspect" "25bbd8dc2b297ef003e55ed2779d63886babc61d0079c7d14fefc186a199011d", kill_on_drop: false }`
[INFO] running `Command { std: "docker" "rm" "-f" "25bbd8dc2b297ef003e55ed2779d63886babc61d0079c7d14fefc186a199011d", kill_on_drop: false }`
[INFO] [stdout] 25bbd8dc2b297ef003e55ed2779d63886babc61d0079c7d14fefc186a199011d
[INFO] running `Command { std: "docker" "create" "-v" "/var/lib/crater-agent-workspace/builds/worker-1-tc1/target:/opt/rustwide/target:rw,Z" "-v" "/var/lib/crater-agent-workspace/builds/worker-1-tc1/source:/opt/rustwide/workdir:ro,Z" "-v" "/var/lib/crater-agent-workspace/cargo-home:/opt/rustwide/cargo-home:ro,Z" "-v" "/var/lib/crater-agent-workspace/rustup-home:/opt/rustwide/rustup-home:ro,Z" "-e" "SOURCE_DIR=/opt/rustwide/workdir" "-e" "CARGO_TARGET_DIR=/opt/rustwide/target" "-e" "CARGO_INCREMENTAL=0" "-e" "RUST_BACKTRACE=full" "-e" "RUSTFLAGS=--cap-lints=warn" "-e" "RUSTDOCFLAGS=--cap-lints=warn" "-e" "CARGO_HOME=/opt/rustwide/cargo-home" "-e" "RUSTUP_HOME=/opt/rustwide/rustup-home" "-w" "/opt/rustwide/workdir" "-m" "1610612736" "--user" "0:0" "--network" "none" "ghcr.io/rust-lang/crates-build-env/linux@sha256:2788e3201cd34a07e3172128adcd8b3090168a8e3bcc40d7c032b9dda1df7d1c" "/opt/rustwide/cargo-home/bin/cargo" "+1.75.0" "doc" "--frozen" "--no-deps" "--document-private-items" "--message-format=json", kill_on_drop: false }`
[INFO] [stdout] 91e6a680c27446a7b51164bc94b715d714660dc990f742d8ac008d333816f581
[INFO] running `Command { std: "docker" "start" "-a" "91e6a680c27446a7b51164bc94b715d714660dc990f742d8ac008d333816f581", kill_on_drop: false }`
[INFO] [stderr]    Compiling libc v0.2.142
[INFO] [stderr]    Compiling proc-macro2 v1.0.66
[INFO] [stderr]    Compiling unicode-ident v1.0.8
[INFO] [stderr]    Compiling syn v1.0.109
[INFO] [stderr]    Compiling version_check v0.9.4
[INFO] [stderr]    Compiling semver v1.0.17
[INFO] [stderr]    Compiling memchr v2.5.0
[INFO] [stderr]    Compiling regex-syntax v0.7.5
[INFO] [stderr]    Compiling lazy_static v1.4.0
[INFO] [stderr]     Checking once_cell v1.17.1
[INFO] [stderr]    Compiling indexmap v1.9.3
[INFO] [stderr]    Compiling pkg-config v0.3.27
[INFO] [stderr]    Compiling log v0.4.17
[INFO] [stderr]    Compiling serde v1.0.188
[INFO] [stderr]    Compiling vcpkg v0.2.15
[INFO] [stderr]    Compiling crossbeam-utils v0.8.15
[INFO] [stderr]    Compiling parking_lot_core v0.9.7
[INFO] [stderr]    Compiling thiserror v1.0.50
[INFO] [stderr]    Compiling tinyvec_macros v0.1.1
[INFO] [stderr]    Compiling ahash v0.7.6
[INFO] [stderr]    Compiling proc-macro-error-attr v1.0.4
[INFO] [stderr]    Compiling tinyvec v1.6.0
[INFO] [stderr]    Compiling memoffset v0.8.0
[INFO] [stderr]    Compiling hashbrown v0.12.3
[INFO] [stderr]    Compiling rustversion v1.0.14
[INFO] [stderr]    Compiling anyhow v1.0.75
[INFO] [stderr]    Compiling proc-macro-error v1.0.4
[INFO] [stderr]    Compiling winnow v0.4.1
[INFO] [stderr]    Compiling deranged v0.3.8
[INFO] [stderr]    Compiling time-core v0.1.2
[INFO] [stderr]    Compiling aho-corasick v1.0.1
[INFO] [stderr]    Compiling quote v1.0.33
[INFO] [stderr]    Compiling itoa v1.0.6
[INFO] [stderr]    Compiling percent-encoding v2.2.0
[INFO] [stderr]    Compiling toml_datetime v0.6.1
[INFO] [stderr]    Compiling syn v2.0.29
[INFO] [stderr]     Checking getrandom v0.2.9
[INFO] [stderr]    Compiling jobserver v0.1.26
[INFO] [stderr]    Compiling unicode-bidi v0.3.13
[INFO] [stderr]    Compiling form_urlencoded v1.1.0
[INFO] [stderr]    Compiling cc v1.0.79
[INFO] [stderr]    Compiling unicode-normalization v0.1.22
[INFO] [stderr]    Compiling num-traits v0.2.15
[INFO] [stderr]    Compiling crossbeam-epoch v0.9.14
[INFO] [stderr]    Compiling time v0.3.29
[INFO] [stderr]     Checking parking_lot v0.12.1
[INFO] [stderr]    Compiling cmake v0.1.50
[INFO] [stderr]    Compiling idna v0.3.0
[INFO] [stderr]    Compiling num-integer v0.1.45
[INFO] [stderr]     Checking rustc-hash v1.1.0
[INFO] [stderr]     Checking utf8parse v0.2.1
[INFO] [stderr]    Compiling serde_json v1.0.96
[INFO] [stderr]    Compiling heck v0.4.1
[INFO] [stderr]    Compiling bitflags v1.3.2
[INFO] [stderr]    Compiling eyre v0.6.8
[INFO] [stderr]    Compiling regex-automata v0.3.7
[INFO] [stderr]    Compiling crossbeam-queue v0.3.8
[INFO] [stderr]     Checking gimli v0.27.2
[INFO] [stderr]    Compiling url v2.3.1
[INFO] [stderr]     Checking miniz_oxide v0.6.2
[INFO] [stderr]    Compiling toml_edit v0.19.8
[INFO] [stderr]     Checking anstyle-parse v0.2.0
[INFO] [stderr]    Compiling libz-sys v1.1.12
[INFO] [stderr]    Compiling libgit2-sys v0.14.2+1.5.1
[INFO] [stderr]    Compiling sys-info v0.9.1 (https://github.com/Pivot-Studio/sys-info-rs.git#e6ca257a)
[INFO] [stderr]    Compiling backtrace v0.3.67
[INFO] [stderr]    Compiling context v3.0.0
[INFO] [stderr]    Compiling sysinfo v0.27.8
[INFO] [stderr]     Checking num_cpus v1.15.0
[INFO] [stderr]     Checking object v0.30.3
[INFO] [stderr]     Checking crossbeam-channel v0.5.8
[INFO] [stderr]    Compiling rustc_version v0.4.0
[INFO] [stderr]     Checking unicode-width v0.1.10
[INFO] [stderr]    Compiling portable-atomic v0.3.19
[INFO] [stderr]     Checking rustc-demangle v0.1.23
[INFO] [stderr]     Checking anstyle v1.0.0
[INFO] [stderr]     Checking ryu v1.0.13
[INFO] [stderr]    Compiling indenter v0.3.3
[INFO] [stderr]    Compiling mun_target v0.4.0 (https://github.com/mun-lang/mun.git#2a28ee7c)
[INFO] [stderr]     Checking anstyle-query v1.0.0
[INFO] [stderr]     Checking colorchoice v1.0.0
[INFO] [stderr]     Checking crossbeam-deque v0.8.3
[INFO] [stderr]     Checking anstream v0.5.0
[INFO] [stderr]     Checking threadpool v1.8.1
[INFO] [stderr]    Compiling vergen v7.5.1
[INFO] [stderr]     Checking atty v0.2.14
[INFO] [stderr]     Checking clap_lex v0.5.1
[INFO] [stderr]     Checking strsim v0.10.0
[INFO] [stderr]    Compiling pl_linker v0.1.0 (/opt/rustwide/workdir/pl_linker)
[INFO] [stderr]     Checking iana-time-zone v0.1.56
[INFO] [stderr]     Checking bytecount v0.6.3
[INFO] [stderr]    Compiling paste v1.0.12
[INFO] [stderr]    Compiling inkwell v0.2.0 (https://github.com/TheDan64/inkwell?branch=master#7a09ad8a)
[INFO] [stderr]     Checking chrono v0.4.24
[INFO] [stderr]     Checking clap_builder v4.4.5
[INFO] [stderr]     Checking crossbeam v0.8.2
[INFO] [stderr]    Compiling proc-macro-crate v1.3.1
[INFO] [stderr]     Checking nom v7.1.3
[INFO] [stderr]     Checking console v0.15.5
[INFO] [stderr]    Compiling regex v1.9.4
[INFO] [stderr]     Checking addr2line v0.19.0
[INFO] [stderr]     Checking dashmap v5.4.0
[INFO] [stderr]     Checking hashlink v0.8.1
[INFO] [stderr]     Checking thread_local v1.1.7
[INFO] [stderr]     Checking fs_extra v1.3.0
[INFO] [stderr]     Checking yansi v0.5.1
[INFO] [stderr]     Checking arc-swap v1.6.0
[INFO] [stderr]     Checking number_prefix v0.4.0
[INFO] [stderr]     Checking fixedbitset v0.4.2
[INFO] [stderr]     Checking either v1.8.1
[INFO] [stderr]     Checking countme v3.0.1
[INFO] [stderr]     Checking termcolor v1.1.3
[INFO] [stderr]     Checking text-size v1.1.0
[INFO] [stderr]     Checking indicatif v0.17.3
[INFO] [stderr]     Checking ariadne v0.3.0
[INFO] [stderr]     Checking petgraph v0.6.3
[INFO] [stderr]     Checking kagari v0.1.0 (/opt/rustwide/workdir/kagari)
[INFO] [stderr]     Checking rowan v0.15.11
[INFO] [stderr]     Checking stderrlog v0.5.4
[INFO] [stderr]     Checking colored v2.0.0
[INFO] [stderr]     Checking dyn-fmt v0.3.0
[INFO] [stderr]     Checking ena v0.2.0
[INFO] [stderr]     Checking dissimilar v1.0.6
[INFO] [stderr]     Checking linked-hash-map v0.5.6
[INFO] [stderr]     Checking dunce v1.0.4
[INFO] [stderr]     Checking nom_locate v4.1.0
[INFO] [stderr]    Compiling llvm-sys v160.1.3
[INFO] [stderr]    Compiling lld_rs v160.0.0 (https://github.com/Pivot-Studio/lld-rs.git?branch=main#d1b3a4a2)
[INFO] [stderr]    Compiling immix v0.1.0 (/opt/rustwide/workdir/immix)
[INFO] [stderr]    Compiling serde_derive v1.0.188
[INFO] [stderr]    Compiling thiserror-impl v1.0.50
[INFO] [stderr]    Compiling enum-iterator-derive v1.2.1
[INFO] [stderr]    Compiling clap_derive v4.4.2
[INFO] [stderr]    Compiling inkwell_internals v0.8.0 (https://github.com/TheDan64/inkwell?branch=master#7a09ad8a)
[INFO] [stderr]    Compiling serde_repr v0.1.12
[INFO] [stderr]    Compiling int-enum-impl v0.5.0
[INFO] [stderr]    Compiling getset v0.1.2
[INFO] [stderr]    Compiling ctor v0.1.26
[INFO] [stderr]    Compiling add_symbol_macro v0.1.0 (/opt/rustwide/workdir/internal_macro/src/add_symbol_macro)
[INFO] [stderr]    Compiling comment_macro v0.1.0 (/opt/rustwide/workdir/internal_macro/src/comment_macro)
[INFO] [stderr] error: failed to run custom build command for `lld_rs v160.0.0 (https://github.com/Pivot-Studio/lld-rs.git?branch=main#d1b3a4a2)`
[INFO] [stderr] note: To improve backtraces for build dependencies, set the CARGO_PROFILE_DEV_BUILD_OVERRIDE_DEBUG=true environment variable to enable debug information generation.
[INFO] [stderr] 
[INFO] [stderr] Caused by:
[INFO] [stderr]   process didn't exit successfully: `/opt/rustwide/target/debug/build/lld_rs-6995c94705be2822/build-script-build` (exit status: 101)
[INFO] [stderr]   --- stdout
[INFO] [stderr]   Found LLVM version 14.0.0 on PATH, but need 16.0.0.
[INFO] [stderr]   Didn't find usable system-wide LLVM.
[INFO] [stderr]   No suitable version of LLVM was found system-wide or pointed
[INFO] [stderr]                     to by LLVM_SYS_160_PREFIX.
[INFO] [stderr] 
[INFO] [stderr]                     Consider using `llvmenv` to compile an appropriate copy of LLVM, and
[INFO] [stderr]                     refer to the llvm-sys documentation for more information.
[INFO] [stderr] 
[INFO] [stderr]                     llvm-sys: https://crates.io/crates/llvm-sys
[INFO] [stderr]                     llvmenv: https://crates.io/crates/llvmenv
[INFO] [stderr] 
[INFO] [stderr]   --- stderr
[INFO] [stderr]   thread 'main' panicked at /opt/rustwide/cargo-home/git/checkouts/lld-rs-18daf5b9a5e73267/d1b3a4a/build.rs:73:9:
[INFO] [stderr]   Could not find a compatible version of LLVM
[INFO] [stderr]   stack backtrace:
[INFO] [stderr]      0:     0x5651ffad5a6c - std::backtrace_rs::backtrace::libunwind::trace::ha637c64ce894333a
[INFO] [stderr]                                  at /rustc/82e1608dfa6e0b5569232559e3d385fea5a93112/library/std/src/../../backtrace/src/backtrace/libunwind.rs:104:5
[INFO] [stderr]      1:     0x5651ffad5a6c - std::backtrace_rs::backtrace::trace_unsynchronized::h47f62dea28e0c88d
[INFO] [stderr]                                  at /rustc/82e1608dfa6e0b5569232559e3d385fea5a93112/library/std/src/../../backtrace/src/backtrace/mod.rs:66:5
[INFO] [stderr]      2:     0x5651ffad5a6c - std::sys_common::backtrace::_print_fmt::h9eef0abe20ede486
[INFO] [stderr]                                  at /rustc/82e1608dfa6e0b5569232559e3d385fea5a93112/library/std/src/sys_common/backtrace.rs:67:5
[INFO] [stderr]      3:     0x5651ffad5a6c - <std::sys_common::backtrace::_print::DisplayBacktrace as core::fmt::Display>::fmt::hed7f999df88cc644
[INFO] [stderr]                                  at /rustc/82e1608dfa6e0b5569232559e3d385fea5a93112/library/std/src/sys_common/backtrace.rs:44:22
[INFO] [stderr]      4:     0x5651ffafd120 - core::fmt::rt::Argument::fmt::h1539a9308b8d058d
[INFO] [stderr]                                  at /rustc/82e1608dfa6e0b5569232559e3d385fea5a93112/library/core/src/fmt/rt.rs:142:9
[INFO] [stderr]      5:     0x5651ffafd120 - core::fmt::write::h3a39390d8560d9c9
[INFO] [stderr]                                  at /rustc/82e1608dfa6e0b5569232559e3d385fea5a93112/library/core/src/fmt/mod.rs:1120:17
[INFO] [stderr]      6:     0x5651ffad2bbf - std::io::Write::write_fmt::h5fc9997dfe05f882
[INFO] [stderr]                                  at /rustc/82e1608dfa6e0b5569232559e3d385fea5a93112/library/std/src/io/mod.rs:1762:15
[INFO] [stderr]      7:     0x5651ffad5854 - std::sys_common::backtrace::_print::h894006fb5c6f3d45
[INFO] [stderr]                                  at /rustc/82e1608dfa6e0b5569232559e3d385fea5a93112/library/std/src/sys_common/backtrace.rs:47:5
[INFO] [stderr]      8:     0x5651ffad5854 - std::sys_common::backtrace::print::h23a2d212c6fff936
[INFO] [stderr]                                  at /rustc/82e1608dfa6e0b5569232559e3d385fea5a93112/library/std/src/sys_common/backtrace.rs:34:9
[INFO] [stderr]      9:     0x5651ffad7687 - std::panicking::default_hook::{{closure}}::h8a1d2ee00185001a
[INFO] [stderr]     10:     0x5651ffad73ef - std::panicking::default_hook::h6038f2eba384e475
[INFO] [stderr]                                  at /rustc/82e1608dfa6e0b5569232559e3d385fea5a93112/library/std/src/panicking.rs:292:9
[INFO] [stderr]     11:     0x5651ffad7b08 - std::panicking::rust_panic_with_hook::h2b5517d590cab22e
[INFO] [stderr]                                  at /rustc/82e1608dfa6e0b5569232559e3d385fea5a93112/library/std/src/panicking.rs:779:13
[INFO] [stderr]     12:     0x5651ffad79b9 - std::panicking::begin_panic_handler::{{closure}}::h233112c06e0ef43e
[INFO] [stderr]                                  at /rustc/82e1608dfa6e0b5569232559e3d385fea5a93112/library/std/src/panicking.rs:649:13
[INFO] [stderr]     13:     0x5651ffad5f36 - std::sys_common::backtrace::__rust_end_short_backtrace::h6e893f24d7ebbff8
[INFO] [stderr]                                  at /rustc/82e1608dfa6e0b5569232559e3d385fea5a93112/library/std/src/sys_common/backtrace.rs:170:18
[INFO] [stderr]     14:     0x5651ffad7752 - rust_begin_unwind
[INFO] [stderr]                                  at /rustc/82e1608dfa6e0b5569232559e3d385fea5a93112/library/std/src/panicking.rs:645:5
[INFO] [stderr]     15:     0x5651ff84ded5 - core::panicking::panic_fmt::hbf0e066aabfa482c
[INFO] [stderr]                                  at /rustc/82e1608dfa6e0b5569232559e3d385fea5a93112/library/core/src/panicking.rs:72:14
[INFO] [stderr]     16:     0x5651ff85906b - core::ops::function::FnOnce::call_once::hde93313bda887d12
[INFO] [stderr]     17:     0x5651ff8575b0 - lazy_static::lazy::Lazy<T>::get::{{closure}}::h421f19c245585838
[INFO] [stderr]     18:     0x5651ff858112 - std::sync::once::Once::call_once::{{closure}}::hc061daa0bf37a081
[INFO] [stderr]     19:     0x5651ff84f932 - std::sys_common::once::futex::Once::call::h3663e0c4d5b2c89f
[INFO] [stderr]     20:     0x5651ff85800b - std::sync::once::Once::call_once::ha467769c101f52f1
[INFO] [stderr]     21:     0x5651ff857174 - <build_script_build::LLVM_CONFIG_PATH as core::ops::deref::Deref>::deref::h3d702405cca91f6a
[INFO] [stderr]     22:     0x5651ff8544b3 - build_script_build::llvm_config::h6857732def085132
[INFO] [stderr]     23:     0x5651ff856077 - build_script_build::get_llvm_cxxflags::hfa4aeb70f4a2625e
[INFO] [stderr]     24:     0x5651ff85646c - build_script_build::main::h58c3018029a0d1d5
[INFO] [stderr]     25:     0x5651ff858553 - core::ops::function::FnOnce::call_once::h09b5360c0867e3b2
[INFO] [stderr]     26:     0x5651ff85b096 - std::sys_common::backtrace::__rust_begin_short_backtrace::hbcb8dddc37177f50
[INFO] [stderr]     27:     0x5651ff857d29 - std::rt::lang_start::{{closure}}::hd31f278b2b3c6908
[INFO] [stderr]     28:     0x5651fface837 - core::ops::function::impls::<impl core::ops::function::FnOnce<A> for &F>::call_once::hd95060ecd5e1ca24
[INFO] [stderr]                                  at /rustc/82e1608dfa6e0b5569232559e3d385fea5a93112/library/core/src/ops/function.rs:284:13
[INFO] [stderr]     29:     0x5651fface837 - std::panicking::try::do_call::h6e8cf51db32a6e4b
[INFO] [stderr]                                  at /rustc/82e1608dfa6e0b5569232559e3d385fea5a93112/library/std/src/panicking.rs:552:40
[INFO] [stderr]     30:     0x5651fface837 - std::panicking::try::h3a52eefe24fe3c29
[INFO] [stderr]                                  at /rustc/82e1608dfa6e0b5569232559e3d385fea5a93112/library/std/src/panicking.rs:516:19
[INFO] [stderr]     31:     0x5651fface837 - std::panic::catch_unwind::h24c28c23c02c3841
[INFO] [stderr]                                  at /rustc/82e1608dfa6e0b5569232559e3d385fea5a93112/library/std/src/panic.rs:142:14
[INFO] [stderr]     32:     0x5651fface837 - std::rt::lang_start_internal::{{closure}}::h705d3c9cbc06ef47
[INFO] [stderr]                                  at /rustc/82e1608dfa6e0b5569232559e3d385fea5a93112/library/std/src/rt.rs:148:48
[INFO] [stderr]     33:     0x5651fface837 - std::panicking::try::do_call::ha21f52ba13158470
[INFO] [stderr]                                  at /rustc/82e1608dfa6e0b5569232559e3d385fea5a93112/library/std/src/panicking.rs:552:40
[INFO] [stderr]     34:     0x5651fface837 - std::panicking::try::h5581346bf6aeb1f8
[INFO] [stderr]                                  at /rustc/82e1608dfa6e0b5569232559e3d385fea5a93112/library/std/src/panicking.rs:516:19
[INFO] [stderr]     35:     0x5651fface837 - std::panic::catch_unwind::h7919645a6b72e25b
[INFO] [stderr]                                  at /rustc/82e1608dfa6e0b5569232559e3d385fea5a93112/library/std/src/panic.rs:142:14
[INFO] [stderr]     36:     0x5651fface837 - std::rt::lang_start_internal::h12de51168669836e
[INFO] [stderr]                                  at /rustc/82e1608dfa6e0b5569232559e3d385fea5a93112/library/std/src/rt.rs:148:20
[INFO] [stderr]     37:     0x5651ff857d07 - std::rt::lang_start::h213836e00223cb70
[INFO] [stderr]     38:     0x5651ff8572a5 - main
[INFO] [stderr]     39:     0x7f8af1e35d90 - <unknown>
[INFO] [stderr]     40:     0x7f8af1e35e40 - __libc_start_main
[INFO] [stderr]     41:     0x5651ff84e765 - _start
[INFO] [stderr]     42:                0x0 - <unknown>
[INFO] [stderr] warning: build failed, waiting for other jobs to finish...
[INFO] [stdout] error: No suitable version of LLVM was found system-wide or pointed
[INFO] [stdout]               to by LLVM_SYS_160_PREFIX.
[INFO] [stdout]        
[INFO] [stdout]               Consider using `llvmenv` to compile an appropriate copy of LLVM, and
[INFO] [stdout]               refer to the llvm-sys documentation for more information.
[INFO] [stdout]        
[INFO] [stdout]               llvm-sys: https://crates.io/crates/llvm-sys
[INFO] [stdout]               llvmenv: https://crates.io/crates/llvmenv
[INFO] [stdout]    --> /opt/rustwide/cargo-home/registry/src/index.crates.io-6f17d22bba15001f/llvm-sys-160.1.3/src/lib.rs:490:1
[INFO] [stdout]     |
[INFO] [stdout] 490 | / std::compile_error!(concat!(
[INFO] [stdout] 491 | |     "No suitable version of LLVM was found system-wide or pointed
[INFO] [stdout] 492 | |        to by LLVM_SYS_",
[INFO] [stdout] 493 | |     env!("CARGO_PKG_VERSION_MAJOR"),
[INFO] [stdout] ...   |
[INFO] [stdout] 500 | |        llvmenv: https://crates.io/crates/llvmenv"
[INFO] [stdout] 501 | | ));
[INFO] [stdout]     | |__^
[INFO] [stdout] 
[INFO] [stdout] 
[INFO] [stdout] error: aborting due to previous error
[INFO] [stdout] 
[INFO] [stdout] 
[INFO] [stderr] error: could not compile `llvm-sys` (lib) due to 2 previous errors
[INFO] [stderr] error: failed to run custom build command for `immix v0.1.0 (/opt/rustwide/workdir/immix)`
[INFO] [stderr] note: To improve backtraces for build dependencies, set the CARGO_PROFILE_DEV_BUILD_OVERRIDE_DEBUG=true environment variable to enable debug information generation.
[INFO] [stderr] 
[INFO] [stderr] Caused by:
[INFO] [stderr]   process didn't exit successfully: `/opt/rustwide/target/debug/build/immix-bbdb140729695799/build-script-build` (exit status: 101)
[INFO] [stderr]   --- stdout
[INFO] [stderr]   cargo:rerun-if-changed=build.rs
[INFO] [stderr]   cargo:rerun-if-changed=llvm/plimmixprinter.cpp
[INFO] [stderr]   cargo:rerun-if-changed=llvm/plimmix.cpp
[INFO] [stderr]   cargo:rerun-if-changed=llvm/plimmix_pass.cpp
[INFO] [stderr]   cargo:rerun-if-changed=llvm/memory_manager.cpp
[INFO] [stderr]   cargo:rerun-if-changed=llvm/CMakeLists.txt
[INFO] [stderr]   CMAKE_TOOLCHAIN_FILE_x86_64-unknown-linux-gnu = None
[INFO] [stderr]   CMAKE_TOOLCHAIN_FILE_x86_64_unknown_linux_gnu = None
[INFO] [stderr]   HOST_CMAKE_TOOLCHAIN_FILE = None
[INFO] [stderr]   CMAKE_TOOLCHAIN_FILE = None
[INFO] [stderr]   CMAKE_GENERATOR_x86_64-unknown-linux-gnu = None
[INFO] [stderr]   CMAKE_GENERATOR_x86_64_unknown_linux_gnu = None
[INFO] [stderr]   HOST_CMAKE_GENERATOR = None
[INFO] [stderr]   CMAKE_GENERATOR = None
[INFO] [stderr]   CMAKE_PREFIX_PATH_x86_64-unknown-linux-gnu = None
[INFO] [stderr]   CMAKE_PREFIX_PATH_x86_64_unknown_linux_gnu = None
[INFO] [stderr]   HOST_CMAKE_PREFIX_PATH = None
[INFO] [stderr]   CMAKE_PREFIX_PATH = None
[INFO] [stderr]   CMAKE_x86_64-unknown-linux-gnu = None
[INFO] [stderr]   CMAKE_x86_64_unknown_linux_gnu = None
[INFO] [stderr]   HOST_CMAKE = None
[INFO] [stderr]   CMAKE = None
[INFO] [stderr]   running: cd "/opt/rustwide/target/debug/build/immix-112fb8a2a72c8be3/out/build" && CMAKE_PREFIX_PATH="" "cmake" "/opt/rustwide/workdir/immix/llvm" "-DCMAKE_INSTALL_PREFIX=/opt/rustwide/target/debug/build/immix-112fb8a2a72c8be3/out" "-DCMAKE_C_FLAGS= -ffunction-sections -fdata-sections -fPIC -m64" "-DCMAKE_C_COMPILER=/usr/bin/cc" "-DCMAKE_CXX_FLAGS= -ffunction-sections -fdata-sections -fPIC -m64" "-DCMAKE_CXX_COMPILER=/usr/bin/c++" "-DCMAKE_ASM_FLAGS= -ffunction-sections -fdata-sections -fPIC -m64" "-DCMAKE_ASM_COMPILER=/usr/bin/cc" "-DCMAKE_BUILD_TYPE=Debug"
[INFO] [stderr]   -- The C compiler identification is GNU 11.4.0
[INFO] [stderr]   -- The CXX compiler identification is GNU 11.4.0
[INFO] [stderr]   -- Detecting C compiler ABI info
[INFO] [stderr]   -- Detecting C compiler ABI info - done
[INFO] [stderr]   -- Check for working C compiler: /usr/bin/cc - skipped
[INFO] [stderr]   -- Detecting C compile features
[INFO] [stderr]   -- Detecting C compile features - done
[INFO] [stderr]   -- Detecting CXX compiler ABI info
[INFO] [stderr]   -- Detecting CXX compiler ABI info - done
[INFO] [stderr]   -- Check for working CXX compiler: /usr/bin/c++ - skipped
[INFO] [stderr]   -- Detecting CXX compile features
[INFO] [stderr]   -- Detecting CXX compile features - done
[INFO] [stderr]   -- Configuring incomplete, errors occurred!
[INFO] [stderr]   See also "/opt/rustwide/target/debug/build/immix-112fb8a2a72c8be3/out/build/CMakeFiles/CMakeOutput.log".
[INFO] [stderr] 
[INFO] [stderr]   --- stderr
[INFO] [stderr]   CMake Error at CMakeLists.txt:8 (find_package):
[INFO] [stderr]     Could not find a configuration file for package "LLVM" that is compatible
[INFO] [stderr]     with requested version "16.0.0".
[INFO] [stderr] 
[INFO] [stderr]     The following configuration files were considered but not accepted:
[INFO] [stderr] 
[INFO] [stderr]       /usr/lib/llvm-14/cmake/LLVMConfig.cmake, version: 14.0.0
[INFO] [stderr]       /usr/lib/llvm-12/cmake/LLVMConfig.cmake, version: 12.0.1
[INFO] [stderr]       /lib/llvm-14/cmake/LLVMConfig.cmake, version: 14.0.0
[INFO] [stderr]       /lib/llvm-12/cmake/LLVMConfig.cmake, version: 12.0.1
[INFO] [stderr] 
[INFO] [stderr] 
[INFO] [stderr] 
[INFO] [stderr]   thread 'main' panicked at /opt/rustwide/cargo-home/registry/src/index.crates.io-6f17d22bba15001f/cmake-0.1.50/src/lib.rs:1098:5:
[INFO] [stderr] 
[INFO] [stderr]   command did not execute successfully, got: exit status: 1
[INFO] [stderr] 
[INFO] [stderr]   build script failed, must exit now
[INFO] [stderr]   stack backtrace:
[INFO] [stderr]      0:     0x55bda155d2cc - std::backtrace_rs::backtrace::libunwind::trace::ha637c64ce894333a
[INFO] [stderr]                                  at /rustc/82e1608dfa6e0b5569232559e3d385fea5a93112/library/std/src/../../backtrace/src/backtrace/libunwind.rs:104:5
[INFO] [stderr]      1:     0x55bda155d2cc - std::backtrace_rs::backtrace::trace_unsynchronized::h47f62dea28e0c88d
[INFO] [stderr]                                  at /rustc/82e1608dfa6e0b5569232559e3d385fea5a93112/library/std/src/../../backtrace/src/backtrace/mod.rs:66:5
[INFO] [stderr]      2:     0x55bda155d2cc - std::sys_common::backtrace::_print_fmt::h9eef0abe20ede486
[INFO] [stderr]                                  at /rustc/82e1608dfa6e0b5569232559e3d385fea5a93112/library/std/src/sys_common/backtrace.rs:67:5
[INFO] [stderr]      3:     0x55bda155d2cc - <std::sys_common::backtrace::_print::DisplayBacktrace as core::fmt::Display>::fmt::hed7f999df88cc644
[INFO] [stderr]                                  at /rustc/82e1608dfa6e0b5569232559e3d385fea5a93112/library/std/src/sys_common/backtrace.rs:44:22
[INFO] [stderr]      4:     0x55bda1583b50 - core::fmt::rt::Argument::fmt::h1539a9308b8d058d
[INFO] [stderr]                                  at /rustc/82e1608dfa6e0b5569232559e3d385fea5a93112/library/core/src/fmt/rt.rs:142:9
[INFO] [stderr]      5:     0x55bda1583b50 - core::fmt::write::h3a39390d8560d9c9
[INFO] [stderr]                                  at /rustc/82e1608dfa6e0b5569232559e3d385fea5a93112/library/core/src/fmt/mod.rs:1120:17
[INFO] [stderr]      6:     0x55bda155a90f - std::io::Write::write_fmt::h5fc9997dfe05f882
[INFO] [stderr]                                  at /rustc/82e1608dfa6e0b5569232559e3d385fea5a93112/library/std/src/io/mod.rs:1762:15
[INFO] [stderr]      7:     0x55bda155d0b4 - std::sys_common::backtrace::_print::h894006fb5c6f3d45
[INFO] [stderr]                                  at /rustc/82e1608dfa6e0b5569232559e3d385fea5a93112/library/std/src/sys_common/backtrace.rs:47:5
[INFO] [stderr]      8:     0x55bda155d0b4 - std::sys_common::backtrace::print::h23a2d212c6fff936
[INFO] [stderr]                                  at /rustc/82e1608dfa6e0b5569232559e3d385fea5a93112/library/std/src/sys_common/backtrace.rs:34:9
[INFO] [stderr]      9:     0x55bda155e8c7 - std::panicking::default_hook::{{closure}}::h8a1d2ee00185001a
[INFO] [stderr]     10:     0x55bda155e62f - std::panicking::default_hook::h6038f2eba384e475
[INFO] [stderr]                                  at /rustc/82e1608dfa6e0b5569232559e3d385fea5a93112/library/std/src/panicking.rs:292:9
[INFO] [stderr]     11:     0x55bda155ed48 - std::panicking::rust_panic_with_hook::h2b5517d590cab22e
[INFO] [stderr]                                  at /rustc/82e1608dfa6e0b5569232559e3d385fea5a93112/library/std/src/panicking.rs:779:13
[INFO] [stderr]     12:     0x55bda155ec2e - std::panicking::begin_panic_handler::{{closure}}::h233112c06e0ef43e
[INFO] [stderr]                                  at /rustc/82e1608dfa6e0b5569232559e3d385fea5a93112/library/std/src/panicking.rs:657:13
[INFO] [stderr]     13:     0x55bda155d796 - std::sys_common::backtrace::__rust_end_short_backtrace::h6e893f24d7ebbff8
[INFO] [stderr]                                  at /rustc/82e1608dfa6e0b5569232559e3d385fea5a93112/library/std/src/sys_common/backtrace.rs:170:18
[INFO] [stderr]     14:     0x55bda155e992 - rust_begin_unwind
[INFO] [stderr]                                  at /rustc/82e1608dfa6e0b5569232559e3d385fea5a93112/library/std/src/panicking.rs:645:5
[INFO] [stderr]     15:     0x55bda12dbbd5 - core::panicking::panic_fmt::hbf0e066aabfa482c
[INFO] [stderr]                                  at /rustc/82e1608dfa6e0b5569232559e3d385fea5a93112/library/core/src/panicking.rs:72:14
[INFO] [stderr]     16:     0x55bda12fd671 - cmake::fail::h123883c7220554e5
[INFO] [stderr]     17:     0x55bda12fcdf7 - cmake::run::hdda03afa38b7fed2
[INFO] [stderr]     18:     0x55bda12f8f06 - cmake::Config::build::h37ac306ad4d669ce
[INFO] [stderr]     19:     0x55bda12e5e79 - build_script_build::main::hf6a1df54fbc65579
[INFO] [stderr]     20:     0x55bda12dddf3 - core::ops::function::FnOnce::call_once::hff13cb16a053c6d4
[INFO] [stderr]     21:     0x55bda12e2be6 - std::sys_common::backtrace::__rust_begin_short_backtrace::ha312b29b383a67ee
[INFO] [stderr]     22:     0x55bda12dd439 - std::rt::lang_start::{{closure}}::hc4711014655b925f
[INFO] [stderr]     23:     0x55bda15567d7 - core::ops::function::impls::<impl core::ops::function::FnOnce<A> for &F>::call_once::hd95060ecd5e1ca24
[INFO] [stderr]                                  at /rustc/82e1608dfa6e0b5569232559e3d385fea5a93112/library/core/src/ops/function.rs:284:13
[INFO] [stderr]     24:     0x55bda15567d7 - std::panicking::try::do_call::h6e8cf51db32a6e4b
[INFO] [stderr]                                  at /rustc/82e1608dfa6e0b5569232559e3d385fea5a93112/library/std/src/panicking.rs:552:40
[INFO] [stderr]     25:     0x55bda15567d7 - std::panicking::try::h3a52eefe24fe3c29
[INFO] [stderr]                                  at /rustc/82e1608dfa6e0b5569232559e3d385fea5a93112/library/std/src/panicking.rs:516:19
[INFO] [stderr]     26:     0x55bda15567d7 - std::panic::catch_unwind::h24c28c23c02c3841
[INFO] [stderr]                                  at /rustc/82e1608dfa6e0b5569232559e3d385fea5a93112/library/std/src/panic.rs:142:14
[INFO] [stderr]     27:     0x55bda15567d7 - std::rt::lang_start_internal::{{closure}}::h705d3c9cbc06ef47
[INFO] [stderr]                                  at /rustc/82e1608dfa6e0b5569232559e3d385fea5a93112/library/std/src/rt.rs:148:48
[INFO] [stderr]     28:     0x55bda15567d7 - std::panicking::try::do_call::ha21f52ba13158470
[INFO] [stderr]                                  at /rustc/82e1608dfa6e0b5569232559e3d385fea5a93112/library/std/src/panicking.rs:552:40
[INFO] [stderr]     29:     0x55bda15567d7 - std::panicking::try::h5581346bf6aeb1f8
[INFO] [stderr]                                  at /rustc/82e1608dfa6e0b5569232559e3d385fea5a93112/library/std/src/panicking.rs:516:19
[INFO] [stderr]     30:     0x55bda15567d7 - std::panic::catch_unwind::h7919645a6b72e25b
[INFO] [stderr]                                  at /rustc/82e1608dfa6e0b5569232559e3d385fea5a93112/library/std/src/panic.rs:142:14
[INFO] [stderr]     31:     0x55bda15567d7 - std::rt::lang_start_internal::h12de51168669836e
[INFO] [stderr]                                  at /rustc/82e1608dfa6e0b5569232559e3d385fea5a93112/library/std/src/rt.rs:148:20
[INFO] [stderr]     32:     0x55bda12dd417 - std::rt::lang_start::h55aafcb562bf9002
[INFO] [stderr]     33:     0x55bda12e9615 - main
[INFO] [stderr]     34:     0x7fce31c9ed90 - <unknown>
[INFO] [stderr]     35:     0x7fce31c9ee40 - __libc_start_main
[INFO] [stderr]     36:     0x55bda12dc465 - _start
[INFO] [stderr]     37:                0x0 - <unknown>
[INFO] running `Command { std: "docker" "inspect" "91e6a680c27446a7b51164bc94b715d714660dc990f742d8ac008d333816f581", kill_on_drop: false }`
[INFO] running `Command { std: "docker" "rm" "-f" "91e6a680c27446a7b51164bc94b715d714660dc990f742d8ac008d333816f581", kill_on_drop: false }`
[INFO] [stdout] 91e6a680c27446a7b51164bc94b715d714660dc990f742d8ac008d333816f581
[INFO] documenting Pivot-Studio/pivot-lang against beta-2023-12-22 for beta-1.76-rustdoc-1
[INFO] running `Command { std: "git" "clone" "/workspace/cache/git-repos/https%3A%2F%2Fgithub.com%2FPivot-Studio%2Fpivot-lang" "/workspace/builds/worker-1-tc2/source", kill_on_drop: false }`
[INFO] [stderr] Cloning into '/workspace/builds/worker-1-tc2/source'...
[INFO] [stderr] done.
[INFO] validating manifest of git repo https://github.com/Pivot-Studio/pivot-lang on toolchain beta-2023-12-22
[INFO] running `Command { std: CARGO_HOME="/workspace/cargo-home" RUSTUP_HOME="/workspace/rustup-home" "/workspace/cargo-home/bin/cargo" "+beta-2023-12-22" "metadata" "--manifest-path" "Cargo.toml" "--no-deps", kill_on_drop: false }`
[INFO] removed /workspace/builds/worker-1-tc2/source/rust-toolchain
[INFO] started tweaking git repo https://github.com/Pivot-Studio/pivot-lang
[INFO] finished tweaking git repo https://github.com/Pivot-Studio/pivot-lang
[INFO] tweaked toml for git repo https://github.com/Pivot-Studio/pivot-lang written to /workspace/builds/worker-1-tc2/source/Cargo.toml
[INFO] crate git repo https://github.com/Pivot-Studio/pivot-lang already has a lockfile, it will not be regenerated
[INFO] running `Command { std: CARGO_HOME="/workspace/cargo-home" RUSTUP_HOME="/workspace/rustup-home" "/workspace/cargo-home/bin/cargo" "+beta-2023-12-22" "fetch" "--manifest-path" "Cargo.toml", kill_on_drop: false }`
[INFO] running `Command { std: "docker" "create" "-v" "/var/lib/crater-agent-workspace/builds/worker-1-tc2/target:/opt/rustwide/target:rw,Z" "-v" "/var/lib/crater-agent-workspace/builds/worker-1-tc2/source:/opt/rustwide/workdir:ro,Z" "-v" "/var/lib/crater-agent-workspace/cargo-home:/opt/rustwide/cargo-home:ro,Z" "-v" "/var/lib/crater-agent-workspace/rustup-home:/opt/rustwide/rustup-home:ro,Z" "-e" "SOURCE_DIR=/opt/rustwide/workdir" "-e" "CARGO_TARGET_DIR=/opt/rustwide/target" "-e" "CARGO_HOME=/opt/rustwide/cargo-home" "-e" "RUSTUP_HOME=/opt/rustwide/rustup-home" "-w" "/opt/rustwide/workdir" "-m" "1610612736" "--user" "0:0" "--network" "none" "ghcr.io/rust-lang/crates-build-env/linux@sha256:2788e3201cd34a07e3172128adcd8b3090168a8e3bcc40d7c032b9dda1df7d1c" "/opt/rustwide/cargo-home/bin/cargo" "+beta-2023-12-22" "metadata" "--no-deps" "--format-version=1", kill_on_drop: false }`
[INFO] [stdout] b6b0e8018a9a6ce91a0920771b386bf3a367b6145ab677cdda5de0454ecde3f6
[INFO] running `Command { std: "docker" "start" "-a" "b6b0e8018a9a6ce91a0920771b386bf3a367b6145ab677cdda5de0454ecde3f6", kill_on_drop: false }`
[INFO] running `Command { std: "docker" "inspect" "b6b0e8018a9a6ce91a0920771b386bf3a367b6145ab677cdda5de0454ecde3f6", kill_on_drop: false }`
[INFO] running `Command { std: "docker" "rm" "-f" "b6b0e8018a9a6ce91a0920771b386bf3a367b6145ab677cdda5de0454ecde3f6", kill_on_drop: false }`
[INFO] [stdout] b6b0e8018a9a6ce91a0920771b386bf3a367b6145ab677cdda5de0454ecde3f6
[INFO] running `Command { std: "docker" "create" "-v" "/var/lib/crater-agent-workspace/builds/worker-1-tc2/target:/opt/rustwide/target:rw,Z" "-v" "/var/lib/crater-agent-workspace/builds/worker-1-tc2/source:/opt/rustwide/workdir:ro,Z" "-v" "/var/lib/crater-agent-workspace/cargo-home:/opt/rustwide/cargo-home:ro,Z" "-v" "/var/lib/crater-agent-workspace/rustup-home:/opt/rustwide/rustup-home:ro,Z" "-e" "SOURCE_DIR=/opt/rustwide/workdir" "-e" "CARGO_TARGET_DIR=/opt/rustwide/target" "-e" "CARGO_INCREMENTAL=0" "-e" "RUST_BACKTRACE=full" "-e" "RUSTFLAGS=--cap-lints=warn" "-e" "RUSTDOCFLAGS=--cap-lints=warn" "-e" "CARGO_HOME=/opt/rustwide/cargo-home" "-e" "RUSTUP_HOME=/opt/rustwide/rustup-home" "-w" "/opt/rustwide/workdir" "-m" "1610612736" "--user" "0:0" "--network" "none" "ghcr.io/rust-lang/crates-build-env/linux@sha256:2788e3201cd34a07e3172128adcd8b3090168a8e3bcc40d7c032b9dda1df7d1c" "/opt/rustwide/cargo-home/bin/cargo" "+beta-2023-12-22" "doc" "--frozen" "--no-deps" "--document-private-items" "--message-format=json", kill_on_drop: false }`
[INFO] [stdout] 6a4d48a64d5876411430a34943a7ee9b8a1aa0601cacc092e0db7f7d4ffd0ef3
[INFO] running `Command { std: "docker" "start" "-a" "6a4d48a64d5876411430a34943a7ee9b8a1aa0601cacc092e0db7f7d4ffd0ef3", kill_on_drop: false }`
[INFO] [stderr]    Compiling libc v0.2.142
[INFO] [stderr]    Compiling proc-macro2 v1.0.66
[INFO] [stderr]    Compiling unicode-ident v1.0.8
[INFO] [stderr]    Compiling syn v1.0.109
[INFO] [stderr]    Compiling version_check v0.9.4
[INFO] [stderr]    Compiling memchr v2.5.0
[INFO] [stderr]    Compiling semver v1.0.17
[INFO] [stderr]    Compiling regex-syntax v0.7.5
[INFO] [stderr]    Compiling lazy_static v1.4.0
[INFO] [stderr]     Checking once_cell v1.17.1
[INFO] [stderr]    Compiling pkg-config v0.3.27
[INFO] [stderr]    Compiling log v0.4.17
[INFO] [stderr]    Compiling indexmap v1.9.3
[INFO] [stderr]    Compiling serde v1.0.188
[INFO] [stderr]    Compiling vcpkg v0.2.15
[INFO] [stderr]    Compiling crossbeam-utils v0.8.15
[INFO] [stderr]    Compiling thiserror v1.0.50
[INFO] [stderr]    Compiling tinyvec_macros v0.1.1
[INFO] [stderr]    Compiling parking_lot_core v0.9.7
[INFO] [stderr]    Compiling tinyvec v1.6.0
[INFO] [stderr]    Compiling ahash v0.7.6
[INFO] [stderr]    Compiling proc-macro-error-attr v1.0.4
[INFO] [stderr]    Compiling memoffset v0.8.0
[INFO] [stderr]    Compiling hashbrown v0.12.3
[INFO] [stderr]    Compiling anyhow v1.0.75
[INFO] [stderr]    Compiling rustversion v1.0.14
[INFO] [stderr]    Compiling proc-macro-error v1.0.4
[INFO] [stderr]    Compiling time-core v0.1.2
[INFO] [stderr]    Compiling winnow v0.4.1
[INFO] [stderr]    Compiling itoa v1.0.6
[INFO] [stderr]    Compiling aho-corasick v1.0.1
[INFO] [stderr]    Compiling deranged v0.3.8
[INFO] [stderr]    Compiling percent-encoding v2.2.0
[INFO] [stderr]    Compiling quote v1.0.33
[INFO] [stderr]    Compiling unicode-bidi v0.3.13
[INFO] [stderr]    Compiling toml_datetime v0.6.1
[INFO] [stderr]    Compiling jobserver v0.1.26
[INFO] [stderr]    Compiling syn v2.0.29
[INFO] [stderr]     Checking getrandom v0.2.9
[INFO] [stderr]    Compiling form_urlencoded v1.1.0
[INFO] [stderr]    Compiling cc v1.0.79
[INFO] [stderr]    Compiling unicode-normalization v0.1.22
[INFO] [stderr]    Compiling crossbeam-epoch v0.9.14
[INFO] [stderr]    Compiling num-traits v0.2.15
[INFO] [stderr]    Compiling time v0.3.29
[INFO] [stderr]     Checking parking_lot v0.12.1
[INFO] [stderr]    Compiling num-integer v0.1.45
[INFO] [stderr]    Compiling idna v0.3.0
[INFO] [stderr]    Compiling cmake v0.1.50
[INFO] [stderr]    Compiling eyre v0.6.8
[INFO] [stderr]     Checking gimli v0.27.2
[INFO] [stderr]    Compiling bitflags v1.3.2
[INFO] [stderr]     Checking utf8parse v0.2.1
[INFO] [stderr]    Compiling heck v0.4.1
[INFO] [stderr]    Compiling crossbeam-queue v0.3.8
[INFO] [stderr]    Compiling serde_json v1.0.96
[INFO] [stderr]    Compiling regex-automata v0.3.7
[INFO] [stderr]     Checking rustc-hash v1.1.0
[INFO] [stderr]    Compiling url v2.3.1
[INFO] [stderr]     Checking anstyle-parse v0.2.0
[INFO] [stderr]    Compiling toml_edit v0.19.8
[INFO] [stderr]     Checking miniz_oxide v0.6.2
[INFO] [stderr]    Compiling sysinfo v0.27.8
[INFO] [stderr]    Compiling libz-sys v1.1.12
[INFO] [stderr]    Compiling libgit2-sys v0.14.2+1.5.1
[INFO] [stderr]    Compiling sys-info v0.9.1 (https://github.com/Pivot-Studio/sys-info-rs.git#e6ca257a)
[INFO] [stderr]    Compiling backtrace v0.3.67
[INFO] [stderr]    Compiling context v3.0.0
[INFO] [stderr]     Checking num_cpus v1.15.0
[INFO] [stderr]     Checking crossbeam-channel v0.5.8
[INFO] [stderr]     Checking object v0.30.3
[INFO] [stderr]    Compiling rustc_version v0.4.0
[INFO] [stderr]    Compiling indenter v0.3.3
[INFO] [stderr]     Checking anstyle-query v1.0.0
[INFO] [stderr]    Compiling portable-atomic v0.3.19
[INFO] [stderr]     Checking ryu v1.0.13
[INFO] [stderr]     Checking anstyle v1.0.0
[INFO] [stderr]    Compiling mun_target v0.4.0 (https://github.com/mun-lang/mun.git#2a28ee7c)
[INFO] [stderr]     Checking unicode-width v0.1.10
[INFO] [stderr]     Checking colorchoice v1.0.0
[INFO] [stderr]     Checking rustc-demangle v0.1.23
[INFO] [stderr]     Checking anstream v0.5.0
[INFO] [stderr]    Compiling vergen v7.5.1
[INFO] [stderr]     Checking threadpool v1.8.1
[INFO] [stderr]     Checking crossbeam-deque v0.8.3
[INFO] [stderr]     Checking atty v0.2.14
[INFO] [stderr]     Checking clap_lex v0.5.1
[INFO] [stderr]    Compiling inkwell v0.2.0 (https://github.com/TheDan64/inkwell?branch=master#7a09ad8a)
[INFO] [stderr]    Compiling paste v1.0.12
[INFO] [stderr]     Checking iana-time-zone v0.1.56
[INFO] [stderr]     Checking strsim v0.10.0
[INFO] [stderr]    Compiling pl_linker v0.1.0 (/opt/rustwide/workdir/pl_linker)
[INFO] [stderr]     Checking bytecount v0.6.3
[INFO] [stderr]     Checking chrono v0.4.24
[INFO] [stderr]    Compiling proc-macro-crate v1.3.1
[INFO] [stderr]     Checking crossbeam v0.8.2
[INFO] [stderr]     Checking clap_builder v4.4.5
[INFO] [stderr]     Checking addr2line v0.19.0
[INFO] [stderr]     Checking nom v7.1.3
[INFO] [stderr]     Checking console v0.15.5
[INFO] [stderr]     Checking dashmap v5.4.0
[INFO] [stderr]     Checking hashlink v0.8.1
[INFO] [stderr]     Checking thread_local v1.1.7
[INFO] [stderr]     Checking countme v3.0.1
[INFO] [stderr]     Checking yansi v0.5.1
[INFO] [stderr]     Checking fs_extra v1.3.0
[INFO] [stderr]     Checking either v1.8.1
[INFO] [stderr]     Checking number_prefix v0.4.0
[INFO] [stderr]    Compiling regex v1.9.4
[INFO] [stderr]     Checking arc-swap v1.6.0
[INFO] [stderr]     Checking fixedbitset v0.4.2
[INFO] [stderr]     Checking text-size v1.1.0
[INFO] [stderr]     Checking termcolor v1.1.3
[INFO] [stderr]     Checking kagari v0.1.0 (/opt/rustwide/workdir/kagari)
[INFO] [stderr]     Checking rowan v0.15.11
[INFO] [stderr]     Checking petgraph v0.6.3
[INFO] [stderr]     Checking indicatif v0.17.3
[INFO] [stderr]     Checking ariadne v0.3.0
[INFO] [stderr]     Checking stderrlog v0.5.4
[INFO] [stderr]     Checking colored v2.0.0
[INFO] [stderr]     Checking dunce v1.0.4
[INFO] [stderr]     Checking linked-hash-map v0.5.6
[INFO] [stderr]     Checking ena v0.2.0
[INFO] [stderr]     Checking dyn-fmt v0.3.0
[INFO] [stderr]     Checking dissimilar v1.0.6
[INFO] [stderr]     Checking nom_locate v4.1.0
[INFO] [stderr]    Compiling llvm-sys v160.1.3
[INFO] [stderr]    Compiling immix v0.1.0 (/opt/rustwide/workdir/immix)
[INFO] [stderr]    Compiling lld_rs v160.0.0 (https://github.com/Pivot-Studio/lld-rs.git?branch=main#d1b3a4a2)
[INFO] [stderr]    Compiling serde_derive v1.0.188
[INFO] [stderr]    Compiling thiserror-impl v1.0.50
[INFO] [stderr]    Compiling enum-iterator-derive v1.2.1
[INFO] [stderr]    Compiling getset v0.1.2
[INFO] [stderr]    Compiling int-enum-impl v0.5.0
[INFO] [stderr]    Compiling node_macro v0.1.0 (/opt/rustwide/workdir/internal_macro/src/node_macro)
[INFO] [stderr]    Compiling add_symbol_macro v0.1.0 (/opt/rustwide/workdir/internal_macro/src/add_symbol_macro)
[INFO] [stderr]    Compiling test_parser_macro v0.1.0 (/opt/rustwide/workdir/internal_macro/src/test_parser_macro)
[INFO] [stderr]    Compiling comment_macro v0.1.0 (/opt/rustwide/workdir/internal_macro/src/comment_macro)
[INFO] [stderr]    Compiling fmt_macro v0.1.0 (/opt/rustwide/workdir/internal_macro/src/fmt_macro)
[INFO] [stderr]    Compiling range_macro v0.1.0 (/opt/rustwide/workdir/internal_macro/src/range_macro)
[INFO] [stderr]    Compiling ctor v0.1.26
[INFO] [stderr]    Compiling salsa-2022-macros v0.1.0 (https://github.com/salsa-rs/salsa?branch=master#d4a94fbf)
[INFO] [stderr] error: failed to run custom build command for `lld_rs v160.0.0 (https://github.com/Pivot-Studio/lld-rs.git?branch=main#d1b3a4a2)`
[INFO] [stderr] note: To improve backtraces for build dependencies, set the CARGO_PROFILE_DEV_BUILD_OVERRIDE_DEBUG=true environment variable to enable debug information generation.
[INFO] [stderr] 
[INFO] [stderr] Caused by:
[INFO] [stderr]   process didn't exit successfully: `/opt/rustwide/target/debug/build/lld_rs-0c3d70728dd22556/build-script-build` (exit status: 101)
[INFO] [stderr]   --- stdout
[INFO] [stderr]   Found LLVM version 14.0.0 on PATH, but need 16.0.0.
[INFO] [stderr]   Didn't find usable system-wide LLVM.
[INFO] [stderr]   No suitable version of LLVM was found system-wide or pointed
[INFO] [stderr]                     to by LLVM_SYS_160_PREFIX.
[INFO] [stderr] 
[INFO] [stderr]                     Consider using `llvmenv` to compile an appropriate copy of LLVM, and
[INFO] [stderr]                     refer to the llvm-sys documentation for more information.
[INFO] [stderr] 
[INFO] [stderr]                     llvm-sys: https://crates.io/crates/llvm-sys
[INFO] [stderr]                     llvmenv: https://crates.io/crates/llvmenv
[INFO] [stderr] 
[INFO] [stderr]   --- stderr
[INFO] [stderr]   thread 'main' panicked at /opt/rustwide/cargo-home/git/checkouts/lld-rs-18daf5b9a5e73267/d1b3a4a/build.rs:73:9:
[INFO] [stderr]   Could not find a compatible version of LLVM
[INFO] [stderr]   stack backtrace:
[INFO] [stderr]      0:     0x55ae1e252386 - std::backtrace_rs::backtrace::libunwind::trace::h261606ad26a499c1
[INFO] [stderr]                                  at /rustc/0e09125c6c3c2fd70d7de961bcf0e51575235fad/library/std/src/../../backtrace/src/backtrace/libunwind.rs:104:5
[INFO] [stderr]      1:     0x55ae1e252386 - std::backtrace_rs::backtrace::trace_unsynchronized::hd183f0625477fb28
[INFO] [stderr]                                  at /rustc/0e09125c6c3c2fd70d7de961bcf0e51575235fad/library/std/src/../../backtrace/src/backtrace/mod.rs:66:5
[INFO] [stderr]      2:     0x55ae1e252386 - std::sys_common::backtrace::_print_fmt::hd7f8fef21b4eda67
[INFO] [stderr]                                  at /rustc/0e09125c6c3c2fd70d7de961bcf0e51575235fad/library/std/src/sys_common/backtrace.rs:68:5
[INFO] [stderr]      3:     0x55ae1e252386 - <std::sys_common::backtrace::_print::DisplayBacktrace as core::fmt::Display>::fmt::h623d9b51f2f453f1
[INFO] [stderr]                                  at /rustc/0e09125c6c3c2fd70d7de961bcf0e51575235fad/library/std/src/sys_common/backtrace.rs:44:22
[INFO] [stderr]      4:     0x55ae1e278e50 - core::fmt::rt::Argument::fmt::h9f417ac76a86f368
[INFO] [stderr]                                  at /rustc/0e09125c6c3c2fd70d7de961bcf0e51575235fad/library/core/src/fmt/rt.rs:142:9
[INFO] [stderr]      5:     0x55ae1e278e50 - core::fmt::write::hc9b6faf4ac2aeff7
[INFO] [stderr]                                  at /rustc/0e09125c6c3c2fd70d7de961bcf0e51575235fad/library/core/src/fmt/mod.rs:1120:17
[INFO] [stderr]      6:     0x55ae1e24f60f - std::io::Write::write_fmt::hfead1eee52c2e65e
[INFO] [stderr]                                  at /rustc/0e09125c6c3c2fd70d7de961bcf0e51575235fad/library/std/src/io/mod.rs:1810:15
[INFO] [stderr]      7:     0x55ae1e252164 - std::sys_common::backtrace::_print::hd5d66399c7df88a2
[INFO] [stderr]                                  at /rustc/0e09125c6c3c2fd70d7de961bcf0e51575235fad/library/std/src/sys_common/backtrace.rs:47:5
[INFO] [stderr]      8:     0x55ae1e252164 - std::sys_common::backtrace::print::he81ed2da642d37e5
[INFO] [stderr]                                  at /rustc/0e09125c6c3c2fd70d7de961bcf0e51575235fad/library/std/src/sys_common/backtrace.rs:34:9
[INFO] [stderr]      9:     0x55ae1e254097 - std::panicking::default_hook::{{closure}}::h85773f4fa117163d
[INFO] [stderr]     10:     0x55ae1e253df9 - std::panicking::default_hook::h6a1694a91d09b278
[INFO] [stderr]                                  at /rustc/0e09125c6c3c2fd70d7de961bcf0e51575235fad/library/std/src/panicking.rs:292:9
[INFO] [stderr]     11:     0x55ae1e254528 - std::panicking::rust_panic_with_hook::h0a7ad96e90f7145b
[INFO] [stderr]                                  at /rustc/0e09125c6c3c2fd70d7de961bcf0e51575235fad/library/std/src/panicking.rs:779:13
[INFO] [stderr]     12:     0x55ae1e2543c9 - std::panicking::begin_panic_handler::{{closure}}::h7919090525c6485e
[INFO] [stderr]                                  at /rustc/0e09125c6c3c2fd70d7de961bcf0e51575235fad/library/std/src/panicking.rs:649:13
[INFO] [stderr]     13:     0x55ae1e252886 - std::sys_common::backtrace::__rust_end_short_backtrace::hf3289479464f7dfe
[INFO] [stderr]                                  at /rustc/0e09125c6c3c2fd70d7de961bcf0e51575235fad/library/std/src/sys_common/backtrace.rs:171:18
[INFO] [stderr]     14:     0x55ae1e254160 - rust_begin_unwind
[INFO] [stderr]                                  at /rustc/0e09125c6c3c2fd70d7de961bcf0e51575235fad/library/std/src/panicking.rs:645:5
[INFO] [stderr]     15:     0x55ae1dfc7ef5 - core::panicking::panic_fmt::hcc9f77c5c132af55
[INFO] [stderr]                                  at /rustc/0e09125c6c3c2fd70d7de961bcf0e51575235fad/library/core/src/panicking.rs:72:14
[INFO] [stderr]     16:     0x55ae1dfcace5 - core::ops::function::FnOnce::call_once::hf912817e432e5955
[INFO] [stderr]     17:     0x55ae1dfd2250 - lazy_static::lazy::Lazy<T>::get::{{closure}}::hd0ec3244a4b3edf4
[INFO] [stderr]     18:     0x55ae1dfd2df0 - std::sync::once::Once::call_once::{{closure}}::h408bb6e8c0dea4f8
[INFO] [stderr]     19:     0x55ae1dfc9ccc - std::sys_common::once::futex::Once::call::he47348d69c122f80
[INFO] [stderr]     20:     0x55ae1dfd2b8b - std::sync::once::Once::call_once::h0f53447472904438
[INFO] [stderr]     21:     0x55ae1dfd2044 - <build_script_build::LLVM_CONFIG_PATH as core::ops::deref::Deref>::deref::h2a5aa2b62bc77566
[INFO] [stderr]     22:     0x55ae1dfcf393 - build_script_build::llvm_config::h1a45349c7fe2188e
[INFO] [stderr]     23:     0x55ae1dfd0f47 - build_script_build::get_llvm_cxxflags::heb151ff029fe3a03
[INFO] [stderr]     24:     0x55ae1dfd133c - build_script_build::main::h4dde0f1fc56c9fe8
[INFO] [stderr]     25:     0x55ae1dfca193 - core::ops::function::FnOnce::call_once::h102c8c1b16249d0f
[INFO] [stderr]     26:     0x55ae1dfd53d6 - std::sys_common::backtrace::__rust_begin_short_backtrace::hde981734fe7f6a21
[INFO] [stderr]     27:     0x55ae1dfd28e9 - std::rt::lang_start::{{closure}}::ha8678a387d773214
[INFO] [stderr]     28:     0x55ae1e24b011 - core::ops::function::impls::<impl core::ops::function::FnOnce<A> for &F>::call_once::h4eb4c5e1620f29b0
[INFO] [stderr]                                  at /rustc/0e09125c6c3c2fd70d7de961bcf0e51575235fad/library/core/src/ops/function.rs:284:13
[INFO] [stderr]     29:     0x55ae1e24b011 - std::panicking::try::do_call::h73fd26535faffcdf
[INFO] [stderr]                                  at /rustc/0e09125c6c3c2fd70d7de961bcf0e51575235fad/library/std/src/panicking.rs:552:40
[INFO] [stderr]     30:     0x55ae1e24b011 - std::panicking::try::h77ff1d98f0fb9f39
[INFO] [stderr]                                  at /rustc/0e09125c6c3c2fd70d7de961bcf0e51575235fad/library/std/src/panicking.rs:516:19
[INFO] [stderr]     31:     0x55ae1e24b011 - std::panic::catch_unwind::hab3caf2448b95e37
[INFO] [stderr]                                  at /rustc/0e09125c6c3c2fd70d7de961bcf0e51575235fad/library/std/src/panic.rs:142:14
[INFO] [stderr]     32:     0x55ae1e24b011 - std::rt::lang_start_internal::{{closure}}::h8086711f9c783f78
[INFO] [stderr]                                  at /rustc/0e09125c6c3c2fd70d7de961bcf0e51575235fad/library/std/src/rt.rs:148:48
[INFO] [stderr]     33:     0x55ae1e24b011 - std::panicking::try::do_call::hf920d4dc291cd6ca
[INFO] [stderr]                                  at /rustc/0e09125c6c3c2fd70d7de961bcf0e51575235fad/library/std/src/panicking.rs:552:40
[INFO] [stderr]     34:     0x55ae1e24b011 - std::panicking::try::h2b806ccc0a85db74
[INFO] [stderr]                                  at /rustc/0e09125c6c3c2fd70d7de961bcf0e51575235fad/library/std/src/panicking.rs:516:19
[INFO] [stderr]     35:     0x55ae1e24b011 - std::panic::catch_unwind::h038489539c507df2
[INFO] [stderr]                                  at /rustc/0e09125c6c3c2fd70d7de961bcf0e51575235fad/library/std/src/panic.rs:142:14
[INFO] [stderr]     36:     0x55ae1e24b011 - std::rt::lang_start_internal::h28503b88912e8a5c
[INFO] [stderr]                                  at /rustc/0e09125c6c3c2fd70d7de961bcf0e51575235fad/library/std/src/rt.rs:148:20
[INFO] [stderr]     37:     0x55ae1dfd28c7 - std::rt::lang_start::h8121ea60082755b7
[INFO] [stderr]     38:     0x55ae1dfd2175 - main
[INFO] [stderr]     39:     0x7f97160ccd90 - <unknown>
[INFO] [stderr]     40:     0x7f97160cce40 - __libc_start_main
[INFO] [stderr]     41:     0x55ae1dfc8795 - _start
[INFO] [stderr]     42:                0x0 - <unknown>
[INFO] [stderr] warning: build failed, waiting for other jobs to finish...
[INFO] [stdout] error: No suitable version of LLVM was found system-wide or pointed
[INFO] [stdout]               to by LLVM_SYS_160_PREFIX.
[INFO] [stdout]        
[INFO] [stdout]               Consider using `llvmenv` to compile an appropriate copy of LLVM, and
[INFO] [stdout]               refer to the llvm-sys documentation for more information.
[INFO] [stdout]        
[INFO] [stdout]               llvm-sys: https://crates.io/crates/llvm-sys
[INFO] [stdout]               llvmenv: https://crates.io/crates/llvmenv
[INFO] [stdout]    --> /opt/rustwide/cargo-home/registry/src/index.crates.io-6f17d22bba15001f/llvm-sys-160.1.3/src/lib.rs:490:1
[INFO] [stdout]     |
[INFO] [stdout] 490 | / std::compile_error!(concat!(
[INFO] [stdout] 491 | |     "No suitable version of LLVM was found system-wide or pointed
[INFO] [stdout] 492 | |        to by LLVM_SYS_",
[INFO] [stdout] 493 | |     env!("CARGO_PKG_VERSION_MAJOR"),
[INFO] [stdout] ...   |
[INFO] [stdout] 500 | |        llvmenv: https://crates.io/crates/llvmenv"
[INFO] [stdout] 501 | | ));
[INFO] [stdout]     | |__^
[INFO] [stdout] 
[INFO] [stdout] 
[INFO] [stdout] error: aborting due to 1 previous error
[INFO] [stdout] 
[INFO] [stdout] 
[INFO] [stderr] error: could not compile `llvm-sys` (lib) due to 2 previous errors
[INFO] [stderr] error: failed to run custom build command for `immix v0.1.0 (/opt/rustwide/workdir/immix)`
[INFO] [stderr] note: To improve backtraces for build dependencies, set the CARGO_PROFILE_DEV_BUILD_OVERRIDE_DEBUG=true environment variable to enable debug information generation.
[INFO] [stderr] 
[INFO] [stderr] Caused by:
[INFO] [stderr]   process didn't exit successfully: `/opt/rustwide/target/debug/build/immix-f035b6f48a520cf4/build-script-build` (exit status: 101)
[INFO] [stderr]   --- stdout
[INFO] [stderr]   cargo:rerun-if-changed=build.rs
[INFO] [stderr]   cargo:rerun-if-changed=llvm/plimmixprinter.cpp
[INFO] [stderr]   cargo:rerun-if-changed=llvm/plimmix.cpp
[INFO] [stderr]   cargo:rerun-if-changed=llvm/plimmix_pass.cpp
[INFO] [stderr]   cargo:rerun-if-changed=llvm/memory_manager.cpp
[INFO] [stderr]   cargo:rerun-if-changed=llvm/CMakeLists.txt
[INFO] [stderr]   CMAKE_TOOLCHAIN_FILE_x86_64-unknown-linux-gnu = None
[INFO] [stderr]   CMAKE_TOOLCHAIN_FILE_x86_64_unknown_linux_gnu = None
[INFO] [stderr]   HOST_CMAKE_TOOLCHAIN_FILE = None
[INFO] [stderr]   CMAKE_TOOLCHAIN_FILE = None
[INFO] [stderr]   CMAKE_GENERATOR_x86_64-unknown-linux-gnu = None
[INFO] [stderr]   CMAKE_GENERATOR_x86_64_unknown_linux_gnu = None
[INFO] [stderr]   HOST_CMAKE_GENERATOR = None
[INFO] [stderr]   CMAKE_GENERATOR = None
[INFO] [stderr]   CMAKE_PREFIX_PATH_x86_64-unknown-linux-gnu = None
[INFO] [stderr]   CMAKE_PREFIX_PATH_x86_64_unknown_linux_gnu = None
[INFO] [stderr]   HOST_CMAKE_PREFIX_PATH = None
[INFO] [stderr]   CMAKE_PREFIX_PATH = None
[INFO] [stderr]   CMAKE_x86_64-unknown-linux-gnu = None
[INFO] [stderr]   CMAKE_x86_64_unknown_linux_gnu = None
[INFO] [stderr]   HOST_CMAKE = None
[INFO] [stderr]   CMAKE = None
[INFO] [stderr]   running: cd "/opt/rustwide/target/debug/build/immix-23e05841e51341fe/out/build" && CMAKE_PREFIX_PATH="" "cmake" "/opt/rustwide/workdir/immix/llvm" "-DCMAKE_INSTALL_PREFIX=/opt/rustwide/target/debug/build/immix-23e05841e51341fe/out" "-DCMAKE_C_FLAGS= -ffunction-sections -fdata-sections -fPIC -m64" "-DCMAKE_C_COMPILER=/usr/bin/cc" "-DCMAKE_CXX_FLAGS= -ffunction-sections -fdata-sections -fPIC -m64" "-DCMAKE_CXX_COMPILER=/usr/bin/c++" "-DCMAKE_ASM_FLAGS= -ffunction-sections -fdata-sections -fPIC -m64" "-DCMAKE_ASM_COMPILER=/usr/bin/cc" "-DCMAKE_BUILD_TYPE=Debug"
[INFO] [stderr]   -- The C compiler identification is GNU 11.4.0
[INFO] [stderr]   -- The CXX compiler identification is GNU 11.4.0
[INFO] [stderr]   -- Detecting C compiler ABI info
[INFO] [stderr]   -- Detecting C compiler ABI info - done
[INFO] [stderr]   -- Check for working C compiler: /usr/bin/cc - skipped
[INFO] [stderr]   -- Detecting C compile features
[INFO] [stderr]   -- Detecting C compile features - done
[INFO] [stderr]   -- Detecting CXX compiler ABI info
[INFO] [stderr]   -- Detecting CXX compiler ABI info - done
[INFO] [stderr]   -- Check for working CXX compiler: /usr/bin/c++ - skipped
[INFO] [stderr]   -- Detecting CXX compile features
[INFO] [stderr]   -- Detecting CXX compile features - done
[INFO] [stderr]   -- Configuring incomplete, errors occurred!
[INFO] [stderr]   See also "/opt/rustwide/target/debug/build/immix-23e05841e51341fe/out/build/CMakeFiles/CMakeOutput.log".
[INFO] [stderr] 
[INFO] [stderr]   --- stderr
[INFO] [stderr]   CMake Error at CMakeLists.txt:8 (find_package):
[INFO] [stderr]     Could not find a configuration file for package "LLVM" that is compatible
[INFO] [stderr]     with requested version "16.0.0".
[INFO] [stderr] 
[INFO] [stderr]     The following configuration files were considered but not accepted:
[INFO] [stderr] 
[INFO] [stderr]       /usr/lib/llvm-14/cmake/LLVMConfig.cmake, version: 14.0.0
[INFO] [stderr]       /usr/lib/llvm-12/cmake/LLVMConfig.cmake, version: 12.0.1
[INFO] [stderr]       /lib/llvm-14/cmake/LLVMConfig.cmake, version: 14.0.0
[INFO] [stderr]       /lib/llvm-12/cmake/LLVMConfig.cmake, version: 12.0.1
[INFO] [stderr] 
[INFO] [stderr] 
[INFO] [stderr] 
[INFO] [stderr]   thread 'main' panicked at /opt/rustwide/cargo-home/registry/src/index.crates.io-6f17d22bba15001f/cmake-0.1.50/src/lib.rs:1098:5:
[INFO] [stderr] 
[INFO] [stderr]   command did not execute successfully, got: exit status: 1
[INFO] [stderr] 
[INFO] [stderr]   build script failed, must exit now
[INFO] [stderr]   stack backtrace:
[INFO] [stderr]      0:     0x5605201088f6 - std::backtrace_rs::backtrace::libunwind::trace::h261606ad26a499c1
[INFO] [stderr]                                  at /rustc/0e09125c6c3c2fd70d7de961bcf0e51575235fad/library/std/src/../../backtrace/src/backtrace/libunwind.rs:104:5
[INFO] [stderr]      1:     0x5605201088f6 - std::backtrace_rs::backtrace::trace_unsynchronized::hd183f0625477fb28
[INFO] [stderr]                                  at /rustc/0e09125c6c3c2fd70d7de961bcf0e51575235fad/library/std/src/../../backtrace/src/backtrace/mod.rs:66:5
[INFO] [stderr]      2:     0x5605201088f6 - std::sys_common::backtrace::_print_fmt::hd7f8fef21b4eda67
[INFO] [stderr]                                  at /rustc/0e09125c6c3c2fd70d7de961bcf0e51575235fad/library/std/src/sys_common/backtrace.rs:68:5
[INFO] [stderr]      3:     0x5605201088f6 - <std::sys_common::backtrace::_print::DisplayBacktrace as core::fmt::Display>::fmt::h623d9b51f2f453f1
[INFO] [stderr]                                  at /rustc/0e09125c6c3c2fd70d7de961bcf0e51575235fad/library/std/src/sys_common/backtrace.rs:44:22
[INFO] [stderr]      4:     0x56052012e530 - core::fmt::rt::Argument::fmt::h9f417ac76a86f368
[INFO] [stderr]                                  at /rustc/0e09125c6c3c2fd70d7de961bcf0e51575235fad/library/core/src/fmt/rt.rs:142:9
[INFO] [stderr]      5:     0x56052012e530 - core::fmt::write::hc9b6faf4ac2aeff7
[INFO] [stderr]                                  at /rustc/0e09125c6c3c2fd70d7de961bcf0e51575235fad/library/core/src/fmt/mod.rs:1120:17
[INFO] [stderr]      6:     0x56052010601f - std::io::Write::write_fmt::hfead1eee52c2e65e
[INFO] [stderr]                                  at /rustc/0e09125c6c3c2fd70d7de961bcf0e51575235fad/library/std/src/io/mod.rs:1810:15
[INFO] [stderr]      7:     0x5605201086d4 - std::sys_common::backtrace::_print::hd5d66399c7df88a2
[INFO] [stderr]                                  at /rustc/0e09125c6c3c2fd70d7de961bcf0e51575235fad/library/std/src/sys_common/backtrace.rs:47:5
[INFO] [stderr]      8:     0x5605201086d4 - std::sys_common::backtrace::print::he81ed2da642d37e5
[INFO] [stderr]                                  at /rustc/0e09125c6c3c2fd70d7de961bcf0e51575235fad/library/std/src/sys_common/backtrace.rs:34:9
[INFO] [stderr]      9:     0x560520109fb7 - std::panicking::default_hook::{{closure}}::h85773f4fa117163d
[INFO] [stderr]     10:     0x560520109d19 - std::panicking::default_hook::h6a1694a91d09b278
[INFO] [stderr]                                  at /rustc/0e09125c6c3c2fd70d7de961bcf0e51575235fad/library/std/src/panicking.rs:292:9
[INFO] [stderr]     11:     0x56052010a448 - std::panicking::rust_panic_with_hook::h0a7ad96e90f7145b
[INFO] [stderr]                                  at /rustc/0e09125c6c3c2fd70d7de961bcf0e51575235fad/library/std/src/panicking.rs:779:13
[INFO] [stderr]     12:     0x56052010a322 - std::panicking::begin_panic_handler::{{closure}}::h7919090525c6485e
[INFO] [stderr]                                  at /rustc/0e09125c6c3c2fd70d7de961bcf0e51575235fad/library/std/src/panicking.rs:657:13
[INFO] [stderr]     13:     0x560520108df6 - std::sys_common::backtrace::__rust_end_short_backtrace::hf3289479464f7dfe
[INFO] [stderr]                                  at /rustc/0e09125c6c3c2fd70d7de961bcf0e51575235fad/library/std/src/sys_common/backtrace.rs:171:18
[INFO] [stderr]     14:     0x56052010a080 - rust_begin_unwind
[INFO] [stderr]                                  at /rustc/0e09125c6c3c2fd70d7de961bcf0e51575235fad/library/std/src/panicking.rs:645:5
[INFO] [stderr]     15:     0x56051fe84be5 - core::panicking::panic_fmt::hcc9f77c5c132af55
[INFO] [stderr]                                  at /rustc/0e09125c6c3c2fd70d7de961bcf0e51575235fad/library/core/src/panicking.rs:72:14
[INFO] [stderr]     16:     0x56051fea3751 - cmake::fail::he35b7365deb6b0b9
[INFO] [stderr]     17:     0x56051fea2ee7 - cmake::run::hfd6afd884f3d6128
[INFO] [stderr]     18:     0x56051fe9f00d - cmake::Config::build::hc03a3ed743b44b0b
[INFO] [stderr]     19:     0x56051fe8ef19 - build_script_build::main::he2e209b3568fe4d4
[INFO] [stderr]     20:     0x56051fe86f13 - core::ops::function::FnOnce::call_once::hb09bc3b5612400fc
[INFO] [stderr]     21:     0x56051fe8bff6 - std::sys_common::backtrace::__rust_begin_short_backtrace::h827df0a87f2ddf77
[INFO] [stderr]     22:     0x56051fe864a9 - std::rt::lang_start::{{closure}}::hc82913d1b1fce4d8
[INFO] [stderr]     23:     0x560520101c71 - core::ops::function::impls::<impl core::ops::function::FnOnce<A> for &F>::call_once::h4eb4c5e1620f29b0
[INFO] [stderr]                                  at /rustc/0e09125c6c3c2fd70d7de961bcf0e51575235fad/library/core/src/ops/function.rs:284:13
[INFO] [stderr]     24:     0x560520101c71 - std::panicking::try::do_call::h73fd26535faffcdf
[INFO] [stderr]                                  at /rustc/0e09125c6c3c2fd70d7de961bcf0e51575235fad/library/std/src/panicking.rs:552:40
[INFO] [stderr]     25:     0x560520101c71 - std::panicking::try::h77ff1d98f0fb9f39
[INFO] [stderr]                                  at /rustc/0e09125c6c3c2fd70d7de961bcf0e51575235fad/library/std/src/panicking.rs:516:19
[INFO] [stderr]     26:     0x560520101c71 - std::panic::catch_unwind::hab3caf2448b95e37
[INFO] [stderr]                                  at /rustc/0e09125c6c3c2fd70d7de961bcf0e51575235fad/library/std/src/panic.rs:142:14
[INFO] [stderr]     27:     0x560520101c71 - std::rt::lang_start_internal::{{closure}}::h8086711f9c783f78
[INFO] [stderr]                                  at /rustc/0e09125c6c3c2fd70d7de961bcf0e51575235fad/library/std/src/rt.rs:148:48
[INFO] [stderr]     28:     0x560520101c71 - std::panicking::try::do_call::hf920d4dc291cd6ca
[INFO] [stderr]                                  at /rustc/0e09125c6c3c2fd70d7de961bcf0e51575235fad/library/std/src/panicking.rs:552:40
[INFO] [stderr]     29:     0x560520101c71 - std::panicking::try::h2b806ccc0a85db74
[INFO] [stderr]                                  at /rustc/0e09125c6c3c2fd70d7de961bcf0e51575235fad/library/std/src/panicking.rs:516:19
[INFO] [stderr]     30:     0x560520101c71 - std::panic::catch_unwind::h038489539c507df2
[INFO] [stderr]                                  at /rustc/0e09125c6c3c2fd70d7de961bcf0e51575235fad/library/std/src/panic.rs:142:14
[INFO] [stderr]     31:     0x560520101c71 - std::rt::lang_start_internal::h28503b88912e8a5c
[INFO] [stderr]                                  at /rustc/0e09125c6c3c2fd70d7de961bcf0e51575235fad/library/std/src/rt.rs:148:20
[INFO] [stderr]     32:     0x56051fe86487 - std::rt::lang_start::h1032d9675c58d583
[INFO] [stderr]     33:     0x56051fe926c5 - main
[INFO] [stderr]     34:     0x7f7786746d90 - <unknown>
[INFO] [stderr]     35:     0x7f7786746e40 - __libc_start_main
[INFO] [stderr]     36:     0x56051fe85485 - _start
[INFO] [stderr]     37:                0x0 - <unknown>
[INFO] running `Command { std: "docker" "inspect" "6a4d48a64d5876411430a34943a7ee9b8a1aa0601cacc092e0db7f7d4ffd0ef3", kill_on_drop: false }`
[INFO] running `Command { std: "docker" "rm" "-f" "6a4d48a64d5876411430a34943a7ee9b8a1aa0601cacc092e0db7f7d4ffd0ef3", kill_on_drop: false }`
[INFO] [stdout] 6a4d48a64d5876411430a34943a7ee9b8a1aa0601cacc092e0db7f7d4ffd0ef3
