[INFO] cloning repository https://github.com/Phrohdoh/openra-master-server-rs
[INFO] running `Command { std: "git" "-c" "credential.helper=" "-c" "credential.helper=/workspace/cargo-home/bin/git-credential-null" "clone" "--bare" "https://github.com/Phrohdoh/openra-master-server-rs" "/workspace/cache/git-repos/https%3A%2F%2Fgithub.com%2FPhrohdoh%2Fopenra-master-server-rs", kill_on_drop: false }`
[INFO] [stderr] Cloning into bare repository '/workspace/cache/git-repos/https%3A%2F%2Fgithub.com%2FPhrohdoh%2Fopenra-master-server-rs'...
[INFO] running `Command { std: "git" "rev-parse" "HEAD", kill_on_drop: false }`
[INFO] [stdout] d1324407c0df902c286484ad595da063013a2ba1
[INFO] documenting Phrohdoh/openra-master-server-rs against 1.75.0 for beta-1.76-rustdoc-1
[INFO] running `Command { std: "git" "clone" "/workspace/cache/git-repos/https%3A%2F%2Fgithub.com%2FPhrohdoh%2Fopenra-master-server-rs" "/workspace/builds/worker-6-tc1/source", kill_on_drop: false }`
[INFO] [stderr] Cloning into '/workspace/builds/worker-6-tc1/source'...
[INFO] [stderr] done.
[INFO] validating manifest of git repo https://github.com/Phrohdoh/openra-master-server-rs on toolchain 1.75.0
[INFO] running `Command { std: CARGO_HOME="/workspace/cargo-home" RUSTUP_HOME="/workspace/rustup-home" "/workspace/cargo-home/bin/cargo" "+1.75.0" "metadata" "--manifest-path" "Cargo.toml" "--no-deps", kill_on_drop: false }`
[INFO] started tweaking git repo https://github.com/Phrohdoh/openra-master-server-rs
[INFO] finished tweaking git repo https://github.com/Phrohdoh/openra-master-server-rs
[INFO] tweaked toml for git repo https://github.com/Phrohdoh/openra-master-server-rs written to /workspace/builds/worker-6-tc1/source/Cargo.toml
[INFO] crate git repo https://github.com/Phrohdoh/openra-master-server-rs already has a lockfile, it will not be regenerated
[INFO] running `Command { std: CARGO_HOME="/workspace/cargo-home" RUSTUP_HOME="/workspace/rustup-home" "/workspace/cargo-home/bin/cargo" "+1.75.0" "fetch" "--manifest-path" "Cargo.toml", kill_on_drop: false }`
[INFO] [stderr]     Updating crates.io index
[INFO] [stderr]  Downloading crates ...
[INFO] [stderr]   Downloaded diesel_codegen v0.9.0
[INFO] [stderr]   Downloaded pq-sys v0.2.7
[INFO] [stderr]   Downloaded hyper v0.9.14
[INFO] [stderr]   Downloaded num_cpus v1.2.1
[INFO] [stderr]   Downloaded unicode-bidi v0.2.4
[INFO] [stderr]   Downloaded syn v0.10.6
[INFO] [stderr]   Downloaded byteorder v0.3.13
[INFO] [stderr]   Downloaded term-painter v0.2.3
[INFO] [stderr]   Downloaded rustc-serialize v0.3.22
[INFO] [stderr]   Downloaded httparse v1.2.1
[INFO] [stderr]   Downloaded dotenv v0.8.0
[INFO] [stderr]   Downloaded state v0.2.0
[INFO] [stderr]   Downloaded diesel_codegen_shared v0.9.0
[INFO] [stderr]   Downloaded time v0.1.36
[INFO] [stderr]   Downloaded unicode-normalization v0.1.3
[INFO] [stderr]   Downloaded matches v0.1.4
[INFO] [stderr]   Downloaded redox_syscall v0.1.16
[INFO] [stderr]   Downloaded version_check v0.1.0
[INFO] [stderr]   Downloaded url v1.3.0
[INFO] [stderr]   Downloaded diesel v0.9.1
[INFO] running `Command { std: "docker" "create" "-v" "/var/lib/crater-agent-workspace/builds/worker-6-tc1/target:/opt/rustwide/target:rw,Z" "-v" "/var/lib/crater-agent-workspace/builds/worker-6-tc1/source:/opt/rustwide/workdir:ro,Z" "-v" "/var/lib/crater-agent-workspace/cargo-home:/opt/rustwide/cargo-home:ro,Z" "-v" "/var/lib/crater-agent-workspace/rustup-home:/opt/rustwide/rustup-home:ro,Z" "-e" "SOURCE_DIR=/opt/rustwide/workdir" "-e" "CARGO_TARGET_DIR=/opt/rustwide/target" "-e" "CARGO_HOME=/opt/rustwide/cargo-home" "-e" "RUSTUP_HOME=/opt/rustwide/rustup-home" "-w" "/opt/rustwide/workdir" "-m" "1610612736" "--user" "0:0" "--network" "none" "ghcr.io/rust-lang/crates-build-env/linux@sha256:2788e3201cd34a07e3172128adcd8b3090168a8e3bcc40d7c032b9dda1df7d1c" "/opt/rustwide/cargo-home/bin/cargo" "+1.75.0" "metadata" "--no-deps" "--format-version=1", kill_on_drop: false }`
[INFO] [stdout] 3b1b088b61eccbe552a465a72d90d4a6f5b415ade1317930490a6a91b91662ff
[INFO] running `Command { std: "docker" "start" "-a" "3b1b088b61eccbe552a465a72d90d4a6f5b415ade1317930490a6a91b91662ff", kill_on_drop: false }`
[INFO] running `Command { std: "docker" "inspect" "3b1b088b61eccbe552a465a72d90d4a6f5b415ade1317930490a6a91b91662ff", kill_on_drop: false }`
[INFO] running `Command { std: "docker" "rm" "-f" "3b1b088b61eccbe552a465a72d90d4a6f5b415ade1317930490a6a91b91662ff", kill_on_drop: false }`
[INFO] [stdout] 3b1b088b61eccbe552a465a72d90d4a6f5b415ade1317930490a6a91b91662ff
[INFO] running `Command { std: "docker" "create" "-v" "/var/lib/crater-agent-workspace/builds/worker-6-tc1/target:/opt/rustwide/target:rw,Z" "-v" "/var/lib/crater-agent-workspace/builds/worker-6-tc1/source:/opt/rustwide/workdir:ro,Z" "-v" "/var/lib/crater-agent-workspace/cargo-home:/opt/rustwide/cargo-home:ro,Z" "-v" "/var/lib/crater-agent-workspace/rustup-home:/opt/rustwide/rustup-home:ro,Z" "-e" "SOURCE_DIR=/opt/rustwide/workdir" "-e" "CARGO_TARGET_DIR=/opt/rustwide/target" "-e" "CARGO_INCREMENTAL=0" "-e" "RUST_BACKTRACE=full" "-e" "RUSTFLAGS=--cap-lints=warn" "-e" "RUSTDOCFLAGS=--cap-lints=warn" "-e" "CARGO_HOME=/opt/rustwide/cargo-home" "-e" "RUSTUP_HOME=/opt/rustwide/rustup-home" "-w" "/opt/rustwide/workdir" "-m" "1610612736" "--user" "0:0" "--network" "none" "ghcr.io/rust-lang/crates-build-env/linux@sha256:2788e3201cd34a07e3172128adcd8b3090168a8e3bcc40d7c032b9dda1df7d1c" "/opt/rustwide/cargo-home/bin/cargo" "+1.75.0" "doc" "--frozen" "--no-deps" "--document-private-items" "--message-format=json", kill_on_drop: false }`
[INFO] [stdout] 9d9696a182d98e863d8e01f5ba2f36e217e33c17e590f35e07fdd7e52a26bac2
[INFO] running `Command { std: "docker" "start" "-a" "9d9696a182d98e863d8e01f5ba2f36e217e33c17e590f35e07fdd7e52a26bac2", kill_on_drop: false }`
[INFO] [stderr]    Compiling winapi-build v0.1.1
[INFO] [stderr]    Compiling libc v0.2.20
[INFO] [stderr]    Compiling winapi v0.2.8
[INFO] [stderr]    Compiling semver v0.1.20
[INFO] [stderr]    Compiling ansi_term v0.9.0
[INFO] [stderr]    Compiling version_check v0.1.0
[INFO] [stderr]    Compiling matches v0.1.4
[INFO] [stderr]    Compiling pq-sys v0.2.7
[INFO] [stderr]    Compiling unicode-normalization v0.1.3
[INFO] [stderr]    Compiling log v0.3.6
[INFO] [stderr]    Compiling utf8-ranges v0.1.3
[INFO] [stderr]    Compiling unicode-bidi v0.2.4
[INFO] [stderr]    Compiling regex-syntax v0.3.9
[INFO] [stderr]    Compiling traitobject v0.0.1
[INFO] [stderr]    Compiling httparse v1.2.1
[INFO] [stderr]    Compiling kernel32-sys v0.2.2
[INFO] [stderr]    Compiling hpack v0.2.0
[INFO] [stderr]    Compiling mime v0.2.2
[INFO] [stderr]    Compiling rustc_version v0.1.7
[INFO] [stderr]    Compiling rustc-serialize v0.3.22
[INFO] [stderr]    Compiling rocket v0.1.5 (https://github.com/SergioBenitez/Rocket.git?rev=c81591170554bf70304390325657c6f2108e9c24#c8159117)
[INFO] [stderr]    Compiling memchr v0.1.11
[INFO] [stderr]    Compiling time v0.1.36
[INFO] [stderr]    Compiling solicit v0.4.4
[INFO] [stderr]    Compiling aho-corasick v0.5.3
[INFO] [stderr]    Compiling unicase v1.4.0
[INFO] [stderr]    Compiling thread-id v2.0.0
[INFO] [stderr]    Compiling term v0.4.4
[INFO] [stderr]    Compiling num_cpus v1.2.1
[INFO] [stderr]    Compiling thread_local v0.2.7
[INFO] [stderr]    Compiling byteorder v0.3.13
[INFO] [stderr]    Compiling diesel v0.9.1
[INFO] [stderr]    Compiling rocket_codegen v0.1.5 (https://github.com/SergioBenitez/Rocket.git?rev=c81591170554bf70304390325657c6f2108e9c24#c8159117)
[INFO] [stderr]     Checking idna v0.1.0
[INFO] [stderr] error: failed to run custom build command for `rocket v0.1.5 (https://github.com/SergioBenitez/Rocket.git?rev=c81591170554bf70304390325657c6f2108e9c24#c8159117)`
[INFO] [stderr] note: To improve backtraces for build dependencies, set the CARGO_PROFILE_DEV_BUILD_OVERRIDE_DEBUG=true environment variable to enable debug information generation.
[INFO] [stderr] 
[INFO] [stderr] Caused by:
[INFO] [stderr]   process didn't exit successfully: `/opt/rustwide/target/debug/build/rocket-2649980642e419f5/build-script-build` (exit status: 101)
[INFO] [stderr]   --- stderr
[INFO] [stderr]   Error: Rocket requires a nightly version of Rust.
[INFO] [stderr]   Installed version is: 1.75.0. Minimum required: 1.16.0-nightly.
[INFO] [stderr]   See the getting started guide (https://rocket.rs/guide/getting-started/) for more information.
[INFO] [stderr]   thread 'main' panicked at /opt/rustwide/cargo-home/git/checkouts/rocket-8bf16d9ca7e90bdc/c815911/lib/build.rs:42:13:
[INFO] [stderr]   Aborting compilation due to incompatible compiler.
[INFO] [stderr]   stack backtrace:
[INFO] [stderr]      0:     0x556b8d0352fc - std::backtrace_rs::backtrace::libunwind::trace::ha637c64ce894333a
[INFO] [stderr]                                  at /rustc/82e1608dfa6e0b5569232559e3d385fea5a93112/library/std/src/../../backtrace/src/backtrace/libunwind.rs:104:5
[INFO] [stderr]      1:     0x556b8d0352fc - std::backtrace_rs::backtrace::trace_unsynchronized::h47f62dea28e0c88d
[INFO] [stderr]                                  at /rustc/82e1608dfa6e0b5569232559e3d385fea5a93112/library/std/src/../../backtrace/src/backtrace/mod.rs:66:5
[INFO] [stderr]      2:     0x556b8d0352fc - std::sys_common::backtrace::_print_fmt::h9eef0abe20ede486
[INFO] [stderr]                                  at /rustc/82e1608dfa6e0b5569232559e3d385fea5a93112/library/std/src/sys_common/backtrace.rs:67:5
[INFO] [stderr]      3:     0x556b8d0352fc - <std::sys_common::backtrace::_print::DisplayBacktrace as core::fmt::Display>::fmt::hed7f999df88cc644
[INFO] [stderr]                                  at /rustc/82e1608dfa6e0b5569232559e3d385fea5a93112/library/std/src/sys_common/backtrace.rs:44:22
[INFO] [stderr]      4:     0x556b8d0584e0 - core::fmt::rt::Argument::fmt::h1539a9308b8d058d
[INFO] [stderr]                                  at /rustc/82e1608dfa6e0b5569232559e3d385fea5a93112/library/core/src/fmt/rt.rs:142:9
[INFO] [stderr]      5:     0x556b8d0584e0 - core::fmt::write::h3a39390d8560d9c9
[INFO] [stderr]                                  at /rustc/82e1608dfa6e0b5569232559e3d385fea5a93112/library/core/src/fmt/mod.rs:1120:17
[INFO] [stderr]      6:     0x556b8d03329f - std::io::Write::write_fmt::h5fc9997dfe05f882
[INFO] [stderr]                                  at /rustc/82e1608dfa6e0b5569232559e3d385fea5a93112/library/std/src/io/mod.rs:1762:15
[INFO] [stderr]      7:     0x556b8d0350e4 - std::sys_common::backtrace::_print::h894006fb5c6f3d45
[INFO] [stderr]                                  at /rustc/82e1608dfa6e0b5569232559e3d385fea5a93112/library/std/src/sys_common/backtrace.rs:47:5
[INFO] [stderr]      8:     0x556b8d0350e4 - std::sys_common::backtrace::print::h23a2d212c6fff936
[INFO] [stderr]                                  at /rustc/82e1608dfa6e0b5569232559e3d385fea5a93112/library/std/src/sys_common/backtrace.rs:34:9
[INFO] [stderr]      9:     0x556b8d0365f7 - std::panicking::default_hook::{{closure}}::h8a1d2ee00185001a
[INFO] [stderr]     10:     0x556b8d03635f - std::panicking::default_hook::h6038f2eba384e475
[INFO] [stderr]                                  at /rustc/82e1608dfa6e0b5569232559e3d385fea5a93112/library/std/src/panicking.rs:292:9
[INFO] [stderr]     11:     0x556b8d036a78 - std::panicking::rust_panic_with_hook::h2b5517d590cab22e
[INFO] [stderr]                                  at /rustc/82e1608dfa6e0b5569232559e3d385fea5a93112/library/std/src/panicking.rs:779:13
[INFO] [stderr]     12:     0x556b8d006b7e - std::panicking::begin_panic::{{closure}}::hd633781bbaad9034
[INFO] [stderr]     13:     0x556b8d006a36 - std::sys_common::backtrace::__rust_end_short_backtrace::h402c256d3e5d867d
[INFO] [stderr]     14:     0x556b8d006af7 - std::panicking::begin_panic::h15ee62dd4bd2dbc2
[INFO] [stderr]     15:     0x556b8d007be7 - build_script_build::main::hccf42ed22419a2e8
[INFO] [stderr]     16:     0x556b8d006cf3 - core::ops::function::FnOnce::call_once::h9fcbe6bd4aefe96a
[INFO] [stderr]     17:     0x556b8d006a46 - std::sys_common::backtrace::__rust_begin_short_backtrace::hbe2b4959f1cc23e5
[INFO] [stderr]     18:     0x556b8d006ab9 - std::rt::lang_start::{{closure}}::h7540751d008ed055
[INFO] [stderr]     19:     0x556b8d02fdc7 - core::ops::function::impls::<impl core::ops::function::FnOnce<A> for &F>::call_once::hd95060ecd5e1ca24
[INFO] [stderr]                                  at /rustc/82e1608dfa6e0b5569232559e3d385fea5a93112/library/core/src/ops/function.rs:284:13
[INFO] [stderr]     20:     0x556b8d02fdc7 - std::panicking::try::do_call::h6e8cf51db32a6e4b
[INFO] [stderr]                                  at /rustc/82e1608dfa6e0b5569232559e3d385fea5a93112/library/std/src/panicking.rs:552:40
[INFO] [stderr]     21:     0x556b8d02fdc7 - std::panicking::try::h3a52eefe24fe3c29
[INFO] [stderr]                                  at /rustc/82e1608dfa6e0b5569232559e3d385fea5a93112/library/std/src/panicking.rs:516:19
[INFO] [stderr]     22:     0x556b8d02fdc7 - std::panic::catch_unwind::h24c28c23c02c3841
[INFO] [stderr]                                  at /rustc/82e1608dfa6e0b5569232559e3d385fea5a93112/library/std/src/panic.rs:142:14
[INFO] [stderr]     23:     0x556b8d02fdc7 - std::rt::lang_start_internal::{{closure}}::h705d3c9cbc06ef47
[INFO] [stderr]                                  at /rustc/82e1608dfa6e0b5569232559e3d385fea5a93112/library/std/src/rt.rs:148:48
[INFO] [stderr]     24:     0x556b8d02fdc7 - std::panicking::try::do_call::ha21f52ba13158470
[INFO] [stderr]                                  at /rustc/82e1608dfa6e0b5569232559e3d385fea5a93112/library/std/src/panicking.rs:552:40
[INFO] [stderr]     25:     0x556b8d02fdc7 - std::panicking::try::h5581346bf6aeb1f8
[INFO] [stderr]                                  at /rustc/82e1608dfa6e0b5569232559e3d385fea5a93112/library/std/src/panicking.rs:516:19
[INFO] [stderr]     26:     0x556b8d02fdc7 - std::panic::catch_unwind::h7919645a6b72e25b
[INFO] [stderr]                                  at /rustc/82e1608dfa6e0b5569232559e3d385fea5a93112/library/std/src/panic.rs:142:14
[INFO] [stderr]     27:     0x556b8d02fdc7 - std::rt::lang_start_internal::h12de51168669836e
[INFO] [stderr]                                  at /rustc/82e1608dfa6e0b5569232559e3d385fea5a93112/library/std/src/rt.rs:148:20
[INFO] [stderr]     28:     0x556b8d006a97 - std::rt::lang_start::h9bc7f4ea1f38bb52
[INFO] [stderr]     29:     0x556b8d0086a5 - main
[INFO] [stderr]     30:     0x7f762748bd90 - <unknown>
[INFO] [stderr]     31:     0x7f762748be40 - __libc_start_main
[INFO] [stderr]     32:     0x556b8d006925 - _start
[INFO] [stderr]     33:                0x0 - <unknown>
[INFO] [stderr] warning: build failed, waiting for other jobs to finish...
[INFO] running `Command { std: "docker" "inspect" "9d9696a182d98e863d8e01f5ba2f36e217e33c17e590f35e07fdd7e52a26bac2", kill_on_drop: false }`
[INFO] running `Command { std: "docker" "rm" "-f" "9d9696a182d98e863d8e01f5ba2f36e217e33c17e590f35e07fdd7e52a26bac2", kill_on_drop: false }`
[INFO] [stdout] 9d9696a182d98e863d8e01f5ba2f36e217e33c17e590f35e07fdd7e52a26bac2
[INFO] documenting Phrohdoh/openra-master-server-rs against beta-2023-12-22 for beta-1.76-rustdoc-1
[INFO] running `Command { std: "git" "clone" "/workspace/cache/git-repos/https%3A%2F%2Fgithub.com%2FPhrohdoh%2Fopenra-master-server-rs" "/workspace/builds/worker-6-tc2/source", kill_on_drop: false }`
[INFO] [stderr] Cloning into '/workspace/builds/worker-6-tc2/source'...
[INFO] [stderr] done.
[INFO] validating manifest of git repo https://github.com/Phrohdoh/openra-master-server-rs on toolchain beta-2023-12-22
[INFO] running `Command { std: CARGO_HOME="/workspace/cargo-home" RUSTUP_HOME="/workspace/rustup-home" "/workspace/cargo-home/bin/cargo" "+beta-2023-12-22" "metadata" "--manifest-path" "Cargo.toml" "--no-deps", kill_on_drop: false }`
[INFO] started tweaking git repo https://github.com/Phrohdoh/openra-master-server-rs
[INFO] finished tweaking git repo https://github.com/Phrohdoh/openra-master-server-rs
[INFO] tweaked toml for git repo https://github.com/Phrohdoh/openra-master-server-rs written to /workspace/builds/worker-6-tc2/source/Cargo.toml
[INFO] crate git repo https://github.com/Phrohdoh/openra-master-server-rs already has a lockfile, it will not be regenerated
[INFO] running `Command { std: CARGO_HOME="/workspace/cargo-home" RUSTUP_HOME="/workspace/rustup-home" "/workspace/cargo-home/bin/cargo" "+beta-2023-12-22" "fetch" "--manifest-path" "Cargo.toml", kill_on_drop: false }`
[INFO] running `Command { std: "docker" "create" "-v" "/var/lib/crater-agent-workspace/builds/worker-6-tc2/target:/opt/rustwide/target:rw,Z" "-v" "/var/lib/crater-agent-workspace/builds/worker-6-tc2/source:/opt/rustwide/workdir:ro,Z" "-v" "/var/lib/crater-agent-workspace/cargo-home:/opt/rustwide/cargo-home:ro,Z" "-v" "/var/lib/crater-agent-workspace/rustup-home:/opt/rustwide/rustup-home:ro,Z" "-e" "SOURCE_DIR=/opt/rustwide/workdir" "-e" "CARGO_TARGET_DIR=/opt/rustwide/target" "-e" "CARGO_HOME=/opt/rustwide/cargo-home" "-e" "RUSTUP_HOME=/opt/rustwide/rustup-home" "-w" "/opt/rustwide/workdir" "-m" "1610612736" "--user" "0:0" "--network" "none" "ghcr.io/rust-lang/crates-build-env/linux@sha256:2788e3201cd34a07e3172128adcd8b3090168a8e3bcc40d7c032b9dda1df7d1c" "/opt/rustwide/cargo-home/bin/cargo" "+beta-2023-12-22" "metadata" "--no-deps" "--format-version=1", kill_on_drop: false }`
[INFO] [stdout] 3b9359ac97b810ea10d95eae87e28f5f4c194fbfd4b2337f9a106d4d8dc87732
[INFO] running `Command { std: "docker" "start" "-a" "3b9359ac97b810ea10d95eae87e28f5f4c194fbfd4b2337f9a106d4d8dc87732", kill_on_drop: false }`
[INFO] running `Command { std: "docker" "inspect" "3b9359ac97b810ea10d95eae87e28f5f4c194fbfd4b2337f9a106d4d8dc87732", kill_on_drop: false }`
[INFO] running `Command { std: "docker" "rm" "-f" "3b9359ac97b810ea10d95eae87e28f5f4c194fbfd4b2337f9a106d4d8dc87732", kill_on_drop: false }`
[INFO] [stdout] 3b9359ac97b810ea10d95eae87e28f5f4c194fbfd4b2337f9a106d4d8dc87732
[INFO] running `Command { std: "docker" "create" "-v" "/var/lib/crater-agent-workspace/builds/worker-6-tc2/target:/opt/rustwide/target:rw,Z" "-v" "/var/lib/crater-agent-workspace/builds/worker-6-tc2/source:/opt/rustwide/workdir:ro,Z" "-v" "/var/lib/crater-agent-workspace/cargo-home:/opt/rustwide/cargo-home:ro,Z" "-v" "/var/lib/crater-agent-workspace/rustup-home:/opt/rustwide/rustup-home:ro,Z" "-e" "SOURCE_DIR=/opt/rustwide/workdir" "-e" "CARGO_TARGET_DIR=/opt/rustwide/target" "-e" "CARGO_INCREMENTAL=0" "-e" "RUST_BACKTRACE=full" "-e" "RUSTFLAGS=--cap-lints=warn" "-e" "RUSTDOCFLAGS=--cap-lints=warn" "-e" "CARGO_HOME=/opt/rustwide/cargo-home" "-e" "RUSTUP_HOME=/opt/rustwide/rustup-home" "-w" "/opt/rustwide/workdir" "-m" "1610612736" "--user" "0:0" "--network" "none" "ghcr.io/rust-lang/crates-build-env/linux@sha256:2788e3201cd34a07e3172128adcd8b3090168a8e3bcc40d7c032b9dda1df7d1c" "/opt/rustwide/cargo-home/bin/cargo" "+beta-2023-12-22" "doc" "--frozen" "--no-deps" "--document-private-items" "--message-format=json", kill_on_drop: false }`
[INFO] [stdout] d1f820e6a6d169a017731925ba3a2edb6f903192242505a3c64510df3d254c08
[INFO] running `Command { std: "docker" "start" "-a" "d1f820e6a6d169a017731925ba3a2edb6f903192242505a3c64510df3d254c08", kill_on_drop: false }`
[INFO] [stderr]    Compiling winapi-build v0.1.1
[INFO] [stderr]    Compiling libc v0.2.20
[INFO] [stderr]    Compiling winapi v0.2.8
[INFO] [stderr]    Compiling semver v0.1.20
[INFO] [stderr]    Compiling matches v0.1.4
[INFO] [stderr]    Compiling version_check v0.1.0
[INFO] [stderr]    Compiling ansi_term v0.9.0
[INFO] [stderr]    Compiling pq-sys v0.2.7
[INFO] [stderr]    Compiling log v0.3.6
[INFO] [stderr]    Compiling unicode-normalization v0.1.3
[INFO] [stderr]    Compiling utf8-ranges v0.1.3
[INFO] [stderr]    Compiling unicode-bidi v0.2.4
[INFO] [stderr]    Compiling regex-syntax v0.3.9
[INFO] [stderr]    Compiling traitobject v0.0.1
[INFO] [stderr]    Compiling kernel32-sys v0.2.2
[INFO] [stderr]    Compiling hpack v0.2.0
[INFO] [stderr]    Compiling mime v0.2.2
[INFO] [stderr]    Compiling rustc-serialize v0.3.22
[INFO] [stderr]    Compiling rustc_version v0.1.7
[INFO] [stderr]    Compiling httparse v1.2.1
[INFO] [stderr]     Checking memchr v0.1.11
[INFO] [stderr]    Compiling rocket v0.1.5 (https://github.com/SergioBenitez/Rocket.git?rev=c81591170554bf70304390325657c6f2108e9c24#c8159117)
[INFO] [stderr]    Compiling time v0.1.36
[INFO] [stderr]    Compiling num_cpus v1.2.1
[INFO] [stderr]    Compiling aho-corasick v0.5.3
[INFO] [stderr]    Compiling unicase v1.4.0
[INFO] [stderr]    Compiling thread-id v2.0.0
[INFO] [stderr]    Compiling term v0.4.4
[INFO] [stderr]    Compiling thread_local v0.2.7
[INFO] [stderr]    Compiling solicit v0.4.4
[INFO] [stderr]    Compiling language-tags v0.2.2
[INFO] [stdout] error[E0310]: the parameter type `T` may not live long enough
[INFO] [stdout]     --> /opt/rustwide/cargo-home/registry/src/index.crates.io-6f17d22bba15001f/rustc-serialize-0.3.22/src/serialize.rs:1155:5
[INFO] [stdout]      |
[INFO] [stdout] 1155 |     fn decode<D: Decoder>(d: &mut D) -> Result<Cow<'static, T>, D::Error> {
[INFO] [stdout]      |     ^^^^^^^^^^^^^^^^^^^^^^^^^^^^^^^^^^^^^^^^^^^^^^^^^^^^^^^^^^^^^^^^^^^^^
[INFO] [stdout]      |     |
[INFO] [stdout]      |     the parameter type `T` must be valid for the static lifetime...
[INFO] [stdout]      |     ...so that the type `T` will meet its required lifetime bounds...
[INFO] [stdout]      |
[INFO] [stdout] note: ...that is required by this bound
[INFO] [stdout]     --> /rustc/0e09125c6c3c2fd70d7de961bcf0e51575235fad/library/alloc/src/borrow.rs:180:30
[INFO] [stdout] help: consider adding an explicit lifetime bound
[INFO] [stdout]      |
[INFO] [stdout] 1151 | impl<'a, T: ?Sized + 'static> Decodable for Cow<'a, T>
[INFO] [stdout]      |                    +++++++++
[INFO] [stdout] 
[INFO] [stdout] 
[INFO] [stderr]    Compiling byteorder v0.3.13
[INFO] [stderr]    Compiling typeable v0.1.2
[INFO] [stderr]     Checking idna v0.1.0
[INFO] [stderr]    Compiling diesel v0.9.1
[INFO] [stderr]    Compiling rocket_codegen v0.1.5 (https://github.com/SergioBenitez/Rocket.git?rev=c81591170554bf70304390325657c6f2108e9c24#c8159117)
[INFO] [stderr] error: failed to run custom build command for `rocket v0.1.5 (https://github.com/SergioBenitez/Rocket.git?rev=c81591170554bf70304390325657c6f2108e9c24#c8159117)`
[INFO] [stderr] note: To improve backtraces for build dependencies, set the CARGO_PROFILE_DEV_BUILD_OVERRIDE_DEBUG=true environment variable to enable debug information generation.
[INFO] [stderr] 
[INFO] [stderr] Caused by:
[INFO] [stderr]   process didn't exit successfully: `/opt/rustwide/target/debug/build/rocket-7bbe52ff41ba11d5/build-script-build` (exit status: 101)
[INFO] [stderr]   --- stderr
[INFO] [stderr]   Error: Rocket requires a nightly version of Rust.
[INFO] [stderr]   Installed version is: 1.76.0-beta.1. Minimum required: 1.16.0-nightly.
[INFO] [stderr]   See the getting started guide (https://rocket.rs/guide/getting-started/) for more information.
[INFO] [stderr]   thread 'main' panicked at /opt/rustwide/cargo-home/git/checkouts/rocket-8bf16d9ca7e90bdc/c815911/lib/build.rs:42:13:
[INFO] [stderr]   Aborting compilation due to incompatible compiler.
[INFO] [stderr]   stack backtrace:
[INFO] [stderr]      0:     0x557ff7237886 - std::backtrace_rs::backtrace::libunwind::trace::h261606ad26a499c1
[INFO] [stderr]                                  at /rustc/0e09125c6c3c2fd70d7de961bcf0e51575235fad/library/std/src/../../backtrace/src/backtrace/libunwind.rs:104:5
[INFO] [stderr]      1:     0x557ff7237886 - std::backtrace_rs::backtrace::trace_unsynchronized::hd183f0625477fb28
[INFO] [stderr]                                  at /rustc/0e09125c6c3c2fd70d7de961bcf0e51575235fad/library/std/src/../../backtrace/src/backtrace/mod.rs:66:5
[INFO] [stderr]      2:     0x557ff7237886 - std::sys_common::backtrace::_print_fmt::hd7f8fef21b4eda67
[INFO] [stderr]                                  at /rustc/0e09125c6c3c2fd70d7de961bcf0e51575235fad/library/std/src/sys_common/backtrace.rs:68:5
[INFO] [stderr]      3:     0x557ff7237886 - <std::sys_common::backtrace::_print::DisplayBacktrace as core::fmt::Display>::fmt::h623d9b51f2f453f1
[INFO] [stderr]                                  at /rustc/0e09125c6c3c2fd70d7de961bcf0e51575235fad/library/std/src/sys_common/backtrace.rs:44:22
[INFO] [stderr]      4:     0x557ff7259d80 - core::fmt::rt::Argument::fmt::h9f417ac76a86f368
[INFO] [stderr]                                  at /rustc/0e09125c6c3c2fd70d7de961bcf0e51575235fad/library/core/src/fmt/rt.rs:142:9
[INFO] [stderr]      5:     0x557ff7259d80 - core::fmt::write::hc9b6faf4ac2aeff7
[INFO] [stderr]                                  at /rustc/0e09125c6c3c2fd70d7de961bcf0e51575235fad/library/core/src/fmt/mod.rs:1120:17
[INFO] [stderr]      6:     0x557ff72358bf - std::io::Write::write_fmt::hfead1eee52c2e65e
[INFO] [stderr]                                  at /rustc/0e09125c6c3c2fd70d7de961bcf0e51575235fad/library/std/src/io/mod.rs:1810:15
[INFO] [stderr]      7:     0x557ff7237664 - std::sys_common::backtrace::_print::hd5d66399c7df88a2
[INFO] [stderr]                                  at /rustc/0e09125c6c3c2fd70d7de961bcf0e51575235fad/library/std/src/sys_common/backtrace.rs:47:5
[INFO] [stderr]      8:     0x557ff7237664 - std::sys_common::backtrace::print::he81ed2da642d37e5
[INFO] [stderr]                                  at /rustc/0e09125c6c3c2fd70d7de961bcf0e51575235fad/library/std/src/sys_common/backtrace.rs:34:9
[INFO] [stderr]      9:     0x557ff7238bc7 - std::panicking::default_hook::{{closure}}::h85773f4fa117163d
[INFO] [stderr]     10:     0x557ff7238929 - std::panicking::default_hook::h6a1694a91d09b278
[INFO] [stderr]                                  at /rustc/0e09125c6c3c2fd70d7de961bcf0e51575235fad/library/std/src/panicking.rs:292:9
[INFO] [stderr]     11:     0x557ff7239058 - std::panicking::rust_panic_with_hook::h0a7ad96e90f7145b
[INFO] [stderr]                                  at /rustc/0e09125c6c3c2fd70d7de961bcf0e51575235fad/library/std/src/panicking.rs:779:13
[INFO] [stderr]     12:     0x557ff7208b6e - std::panicking::begin_panic::{{closure}}::hd53dda54bdfd4a6f
[INFO] [stderr]     13:     0x557ff7208a36 - std::sys_common::backtrace::__rust_end_short_backtrace::h0c1003fdfdb922d9
[INFO] [stderr]     14:     0x557ff7208af7 - std::panicking::begin_panic::h8fb3527621fbcfe2
[INFO] [stderr]     15:     0x557ff7209be1 - build_script_build::main::he72fc76caf7879a8
[INFO] [stderr]     16:     0x557ff7208c93 - core::ops::function::FnOnce::call_once::hdd8c1c7b2a1e5232
[INFO] [stderr]     17:     0x557ff7208a46 - std::sys_common::backtrace::__rust_begin_short_backtrace::hebb9a221bfce314b
[INFO] [stderr]     18:     0x557ff7208ab9 - std::rt::lang_start::{{closure}}::hd2431179ddff7058
[INFO] [stderr]     19:     0x557ff7232151 - core::ops::function::impls::<impl core::ops::function::FnOnce<A> for &F>::call_once::h4eb4c5e1620f29b0
[INFO] [stderr]                                  at /rustc/0e09125c6c3c2fd70d7de961bcf0e51575235fad/library/core/src/ops/function.rs:284:13
[INFO] [stderr]     20:     0x557ff7232151 - std::panicking::try::do_call::h73fd26535faffcdf
[INFO] [stderr]                                  at /rustc/0e09125c6c3c2fd70d7de961bcf0e51575235fad/library/std/src/panicking.rs:552:40
[INFO] [stderr]     21:     0x557ff7232151 - std::panicking::try::h77ff1d98f0fb9f39
[INFO] [stderr]                                  at /rustc/0e09125c6c3c2fd70d7de961bcf0e51575235fad/library/std/src/panicking.rs:516:19
[INFO] [stderr]     22:     0x557ff7232151 - std::panic::catch_unwind::hab3caf2448b95e37
[INFO] [stderr]                                  at /rustc/0e09125c6c3c2fd70d7de961bcf0e51575235fad/library/std/src/panic.rs:142:14
[INFO] [stderr]     23:     0x557ff7232151 - std::rt::lang_start_internal::{{closure}}::h8086711f9c783f78
[INFO] [stderr]                                  at /rustc/0e09125c6c3c2fd70d7de961bcf0e51575235fad/library/std/src/rt.rs:148:48
[INFO] [stderr]     24:     0x557ff7232151 - std::panicking::try::do_call::hf920d4dc291cd6ca
[INFO] [stderr]                                  at /rustc/0e09125c6c3c2fd70d7de961bcf0e51575235fad/library/std/src/panicking.rs:552:40
[INFO] [stderr]     25:     0x557ff7232151 - std::panicking::try::h2b806ccc0a85db74
[INFO] [stderr]                                  at /rustc/0e09125c6c3c2fd70d7de961bcf0e51575235fad/library/std/src/panicking.rs:516:19
[INFO] [stderr]     26:     0x557ff7232151 - std::panic::catch_unwind::h038489539c507df2
[INFO] [stderr]                                  at /rustc/0e09125c6c3c2fd70d7de961bcf0e51575235fad/library/std/src/panic.rs:142:14
[INFO] [stderr]     27:     0x557ff7232151 - std::rt::lang_start_internal::h28503b88912e8a5c
[INFO] [stderr]                                  at /rustc/0e09125c6c3c2fd70d7de961bcf0e51575235fad/library/std/src/rt.rs:148:20
[INFO] [stderr]     28:     0x557ff7208a97 - std::rt::lang_start::h8c2acb885d77fce9
[INFO] [stderr]     29:     0x557ff720a6a5 - main
[INFO] [stderr]     30:     0x7fd39dbc3d90 - <unknown>
[INFO] [stderr]     31:     0x7fd39dbc3e40 - __libc_start_main
[INFO] [stderr]     32:     0x557ff7208925 - _start
[INFO] [stderr]     33:                0x0 - <unknown>
[INFO] [stderr] warning: build failed, waiting for other jobs to finish...
[INFO] [stdout] error: aborting due to 1 previous error
[INFO] [stdout] 
[INFO] [stdout] 
[INFO] [stdout] For more information about this error, try `rustc --explain E0310`.
[INFO] [stdout] 
[INFO] [stderr] error: could not compile `rustc-serialize` (lib) due to 2 previous errors
[INFO] running `Command { std: "docker" "inspect" "d1f820e6a6d169a017731925ba3a2edb6f903192242505a3c64510df3d254c08", kill_on_drop: false }`
[INFO] running `Command { std: "docker" "rm" "-f" "d1f820e6a6d169a017731925ba3a2edb6f903192242505a3c64510df3d254c08", kill_on_drop: false }`
[INFO] [stdout] d1f820e6a6d169a017731925ba3a2edb6f903192242505a3c64510df3d254c08
