[INFO] cloning repository https://github.com/PhilboBaggins/chat-venture
[INFO] running `Command { std: "git" "-c" "credential.helper=" "-c" "credential.helper=/workspace/cargo-home/bin/git-credential-null" "clone" "--bare" "https://github.com/PhilboBaggins/chat-venture" "/workspace/cache/git-repos/https%3A%2F%2Fgithub.com%2FPhilboBaggins%2Fchat-venture", kill_on_drop: false }`
[INFO] [stderr] Cloning into bare repository '/workspace/cache/git-repos/https%3A%2F%2Fgithub.com%2FPhilboBaggins%2Fchat-venture'...
[INFO] running `Command { std: "git" "rev-parse" "HEAD", kill_on_drop: false }`
[INFO] [stdout] d8214facdab5ed777f4bd2743883d24a41d9c3d1
[INFO] documenting PhilboBaggins/chat-venture against 1.75.0 for beta-1.76-rustdoc-1
[INFO] running `Command { std: "git" "clone" "/workspace/cache/git-repos/https%3A%2F%2Fgithub.com%2FPhilboBaggins%2Fchat-venture" "/workspace/builds/worker-4-tc1/source", kill_on_drop: false }`
[INFO] [stderr] Cloning into '/workspace/builds/worker-4-tc1/source'...
[INFO] [stderr] done.
[INFO] validating manifest of git repo https://github.com/PhilboBaggins/chat-venture on toolchain 1.75.0
[INFO] running `Command { std: CARGO_HOME="/workspace/cargo-home" RUSTUP_HOME="/workspace/rustup-home" "/workspace/cargo-home/bin/cargo" "+1.75.0" "metadata" "--manifest-path" "Cargo.toml" "--no-deps", kill_on_drop: false }`
[INFO] started tweaking git repo https://github.com/PhilboBaggins/chat-venture
[INFO] finished tweaking git repo https://github.com/PhilboBaggins/chat-venture
[INFO] tweaked toml for git repo https://github.com/PhilboBaggins/chat-venture written to /workspace/builds/worker-4-tc1/source/Cargo.toml
[INFO] crate git repo https://github.com/PhilboBaggins/chat-venture already has a lockfile, it will not be regenerated
[INFO] running `Command { std: CARGO_HOME="/workspace/cargo-home" RUSTUP_HOME="/workspace/rustup-home" "/workspace/cargo-home/bin/cargo" "+1.75.0" "fetch" "--manifest-path" "Cargo.toml", kill_on_drop: false }`
[INFO] [stderr]     Updating crates.io index
[INFO] [stderr]  Downloading crates ...
[INFO] [stderr]   Downloaded openai_bootstrap v1.0.0-alpha.5
[INFO] [stderr]   Downloaded openai_proc_macros v1.0.0-alpha.6
[INFO] [stderr]   Downloaded openai v1.0.0-alpha.6
[INFO] running `Command { std: "docker" "create" "-v" "/var/lib/crater-agent-workspace/builds/worker-4-tc1/target:/opt/rustwide/target:rw,Z" "-v" "/var/lib/crater-agent-workspace/builds/worker-4-tc1/source:/opt/rustwide/workdir:ro,Z" "-v" "/var/lib/crater-agent-workspace/cargo-home:/opt/rustwide/cargo-home:ro,Z" "-v" "/var/lib/crater-agent-workspace/rustup-home:/opt/rustwide/rustup-home:ro,Z" "-e" "SOURCE_DIR=/opt/rustwide/workdir" "-e" "CARGO_TARGET_DIR=/opt/rustwide/target" "-e" "CARGO_HOME=/opt/rustwide/cargo-home" "-e" "RUSTUP_HOME=/opt/rustwide/rustup-home" "-w" "/opt/rustwide/workdir" "-m" "1610612736" "--user" "0:0" "--network" "none" "ghcr.io/rust-lang/crates-build-env/linux@sha256:2788e3201cd34a07e3172128adcd8b3090168a8e3bcc40d7c032b9dda1df7d1c" "/opt/rustwide/cargo-home/bin/cargo" "+1.75.0" "metadata" "--no-deps" "--format-version=1", kill_on_drop: false }`
[INFO] [stdout] e7045587aa4d33eb04330c5b09e9fbb27bb863b2ee46d2cbbfb6258176de9af6
[INFO] running `Command { std: "docker" "start" "-a" "e7045587aa4d33eb04330c5b09e9fbb27bb863b2ee46d2cbbfb6258176de9af6", kill_on_drop: false }`
[INFO] running `Command { std: "docker" "inspect" "e7045587aa4d33eb04330c5b09e9fbb27bb863b2ee46d2cbbfb6258176de9af6", kill_on_drop: false }`
[INFO] running `Command { std: "docker" "rm" "-f" "e7045587aa4d33eb04330c5b09e9fbb27bb863b2ee46d2cbbfb6258176de9af6", kill_on_drop: false }`
[INFO] [stdout] e7045587aa4d33eb04330c5b09e9fbb27bb863b2ee46d2cbbfb6258176de9af6
[INFO] running `Command { std: "docker" "create" "-v" "/var/lib/crater-agent-workspace/builds/worker-4-tc1/target:/opt/rustwide/target:rw,Z" "-v" "/var/lib/crater-agent-workspace/builds/worker-4-tc1/source:/opt/rustwide/workdir:ro,Z" "-v" "/var/lib/crater-agent-workspace/cargo-home:/opt/rustwide/cargo-home:ro,Z" "-v" "/var/lib/crater-agent-workspace/rustup-home:/opt/rustwide/rustup-home:ro,Z" "-e" "SOURCE_DIR=/opt/rustwide/workdir" "-e" "CARGO_TARGET_DIR=/opt/rustwide/target" "-e" "CARGO_INCREMENTAL=0" "-e" "RUST_BACKTRACE=full" "-e" "RUSTFLAGS=--cap-lints=warn" "-e" "RUSTDOCFLAGS=--cap-lints=warn" "-e" "CARGO_HOME=/opt/rustwide/cargo-home" "-e" "RUSTUP_HOME=/opt/rustwide/rustup-home" "-w" "/opt/rustwide/workdir" "-m" "1610612736" "--user" "0:0" "--network" "none" "ghcr.io/rust-lang/crates-build-env/linux@sha256:2788e3201cd34a07e3172128adcd8b3090168a8e3bcc40d7c032b9dda1df7d1c" "/opt/rustwide/cargo-home/bin/cargo" "+1.75.0" "doc" "--frozen" "--no-deps" "--document-private-items" "--message-format=json", kill_on_drop: false }`
[INFO] [stdout] b058ecf115ce8924d91c3916d3685d1555f9079a7c51f2ebc12e6bbaf7fac974
[INFO] running `Command { std: "docker" "start" "-a" "b058ecf115ce8924d91c3916d3685d1555f9079a7c51f2ebc12e6bbaf7fac974", kill_on_drop: false }`
[INFO] [stderr]    Compiling proc-macro2 v1.0.52
[INFO] [stderr]    Compiling unicode-ident v1.0.8
[INFO] [stderr]    Compiling quote v1.0.26
[INFO] [stderr]    Compiling libc v0.2.140
[INFO] [stderr]    Compiling futures-core v0.3.27
[INFO] [stderr]    Compiling pkg-config v0.3.26
[INFO] [stderr]    Compiling log v0.4.17
[INFO] [stderr]    Compiling futures-task v0.3.27
[INFO] [stderr]    Compiling serde_derive v1.0.157
[INFO] [stderr]    Compiling serde v1.0.157
[INFO] [stderr]    Compiling openssl v0.10.46
[INFO] [stderr]    Compiling openssl-sys v0.9.81
[INFO] [stderr]    Compiling once_cell v1.17.1
[INFO] [stderr]    Compiling parking_lot_core v0.9.7
[INFO] [stderr]     Checking itoa v1.0.6
[INFO] [stderr]    Compiling futures-channel v0.3.27
[INFO] [stderr]    Compiling bytes v1.4.0
[INFO] [stderr]    Compiling memchr v2.5.0
[INFO] [stderr]    Compiling tokio v1.26.0
[INFO] [stderr]    Compiling syn v1.0.109
[INFO] [stderr]    Compiling syn v2.0.0
[INFO] [stderr]    Compiling num_cpus v1.15.0
[INFO] [stderr]    Compiling socket2 v0.4.9
[INFO] [stderr]    Compiling native-tls v0.2.11
[INFO] [stderr]     Checking mio v0.8.6
[INFO] [stderr]     Checking signal-hook-registry v1.4.1
[INFO] [stderr]     Checking parking_lot v0.12.1
[INFO] [stderr]     Checking http v0.2.9
[INFO] [stderr]    Compiling tracing-core v0.1.30
[INFO] [stderr]    Compiling futures-util v0.3.27
[INFO] [stderr]     Checking futures-sink v0.3.27
[INFO] [stderr]    Compiling foreign-types-shared v0.1.1
[INFO] [stderr]    Compiling foreign-types v0.3.2
[INFO] [stderr]    Compiling tracing v0.1.37
[INFO] [stderr]    Compiling slab v0.4.8
[INFO] [stderr]    Compiling tinyvec_macros v0.1.1
[INFO] [stderr]    Compiling bitflags v1.3.2
[INFO] [stderr]    Compiling hashbrown v0.12.3
[INFO] [stderr]    Compiling futures-io v0.3.27
[INFO] [stderr]    Compiling serde_json v1.0.94
[INFO] [stderr]    Compiling pin-utils v0.1.0
[INFO] [stderr]    Compiling tinyvec v1.6.0
[INFO] [stderr]    Compiling indexmap v1.9.2
[INFO] [stderr]     Checking unicode-normalization v0.1.22
[INFO] [stderr]    Compiling percent-encoding v2.2.0
[INFO] [stderr]    Compiling openssl-probe v0.1.5
[INFO] [stderr]    Compiling try-lock v0.2.4
[INFO] [stderr]     Checking unicode-bidi v0.3.12
[INFO] [stderr]    Compiling want v0.3.0
[INFO] [stderr]    Compiling form_urlencoded v1.1.0
[INFO] [stderr]     Checking idna v0.3.0
[INFO] [stderr]    Compiling http-body v0.4.5
[INFO] [stderr]    Compiling darling_core v0.14.4
[INFO] [stderr]     Checking getrandom v0.2.8
[INFO] [stderr]    Compiling httparse v1.8.0
[INFO] [stderr]    Compiling io-lifetimes v1.0.7
[INFO] [stderr]    Compiling httpdate v1.0.2
[INFO] [stderr]    Compiling tower-service v0.3.2
[INFO] [stderr]    Compiling tokio-util v0.7.7
[INFO] [stderr]     Checking rand_core v0.6.4
[INFO] [stderr]    Compiling h2 v0.3.16
[INFO] [stderr]     Checking url v2.3.1
[INFO] [stderr]     Checking block-buffer v0.10.4
[INFO] [stderr]    Compiling rustix v0.36.9
[INFO] [stderr]     Checking ryu v1.0.13
[INFO] [stderr]    Compiling thiserror v1.0.40
[INFO] [stderr]     Checking rand_chacha v0.3.1
[INFO] [stderr]     Checking digest v0.10.6
[INFO] [stderr]    Compiling thiserror-impl v1.0.40
[INFO] [stderr]    Compiling encoding_rs v0.8.32
[INFO] [stderr]    Compiling ipnet v2.7.1
[INFO] [stderr]    Compiling mime v0.3.16
[INFO] [stderr]    Compiling base64 v0.21.0
[INFO] [stderr]    Compiling openssl-macros v0.1.0
[INFO] [stderr]    Compiling tokio-macros v1.8.2
[INFO] [stderr]    Compiling futures-macro v0.3.27
[INFO] [stderr]    Compiling darling_macro v0.14.4
[INFO] [stderr]    Compiling darling v0.14.4
[INFO] [stderr]    Compiling hyper v0.14.25
[INFO] [stderr]    Compiling derive_builder_core v0.12.0
[INFO] [stderr]    Compiling unicode-segmentation v1.10.1
[INFO] [stderr]    Compiling convert_case v0.6.0
[INFO] [stderr]    Compiling derive_builder_macro v0.12.0
[INFO] [stderr]    Compiling tokio-native-tls v0.3.1
[INFO] [stderr]     Checking serde_urlencoded v0.7.1
[INFO] [stderr]    Compiling hyper-tls v0.5.0
[INFO] [stderr]     Checking sha1 v0.10.5
[INFO] [stderr]     Checking rand v0.8.5
[INFO] [stderr]     Checking aho-corasick v0.7.20
[INFO] [stderr]    Compiling dotenvy v0.15.6
[INFO] [stderr]    Compiling openai_bootstrap v1.0.0-alpha.5
[INFO] [stderr]     Checking regex-syntax v0.6.28
[INFO] [stderr]     Checking derive_builder v0.12.0
[INFO] [stderr]     Checking is-terminal v0.4.4
[INFO] [stderr]     Checking termcolor v1.2.0
[INFO] [stderr]     Checking tungstenite v0.18.0
[INFO] [stderr]    Compiling reqwest v0.11.14
[INFO] [stderr]     Checking tokio-tungstenite v0.18.0
[INFO] [stderr]     Checking regex v1.7.1
[INFO] [stderr]     Checking env_logger v0.10.0
[INFO] [stderr]    Compiling openai_proc_macros v1.0.0-alpha.6
[INFO] [stderr]     Checking openai v1.0.0-alpha.6
[INFO] [stdout] error: proc macro panicked
[INFO] [stdout]   --> /opt/rustwide/cargo-home/registry/src/index.crates.io-6f17d22bba15001f/openai-1.0.0-alpha.6/src/models.rs:42:1
[INFO] [stdout]    |
[INFO] [stdout] 42 | generate_model_id_enum!();
[INFO] [stdout]    | ^^^^^^^^^^^^^^^^^^^^^^^^^
[INFO] [stdout]    |
[INFO] [stdout]    = help: message: environment variable `OPENAI_KEY` should be defined: NotPresent
[INFO] [stdout] 
[INFO] [stdout] 
[INFO] [stdout] error[E0432]: unresolved import `super::models::ModelID`
[INFO] [stdout]  --> /opt/rustwide/cargo-home/registry/src/index.crates.io-6f17d22bba15001f/openai-1.0.0-alpha.6/src/chat.rs:3:13
[INFO] [stdout]   |
[INFO] [stdout] 3 | use super::{models::ModelID, openai_post, ApiResponseOrError, Usage};
[INFO] [stdout]   |             ^^^^^^^^-------
[INFO] [stdout]   |             |       |
[INFO] [stdout]   |             |       help: a similar name exists in the module: `Model`
[INFO] [stdout]   |             no `ModelID` in `models`
[INFO] [stdout] 
[INFO] [stdout] 
[INFO] [stdout] error[E0432]: unresolved import `super::models::ModelID`
[INFO] [stdout]  --> /opt/rustwide/cargo-home/registry/src/index.crates.io-6f17d22bba15001f/openai-1.0.0-alpha.6/src/completions.rs:4:13
[INFO] [stdout]   |
[INFO] [stdout] 4 | use super::{models::ModelID, openai_post, ApiResponseOrError, Usage};
[INFO] [stdout]   |             ^^^^^^^^-------
[INFO] [stdout]   |             |       |
[INFO] [stdout]   |             |       help: a similar name exists in the module: `Model`
[INFO] [stdout]   |             no `ModelID` in `models`
[INFO] [stdout] 
[INFO] [stdout] 
[INFO] [stdout] error[E0432]: unresolved import `super::models::ModelID`
[INFO] [stdout]  --> /opt/rustwide/cargo-home/registry/src/index.crates.io-6f17d22bba15001f/openai-1.0.0-alpha.6/src/edits.rs:3:13
[INFO] [stdout]   |
[INFO] [stdout] 3 | use super::{models::ModelID, openai_post, ApiResponseOrError, OpenAiError, Usage};
[INFO] [stdout]   |             ^^^^^^^^-------
[INFO] [stdout]   |             |       |
[INFO] [stdout]   |             |       help: a similar name exists in the module: `Model`
[INFO] [stdout]   |             no `ModelID` in `models`
[INFO] [stdout] 
[INFO] [stdout] 
[INFO] [stdout] error[E0432]: unresolved import `super::models::ModelID`
[INFO] [stdout]  --> /opt/rustwide/cargo-home/registry/src/index.crates.io-6f17d22bba15001f/openai-1.0.0-alpha.6/src/embeddings.rs:5:13
[INFO] [stdout]   |
[INFO] [stdout] 5 | use super::{models::ModelID, openai_post, ApiResponseOrError};
[INFO] [stdout]   |             ^^^^^^^^-------
[INFO] [stdout]   |             |       |
[INFO] [stdout]   |             |       help: a similar name exists in the module: `Model`
[INFO] [stdout]   |             no `ModelID` in `models`
[INFO] [stdout] 
[INFO] [stdout] 
[INFO] [stdout] error[E0412]: cannot find type `ModelID` in this scope
[INFO] [stdout]   --> /opt/rustwide/cargo-home/registry/src/index.crates.io-6f17d22bba15001f/openai-1.0.0-alpha.6/src/models.rs:11:13
[INFO] [stdout]    |
[INFO] [stdout] 11 |     pub id: ModelID,
[INFO] [stdout]    |             ^^^^^^^ not found in this scope
[INFO] [stdout] 
[INFO] [stdout] 
[INFO] [stdout] error[E0412]: cannot find type `ModelID` in this scope
[INFO] [stdout]   --> /opt/rustwide/cargo-home/registry/src/index.crates.io-6f17d22bba15001f/openai-1.0.0-alpha.6/src/models.rs:37:27
[INFO] [stdout]    |
[INFO] [stdout] 10 | pub struct Model {
[INFO] [stdout]    | ---------------- similarly named struct `Model` defined here
[INFO] [stdout] ...
[INFO] [stdout] 37 |     pub async fn from(id: ModelID) -> ApiResponseOrError<Self> {
[INFO] [stdout]    |                           ^^^^^^^ help: a struct with a similar name exists: `Model`
[INFO] [stdout] 
[INFO] [stdout] 
[INFO] [stdout] error[E0412]: cannot find type `ModelID` in this scope
[INFO] [stdout]   --> /opt/rustwide/cargo-home/registry/src/index.crates.io-6f17d22bba15001f/openai-1.0.0-alpha.6/src/models.rs:44:28
[INFO] [stdout]    |
[INFO] [stdout] 10 | pub struct Model {
[INFO] [stdout]    | ---------------- similarly named struct `Model` defined here
[INFO] [stdout] ...
[INFO] [stdout] 44 | impl std::fmt::Display for ModelID {
[INFO] [stdout]    |                            ^^^^^^^ help: a struct with a similar name exists: `Model`
[INFO] [stdout] 
[INFO] [stdout] 
[INFO] [stdout] error[E0433]: failed to resolve: use of undeclared type `ModelID`
[INFO] [stdout]   --> /opt/rustwide/cargo-home/registry/src/index.crates.io-6f17d22bba15001f/openai-1.0.0-alpha.6/src/models.rs:46:16
[INFO] [stdout]    |
[INFO] [stdout] 46 |         if let ModelID::Custom(id) = self {
[INFO] [stdout]    |                ^^^^^^^
[INFO] [stdout]    |                |
[INFO] [stdout]    |                use of undeclared type `ModelID`
[INFO] [stdout]    |                help: a struct with a similar name exists: `Model`
[INFO] [stdout] 
[INFO] [stdout] 
[INFO] [stdout] error: aborting due to 9 previous errors
[INFO] [stdout] 
[INFO] [stdout] 
[INFO] [stdout] Some errors have detailed explanations: E0412, E0432, E0433.
[INFO] [stdout] 
[INFO] [stdout] For more information about an error, try `rustc --explain E0412`.
[INFO] [stdout] 
[INFO] [stderr] error: could not compile `openai` (lib) due to 10 previous errors
[INFO] running `Command { std: "docker" "inspect" "b058ecf115ce8924d91c3916d3685d1555f9079a7c51f2ebc12e6bbaf7fac974", kill_on_drop: false }`
[INFO] running `Command { std: "docker" "rm" "-f" "b058ecf115ce8924d91c3916d3685d1555f9079a7c51f2ebc12e6bbaf7fac974", kill_on_drop: false }`
[INFO] [stdout] b058ecf115ce8924d91c3916d3685d1555f9079a7c51f2ebc12e6bbaf7fac974
