[INFO] cloning repository https://github.com/Phant80m/Fluorite
[INFO] running `Command { std: "git" "-c" "credential.helper=" "-c" "credential.helper=/workspace/cargo-home/bin/git-credential-null" "clone" "--bare" "https://github.com/Phant80m/Fluorite" "/workspace/cache/git-repos/https%3A%2F%2Fgithub.com%2FPhant80m%2FFluorite", kill_on_drop: false }`
[INFO] [stderr] Cloning into bare repository '/workspace/cache/git-repos/https%3A%2F%2Fgithub.com%2FPhant80m%2FFluorite'...
[INFO] running `Command { std: "git" "rev-parse" "HEAD", kill_on_drop: false }`
[INFO] [stdout] 659b39475fdcd2323c9479492360abe3b3797857
[INFO] documenting Phant80m/Fluorite against 1.75.0 for beta-1.76-rustdoc-1
[INFO] running `Command { std: "git" "clone" "/workspace/cache/git-repos/https%3A%2F%2Fgithub.com%2FPhant80m%2FFluorite" "/workspace/builds/worker-2-tc1/source", kill_on_drop: false }`
[INFO] [stderr] Cloning into '/workspace/builds/worker-2-tc1/source'...
[INFO] [stderr] done.
[INFO] validating manifest of git repo https://github.com/Phant80m/Fluorite on toolchain 1.75.0
[INFO] running `Command { std: CARGO_HOME="/workspace/cargo-home" RUSTUP_HOME="/workspace/rustup-home" "/workspace/cargo-home/bin/cargo" "+1.75.0" "metadata" "--manifest-path" "Cargo.toml" "--no-deps", kill_on_drop: false }`
[INFO] started tweaking git repo https://github.com/Phant80m/Fluorite
[INFO] finished tweaking git repo https://github.com/Phant80m/Fluorite
[INFO] tweaked toml for git repo https://github.com/Phant80m/Fluorite written to /workspace/builds/worker-2-tc1/source/Cargo.toml
[INFO] crate git repo https://github.com/Phant80m/Fluorite already has a lockfile, it will not be regenerated
[INFO] running `Command { std: CARGO_HOME="/workspace/cargo-home" RUSTUP_HOME="/workspace/rustup-home" "/workspace/cargo-home/bin/cargo" "+1.75.0" "fetch" "--manifest-path" "Cargo.toml", kill_on_drop: false }`
[INFO] [stderr]     Blocking waiting for file lock on package cache
[INFO] [stderr]     Updating git repository `https://github.com/serenity-rs/poise`
[INFO] [stderr]     Updating git repository `https://github.com/serenity-rs/serenity`
[INFO] [stderr] warning: Patch `poise v0.4.1 (https://github.com/serenity-rs/poise?branch=serenity-next#50ddbbb8)` was not used in the crate graph.
[INFO] [stderr] Check that the patched package version and available features are compatible
[INFO] [stderr] with the dependency requirements. If the patch has a different version from
[INFO] [stderr] what is locked in the Cargo.lock file, run `cargo update` to use the new
[INFO] [stderr] version. This may also occur with an optional dependency that is not enabled.
[INFO] [stderr]     Blocking waiting for file lock on package cache
[INFO] [stderr]  Downloading crates ...
[INFO] [stderr]   Downloaded thiserror-impl v1.0.41
[INFO] [stderr]   Downloaded poise_macros v0.5.5
[INFO] [stderr]   Downloaded thiserror v1.0.41
[INFO] [stderr]   Downloaded poise v0.5.5
[INFO] [stderr]   Downloaded regex v1.9.0
[INFO] [stderr]   Downloaded rustls v0.21.3
[INFO] [stderr]   Downloaded regex-automata v0.3.0
[INFO] [stderr]   Downloaded syn v2.0.23
[INFO] running `Command { std: "docker" "create" "-v" "/var/lib/crater-agent-workspace/builds/worker-2-tc1/target:/opt/rustwide/target:rw,Z" "-v" "/var/lib/crater-agent-workspace/builds/worker-2-tc1/source:/opt/rustwide/workdir:ro,Z" "-v" "/var/lib/crater-agent-workspace/cargo-home:/opt/rustwide/cargo-home:ro,Z" "-v" "/var/lib/crater-agent-workspace/rustup-home:/opt/rustwide/rustup-home:ro,Z" "-e" "SOURCE_DIR=/opt/rustwide/workdir" "-e" "CARGO_TARGET_DIR=/opt/rustwide/target" "-e" "CARGO_HOME=/opt/rustwide/cargo-home" "-e" "RUSTUP_HOME=/opt/rustwide/rustup-home" "-w" "/opt/rustwide/workdir" "-m" "1610612736" "--user" "0:0" "--network" "none" "ghcr.io/rust-lang/crates-build-env/linux@sha256:2788e3201cd34a07e3172128adcd8b3090168a8e3bcc40d7c032b9dda1df7d1c" "/opt/rustwide/cargo-home/bin/cargo" "+1.75.0" "metadata" "--no-deps" "--format-version=1", kill_on_drop: false }`
[INFO] [stdout] d4d5f664a5d2f9ff9295833d65c84c6677ac2afe40844f2310a26d8538cedf49
[INFO] running `Command { std: "docker" "start" "-a" "d4d5f664a5d2f9ff9295833d65c84c6677ac2afe40844f2310a26d8538cedf49", kill_on_drop: false }`
[INFO] running `Command { std: "docker" "inspect" "d4d5f664a5d2f9ff9295833d65c84c6677ac2afe40844f2310a26d8538cedf49", kill_on_drop: false }`
[INFO] running `Command { std: "docker" "rm" "-f" "d4d5f664a5d2f9ff9295833d65c84c6677ac2afe40844f2310a26d8538cedf49", kill_on_drop: false }`
[INFO] [stdout] d4d5f664a5d2f9ff9295833d65c84c6677ac2afe40844f2310a26d8538cedf49
[INFO] running `Command { std: "docker" "create" "-v" "/var/lib/crater-agent-workspace/builds/worker-2-tc1/target:/opt/rustwide/target:rw,Z" "-v" "/var/lib/crater-agent-workspace/builds/worker-2-tc1/source:/opt/rustwide/workdir:ro,Z" "-v" "/var/lib/crater-agent-workspace/cargo-home:/opt/rustwide/cargo-home:ro,Z" "-v" "/var/lib/crater-agent-workspace/rustup-home:/opt/rustwide/rustup-home:ro,Z" "-e" "SOURCE_DIR=/opt/rustwide/workdir" "-e" "CARGO_TARGET_DIR=/opt/rustwide/target" "-e" "CARGO_INCREMENTAL=0" "-e" "RUST_BACKTRACE=full" "-e" "RUSTFLAGS=--cap-lints=warn" "-e" "RUSTDOCFLAGS=--cap-lints=warn" "-e" "CARGO_HOME=/opt/rustwide/cargo-home" "-e" "RUSTUP_HOME=/opt/rustwide/rustup-home" "-w" "/opt/rustwide/workdir" "-m" "1610612736" "--user" "0:0" "--network" "none" "ghcr.io/rust-lang/crates-build-env/linux@sha256:2788e3201cd34a07e3172128adcd8b3090168a8e3bcc40d7c032b9dda1df7d1c" "/opt/rustwide/cargo-home/bin/cargo" "+1.75.0" "doc" "--frozen" "--no-deps" "--document-private-items" "--message-format=json", kill_on_drop: false }`
[INFO] [stdout] 5b173e186815bea1916f11078b09363c3927cc321b65dde48e733fa891bebede
[INFO] running `Command { std: "docker" "start" "-a" "5b173e186815bea1916f11078b09363c3927cc321b65dde48e733fa891bebede", kill_on_drop: false }`
[INFO] [stderr] warning: Patch `poise v0.4.1 (https://github.com/serenity-rs/poise?branch=serenity-next#50ddbbb8)` was not used in the crate graph.
[INFO] [stderr] Check that the patched package version and available features are compatible
[INFO] [stderr] with the dependency requirements. If the patch has a different version from
[INFO] [stderr] what is locked in the Cargo.lock file, run `cargo update` to use the new
[INFO] [stderr] version. This may also occur with an optional dependency that is not enabled.
[INFO] [stderr]    Compiling proc-macro2 v1.0.63
[INFO] [stderr]    Compiling quote v1.0.29
[INFO] [stderr]    Compiling unicode-ident v1.0.10
[INFO] [stderr]    Compiling libc v0.2.147
[INFO] [stderr]    Compiling cc v1.0.79
[INFO] [stderr]     Checking pin-project-lite v0.2.10
[INFO] [stderr]    Compiling serde v1.0.166
[INFO] [stderr]     Checking bytes v1.4.0
[INFO] [stderr]     Checking log v0.4.19
[INFO] [stderr]     Checking itoa v1.0.8
[INFO] [stderr]    Compiling tokio v1.29.1
[INFO] [stderr]    Compiling slab v0.4.8
[INFO] [stderr]    Compiling memchr v2.5.0
[INFO] [stderr]    Compiling typenum v1.16.0
[INFO] [stderr]     Checking http v0.2.9
[INFO] [stderr]    Compiling unicase v2.6.0
[INFO] [stderr]     Checking tracing-core v0.1.31
[INFO] [stderr]    Compiling syn v1.0.109
[INFO] [stderr]     Checking socket2 v0.4.9
[INFO] [stderr]     Checking mio v0.8.8
[INFO] [stderr]    Compiling syn v2.0.23
[INFO] [stderr]    Compiling ring v0.16.20
[INFO] [stderr]     Checking num_cpus v1.16.0
[INFO] [stderr]     Checking getrandom v0.2.10
[INFO] [stderr]     Checking unicode-normalization v0.1.22
[INFO] [stderr]    Compiling rustls v0.21.3
[INFO] [stderr]    Compiling rustls v0.20.8
[INFO] [stderr]     Checking rand_core v0.6.4
[INFO] [stderr]    Compiling thiserror v1.0.41
[INFO] [stderr]     Checking rand_chacha v0.3.1
[INFO] [stderr]    Compiling mime_guess v2.0.4
[INFO] [stderr]     Checking generic-array v0.14.7
[INFO] [stderr]     Checking http-body v0.4.5
[INFO] [stderr]     Checking idna v0.4.0
[INFO] [stderr]    Compiling num-traits v0.2.15
[INFO] [stderr]     Checking httpdate v1.0.2
[INFO] [stderr]     Checking ryu v1.0.14
[INFO] [stderr]    Compiling strsim v0.10.0
[INFO] [stderr]    Compiling crc32fast v1.3.2
[INFO] [stderr]     Checking block-buffer v0.10.4
[INFO] [stderr]     Checking crypto-common v0.1.6
[INFO] [stderr]     Checking digest v0.10.7
[INFO] [stderr]    Compiling fnv v1.0.7
[INFO] [stderr]    Compiling ident_case v1.0.1
[INFO] [stderr]     Checking scopeguard v1.1.0
[INFO] [stderr]     Checking smallvec v1.11.0
[INFO] [stderr]     Checking sha1 v0.10.5
[INFO] [stderr]     Checking lock_api v0.4.10
[INFO] [stderr]     Checking rand v0.8.5
[INFO] [stderr]     Checking parking_lot_core v0.9.8
[INFO] [stderr]    Compiling async-trait v0.1.71
[INFO] [stderr]    Compiling serde_json v1.0.100
[INFO] [stderr]     Checking adler v1.0.2
[INFO] [stderr]     Checking base64 v0.21.2
[INFO] [stderr]     Checking miniz_oxide v0.7.1
[INFO] [stderr]     Checking rustls-pemfile v1.0.3
[INFO] [stderr]     Checking time v0.1.45
[INFO] [stderr]     Checking encoding_rs v0.8.32
[INFO] [stderr]     Checking zeroize v1.6.0
[INFO] [stderr]     Checking time-core v0.1.1
[INFO] [stderr]     Checking regex-syntax v0.7.3
[INFO] [stderr]    Compiling serenity v0.11.5 (https://github.com/serenity-rs/serenity?branch=next#0c12aa88)
[INFO] [stderr]     Checking flate2 v1.0.26
[INFO] [stderr]     Checking parking_lot v0.12.1
[INFO] [stderr]     Checking fxhash v0.2.1
[INFO] [stderr]     Checking typemap_rev v0.3.0
[INFO] [stderr]     Checking owo-colors v3.5.0
[INFO] [stderr]     Checking regex-automata v0.3.0
[INFO] [stderr]     Checking sct v0.7.0
[INFO] [stderr]     Checking webpki v0.22.0
[INFO] [stderr]     Checking rustls-webpki v0.101.1
[INFO] [stderr]     Checking regex v1.9.0
[INFO] [stderr]     Checking webpki-roots v0.22.6
[INFO] [stderr]    Compiling serde_derive v1.0.166
[INFO] [stderr]    Compiling tokio-macros v2.1.0
[INFO] [stderr]    Compiling futures-macro v0.3.28
[INFO] [stderr]    Compiling tracing-attributes v0.1.26
[INFO] [stderr]    Compiling thiserror-impl v1.0.41
[INFO] [stderr]    Compiling darling_core v0.14.4
[INFO] [stderr]     Checking futures-util v0.3.28
[INFO] [stderr]     Checking tracing v0.1.37
[INFO] [stderr]    Compiling derivative v2.2.0
[INFO] [stderr]    Compiling darling_macro v0.14.4
[INFO] [stderr]     Checking futures v0.3.28
[INFO] [stderr]    Compiling darling v0.14.4
[INFO] [stderr]    Compiling poise_macros v0.5.5
[INFO] [stderr]     Checking tokio-util v0.7.8
[INFO] [stderr]     Checking tokio-rustls v0.24.1
[INFO] [stderr]     Checking tokio-rustls v0.23.4
[INFO] [stderr]     Checking h2 v0.3.20
[INFO] [stderr]     Checking url v2.4.0
[INFO] [stderr]     Checking serde_urlencoded v0.7.1
[INFO] [stderr]     Checking secrecy v0.8.0
[INFO] [stderr]     Checking arrayvec v0.7.4
[INFO] [stderr]     Checking chrono v0.4.26
[INFO] [stderr]     Checking dashmap v5.4.0
[INFO] [stderr]     Checking time v0.3.22
[INFO] [stderr]     Checking tungstenite v0.18.0
[INFO] [stderr]     Checking tokio-tungstenite v0.18.0
[INFO] [stderr]     Checking hyper v0.14.27
[INFO] [stderr]     Checking hyper-rustls v0.24.1
[INFO] [stderr]     Checking reqwest v0.11.18
[INFO] [stderr]     Checking poise v0.5.5
[INFO] [stdout] error[E0433]: failed to resolve: could not find `bridge` in `client`
[INFO] [stdout]    --> /opt/rustwide/cargo-home/registry/src/index.crates.io-6f17d22bba15001f/poise-0.5.5/src/lib.rs:432:13
[INFO] [stdout]     |
[INFO] [stdout] 432 |             bridge::gateway::{event::*, *},
[INFO] [stdout]     |             ^^^^^^ could not find `bridge` in `client`
[INFO] [stdout] 
[INFO] [stdout] 
[INFO] [stdout] error[E0432]: unresolved imports `serenity::model::application::interaction::InteractionResponseType`, `serenity::model::application::interaction::MessageFlags`, `serenity::model::application::interaction::application_command`, `serenity::model::application::interaction::autocomplete`, `serenity::model::application::interaction::message_component`, `serenity::model::application::interaction::modal`
[INFO] [stdout]    --> /opt/rustwide/cargo-home/registry/src/index.crates.io-6f17d22bba15001f/poise-0.5.5/src/lib.rs:441:30
[INFO] [stdout]     |
[INFO] [stdout] 441 |                 Interaction, InteractionResponseType, InteractionType,
[INFO] [stdout]     |                              ^^^^^^^^^^^^^^^^^^^^^^^
[INFO] [stdout]     |                              |
[INFO] [stdout]     |                              no `InteractionResponseType` in `model::application::interaction`
[INFO] [stdout]     |                              help: a similar name exists in the module: `InteractionResponseFlags`
[INFO] [stdout] 442 |                 MessageFlags as InteractionResponseFlags, MessageInteraction,
[INFO] [stdout]     |                 ^^^^^^^^^^^^^^^^^^^^^^^^^^^^^^^^^^^^^^^^ no `MessageFlags` in `model::application::interaction`
[INFO] [stdout] ...
[INFO] [stdout] 453 |                     application_command::*, autocomplete::*, message_component::*, modal::*, *,
[INFO] [stdout]     |                     ^^^^^^^^^^^^^^^^^^^     ^^^^^^^^^^^^     ^^^^^^^^^^^^^^^^^     ^^^^^ could not find `modal` in `interaction`
[INFO] [stdout]     |                     |                       |                |
[INFO] [stdout]     |                     |                       |                could not find `message_component` in `interaction`
[INFO] [stdout]     |                     |                       could not find `autocomplete` in `interaction`
[INFO] [stdout]     |                     could not find `application_command` in `interaction`
[INFO] [stdout]     |
[INFO] [stdout]     = help: consider importing one of these items instead:
[INFO] [stdout]             crate::serenity_prelude::all::MessageFlags
[INFO] [stdout]             serenity::all::MessageFlags
[INFO] [stdout] 
[INFO] [stdout] 
[INFO] [stdout] error[E0433]: failed to resolve: could not find `CreateApplicationCommands` in `serenity`
[INFO] [stdout]   --> /opt/rustwide/cargo-home/registry/src/index.crates.io-6f17d22bba15001f/poise-0.5.5/src/builtins/register.rs:41:42
[INFO] [stdout]    |
[INFO] [stdout] 41 |     let mut commands_builder = serenity::CreateApplicationCommands::default();
[INFO] [stdout]    |                                          ^^^^^^^^^^^^^^^^^^^^^^^^^ could not find `CreateApplicationCommands` in `serenity`
[INFO] [stdout] 
[INFO] [stdout] 
[INFO] [stdout] error[E0433]: failed to resolve: could not find `CollectComponentInteraction` in `serenity`
[INFO] [stdout]   --> /opt/rustwide/cargo-home/registry/src/index.crates.io-6f17d22bba15001f/poise-0.5.5/src/builtins/paginate.rs:58:39
[INFO] [stdout]    |
[INFO] [stdout] 58 |     while let Some(press) = serenity::CollectComponentInteraction::new(ctx)
[INFO] [stdout]    |                                       ^^^^^^^^^^^^^^^^^^^^^^^^^^^
[INFO] [stdout]    |                                       |
[INFO] [stdout]    |                                       could not find `CollectComponentInteraction` in `serenity`
[INFO] [stdout]    |                                       help: a struct with a similar name exists: `ComponentInteraction`
[INFO] [stdout] 
[INFO] [stdout] 
[INFO] [stdout] error[E0407]: method `application_command_permissions_update` is not a member of trait `serenity::EventHandler`
[INFO] [stdout]    --> /opt/rustwide/cargo-home/registry/src/index.crates.io-6f17d22bba15001f/poise-0.5.5/src/event.rs:42:17
[INFO] [stdout]     |
[INFO] [stdout] 42  | /                 async fn $fn_name<'s $(, $lt2)? >(&'s self, ctx: serenity::Context, $( $arg_name: $arg_type, )* ) {
[INFO] [stdout] 43  | |                     (self.0)(ctx, Event::$variant_name { $( $arg_name, )* }).await
[INFO] [stdout] 44  | |                 }
[INFO] [stdout]     | |_________________^ not a member of trait `serenity::EventHandler`
[INFO] [stdout] ...
[INFO] [stdout] 94  | / event! {
[INFO] [stdout] 95  | |     'a
[INFO] [stdout] 96  | |     application_command_permissions_update => ApplicationCommandPermissionsUpdate { permission: serenity::CommandPermission },
[INFO] [stdout]     | |     -------------------------------------- help: there is an associated function with a similar name: `command_permissions_update`
[INFO] [stdout] 97  | |     auto_moderation_action_execution => AutoModerationActionExecution { execution: serenity::ActionExecution },
[INFO] [stdout] ...   |
[INFO] [stdout] 195 | |     webhook_update => WebhookUpdate { guild_id: serenity::GuildId, belongs_to_channel_id: serenity::ChannelId },
[INFO] [stdout] 196 | | }
[INFO] [stdout]     | |_- in this macro invocation
[INFO] [stdout]     |
[INFO] [stdout]     = note: this error originates in the macro `event` (in Nightly builds, run with -Z macro-backtrace for more info)
[INFO] [stdout] 
[INFO] [stdout] 
[INFO] [stdout] error[E0407]: method `guild_unavailable` is not a member of trait `serenity::EventHandler`
[INFO] [stdout]    --> /opt/rustwide/cargo-home/registry/src/index.crates.io-6f17d22bba15001f/poise-0.5.5/src/event.rs:42:17
[INFO] [stdout]     |
[INFO] [stdout] 42  | /                 async fn $fn_name<'s $(, $lt2)? >(&'s self, ctx: serenity::Context, $( $arg_name: $arg_type, )* ) {
[INFO] [stdout] 43  | |                     (self.0)(ctx, Event::$variant_name { $( $arg_name, )* }).await
[INFO] [stdout] 44  | |                 }
[INFO] [stdout]     | |_________________^ not a member of trait `serenity::EventHandler`
[INFO] [stdout] ...
[INFO] [stdout] 94  | / event! {
[INFO] [stdout] 95  | |     'a
[INFO] [stdout] 96  | |     application_command_permissions_update => ApplicationCommandPermissionsUpdate { permission: serenity::CommandPermission },
[INFO] [stdout] 97  | |     auto_moderation_action_execution => AutoModerationActionExecution { execution: serenity::ActionExecution },
[INFO] [stdout] ...   |
[INFO] [stdout] 195 | |     webhook_update => WebhookUpdate { guild_id: serenity::GuildId, belongs_to_channel_id: serenity::ChannelId },
[INFO] [stdout] 196 | | }
[INFO] [stdout]     | |_- in this macro invocation
[INFO] [stdout]     |
[INFO] [stdout]     = note: this error originates in the macro `event` (in Nightly builds, run with -Z macro-backtrace for more info)
[INFO] [stdout] 
[INFO] [stdout] 
[INFO] [stdout] error[E0407]: method `unknown` is not a member of trait `serenity::EventHandler`
[INFO] [stdout]    --> /opt/rustwide/cargo-home/registry/src/index.crates.io-6f17d22bba15001f/poise-0.5.5/src/event.rs:42:17
[INFO] [stdout]     |
[INFO] [stdout] 42  | /                 async fn $fn_name<'s $(, $lt2)? >(&'s self, ctx: serenity::Context, $( $arg_name: $arg_type, )* ) {
[INFO] [stdout] 43  | |                     (self.0)(ctx, Event::$variant_name { $( $arg_name, )* }).await
[INFO] [stdout] 44  | |                 }
[INFO] [stdout]     | |_________________^ not a member of trait `serenity::EventHandler`
[INFO] [stdout] ...
[INFO] [stdout] 94  | / event! {
[INFO] [stdout] 95  | |     'a
[INFO] [stdout] 96  | |     application_command_permissions_update => ApplicationCommandPermissionsUpdate { permission: serenity::CommandPermission },
[INFO] [stdout] 97  | |     auto_moderation_action_execution => AutoModerationActionExecution { execution: serenity::ActionExecution },
[INFO] [stdout] ...   |
[INFO] [stdout] 195 | |     webhook_update => WebhookUpdate { guild_id: serenity::GuildId, belongs_to_channel_id: serenity::ChannelId },
[INFO] [stdout] 196 | | }
[INFO] [stdout]     | |_- in this macro invocation
[INFO] [stdout]     |
[INFO] [stdout]     = note: this error originates in the macro `event` (in Nightly builds, run with -Z macro-backtrace for more info)
[INFO] [stdout] 
[INFO] [stdout] 
[INFO] [stdout] error[E0433]: failed to resolve: could not find `CollectModalInteraction` in `serenity`
[INFO] [stdout]   --> /opt/rustwide/cargo-home/registry/src/index.crates.io-6f17d22bba15001f/poise-0.5.5/src/modal.rs:72:30
[INFO] [stdout]    |
[INFO] [stdout] 72 |     let response = serenity::CollectModalInteraction::new(&ctx.serenity_context.shard)
[INFO] [stdout]    |                              ^^^^^^^^^^^^^^^^^^^^^^^
[INFO] [stdout]    |                              |
[INFO] [stdout]    |                              could not find `CollectModalInteraction` in `serenity`
[INFO] [stdout]    |                              help: a struct with a similar name exists: `ModalInteraction`
[INFO] [stdout] 
[INFO] [stdout] 
[INFO] [stdout] error[E0433]: failed to resolve: could not find `CreateComponents` in `serenity`
[INFO] [stdout]   --> /opt/rustwide/cargo-home/registry/src/index.crates.io-6f17d22bba15001f/poise-0.5.5/src/reply/builder.rs:51:40
[INFO] [stdout]    |
[INFO] [stdout] 51 |         let mut components = serenity::CreateComponents::default();
[INFO] [stdout]    |                                        ^^^^^^^^^^^^^^^^ could not find `CreateComponents` in `serenity`
[INFO] [stdout] 
[INFO] [stdout] 
[INFO] [stdout] error[E0433]: failed to resolve: could not find `ParseValue` in `serenity`
[INFO] [stdout]    --> /opt/rustwide/cargo-home/registry/src/index.crates.io-6f17d22bba15001f/poise-0.5.5/src/structs/framework_options.rs:110:49
[INFO] [stdout]     |
[INFO] [stdout] 110 |                 f.empty_parse().parse(serenity::ParseValue::Users);
[INFO] [stdout]     |                                                 ^^^^^^^^^^ could not find `ParseValue` in `serenity`
[INFO] [stdout] 
[INFO] [stdout] 
[INFO] [stdout] error[E0433]: failed to resolve: could not find `CreateApplicationCommandOption` in `serenity`
[INFO] [stdout]    --> /opt/rustwide/cargo-home/registry/src/index.crates.io-6f17d22bba15001f/poise-0.5.5/src/structs/command.rs:140:37
[INFO] [stdout]     |
[INFO] [stdout] 140 |         let mut builder = serenity::CreateApplicationCommandOption::default();
[INFO] [stdout]     |                                     ^^^^^^^^^^^^^^^^^^^^^^^^^^^^^^ could not find `CreateApplicationCommandOption` in `serenity`
[INFO] [stdout] 
[INFO] [stdout] 
[INFO] [stdout] error[E0433]: failed to resolve: could not find `CreateApplicationCommand` in `serenity`
[INFO] [stdout]    --> /opt/rustwide/cargo-home/registry/src/index.crates.io-6f17d22bba15001f/poise-0.5.5/src/structs/command.rs:177:37
[INFO] [stdout]     |
[INFO] [stdout] 177 |         let mut builder = serenity::CreateApplicationCommand::default();
[INFO] [stdout]     |                                     ^^^^^^^^^^^^^^^^^^^^^^^^ could not find `CreateApplicationCommand` in `serenity`
[INFO] [stdout] 
[INFO] [stdout] 
[INFO] [stdout] error[E0433]: failed to resolve: could not find `CreateApplicationCommand` in `serenity`
[INFO] [stdout]    --> /opt/rustwide/cargo-home/registry/src/index.crates.io-6f17d22bba15001f/poise-0.5.5/src/structs/command.rs:220:37
[INFO] [stdout]     |
[INFO] [stdout] 220 |         let mut builder = serenity::CreateApplicationCommand::default();
[INFO] [stdout]     |                                     ^^^^^^^^^^^^^^^^^^^^^^^^ could not find `CreateApplicationCommand` in `serenity`
[INFO] [stdout] 
[INFO] [stdout] 
[INFO] [stdout] error[E0433]: failed to resolve: could not find `CreateApplicationCommandOption` in `serenity`
[INFO] [stdout]    --> /opt/rustwide/cargo-home/registry/src/index.crates.io-6f17d22bba15001f/poise-0.5.5/src/structs/slash.rs:250:37
[INFO] [stdout]     |
[INFO] [stdout] 250 |         let mut builder = serenity::CreateApplicationCommandOption::default();
[INFO] [stdout]     |                                     ^^^^^^^^^^^^^^^^^^^^^^^^^^^^^^ could not find `CreateApplicationCommandOption` in `serenity`
[INFO] [stdout] 
[INFO] [stdout] 
[INFO] [stdout] error[E0412]: cannot find type `CreateApplicationCommands` in module `serenity`
[INFO] [stdout]   --> /opt/rustwide/cargo-home/registry/src/index.crates.io-6f17d22bba15001f/poise-0.5.5/src/builtins/register.rs:24:16
[INFO] [stdout]    |
[INFO] [stdout] 24 | ) -> serenity::CreateApplicationCommands {
[INFO] [stdout]    |                ^^^^^^^^^^^^^^^^^^^^^^^^^ not found in `serenity`
[INFO] [stdout] 
[INFO] [stdout] 
[INFO] [stdout] error[E0412]: cannot find type `CreateApplicationCommands` in module `serenity`
[INFO] [stdout]   --> /opt/rustwide/cargo-home/registry/src/index.crates.io-6f17d22bba15001f/poise-0.5.5/src/builtins/register.rs:30:33
[INFO] [stdout]    |
[INFO] [stdout] 30 |         builder: &mut serenity::CreateApplicationCommands,
[INFO] [stdout]    |                                 ^^^^^^^^^^^^^^^^^^^^^^^^^ not found in `serenity`
[INFO] [stdout] 
[INFO] [stdout] 
[INFO] [stdout] error[E0412]: cannot find type `ApplicationCommandInteraction` in module `serenity`
[INFO] [stdout]    --> /opt/rustwide/cargo-home/registry/src/index.crates.io-6f17d22bba15001f/poise-0.5.5/src/dispatch/slash.rs:159:32
[INFO] [stdout]     |
[INFO] [stdout] 159 |     interaction: &'a serenity::ApplicationCommandInteraction,
[INFO] [stdout]     |                                ^^^^^^^^^^^^^^^^^^^^^^^^^^^^^ not found in `serenity`
[INFO] [stdout] 
[INFO] [stdout] 
[INFO] [stdout] error[E0412]: cannot find type `AutocompleteInteraction` in module `serenity`
[INFO] [stdout]    --> /opt/rustwide/cargo-home/registry/src/index.crates.io-6f17d22bba15001f/poise-0.5.5/src/dispatch/slash.rs:267:32
[INFO] [stdout]     |
[INFO] [stdout] 267 |     interaction: &'a serenity::AutocompleteInteraction,
[INFO] [stdout]     |                                ^^^^^^^^^^^^^^^^^^^^^^^ help: a struct with a similar name exists: `AutocompleteOption`
[INFO] [stdout]     |
[INFO] [stdout]    ::: /opt/rustwide/cargo-home/git/checkouts/serenity-8a8b65b77919dc75/0c12aa8/src/model/application/command_interaction.rs:421:1
[INFO] [stdout]     |
[INFO] [stdout] 421 | pub struct AutocompleteOption<'a> {
[INFO] [stdout]     | --------------------------------- similarly named struct `AutocompleteOption` defined here
[INFO] [stdout] 
[INFO] [stdout] 
[INFO] [stdout] error[E0412]: cannot find type `ShardManager` in module `serenity`
[INFO] [stdout]   --> /opt/rustwide/cargo-home/registry/src/index.crates.io-6f17d22bba15001f/poise-0.5.5/src/dispatch/mod.rs:24:72
[INFO] [stdout]    |
[INFO] [stdout] 24 |     pub shard_manager: &'a std::sync::Arc<tokio::sync::Mutex<serenity::ShardManager>>,
[INFO] [stdout]    |                                                                        ^^^^^^^^^^^^ not found in `serenity`
[INFO] [stdout]    |
[INFO] [stdout] help: consider importing one of these items
[INFO] [stdout]    |
[INFO] [stdout] 7  + use ::serenity::all::ShardManager;
[INFO] [stdout]    |
[INFO] [stdout] 7  + use crate::serenity_prelude::all::ShardManager;
[INFO] [stdout]    |
[INFO] [stdout] help: if you import `ShardManager`, refer to it directly
[INFO] [stdout]    |
[INFO] [stdout] 24 -     pub shard_manager: &'a std::sync::Arc<tokio::sync::Mutex<serenity::ShardManager>>,
[INFO] [stdout] 24 +     pub shard_manager: &'a std::sync::Arc<tokio::sync::Mutex<ShardManager>>,
[INFO] [stdout]    |
[INFO] [stdout] 
[INFO] [stdout] 
[INFO] [stdout] error[E0412]: cannot find type `ShardManager` in module `serenity`
[INFO] [stdout]   --> /opt/rustwide/cargo-home/registry/src/index.crates.io-6f17d22bba15001f/poise-0.5.5/src/dispatch/mod.rs:47:80
[INFO] [stdout]    |
[INFO] [stdout] 47 |     pub fn shard_manager(&self) -> std::sync::Arc<tokio::sync::Mutex<serenity::ShardManager>> {
[INFO] [stdout]    |                                                                                ^^^^^^^^^^^^ not found in `serenity`
[INFO] [stdout]    |
[INFO] [stdout] help: consider importing one of these items
[INFO] [stdout]    |
[INFO] [stdout] 7  + use ::serenity::all::ShardManager;
[INFO] [stdout]    |
[INFO] [stdout] 7  + use crate::serenity_prelude::all::ShardManager;
[INFO] [stdout]    |
[INFO] [stdout] help: if you import `ShardManager`, refer to it directly
[INFO] [stdout]    |
[INFO] [stdout] 47 -     pub fn shard_manager(&self) -> std::sync::Arc<tokio::sync::Mutex<serenity::ShardManager>> {
[INFO] [stdout] 47 +     pub fn shard_manager(&self) -> std::sync::Arc<tokio::sync::Mutex<ShardManager>> {
[INFO] [stdout]    |
[INFO] [stdout] 
[INFO] [stdout] 
[INFO] [stdout] error[E0412]: cannot find type `ChannelCategory` in module `serenity`
[INFO] [stdout]    --> /opt/rustwide/cargo-home/registry/src/index.crates.io-6f17d22bba15001f/poise-0.5.5/src/event.rs:104:69
[INFO] [stdout]     |
[INFO] [stdout] 104 |     category_create<'a> => CategoryCreate { category: &'a serenity::ChannelCategory },
[INFO] [stdout]     |                                                                     ^^^^^^^^^^^^^^^ not found in `serenity`
[INFO] [stdout] 
[INFO] [stdout] 
[INFO] [stdout] error[E0412]: cannot find type `ChannelCategory` in module `serenity`
[INFO] [stdout]    --> /opt/rustwide/cargo-home/registry/src/index.crates.io-6f17d22bba15001f/poise-0.5.5/src/event.rs:105:69
[INFO] [stdout]     |
[INFO] [stdout] 105 |     category_delete<'a> => CategoryDelete { category: &'a serenity::ChannelCategory },
[INFO] [stdout]     |                                                                     ^^^^^^^^^^^^^^^ not found in `serenity`
[INFO] [stdout] 
[INFO] [stdout] 
[INFO] [stdout] error[E0412]: cannot find type `ShardStageUpdateEvent` in module `serenity`
[INFO] [stdout]    --> /opt/rustwide/cargo-home/registry/src/index.crates.io-6f17d22bba15001f/poise-0.5.5/src/event.rs:174:64
[INFO] [stdout]     |
[INFO] [stdout] 174 |     shard_stage_update => ShardStageUpdate { update: serenity::ShardStageUpdateEvent },
[INFO] [stdout]     |                                                                ^^^^^^^^^^^^^^^^^^^^^
[INFO] [stdout]     |
[INFO] [stdout]    ::: /opt/rustwide/cargo-home/git/checkouts/serenity-8a8b65b77919dc75/0c12aa8/src/model/event.rs:733:1
[INFO] [stdout]     |
[INFO] [stdout] 733 | pub struct VoiceStateUpdateEvent {
[INFO] [stdout]     | -------------------------------- similarly named struct `VoiceStateUpdateEvent` defined here
[INFO] [stdout]     |
[INFO] [stdout] help: a struct with a similar name exists
[INFO] [stdout]     |
[INFO] [stdout] 174 |     shard_stage_update => ShardStageUpdate { update: serenity::VoiceStateUpdateEvent },
[INFO] [stdout]     |                                                                ~~~~~~~~~~~~~~~~~~~~~
[INFO] [stdout] help: consider importing one of these items
[INFO] [stdout]     |
[INFO] [stdout] 3   + use ::serenity::all::ShardStageUpdateEvent;
[INFO] [stdout]     |
[INFO] [stdout] 3   + use crate::serenity_prelude::all::ShardStageUpdateEvent;
[INFO] [stdout]     |
[INFO] [stdout] help: if you import `ShardStageUpdateEvent`, refer to it directly
[INFO] [stdout]     |
[INFO] [stdout] 174 -     shard_stage_update => ShardStageUpdate { update: serenity::ShardStageUpdateEvent },
[INFO] [stdout] 174 +     shard_stage_update => ShardStageUpdate { update: ShardStageUpdateEvent },
[INFO] [stdout]     |
[INFO] [stdout] 
[INFO] [stdout] 
[INFO] [stdout] error[E0412]: cannot find type `ShardManager` in module `serenity`
[INFO] [stdout]   --> /opt/rustwide/cargo-home/registry/src/index.crates.io-6f17d22bba15001f/poise-0.5.5/src/framework/mod.rs:30:64
[INFO] [stdout]    |
[INFO] [stdout] 30 |     shard_manager: std::sync::Arc<tokio::sync::Mutex<serenity::ShardManager>>,
[INFO] [stdout]    |                                                                ^^^^^^^^^^^^ not found in `serenity`
[INFO] [stdout]    |
[INFO] [stdout] help: consider importing one of these items
[INFO] [stdout]    |
[INFO] [stdout] 3  + use ::serenity::all::ShardManager;
[INFO] [stdout]    |
[INFO] [stdout] 3  + use crate::serenity_prelude::all::ShardManager;
[INFO] [stdout]    |
[INFO] [stdout] help: if you import `ShardManager`, refer to it directly
[INFO] [stdout]    |
[INFO] [stdout] 30 -     shard_manager: std::sync::Arc<tokio::sync::Mutex<serenity::ShardManager>>,
[INFO] [stdout] 30 +     shard_manager: std::sync::Arc<tokio::sync::Mutex<ShardManager>>,
[INFO] [stdout]    |
[INFO] [stdout] 
[INFO] [stdout] 
[INFO] [stdout] error[E0412]: cannot find type `ShardManager` in module `serenity`
[INFO] [stdout]    --> /opt/rustwide/cargo-home/registry/src/index.crates.io-6f17d22bba15001f/poise-0.5.5/src/framework/mod.rs:199:81
[INFO] [stdout]     |
[INFO] [stdout] 199 |     pub fn shard_manager(&self) -> &std::sync::Arc<tokio::sync::Mutex<serenity::ShardManager>> {
[INFO] [stdout]     |                                                                                 ^^^^^^^^^^^^ not found in `serenity`
[INFO] [stdout]     |
[INFO] [stdout] help: consider importing one of these items
[INFO] [stdout]     |
[INFO] [stdout] 3   + use ::serenity::all::ShardManager;
[INFO] [stdout]     |
[INFO] [stdout] 3   + use crate::serenity_prelude::all::ShardManager;
[INFO] [stdout]     |
[INFO] [stdout] help: if you import `ShardManager`, refer to it directly
[INFO] [stdout]     |
[INFO] [stdout] 199 -     pub fn shard_manager(&self) -> &std::sync::Arc<tokio::sync::Mutex<serenity::ShardManager>> {
[INFO] [stdout] 199 +     pub fn shard_manager(&self) -> &std::sync::Arc<tokio::sync::Mutex<ShardManager>> {
[INFO] [stdout]     |
[INFO] [stdout] 
[INFO] [stdout] 
[INFO] [stdout] error[E0412]: cannot find type `ModalSubmitInteractionData` in module `serenity`
[INFO] [stdout]    --> /opt/rustwide/cargo-home/registry/src/index.crates.io-6f17d22bba15001f/poise-0.5.5/src/modal.rs:10:26
[INFO] [stdout]     |
[INFO] [stdout] 10  |     data: &mut serenity::ModalSubmitInteractionData,
[INFO] [stdout]     |                          ^^^^^^^^^^^^^^^^^^^^^^^^^^ help: a struct with a similar name exists: `ModalInteractionData`
[INFO] [stdout]     |
[INFO] [stdout]    ::: /opt/rustwide/cargo-home/git/checkouts/serenity-8a8b65b77919dc75/0c12aa8/src/model/application/modal_interaction.rs:217:1
[INFO] [stdout]     |
[INFO] [stdout] 217 | pub struct ModalInteractionData {
[INFO] [stdout]     | ------------------------------- similarly named struct `ModalInteractionData` defined here
[INFO] [stdout] 
[INFO] [stdout] 
[INFO] [stdout] error[E0412]: cannot find type `ModalSubmitInteractionData` in module `serenity`
[INFO] [stdout]    --> /opt/rustwide/cargo-home/registry/src/index.crates.io-6f17d22bba15001f/poise-0.5.5/src/modal.rs:142:30
[INFO] [stdout]     |
[INFO] [stdout] 142 |     fn parse(data: serenity::ModalSubmitInteractionData) -> Result<Self, &'static str>;
[INFO] [stdout]     |                              ^^^^^^^^^^^^^^^^^^^^^^^^^^ help: a struct with a similar name exists: `ModalInteractionData`
[INFO] [stdout]     |
[INFO] [stdout]    ::: /opt/rustwide/cargo-home/git/checkouts/serenity-8a8b65b77919dc75/0c12aa8/src/model/application/modal_interaction.rs:217:1
[INFO] [stdout]     |
[INFO] [stdout] 217 | pub struct ModalInteractionData {
[INFO] [stdout]     | ------------------------------- similarly named struct `ModalInteractionData` defined here
[INFO] [stdout] 
[INFO] [stdout] 
[INFO] [stdout] error[E0412]: cannot find type `CreateComponents` in module `serenity`
[INFO] [stdout]   --> /opt/rustwide/cargo-home/registry/src/index.crates.io-6f17d22bba15001f/poise-0.5.5/src/reply/builder.rs:17:38
[INFO] [stdout]    |
[INFO] [stdout] 17 |     pub components: Option<serenity::CreateComponents>,
[INFO] [stdout]    |                                      ^^^^^^^^^^^^^^^^ not found in `serenity`
[INFO] [stdout] 
[INFO] [stdout] 
[INFO] [stdout] error[E0412]: cannot find type `CreateComponents` in module `serenity`
[INFO] [stdout]   --> /opt/rustwide/cargo-home/registry/src/index.crates.io-6f17d22bba15001f/poise-0.5.5/src/reply/builder.rs:49:39
[INFO] [stdout]    |
[INFO] [stdout] 49 |         f: impl FnOnce(&mut serenity::CreateComponents) -> &mut serenity::CreateComponents,
[INFO] [stdout]    |                                       ^^^^^^^^^^^^^^^^ not found in `serenity`
[INFO] [stdout] 
[INFO] [stdout] 
[INFO] [stdout] error[E0412]: cannot find type `CreateComponents` in module `serenity`
[INFO] [stdout]   --> /opt/rustwide/cargo-home/registry/src/index.crates.io-6f17d22bba15001f/poise-0.5.5/src/reply/builder.rs:49:75
[INFO] [stdout]    |
[INFO] [stdout] 49 |         f: impl FnOnce(&mut serenity::CreateComponents) -> &mut serenity::CreateComponents,
[INFO] [stdout]    |                                                                           ^^^^^^^^^^^^^^^^ not found in `serenity`
[INFO] [stdout] 
[INFO] [stdout] 
[INFO] [stdout] error[E0412]: cannot find type `CreateInteractionResponseData` in module `serenity`
[INFO] [stdout]    --> /opt/rustwide/cargo-home/registry/src/index.crates.io-6f17d22bba15001f/poise-0.5.5/src/reply/builder.rs:101:62
[INFO] [stdout]     |
[INFO] [stdout] 101 |     pub fn to_slash_initial_response(self, f: &mut serenity::CreateInteractionResponseData<'att>) {
[INFO] [stdout]     |                                                              ^^^^^^^^^^^^^^^^^^^^^^^^^^^^^ help: an enum with a similar name exists: `CreateInteractionResponse`
[INFO] [stdout]     |
[INFO] [stdout]    ::: /opt/rustwide/cargo-home/git/checkouts/serenity-8a8b65b77919dc75/0c12aa8/src/builder/create_interaction_response.rs:15:1
[INFO] [stdout]     |
[INFO] [stdout] 15  | pub enum CreateInteractionResponse {
[INFO] [stdout]     | ---------------------------------- similarly named enum `CreateInteractionResponse` defined here
[INFO] [stdout] 
[INFO] [stdout] 
[INFO] [stdout] error[E0412]: cannot find type `ApplicationCommandInteraction` in module `serenity`
[INFO] [stdout]   --> /opt/rustwide/cargo-home/registry/src/index.crates.io-6f17d22bba15001f/poise-0.5.5/src/reply/mod.rs:24:36
[INFO] [stdout]    |
[INFO] [stdout] 24 |         interaction: &'a serenity::ApplicationCommandInteraction,
[INFO] [stdout]    |                                    ^^^^^^^^^^^^^^^^^^^^^^^^^^^^^ not found in `serenity`
[INFO] [stdout] 
[INFO] [stdout] 
[INFO] [stdout] error[E0412]: cannot find type `CreateApplicationCommandOption` in module `serenity`
[INFO] [stdout]   --> /opt/rustwide/cargo-home/registry/src/index.crates.io-6f17d22bba15001f/poise-0.5.5/src/slash_argument/slash_trait.rs:30:39
[INFO] [stdout]    |
[INFO] [stdout] 30 |     fn create(builder: &mut serenity::CreateApplicationCommandOption);
[INFO] [stdout]    |                                       ^^^^^^^^^^^^^^^^^^^^^^^^^^^^^^ not found in `serenity`
[INFO] [stdout] 
[INFO] [stdout] 
[INFO] [stdout] error[E0412]: cannot find type `CreateApplicationCommandOption` in module `serenity`
[INFO] [stdout]   --> /opt/rustwide/cargo-home/registry/src/index.crates.io-6f17d22bba15001f/poise-0.5.5/src/slash_argument/slash_trait.rs:54:45
[INFO] [stdout]    |
[INFO] [stdout] 54 |     fn create(self, builder: &mut serenity::CreateApplicationCommandOption);
[INFO] [stdout]    |                                             ^^^^^^^^^^^^^^^^^^^^^^^^^^^^^^ not found in `serenity`
[INFO] [stdout] 
[INFO] [stdout] 
[INFO] [stdout] error[E0412]: cannot find type `CreateApplicationCommandOption` in module `serenity`
[INFO] [stdout]    --> /opt/rustwide/cargo-home/registry/src/index.crates.io-6f17d22bba15001f/poise-0.5.5/src/slash_argument/slash_trait.rs:121:45
[INFO] [stdout]     |
[INFO] [stdout] 121 |     fn create(self, builder: &mut serenity::CreateApplicationCommandOption) {
[INFO] [stdout]     |                                             ^^^^^^^^^^^^^^^^^^^^^^^^^^^^^^ not found in `serenity`
[INFO] [stdout] 
[INFO] [stdout] 
[INFO] [stdout] error[E0412]: cannot find type `CreateApplicationCommandOption` in module `serenity`
[INFO] [stdout]    --> /opt/rustwide/cargo-home/registry/src/index.crates.io-6f17d22bba15001f/poise-0.5.5/src/slash_argument/slash_trait.rs:143:47
[INFO] [stdout]     |
[INFO] [stdout] 143 |             fn create(builder: &mut serenity::CreateApplicationCommandOption) {
[INFO] [stdout]     |                                               ^^^^^^^^^^^^^^^^^^^^^^^^^^^^^^ not found in `serenity`
[INFO] [stdout] ...
[INFO] [stdout] 152 | impl_for_integer!(i8 i16 i32 i64 isize u8 u16 u32 u64 usize);
[INFO] [stdout]     | ------------------------------------------------------------ in this macro invocation
[INFO] [stdout]     |
[INFO] [stdout]     = note: this error originates in the macro `impl_for_integer` (in Nightly builds, run with -Z macro-backtrace for more info)
[INFO] [stdout] 
[INFO] [stdout] 
[INFO] [stdout] error[E0412]: cannot find type `CreateApplicationCommandOption` in module `serenity`
[INFO] [stdout]    --> /opt/rustwide/cargo-home/registry/src/index.crates.io-6f17d22bba15001f/poise-0.5.5/src/slash_argument/slash_trait.rs:170:53
[INFO] [stdout]     |
[INFO] [stdout] 170 |             fn create(self, builder: &mut serenity::CreateApplicationCommandOption) {
[INFO] [stdout]     |                                                     ^^^^^^^^^^^^^^^^^^^^^^^^^^^^^^ not found in `serenity`
[INFO] [stdout] ...
[INFO] [stdout] 176 | impl_for_float!(f32 f64);
[INFO] [stdout]     | ------------------------ in this macro invocation
[INFO] [stdout]     |
[INFO] [stdout]     = note: this error originates in the macro `impl_for_float` (in Nightly builds, run with -Z macro-backtrace for more info)
[INFO] [stdout] 
[INFO] [stdout] 
[INFO] [stdout] error[E0412]: cannot find type `CreateApplicationCommandOption` in module `serenity`
[INFO] [stdout]    --> /opt/rustwide/cargo-home/registry/src/index.crates.io-6f17d22bba15001f/poise-0.5.5/src/slash_argument/slash_trait.rs:191:45
[INFO] [stdout]     |
[INFO] [stdout] 191 |     fn create(self, builder: &mut serenity::CreateApplicationCommandOption) {
[INFO] [stdout]     |                                             ^^^^^^^^^^^^^^^^^^^^^^^^^^^^^^ not found in `serenity`
[INFO] [stdout] 
[INFO] [stdout] 
[INFO] [stdout] error[E0412]: cannot find type `CreateApplicationCommandOption` in module `serenity`
[INFO] [stdout]    --> /opt/rustwide/cargo-home/registry/src/index.crates.io-6f17d22bba15001f/poise-0.5.5/src/slash_argument/slash_trait.rs:227:45
[INFO] [stdout]     |
[INFO] [stdout] 227 |     fn create(self, builder: &mut serenity::CreateApplicationCommandOption) {
[INFO] [stdout]     |                                             ^^^^^^^^^^^^^^^^^^^^^^^^^^^^^^ not found in `serenity`
[INFO] [stdout] 
[INFO] [stdout] 
[INFO] [stdout] error[E0412]: cannot find type `CreateApplicationCommandOption` in module `serenity`
[INFO] [stdout]    --> /opt/rustwide/cargo-home/registry/src/index.crates.io-6f17d22bba15001f/poise-0.5.5/src/slash_argument/slash_trait.rs:243:45
[INFO] [stdout]     |
[INFO] [stdout] 243 |     fn create(self, builder: &mut serenity::CreateApplicationCommandOption) {
[INFO] [stdout]     |                                             ^^^^^^^^^^^^^^^^^^^^^^^^^^^^^^ not found in `serenity`
[INFO] [stdout] 
[INFO] [stdout] 
[INFO] [stdout] error[E0412]: cannot find type `CreateApplicationCommandOption` in module `serenity`
[INFO] [stdout]    --> /opt/rustwide/cargo-home/registry/src/index.crates.io-6f17d22bba15001f/poise-0.5.5/src/slash_argument/slash_trait.rs:266:47
[INFO] [stdout]     |
[INFO] [stdout] 266 |             fn create(builder: &mut serenity::CreateApplicationCommandOption) {
[INFO] [stdout]     |                                               ^^^^^^^^^^^^^^^^^^^^^^^^^^^^^^ not found in `serenity`
[INFO] [stdout] ...
[INFO] [stdout] 272 | impl_slash_argument!(serenity::Member, User);
[INFO] [stdout]     | -------------------------------------------- in this macro invocation
[INFO] [stdout]     |
[INFO] [stdout]     = note: this error originates in the macro `impl_slash_argument` (in Nightly builds, run with -Z macro-backtrace for more info)
[INFO] [stdout] 
[INFO] [stdout] 
[INFO] [stdout] error[E0412]: cannot find type `CreateApplicationCommandOption` in module `serenity`
[INFO] [stdout]    --> /opt/rustwide/cargo-home/registry/src/index.crates.io-6f17d22bba15001f/poise-0.5.5/src/slash_argument/slash_trait.rs:266:47
[INFO] [stdout]     |
[INFO] [stdout] 266 |             fn create(builder: &mut serenity::CreateApplicationCommandOption) {
[INFO] [stdout]     |                                               ^^^^^^^^^^^^^^^^^^^^^^^^^^^^^^ not found in `serenity`
[INFO] [stdout] ...
[INFO] [stdout] 273 | impl_slash_argument!(serenity::User, User);
[INFO] [stdout]     | ------------------------------------------ in this macro invocation
[INFO] [stdout]     |
[INFO] [stdout]     = note: this error originates in the macro `impl_slash_argument` (in Nightly builds, run with -Z macro-backtrace for more info)
[INFO] [stdout] 
[INFO] [stdout] 
[INFO] [stdout] error[E0412]: cannot find type `CreateApplicationCommandOption` in module `serenity`
[INFO] [stdout]    --> /opt/rustwide/cargo-home/registry/src/index.crates.io-6f17d22bba15001f/poise-0.5.5/src/slash_argument/slash_trait.rs:266:47
[INFO] [stdout]     |
[INFO] [stdout] 266 |             fn create(builder: &mut serenity::CreateApplicationCommandOption) {
[INFO] [stdout]     |                                               ^^^^^^^^^^^^^^^^^^^^^^^^^^^^^^ not found in `serenity`
[INFO] [stdout] ...
[INFO] [stdout] 274 | impl_slash_argument!(serenity::Channel, Channel);
[INFO] [stdout]     | ------------------------------------------------ in this macro invocation
[INFO] [stdout]     |
[INFO] [stdout]     = note: this error originates in the macro `impl_slash_argument` (in Nightly builds, run with -Z macro-backtrace for more info)
[INFO] [stdout] 
[INFO] [stdout] 
[INFO] [stdout] error[E0412]: cannot find type `CreateApplicationCommandOption` in module `serenity`
[INFO] [stdout]    --> /opt/rustwide/cargo-home/registry/src/index.crates.io-6f17d22bba15001f/poise-0.5.5/src/slash_argument/slash_trait.rs:266:47
[INFO] [stdout]     |
[INFO] [stdout] 266 |             fn create(builder: &mut serenity::CreateApplicationCommandOption) {
[INFO] [stdout]     |                                               ^^^^^^^^^^^^^^^^^^^^^^^^^^^^^^ not found in `serenity`
[INFO] [stdout] ...
[INFO] [stdout] 275 | impl_slash_argument!(serenity::GuildChannel, Channel);
[INFO] [stdout]     | ----------------------------------------------------- in this macro invocation
[INFO] [stdout]     |
[INFO] [stdout]     = note: this error originates in the macro `impl_slash_argument` (in Nightly builds, run with -Z macro-backtrace for more info)
[INFO] [stdout] 
[INFO] [stdout] 
[INFO] [stdout] error[E0412]: cannot find type `CreateApplicationCommandOption` in module `serenity`
[INFO] [stdout]    --> /opt/rustwide/cargo-home/registry/src/index.crates.io-6f17d22bba15001f/poise-0.5.5/src/slash_argument/slash_trait.rs:266:47
[INFO] [stdout]     |
[INFO] [stdout] 266 |             fn create(builder: &mut serenity::CreateApplicationCommandOption) {
[INFO] [stdout]     |                                               ^^^^^^^^^^^^^^^^^^^^^^^^^^^^^^ not found in `serenity`
[INFO] [stdout] ...
[INFO] [stdout] 276 | impl_slash_argument!(serenity::Role, Role);
[INFO] [stdout]     | ------------------------------------------ in this macro invocation
[INFO] [stdout]     |
[INFO] [stdout]     = note: this error originates in the macro `impl_slash_argument` (in Nightly builds, run with -Z macro-backtrace for more info)
[INFO] [stdout] 
[INFO] [stdout] 
[INFO] [stdout] error[E0412]: cannot find type `ShardMessenger` in module `serenity`
[INFO] [stdout]    --> /opt/rustwide/cargo-home/registry/src/index.crates.io-6f17d22bba15001f/poise-0.5.5/src/structs/context.rs:526:28
[INFO] [stdout]     |
[INFO] [stdout] 526 | impl<U, E> AsRef<serenity::ShardMessenger> for Context<'_, U, E> {
[INFO] [stdout]     |                            ^^^^^^^^^^^^^^ not found in `serenity`
[INFO] [stdout]     |
[INFO] [stdout] help: consider importing one of these items
[INFO] [stdout]     |
[INFO] [stdout] 3   + use ::serenity::all::ShardMessenger;
[INFO] [stdout]     |
[INFO] [stdout] 3   + use crate::serenity_prelude::all::ShardMessenger;
[INFO] [stdout]     |
[INFO] [stdout] help: if you import `ShardMessenger`, refer to it directly
[INFO] [stdout]     |
[INFO] [stdout] 526 - impl<U, E> AsRef<serenity::ShardMessenger> for Context<'_, U, E> {
[INFO] [stdout] 526 + impl<U, E> AsRef<ShardMessenger> for Context<'_, U, E> {
[INFO] [stdout]     |
[INFO] [stdout] 
[INFO] [stdout] 
[INFO] [stdout] error[E0412]: cannot find type `ShardMessenger` in module `serenity`
[INFO] [stdout]    --> /opt/rustwide/cargo-home/registry/src/index.crates.io-6f17d22bba15001f/poise-0.5.5/src/structs/context.rs:527:36
[INFO] [stdout]     |
[INFO] [stdout] 527 |     fn as_ref(&self) -> &serenity::ShardMessenger {
[INFO] [stdout]     |                                    ^^^^^^^^^^^^^^ not found in `serenity`
[INFO] [stdout]     |
[INFO] [stdout] help: consider importing one of these items
[INFO] [stdout]     |
[INFO] [stdout] 3   + use ::serenity::all::ShardMessenger;
[INFO] [stdout]     |
[INFO] [stdout] 3   + use crate::serenity_prelude::all::ShardMessenger;
[INFO] [stdout]     |
[INFO] [stdout] help: if you import `ShardMessenger`, refer to it directly
[INFO] [stdout]     |
[INFO] [stdout] 527 -     fn as_ref(&self) -> &serenity::ShardMessenger {
[INFO] [stdout] 527 +     fn as_ref(&self) -> &ShardMessenger {
[INFO] [stdout]     |
[INFO] [stdout] 
[INFO] [stdout] 
[INFO] [stdout] error[E0412]: cannot find type `CreateApplicationCommandOption` in module `serenity`
[INFO] [stdout]    --> /opt/rustwide/cargo-home/registry/src/index.crates.io-6f17d22bba15001f/poise-0.5.5/src/structs/command.rs:137:56
[INFO] [stdout]     |
[INFO] [stdout] 137 |     fn create_as_subcommand(&self) -> Option<serenity::CreateApplicationCommandOption> {
[INFO] [stdout]     |                                                        ^^^^^^^^^^^^^^^^^^^^^^^^^^^^^^ not found in `serenity`
[INFO] [stdout] 
[INFO] [stdout] 
[INFO] [stdout] error[E0412]: cannot find type `CreateApplicationCommand` in module `serenity`
[INFO] [stdout]    --> /opt/rustwide/cargo-home/registry/src/index.crates.io-6f17d22bba15001f/poise-0.5.5/src/structs/command.rs:174:63
[INFO] [stdout]     |
[INFO] [stdout] 174 |     pub fn create_as_slash_command(&self) -> Option<serenity::CreateApplicationCommand> {
[INFO] [stdout]     |                                                               ^^^^^^^^^^^^^^^^^^^^^^^^ not found in `serenity`
[INFO] [stdout] 
[INFO] [stdout] 
[INFO] [stdout] error[E0412]: cannot find type `CreateApplicationCommand` in module `serenity`
[INFO] [stdout]    --> /opt/rustwide/cargo-home/registry/src/index.crates.io-6f17d22bba15001f/poise-0.5.5/src/structs/command.rs:217:70
[INFO] [stdout]     |
[INFO] [stdout] 217 |     pub fn create_as_context_menu_command(&self) -> Option<serenity::CreateApplicationCommand> {
[INFO] [stdout]     |                                                                      ^^^^^^^^^^^^^^^^^^^^^^^^ not found in `serenity`
[INFO] [stdout] 
[INFO] [stdout] 
[INFO] [stdout] error[E0412]: cannot find type `ApplicationCommandInteraction` in module `serenity`
[INFO] [stdout]   --> /opt/rustwide/cargo-home/registry/src/index.crates.io-6f17d22bba15001f/poise-0.5.5/src/structs/slash.rs:14:38
[INFO] [stdout]    |
[INFO] [stdout] 14 |     ApplicationCommand(&'a serenity::ApplicationCommandInteraction),
[INFO] [stdout]    |                                      ^^^^^^^^^^^^^^^^^^^^^^^^^^^^^ not found in `serenity`
[INFO] [stdout] 
[INFO] [stdout] 
[INFO] [stdout] error[E0412]: cannot find type `AutocompleteInteraction` in module `serenity`
[INFO] [stdout]    --> /opt/rustwide/cargo-home/registry/src/index.crates.io-6f17d22bba15001f/poise-0.5.5/src/structs/slash.rs:16:32
[INFO] [stdout]     |
[INFO] [stdout] 16  |     Autocomplete(&'a serenity::AutocompleteInteraction),
[INFO] [stdout]     |                                ^^^^^^^^^^^^^^^^^^^^^^^ help: a struct with a similar name exists: `AutocompleteOption`
[INFO] [stdout]     |
[INFO] [stdout]    ::: /opt/rustwide/cargo-home/git/checkouts/serenity-8a8b65b77919dc75/0c12aa8/src/model/application/command_interaction.rs:421:1
[INFO] [stdout]     |
[INFO] [stdout] 421 | pub struct AutocompleteOption<'a> {
[INFO] [stdout]     | --------------------------------- similarly named struct `AutocompleteOption` defined here
[INFO] [stdout] 
[INFO] [stdout] 
[INFO] [stdout] error[E0412]: cannot find type `ApplicationCommandInteraction` in module `serenity`
[INFO] [stdout]   --> /opt/rustwide/cargo-home/registry/src/index.crates.io-6f17d22bba15001f/poise-0.5.5/src/structs/slash.rs:69:42
[INFO] [stdout]    |
[INFO] [stdout] 69 |     pub fn unwrap(self) -> &'a serenity::ApplicationCommandInteraction {
[INFO] [stdout]    |                                          ^^^^^^^^^^^^^^^^^^^^^^^^^^^^^ not found in `serenity`
[INFO] [stdout] 
[INFO] [stdout] 
[INFO] [stdout] error[E0412]: cannot find type `CreateApplicationCommandOption` in module `serenity`
[INFO] [stdout]    --> /opt/rustwide/cargo-home/registry/src/index.crates.io-6f17d22bba15001f/poise-0.5.5/src/structs/slash.rs:228:47
[INFO] [stdout]     |
[INFO] [stdout] 228 |     pub type_setter: Option<fn(&mut serenity::CreateApplicationCommandOption)>,
[INFO] [stdout]     |                                               ^^^^^^^^^^^^^^^^^^^^^^^^^^^^^^ not found in `serenity`
[INFO] [stdout] 
[INFO] [stdout] 
[INFO] [stdout] error[E0412]: cannot find type `CreateApplicationCommandOption` in module `serenity`
[INFO] [stdout]    --> /opt/rustwide/cargo-home/registry/src/index.crates.io-6f17d22bba15001f/poise-0.5.5/src/structs/slash.rs:249:27
[INFO] [stdout]     |
[INFO] [stdout] 249 |     ) -> Option<serenity::CreateApplicationCommandOption> {
[INFO] [stdout]     |                           ^^^^^^^^^^^^^^^^^^^^^^^^^^^^^^ not found in `serenity`
[INFO] [stdout] 
[INFO] [stdout] 
[INFO] [stdout] error[E0603]: module `interaction` is private
[INFO] [stdout]    --> /opt/rustwide/cargo-home/registry/src/index.crates.io-6f17d22bba15001f/poise-0.5.5/src/lib.rs:440:26
[INFO] [stdout]     |
[INFO] [stdout] 440 |             application::interaction::{
[INFO] [stdout]     |                          ^^^^^^^^^^^ private module
[INFO] [stdout]     |
[INFO] [stdout] note: the module `interaction` is defined here
[INFO] [stdout]    --> /opt/rustwide/cargo-home/git/checkouts/serenity-8a8b65b77919dc75/0c12aa8/src/model/application/mod.rs:11:1
[INFO] [stdout]     |
[INFO] [stdout] 11  | mod interaction;
[INFO] [stdout]     | ^^^^^^^^^^^^^^^
[INFO] [stdout] help: consider importing one of these items instead
[INFO] [stdout]     |
[INFO] [stdout] 441 |                 crate::serenity_prelude::all::Interaction, InteractionResponseType, InteractionType,
[INFO] [stdout]     |                 ~~~~~~~~~~~~~~~~~~~~~~~~~~~~~~~~~~~~~~~~~
[INFO] [stdout] 441 |                 serenity::all::Interaction, InteractionResponseType, InteractionType,
[INFO] [stdout]     |                 ~~~~~~~~~~~~~~~~~~~~~~~~~~
[INFO] [stdout] 
[INFO] [stdout] 
[INFO] [stdout] error[E0603]: module `interaction` is private
[INFO] [stdout]    --> /opt/rustwide/cargo-home/registry/src/index.crates.io-6f17d22bba15001f/poise-0.5.5/src/lib.rs:440:26
[INFO] [stdout]     |
[INFO] [stdout] 440 |             application::interaction::{
[INFO] [stdout]     |                          ^^^^^^^^^^^ private module
[INFO] [stdout]     |
[INFO] [stdout] note: the module `interaction` is defined here
[INFO] [stdout]    --> /opt/rustwide/cargo-home/git/checkouts/serenity-8a8b65b77919dc75/0c12aa8/src/model/application/mod.rs:11:1
[INFO] [stdout]     |
[INFO] [stdout] 11  | mod interaction;
[INFO] [stdout]     | ^^^^^^^^^^^^^^^
[INFO] [stdout] 
[INFO] [stdout] 
[INFO] [stdout] error[E0603]: module `interaction` is private
[INFO] [stdout]    --> /opt/rustwide/cargo-home/registry/src/index.crates.io-6f17d22bba15001f/poise-0.5.5/src/lib.rs:440:26
[INFO] [stdout]     |
[INFO] [stdout] 440 |             application::interaction::{
[INFO] [stdout]     |                          ^^^^^^^^^^^ private module
[INFO] [stdout]     |
[INFO] [stdout] note: the module `interaction` is defined here
[INFO] [stdout]    --> /opt/rustwide/cargo-home/git/checkouts/serenity-8a8b65b77919dc75/0c12aa8/src/model/application/mod.rs:11:1
[INFO] [stdout]     |
[INFO] [stdout] 11  | mod interaction;
[INFO] [stdout]     | ^^^^^^^^^^^^^^^
[INFO] [stdout] help: consider importing one of these items instead
[INFO] [stdout]     |
[INFO] [stdout] 441 |                 Interaction, InteractionResponseType, crate::serenity_prelude::all::InteractionType,
[INFO] [stdout]     |                                                       ~~~~~~~~~~~~~~~~~~~~~~~~~~~~~~~~~~~~~~~~~~~~~
[INFO] [stdout] 441 |                 Interaction, InteractionResponseType, serenity::all::InteractionType,
[INFO] [stdout]     |                                                       ~~~~~~~~~~~~~~~~~~~~~~~~~~~~~~
[INFO] [stdout] 
[INFO] [stdout] 
[INFO] [stdout] error[E0603]: module `command` is private
[INFO] [stdout]    --> /opt/rustwide/cargo-home/registry/src/index.crates.io-6f17d22bba15001f/poise-0.5.5/src/lib.rs:450:17
[INFO] [stdout]     |
[INFO] [stdout] 450 |                 command::*,
[INFO] [stdout]     |                 ^^^^^^^ private module
[INFO] [stdout]     |
[INFO] [stdout] note: the module `command` is defined here
[INFO] [stdout]    --> /opt/rustwide/cargo-home/git/checkouts/serenity-8a8b65b77919dc75/0c12aa8/src/model/application/mod.rs:3:1
[INFO] [stdout]     |
[INFO] [stdout] 3   | mod command;
[INFO] [stdout]     | ^^^^^^^^^^^
[INFO] [stdout] 
[INFO] [stdout] 
[INFO] [stdout] error[E0603]: module `component` is private
[INFO] [stdout]    --> /opt/rustwide/cargo-home/registry/src/index.crates.io-6f17d22bba15001f/poise-0.5.5/src/lib.rs:451:17
[INFO] [stdout]     |
[INFO] [stdout] 451 |                 component::*,
[INFO] [stdout]     |                 ^^^^^^^^^ private module
[INFO] [stdout]     |
[INFO] [stdout] note: the module `component` is defined here
[INFO] [stdout]    --> /opt/rustwide/cargo-home/git/checkouts/serenity-8a8b65b77919dc75/0c12aa8/src/model/application/mod.rs:7:1
[INFO] [stdout]     |
[INFO] [stdout] 7   | mod component;
[INFO] [stdout]     | ^^^^^^^^^^^^^
[INFO] [stdout] 
[INFO] [stdout] 
[INFO] [stdout] error[E0603]: module `interaction` is private
[INFO] [stdout]    --> /opt/rustwide/cargo-home/registry/src/index.crates.io-6f17d22bba15001f/poise-0.5.5/src/lib.rs:452:17
[INFO] [stdout]     |
[INFO] [stdout] 452 |                 interaction::{
[INFO] [stdout]     |                 ^^^^^^^^^^^ private module
[INFO] [stdout]     |
[INFO] [stdout] note: the module `interaction` is defined here
[INFO] [stdout]    --> /opt/rustwide/cargo-home/git/checkouts/serenity-8a8b65b77919dc75/0c12aa8/src/model/application/mod.rs:11:1
[INFO] [stdout]     |
[INFO] [stdout] 11  | mod interaction;
[INFO] [stdout]     | ^^^^^^^^^^^^^^^
[INFO] [stdout] 
[INFO] [stdout] 
[INFO] [stdout] error[E0107]: enum takes 0 lifetime arguments but 1 lifetime argument was supplied
[INFO] [stdout]    --> /opt/rustwide/cargo-home/registry/src/index.crates.io-6f17d22bba15001f/poise-0.5.5/src/modal.rs:136:20
[INFO] [stdout]     |
[INFO] [stdout] 136 |     ) -> serenity::CreateInteractionResponse<'static>;
[INFO] [stdout]     |                    ^^^^^^^^^^^^^^^^^^^^^^^^^--------- help: remove these generics
[INFO] [stdout]     |                    |
[INFO] [stdout]     |                    expected 0 lifetime arguments
[INFO] [stdout]     |
[INFO] [stdout] note: enum defined here, with 0 lifetime parameters
[INFO] [stdout]    --> /opt/rustwide/cargo-home/git/checkouts/serenity-8a8b65b77919dc75/0c12aa8/src/builder/create_interaction_response.rs:15:10
[INFO] [stdout]     |
[INFO] [stdout] 15  | pub enum CreateInteractionResponse {
[INFO] [stdout]     |          ^^^^^^^^^^^^^^^^^^^^^^^^^
[INFO] [stdout] 
[INFO] [stdout] 
[INFO] [stdout] error[E0107]: struct takes 0 lifetime arguments but 1 lifetime argument was supplied
[INFO] [stdout]    --> /opt/rustwide/cargo-home/registry/src/index.crates.io-6f17d22bba15001f/poise-0.5.5/src/reply/builder.rs:135:27
[INFO] [stdout]     |
[INFO] [stdout] 135 |         f: &mut serenity::CreateInteractionResponseFollowup<'att>,
[INFO] [stdout]     |                           ^^^^^^^^^^^^^^^^^^^^^^^^^^^^^^^^^------ help: remove these generics
[INFO] [stdout]     |                           |
[INFO] [stdout]     |                           expected 0 lifetime arguments
[INFO] [stdout]     |
[INFO] [stdout] note: struct defined here, with 0 lifetime parameters
[INFO] [stdout]    --> /opt/rustwide/cargo-home/git/checkouts/serenity-8a8b65b77919dc75/0c12aa8/src/builder/create_interaction_response_followup.rs:17:12
[INFO] [stdout]     |
[INFO] [stdout] 17  | pub struct CreateInteractionResponseFollowup {
[INFO] [stdout]     |            ^^^^^^^^^^^^^^^^^^^^^^^^^^^^^^^^^
[INFO] [stdout] 
[INFO] [stdout] 
[INFO] [stdout] error[E0107]: struct takes 0 lifetime arguments but 1 lifetime argument was supplied
[INFO] [stdout]    --> /opt/rustwide/cargo-home/registry/src/index.crates.io-6f17d22bba15001f/poise-0.5.5/src/reply/builder.rs:198:51
[INFO] [stdout]     |
[INFO] [stdout] 198 |     pub fn to_prefix_edit(self, f: &mut serenity::EditMessage<'att>) {
[INFO] [stdout]     |                                                   ^^^^^^^^^^^------ help: remove these generics
[INFO] [stdout]     |                                                   |
[INFO] [stdout]     |                                                   expected 0 lifetime arguments
[INFO] [stdout]     |
[INFO] [stdout] note: struct defined here, with 0 lifetime parameters
[INFO] [stdout]    --> /opt/rustwide/cargo-home/git/checkouts/serenity-8a8b65b77919dc75/0c12aa8/src/builder/edit_message.rs:48:12
[INFO] [stdout]     |
[INFO] [stdout] 48  | pub struct EditMessage {
[INFO] [stdout]     |            ^^^^^^^^^^^
[INFO] [stdout] 
[INFO] [stdout] 
[INFO] [stdout] error[E0107]: struct takes 0 lifetime arguments but 1 lifetime argument was supplied
[INFO] [stdout]    --> /opt/rustwide/cargo-home/registry/src/index.crates.io-6f17d22bba15001f/poise-0.5.5/src/reply/builder.rs:235:27
[INFO] [stdout]     |
[INFO] [stdout] 235 |         m: &mut serenity::CreateMessage<'att>,
[INFO] [stdout]     |                           ^^^^^^^^^^^^^------ help: remove these generics
[INFO] [stdout]     |                           |
[INFO] [stdout]     |                           expected 0 lifetime arguments
[INFO] [stdout]     |
[INFO] [stdout] note: struct defined here, with 0 lifetime parameters
[INFO] [stdout]    --> /opt/rustwide/cargo-home/git/checkouts/serenity-8a8b65b77919dc75/0c12aa8/src/builder/create_message.rs:50:12
[INFO] [stdout]     |
[INFO] [stdout] 50  | pub struct CreateMessage {
[INFO] [stdout]     |            ^^^^^^^^^^^^^
[INFO] [stdout] 
[INFO] [stdout] 
[INFO] [stdout] error: aborting due to 65 previous errors
[INFO] [stdout] 
[INFO] [stdout] 
[INFO] [stdout] Some errors have detailed explanations: E0107, E0407, E0412, E0432, E0433, E0603.
[INFO] [stdout] 
[INFO] [stdout] For more information about an error, try `rustc --explain E0107`.
[INFO] [stdout] 
[INFO] [stderr] error: could not compile `poise` (lib) due to 66 previous errors
[INFO] running `Command { std: "docker" "inspect" "5b173e186815bea1916f11078b09363c3927cc321b65dde48e733fa891bebede", kill_on_drop: false }`
[INFO] running `Command { std: "docker" "rm" "-f" "5b173e186815bea1916f11078b09363c3927cc321b65dde48e733fa891bebede", kill_on_drop: false }`
[INFO] [stdout] 5b173e186815bea1916f11078b09363c3927cc321b65dde48e733fa891bebede
