[INFO] cloning repository https://github.com/PhBrb/Stabilizer-Pounder
[INFO] running `Command { std: "git" "-c" "credential.helper=" "-c" "credential.helper=/workspace/cargo-home/bin/git-credential-null" "clone" "--bare" "https://github.com/PhBrb/Stabilizer-Pounder" "/workspace/cache/git-repos/https%3A%2F%2Fgithub.com%2FPhBrb%2FStabilizer-Pounder", kill_on_drop: false }`
[INFO] [stderr] Cloning into bare repository '/workspace/cache/git-repos/https%3A%2F%2Fgithub.com%2FPhBrb%2FStabilizer-Pounder'...
[INFO] running `Command { std: "git" "rev-parse" "HEAD", kill_on_drop: false }`
[INFO] [stdout] 22fae21e994e784fc2711f68532866dc74effac2
[INFO] documenting PhBrb/Stabilizer-Pounder against 1.75.0 for beta-1.76-rustdoc-1
[INFO] running `Command { std: "git" "clone" "/workspace/cache/git-repos/https%3A%2F%2Fgithub.com%2FPhBrb%2FStabilizer-Pounder" "/workspace/builds/worker-3-tc1/source", kill_on_drop: false }`
[INFO] [stderr] Cloning into '/workspace/builds/worker-3-tc1/source'...
[INFO] [stderr] done.
[INFO] validating manifest of git repo https://github.com/PhBrb/Stabilizer-Pounder on toolchain 1.75.0
[INFO] running `Command { std: CARGO_HOME="/workspace/cargo-home" RUSTUP_HOME="/workspace/rustup-home" "/workspace/cargo-home/bin/cargo" "+1.75.0" "metadata" "--manifest-path" "Cargo.toml" "--no-deps", kill_on_drop: false }`
[INFO] removed /workspace/builds/worker-3-tc1/source/.cargo/config
[INFO] started tweaking git repo https://github.com/PhBrb/Stabilizer-Pounder
[INFO] finished tweaking git repo https://github.com/PhBrb/Stabilizer-Pounder
[INFO] tweaked toml for git repo https://github.com/PhBrb/Stabilizer-Pounder written to /workspace/builds/worker-3-tc1/source/Cargo.toml
[INFO] crate git repo https://github.com/PhBrb/Stabilizer-Pounder already has a lockfile, it will not be regenerated
[INFO] running `Command { std: CARGO_HOME="/workspace/cargo-home" RUSTUP_HOME="/workspace/rustup-home" "/workspace/cargo-home/bin/cargo" "+1.75.0" "fetch" "--manifest-path" "Cargo.toml", kill_on_drop: false }`
[INFO] [stderr]     Updating crates.io index
[INFO] [stderr]  Downloading crates ...
[INFO] [stderr]   Downloaded enum-iterator-derive v1.0.2
[INFO] [stderr]   Downloaded shared-bus v0.2.4
[INFO] [stderr]   Downloaded gcd v2.1.0
[INFO] [stderr]   Downloaded smlang v0.4.2
[INFO] [stderr]   Downloaded systick-monotonic v1.0.0
[INFO] [stderr]   Downloaded idsp v0.8.4
[INFO] [stderr]   Downloaded serde-json-core v0.4.0
[INFO] [stderr]   Downloaded atomic-polyfill v0.1.8
[INFO] [stderr]   Downloaded cortex-m v0.7.5
[INFO] [stderr]   Downloaded smoltcp v0.8.1
[INFO] [stderr]   Downloaded stm32h7xx-hal v0.12.2
[INFO] [stderr]   Downloaded cortex-m-rtic v1.1.3
[INFO] [stderr]   Downloaded cortex-m-rt v0.7.1
[INFO] [stderr]   Downloaded rtic-syntax v1.0.2
[INFO] [stderr]   Downloaded stm32h7 v0.14.0
[INFO] [stderr]   Downloaded mcp230xx v0.1.0
[INFO] [stderr]   Downloaded miniconf v0.5.0
[INFO] [stderr]   Downloaded rtt-logger v0.2.0
[INFO] [stderr]   Downloaded minimq v0.5.3
[INFO] [stderr]   Downloaded derive_miniconf v0.5.0
[INFO] [stderr]   Downloaded smoltcp-nal v0.2.1
[INFO] [stderr]   Downloaded smlang-macros v0.2.1
[INFO] [stderr]   Downloaded cortex-m-rtic-macros v1.1.5
[INFO] [stderr]   Downloaded libm v0.2.3
[INFO] [stderr]   Downloaded lm75 v0.2.0
[INFO] [stderr]   Downloaded mono-clock v0.1.1
[INFO] [stderr]   Downloaded enum-iterator v1.1.3
[INFO] running `Command { std: "docker" "create" "-v" "/var/lib/crater-agent-workspace/builds/worker-3-tc1/target:/opt/rustwide/target:rw,Z" "-v" "/var/lib/crater-agent-workspace/builds/worker-3-tc1/source:/opt/rustwide/workdir:ro,Z" "-v" "/var/lib/crater-agent-workspace/cargo-home:/opt/rustwide/cargo-home:ro,Z" "-v" "/var/lib/crater-agent-workspace/rustup-home:/opt/rustwide/rustup-home:ro,Z" "-e" "SOURCE_DIR=/opt/rustwide/workdir" "-e" "CARGO_TARGET_DIR=/opt/rustwide/target" "-e" "CARGO_HOME=/opt/rustwide/cargo-home" "-e" "RUSTUP_HOME=/opt/rustwide/rustup-home" "-w" "/opt/rustwide/workdir" "-m" "1610612736" "--user" "0:0" "--network" "none" "ghcr.io/rust-lang/crates-build-env/linux@sha256:2788e3201cd34a07e3172128adcd8b3090168a8e3bcc40d7c032b9dda1df7d1c" "/opt/rustwide/cargo-home/bin/cargo" "+1.75.0" "metadata" "--no-deps" "--format-version=1", kill_on_drop: false }`
[INFO] [stdout] aef149c0ed13471a8052218bead796eb6ec9d51d12f33c244fdaca954b30a86a
[INFO] running `Command { std: "docker" "start" "-a" "aef149c0ed13471a8052218bead796eb6ec9d51d12f33c244fdaca954b30a86a", kill_on_drop: false }`
[INFO] running `Command { std: "docker" "inspect" "aef149c0ed13471a8052218bead796eb6ec9d51d12f33c244fdaca954b30a86a", kill_on_drop: false }`
[INFO] running `Command { std: "docker" "rm" "-f" "aef149c0ed13471a8052218bead796eb6ec9d51d12f33c244fdaca954b30a86a", kill_on_drop: false }`
[INFO] [stdout] aef149c0ed13471a8052218bead796eb6ec9d51d12f33c244fdaca954b30a86a
[INFO] running `Command { std: "docker" "create" "-v" "/var/lib/crater-agent-workspace/builds/worker-3-tc1/target:/opt/rustwide/target:rw,Z" "-v" "/var/lib/crater-agent-workspace/builds/worker-3-tc1/source:/opt/rustwide/workdir:ro,Z" "-v" "/var/lib/crater-agent-workspace/cargo-home:/opt/rustwide/cargo-home:ro,Z" "-v" "/var/lib/crater-agent-workspace/rustup-home:/opt/rustwide/rustup-home:ro,Z" "-e" "SOURCE_DIR=/opt/rustwide/workdir" "-e" "CARGO_TARGET_DIR=/opt/rustwide/target" "-e" "CARGO_INCREMENTAL=0" "-e" "RUST_BACKTRACE=full" "-e" "RUSTFLAGS=--cap-lints=warn" "-e" "RUSTDOCFLAGS=--cap-lints=warn" "-e" "CARGO_HOME=/opt/rustwide/cargo-home" "-e" "RUSTUP_HOME=/opt/rustwide/rustup-home" "-w" "/opt/rustwide/workdir" "-m" "1610612736" "--user" "0:0" "--network" "none" "ghcr.io/rust-lang/crates-build-env/linux@sha256:2788e3201cd34a07e3172128adcd8b3090168a8e3bcc40d7c032b9dda1df7d1c" "/opt/rustwide/cargo-home/bin/cargo" "+1.75.0" "doc" "--frozen" "--no-deps" "--document-private-items" "--message-format=json", kill_on_drop: false }`
[INFO] [stdout] d4a39a7377402b61bfa7bdc667e3126b7cc6b55f69722f199c8d41b8af48c1a8
[INFO] running `Command { std: "docker" "start" "-a" "d4a39a7377402b61bfa7bdc667e3126b7cc6b55f69722f199c8d41b8af48c1a8", kill_on_drop: false }`
[INFO] [stderr]    Compiling proc-macro2 v1.0.43
[INFO] [stderr]    Compiling unicode-ident v1.0.3
[INFO] [stderr]    Compiling quote v1.0.21
[INFO] [stderr]    Compiling syn v1.0.99
[INFO] [stderr]     Checking nb v1.0.0
[INFO] [stderr]    Compiling libm v0.2.3
[INFO] [stderr]    Compiling cortex-m v0.7.5
[INFO] [stderr]    Compiling semver v0.9.0
[INFO] [stderr]    Compiling num-traits v0.2.15
[INFO] [stderr]     Checking nb v0.1.3
[INFO] [stderr]     Checking void v1.0.2
[INFO] [stderr]     Checking stable_deref_trait v1.2.0
[INFO] [stderr]     Checking embedded-hal v0.2.7
[INFO] [stderr]    Compiling rustc_version v0.2.3
[INFO] [stderr]    Compiling semver v1.0.13
[INFO] [stderr]    Compiling serde_derive v1.0.143
[INFO] [stderr]    Compiling lock_api v0.4.7
[INFO] [stderr]     Checking vcell v0.1.3
[INFO] [stderr]    Compiling serde v1.0.143
[INFO] [stderr]    Compiling bare-metal v0.2.5
[INFO] [stderr]     Checking byteorder v1.4.3
[INFO] [stderr]     Checking volatile-register v0.2.1
[INFO] [stderr]    Compiling num-integer v0.1.45
[INFO] [stderr]    Compiling rustc_version v0.4.0
[INFO] [stderr]     Checking bitfield v0.13.2
[INFO] [stderr]     Checking scopeguard v1.1.0
[INFO] [stderr]    Compiling typenum v1.15.0
[INFO] [stderr]    Compiling num-iter v0.1.43
[INFO] [stderr]    Compiling num-rational v0.3.2
[INFO] [stdout] error[E0425]: cannot find function `__basepri_r` in module `crate::asm::inline`
[INFO] [stdout]  --> /opt/rustwide/cargo-home/registry/src/index.crates.io-6f17d22bba15001f/cortex-m-0.7.5/src/register/basepri.rs:6:15
[INFO] [stdout]   |
[INFO] [stdout] 6 |     call_asm!(__basepri_r() -> u8)
[INFO] [stdout]   |               ^^^^^^^^^^^ not found in `crate::asm::inline`
[INFO] [stdout] 
[INFO] [stdout] 
[INFO] [stdout] error[E0425]: cannot find function `__basepri_w` in module `crate::asm::inline`
[INFO] [stdout]   --> /opt/rustwide/cargo-home/registry/src/index.crates.io-6f17d22bba15001f/cortex-m-0.7.5/src/register/basepri.rs:22:19
[INFO] [stdout]    |
[INFO] [stdout] 22 |         call_asm!(__basepri_w(basepri: u8));
[INFO] [stdout]    |                   ^^^^^^^^^^^ not found in `crate::asm::inline`
[INFO] [stdout] 
[INFO] [stdout] 
[INFO] [stdout] error[E0425]: cannot find function `__basepri_max` in module `crate::asm::inline`
[INFO] [stdout]   --> /opt/rustwide/cargo-home/registry/src/index.crates.io-6f17d22bba15001f/cortex-m-0.7.5/src/register/basepri_max.rs:19:19
[INFO] [stdout]    |
[INFO] [stdout] 19 |         call_asm!(__basepri_max(basepri: u8));
[INFO] [stdout]    |                   ^^^^^^^^^^^^^ not found in `crate::asm::inline`
[INFO] [stdout] 
[INFO] [stdout] 
[INFO] [stdout] error[E0425]: cannot find function `__faultmask_r` in module `crate::asm::inline`
[INFO] [stdout]   --> /opt/rustwide/cargo-home/registry/src/index.crates.io-6f17d22bba15001f/cortex-m-0.7.5/src/register/faultmask.rs:29:28
[INFO] [stdout]    |
[INFO] [stdout] 29 |     let r: u32 = call_asm!(__faultmask_r() -> u32);
[INFO] [stdout]    |                            ^^^^^^^^^^^^^ not found in `crate::asm::inline`
[INFO] [stdout] 
[INFO] [stdout] 
[INFO] [stderr]     Checking spin v0.9.4
[INFO] [stdout] error: invalid register `r0`: unknown register
[INFO] [stdout]    --> /opt/rustwide/cargo-home/registry/src/index.crates.io-6f17d22bba15001f/cortex-m-0.7.5/src/../asm/inline.rs:197:24
[INFO] [stdout]     |
[INFO] [stdout] 197 |     asm!("bkpt #0xab", inout("r0") nr, in("r1") arg, options(nomem, nostack, preserves_flags));
[INFO] [stdout]     |                        ^^^^^^^^^^^^^^
[INFO] [stdout] 
[INFO] [stdout] 
[INFO] [stdout] error: invalid register `r1`: unknown register
[INFO] [stdout]    --> /opt/rustwide/cargo-home/registry/src/index.crates.io-6f17d22bba15001f/cortex-m-0.7.5/src/../asm/inline.rs:197:40
[INFO] [stdout]     |
[INFO] [stdout] 197 |     asm!("bkpt #0xab", inout("r0") nr, in("r1") arg, options(nomem, nostack, preserves_flags));
[INFO] [stdout]     |                                        ^^^^^^^^^^^^
[INFO] [stdout] 
[INFO] [stdout] 
[INFO] [stderr]    Compiling heapless v0.7.16
[INFO] [stdout] error: aborting due to 6 previous errors
[INFO] [stdout] 
[INFO] [stdout] 
[INFO] [stdout] For more information about this error, try `rustc --explain E0425`.
[INFO] [stdout] 
[INFO] [stderr] error: could not compile `cortex-m` (lib) due to 7 previous errors
[INFO] [stderr] warning: build failed, waiting for other jobs to finish...
[INFO] running `Command { std: "docker" "inspect" "d4a39a7377402b61bfa7bdc667e3126b7cc6b55f69722f199c8d41b8af48c1a8", kill_on_drop: false }`
[INFO] running `Command { std: "docker" "rm" "-f" "d4a39a7377402b61bfa7bdc667e3126b7cc6b55f69722f199c8d41b8af48c1a8", kill_on_drop: false }`
[INFO] [stdout] d4a39a7377402b61bfa7bdc667e3126b7cc6b55f69722f199c8d41b8af48c1a8
