[INFO] cloning repository https://github.com/Peter-JanGootzen/rusty-obj-viewer
[INFO] running `Command { std: "git" "-c" "credential.helper=" "-c" "credential.helper=/workspace/cargo-home/bin/git-credential-null" "clone" "--bare" "https://github.com/Peter-JanGootzen/rusty-obj-viewer" "/workspace/cache/git-repos/https%3A%2F%2Fgithub.com%2FPeter-JanGootzen%2Frusty-obj-viewer", kill_on_drop: false }`
[INFO] [stderr] Cloning into bare repository '/workspace/cache/git-repos/https%3A%2F%2Fgithub.com%2FPeter-JanGootzen%2Frusty-obj-viewer'...
[INFO] running `Command { std: "git" "rev-parse" "HEAD", kill_on_drop: false }`
[INFO] [stdout] 995d5893f1072e2856ec4b61e98c884974f00726
[INFO] documenting Peter-JanGootzen/rusty-obj-viewer against 1.75.0 for beta-1.76-rustdoc-1
[INFO] running `Command { std: "git" "clone" "/workspace/cache/git-repos/https%3A%2F%2Fgithub.com%2FPeter-JanGootzen%2Frusty-obj-viewer" "/workspace/builds/worker-5-tc1/source", kill_on_drop: false }`
[INFO] [stderr] Cloning into '/workspace/builds/worker-5-tc1/source'...
[INFO] [stderr] done.
[INFO] validating manifest of git repo https://github.com/Peter-JanGootzen/rusty-obj-viewer on toolchain 1.75.0
[INFO] running `Command { std: CARGO_HOME="/workspace/cargo-home" RUSTUP_HOME="/workspace/rustup-home" "/workspace/cargo-home/bin/cargo" "+1.75.0" "metadata" "--manifest-path" "Cargo.toml" "--no-deps", kill_on_drop: false }`
[INFO] started tweaking git repo https://github.com/Peter-JanGootzen/rusty-obj-viewer
[INFO] finished tweaking git repo https://github.com/Peter-JanGootzen/rusty-obj-viewer
[INFO] tweaked toml for git repo https://github.com/Peter-JanGootzen/rusty-obj-viewer written to /workspace/builds/worker-5-tc1/source/Cargo.toml
[INFO] crate git repo https://github.com/Peter-JanGootzen/rusty-obj-viewer already has a lockfile, it will not be regenerated
[INFO] running `Command { std: CARGO_HOME="/workspace/cargo-home" RUSTUP_HOME="/workspace/rustup-home" "/workspace/cargo-home/bin/cargo" "+1.75.0" "fetch" "--manifest-path" "Cargo.toml", kill_on_drop: false }`
[INFO] [stderr]     Updating crates.io index
[INFO] [stderr]  Downloading crates ...
[INFO] [stderr]   Downloaded derivative v1.0.3
[INFO] [stderr]   Downloaded luminance-glfw v0.12.0
[INFO] [stderr]   Downloaded luminance-windowing v0.8.1
[INFO] [stderr]   Downloaded atom v0.3.5
[INFO] [stderr]   Downloaded hermit-abi v0.1.6
[INFO] [stderr]   Downloaded const-random v0.1.6
[INFO] [stderr]   Downloaded xml-rs v0.8.0
[INFO] [stderr]   Downloaded tuple_utils v0.3.0
[INFO] [stderr]   Downloaded ahash v0.2.18
[INFO] [stderr]   Downloaded const-random-macro v0.1.6
[INFO] [stderr]   Downloaded mopa v0.2.2
[INFO] [stderr]   Downloaded hibitset v0.6.2
[INFO] [stderr]   Downloaded shred v0.9.4
[INFO] [stderr]   Downloaded specs v0.15.1
[INFO] [stderr]   Downloaded glfw-sys v3.3.1
[INFO] [stderr]   Downloaded syn v1.0.13
[INFO] [stderr]   Downloaded staticvec v0.8.0
[INFO] [stderr]   Downloaded cc v1.0.50
[INFO] [stderr]   Downloaded glfw v0.34.0
[INFO] [stderr]   Downloaded smallvec v0.6.13
[INFO] [stderr]   Downloaded quote v1.0.2
[INFO] [stderr]   Downloaded proc-macro-hack v0.5.11
[INFO] [stderr]   Downloaded shrev v1.1.1
[INFO] [stderr]   Downloaded staticsort v0.1.4
[INFO] [stderr]   Downloaded cmake v0.1.42
[INFO] [stderr]   Downloaded luminance v0.38.0
[INFO] [stderr]   Downloaded proc-macro2 v1.0.7
[INFO] [stderr]   Downloaded doem-math v1.0.0
[INFO] [stderr]   Downloaded wavefront_obj v2.0.4
[INFO] [stderr]   Downloaded luminance-derive v0.5.2
[INFO] running `Command { std: "docker" "create" "-v" "/var/lib/crater-agent-workspace/builds/worker-5-tc1/target:/opt/rustwide/target:rw,Z" "-v" "/var/lib/crater-agent-workspace/builds/worker-5-tc1/source:/opt/rustwide/workdir:ro,Z" "-v" "/var/lib/crater-agent-workspace/cargo-home:/opt/rustwide/cargo-home:ro,Z" "-v" "/var/lib/crater-agent-workspace/rustup-home:/opt/rustwide/rustup-home:ro,Z" "-e" "SOURCE_DIR=/opt/rustwide/workdir" "-e" "CARGO_TARGET_DIR=/opt/rustwide/target" "-e" "CARGO_HOME=/opt/rustwide/cargo-home" "-e" "RUSTUP_HOME=/opt/rustwide/rustup-home" "-w" "/opt/rustwide/workdir" "-m" "1610612736" "--user" "0:0" "--network" "none" "ghcr.io/rust-lang/crates-build-env/linux@sha256:2788e3201cd34a07e3172128adcd8b3090168a8e3bcc40d7c032b9dda1df7d1c" "/opt/rustwide/cargo-home/bin/cargo" "+1.75.0" "metadata" "--no-deps" "--format-version=1", kill_on_drop: false }`
[INFO] [stdout] 4c37fee1814d8af1875ff9fed2db7e1ff1ba460865040cd3f87373a5201c0274
[INFO] running `Command { std: "docker" "start" "-a" "4c37fee1814d8af1875ff9fed2db7e1ff1ba460865040cd3f87373a5201c0274", kill_on_drop: false }`
[INFO] running `Command { std: "docker" "inspect" "4c37fee1814d8af1875ff9fed2db7e1ff1ba460865040cd3f87373a5201c0274", kill_on_drop: false }`
[INFO] running `Command { std: "docker" "rm" "-f" "4c37fee1814d8af1875ff9fed2db7e1ff1ba460865040cd3f87373a5201c0274", kill_on_drop: false }`
[INFO] [stdout] 4c37fee1814d8af1875ff9fed2db7e1ff1ba460865040cd3f87373a5201c0274
[INFO] running `Command { std: "docker" "create" "-v" "/var/lib/crater-agent-workspace/builds/worker-5-tc1/target:/opt/rustwide/target:rw,Z" "-v" "/var/lib/crater-agent-workspace/builds/worker-5-tc1/source:/opt/rustwide/workdir:ro,Z" "-v" "/var/lib/crater-agent-workspace/cargo-home:/opt/rustwide/cargo-home:ro,Z" "-v" "/var/lib/crater-agent-workspace/rustup-home:/opt/rustwide/rustup-home:ro,Z" "-e" "SOURCE_DIR=/opt/rustwide/workdir" "-e" "CARGO_TARGET_DIR=/opt/rustwide/target" "-e" "CARGO_INCREMENTAL=0" "-e" "RUST_BACKTRACE=full" "-e" "RUSTFLAGS=--cap-lints=warn" "-e" "RUSTDOCFLAGS=--cap-lints=warn" "-e" "CARGO_HOME=/opt/rustwide/cargo-home" "-e" "RUSTUP_HOME=/opt/rustwide/rustup-home" "-w" "/opt/rustwide/workdir" "-m" "1610612736" "--user" "0:0" "--network" "none" "ghcr.io/rust-lang/crates-build-env/linux@sha256:2788e3201cd34a07e3172128adcd8b3090168a8e3bcc40d7c032b9dda1df7d1c" "/opt/rustwide/cargo-home/bin/cargo" "+1.75.0" "doc" "--frozen" "--no-deps" "--document-private-items" "--message-format=json", kill_on_drop: false }`
[INFO] [stdout] 63dd521a29e894f3d6f7c8535fd6f9f903bc3016c8e620e6c527f83058d8cd87
[INFO] running `Command { std: "docker" "start" "-a" "63dd521a29e894f3d6f7c8535fd6f9f903bc3016c8e620e6c527f83058d8cd87", kill_on_drop: false }`
[INFO] [stderr]    Compiling libc v0.2.66
[INFO] [stderr]    Compiling autocfg v0.1.7
[INFO] [stderr]    Compiling proc-macro2 v1.0.7
[INFO] [stderr]    Compiling log v0.4.8
[INFO] [stderr]    Compiling unicode-xid v0.2.0
[INFO] [stderr]    Compiling getrandom v0.1.14
[INFO] [stderr]    Compiling syn v1.0.13
[INFO] [stderr]    Compiling khronos_api v3.1.0
[INFO] [stderr]    Compiling ppv-lite86 v0.2.6
[INFO] [stderr]    Compiling xml-rs v0.8.0
[INFO] [stderr]     Checking scopeguard v1.0.0
[INFO] [stderr]    Compiling rayon-core v1.7.0
[INFO] [stderr]    Compiling cc v1.0.50
[INFO] [stderr]    Compiling proc-macro2 v0.4.30
[INFO] [stderr]    Compiling bitflags v1.2.1
[INFO] [stderr]    Compiling memoffset v0.5.3
[INFO] [stderr]    Compiling maybe-uninit v2.0.0
[INFO] [stderr]     Checking either v1.5.3
[INFO] [stderr]    Compiling syn v0.15.44
[INFO] [stderr]    Compiling crossbeam-utils v0.7.0
[INFO] [stderr]    Compiling crossbeam-epoch v0.8.0
[INFO] [stderr]    Compiling hashbrown v0.6.3
[INFO] [stderr]    Compiling c2-chacha v0.2.3
[INFO] [stderr]    Compiling cmake v0.1.42
[INFO] [stderr]    Compiling gl_generator v0.14.0
[INFO] [stderr]    Compiling arrayvec v0.4.12
[INFO] [stderr]     Checking nodrop v0.1.14
[INFO] [stderr]     Checking semver-parser v0.7.0
[INFO] [stderr]     Checking smallvec v0.6.13
[INFO] [stderr]     Checking crossbeam-utils v0.6.6
[INFO] [stderr]     Checking unicode-width v0.1.7
[INFO] [stderr]     Checking staticsort v0.1.4
[INFO] [stderr]     Checking atom v0.3.5
[INFO] [stderr]     Checking semver v0.9.0
[INFO] [stdout] error[E0557]: feature has been removed
[INFO] [stdout]  --> /opt/rustwide/cargo-home/registry/src/index.crates.io-6f17d22bba15001f/staticsort-0.1.4/src/lib.rs:2:12
[INFO] [stdout]   |
[INFO] [stdout] 2 | #![feature(const_fn, const_if_match, const_loop)]
[INFO] [stdout]   |            ^^^^^^^^ feature has been removed
[INFO] [stdout]   |
[INFO] [stdout]   = note: split into finer-grained feature gates
[INFO] [stdout] 
[INFO] [stdout] 
[INFO] [stdout] error[E0554]: `#![feature]` may not be used on the stable release channel
[INFO] [stdout]  --> /opt/rustwide/cargo-home/registry/src/index.crates.io-6f17d22bba15001f/staticsort-0.1.4/src/lib.rs:2:1
[INFO] [stdout]   |
[INFO] [stdout] 2 | #![feature(const_fn, const_if_match, const_loop)]
[INFO] [stdout]   | ^^^^^^^^^^^^^^^^^^^^^^^^^^^^^^^^^^^^^^^^^^^^^^^^^
[INFO] [stdout]   |
[INFO] [stdout]   = help: the feature `const_loop` has been stable since `1.46.0` and no longer requires an attribute to enable
[INFO] [stdout]   = help: the feature `const_loop` has been stable since `1.46.0` and no longer requires an attribute to enable
[INFO] [stdout] 
[INFO] [stdout] 
[INFO] [stdout] error: aborting due to 2 previous errors
[INFO] [stdout] 
[INFO] [stdout] 
[INFO] [stdout] Some errors have detailed explanations: E0554, E0557.
[INFO] [stdout] 
[INFO] [stdout] For more information about an error, try `rustc --explain E0554`.
[INFO] [stdout] 
[INFO] [stderr] error: could not compile `staticsort` (lib) due to 3 previous errors
[INFO] [stderr] warning: build failed, waiting for other jobs to finish...
[INFO] running `Command { std: "docker" "inspect" "63dd521a29e894f3d6f7c8535fd6f9f903bc3016c8e620e6c527f83058d8cd87", kill_on_drop: false }`
[INFO] running `Command { std: "docker" "rm" "-f" "63dd521a29e894f3d6f7c8535fd6f9f903bc3016c8e620e6c527f83058d8cd87", kill_on_drop: false }`
[INFO] [stdout] 63dd521a29e894f3d6f7c8535fd6f9f903bc3016c8e620e6c527f83058d8cd87
[INFO] documenting Peter-JanGootzen/rusty-obj-viewer against beta-2023-12-22 for beta-1.76-rustdoc-1
[INFO] running `Command { std: "git" "clone" "/workspace/cache/git-repos/https%3A%2F%2Fgithub.com%2FPeter-JanGootzen%2Frusty-obj-viewer" "/workspace/builds/worker-5-tc2/source", kill_on_drop: false }`
[INFO] [stderr] Cloning into '/workspace/builds/worker-5-tc2/source'...
[INFO] [stderr] done.
[INFO] validating manifest of git repo https://github.com/Peter-JanGootzen/rusty-obj-viewer on toolchain beta-2023-12-22
[INFO] running `Command { std: CARGO_HOME="/workspace/cargo-home" RUSTUP_HOME="/workspace/rustup-home" "/workspace/cargo-home/bin/cargo" "+beta-2023-12-22" "metadata" "--manifest-path" "Cargo.toml" "--no-deps", kill_on_drop: false }`
[INFO] started tweaking git repo https://github.com/Peter-JanGootzen/rusty-obj-viewer
[INFO] finished tweaking git repo https://github.com/Peter-JanGootzen/rusty-obj-viewer
[INFO] tweaked toml for git repo https://github.com/Peter-JanGootzen/rusty-obj-viewer written to /workspace/builds/worker-5-tc2/source/Cargo.toml
[INFO] crate git repo https://github.com/Peter-JanGootzen/rusty-obj-viewer already has a lockfile, it will not be regenerated
[INFO] running `Command { std: CARGO_HOME="/workspace/cargo-home" RUSTUP_HOME="/workspace/rustup-home" "/workspace/cargo-home/bin/cargo" "+beta-2023-12-22" "fetch" "--manifest-path" "Cargo.toml", kill_on_drop: false }`
[INFO] running `Command { std: "docker" "create" "-v" "/var/lib/crater-agent-workspace/builds/worker-5-tc2/target:/opt/rustwide/target:rw,Z" "-v" "/var/lib/crater-agent-workspace/builds/worker-5-tc2/source:/opt/rustwide/workdir:ro,Z" "-v" "/var/lib/crater-agent-workspace/cargo-home:/opt/rustwide/cargo-home:ro,Z" "-v" "/var/lib/crater-agent-workspace/rustup-home:/opt/rustwide/rustup-home:ro,Z" "-e" "SOURCE_DIR=/opt/rustwide/workdir" "-e" "CARGO_TARGET_DIR=/opt/rustwide/target" "-e" "CARGO_HOME=/opt/rustwide/cargo-home" "-e" "RUSTUP_HOME=/opt/rustwide/rustup-home" "-w" "/opt/rustwide/workdir" "-m" "1610612736" "--user" "0:0" "--network" "none" "ghcr.io/rust-lang/crates-build-env/linux@sha256:2788e3201cd34a07e3172128adcd8b3090168a8e3bcc40d7c032b9dda1df7d1c" "/opt/rustwide/cargo-home/bin/cargo" "+beta-2023-12-22" "metadata" "--no-deps" "--format-version=1", kill_on_drop: false }`
[INFO] [stdout] eecfa5d5f8a01dded54674d1acc5215fd9c9a3f6a3dbab04b6ecaa1d52178475
[INFO] running `Command { std: "docker" "start" "-a" "eecfa5d5f8a01dded54674d1acc5215fd9c9a3f6a3dbab04b6ecaa1d52178475", kill_on_drop: false }`
[INFO] running `Command { std: "docker" "inspect" "eecfa5d5f8a01dded54674d1acc5215fd9c9a3f6a3dbab04b6ecaa1d52178475", kill_on_drop: false }`
[INFO] running `Command { std: "docker" "rm" "-f" "eecfa5d5f8a01dded54674d1acc5215fd9c9a3f6a3dbab04b6ecaa1d52178475", kill_on_drop: false }`
[INFO] [stdout] eecfa5d5f8a01dded54674d1acc5215fd9c9a3f6a3dbab04b6ecaa1d52178475
[INFO] running `Command { std: "docker" "create" "-v" "/var/lib/crater-agent-workspace/builds/worker-5-tc2/target:/opt/rustwide/target:rw,Z" "-v" "/var/lib/crater-agent-workspace/builds/worker-5-tc2/source:/opt/rustwide/workdir:ro,Z" "-v" "/var/lib/crater-agent-workspace/cargo-home:/opt/rustwide/cargo-home:ro,Z" "-v" "/var/lib/crater-agent-workspace/rustup-home:/opt/rustwide/rustup-home:ro,Z" "-e" "SOURCE_DIR=/opt/rustwide/workdir" "-e" "CARGO_TARGET_DIR=/opt/rustwide/target" "-e" "CARGO_INCREMENTAL=0" "-e" "RUST_BACKTRACE=full" "-e" "RUSTFLAGS=--cap-lints=warn" "-e" "RUSTDOCFLAGS=--cap-lints=warn" "-e" "CARGO_HOME=/opt/rustwide/cargo-home" "-e" "RUSTUP_HOME=/opt/rustwide/rustup-home" "-w" "/opt/rustwide/workdir" "-m" "1610612736" "--user" "0:0" "--network" "none" "ghcr.io/rust-lang/crates-build-env/linux@sha256:2788e3201cd34a07e3172128adcd8b3090168a8e3bcc40d7c032b9dda1df7d1c" "/opt/rustwide/cargo-home/bin/cargo" "+beta-2023-12-22" "doc" "--frozen" "--no-deps" "--document-private-items" "--message-format=json", kill_on_drop: false }`
[INFO] [stdout] 8226579b5784a0aa1813cfbc6052b689b73f7b6ea49e1628e1b0cf9bf0703da9
[INFO] running `Command { std: "docker" "start" "-a" "8226579b5784a0aa1813cfbc6052b689b73f7b6ea49e1628e1b0cf9bf0703da9", kill_on_drop: false }`
[INFO] [stderr]    Compiling libc v0.2.66
[INFO] [stderr]    Compiling autocfg v0.1.7
[INFO] [stderr]    Compiling proc-macro2 v1.0.7
[INFO] [stderr]    Compiling log v0.4.8
[INFO] [stderr]    Compiling getrandom v0.1.14
[INFO] [stderr]    Compiling unicode-xid v0.2.0
[INFO] [stderr]    Compiling syn v1.0.13
[INFO] [stderr]    Compiling ppv-lite86 v0.2.6
[INFO] [stderr]    Compiling khronos_api v3.1.0
[INFO] [stderr]     Checking scopeguard v1.0.0
[INFO] [stderr]    Compiling xml-rs v0.8.0
[INFO] [stderr]    Compiling cc v1.0.50
[INFO] [stderr]    Compiling rayon-core v1.7.0
[INFO] [stderr]    Compiling proc-macro2 v0.4.30
[INFO] [stderr]    Compiling bitflags v1.2.1
[INFO] [stderr]    Compiling memoffset v0.5.3
[INFO] [stderr]    Compiling maybe-uninit v2.0.0
[INFO] [stderr]    Compiling arrayvec v0.4.12
[INFO] [stderr]     Checking either v1.5.3
[INFO] [stderr]    Compiling syn v0.15.44
[INFO] [stderr]    Compiling crossbeam-utils v0.7.0
[INFO] [stderr]    Compiling crossbeam-epoch v0.8.0
[INFO] [stderr]    Compiling c2-chacha v0.2.3
[INFO] [stderr]    Compiling hashbrown v0.6.3
[INFO] [stderr]    Compiling cmake v0.1.42
[INFO] [stderr]     Checking semver-parser v0.7.0
[INFO] [stderr]     Checking nodrop v0.1.14
[INFO] [stderr]     Checking smallvec v0.6.13
[INFO] [stderr]     Checking crossbeam-utils v0.6.6
[INFO] [stderr]     Checking unicode-width v0.1.7
[INFO] [stderr]    Compiling quote v1.0.2
[INFO] [stderr]    Compiling gl_generator v0.14.0
[INFO] [stderr]     Checking semver v0.9.0
[INFO] [stderr]     Checking staticsort v0.1.4
[INFO] [stdout] error[E0557]: feature has been removed
[INFO] [stdout]  --> /opt/rustwide/cargo-home/registry/src/index.crates.io-6f17d22bba15001f/staticsort-0.1.4/src/lib.rs:2:12
[INFO] [stdout]   |
[INFO] [stdout] 2 | #![feature(const_fn, const_if_match, const_loop)]
[INFO] [stdout]   |            ^^^^^^^^ feature has been removed
[INFO] [stdout]   |
[INFO] [stdout]   = note: split into finer-grained feature gates
[INFO] [stdout] 
[INFO] [stdout] 
[INFO] [stdout] error[E0554]: `#![feature]` may not be used on the beta release channel
[INFO] [stdout]  --> /opt/rustwide/cargo-home/registry/src/index.crates.io-6f17d22bba15001f/staticsort-0.1.4/src/lib.rs:2:1
[INFO] [stdout]   |
[INFO] [stdout] 2 | #![feature(const_fn, const_if_match, const_loop)]
[INFO] [stdout]   | ^^^^^^^^^^^^^^^^^^^^^^^^^^^^^^^^^^^^^^^^^^^^^^^^^
[INFO] [stdout]   |
[INFO] [stdout]   = help: the feature `const_loop` has been stable since `1.46.0` and no longer requires an attribute to enable
[INFO] [stdout]   = help: the feature `const_loop` has been stable since `1.46.0` and no longer requires an attribute to enable
[INFO] [stdout] 
[INFO] [stdout] 
[INFO] [stdout] error: aborting due to 2 previous errors
[INFO] [stdout] 
[INFO] [stdout] 
[INFO] [stdout] Some errors have detailed explanations: E0554, E0557.
[INFO] [stdout] 
[INFO] [stdout] For more information about an error, try `rustc --explain E0554`.
[INFO] [stdout] 
[INFO] [stderr]     Checking atom v0.3.5
[INFO] [stderr]     Checking mopa v0.2.2
[INFO] [stderr] error: could not compile `staticsort` (lib) due to 3 previous errors
[INFO] [stderr] warning: build failed, waiting for other jobs to finish...
[INFO] running `Command { std: "docker" "inspect" "8226579b5784a0aa1813cfbc6052b689b73f7b6ea49e1628e1b0cf9bf0703da9", kill_on_drop: false }`
[INFO] running `Command { std: "docker" "rm" "-f" "8226579b5784a0aa1813cfbc6052b689b73f7b6ea49e1628e1b0cf9bf0703da9", kill_on_drop: false }`
[INFO] [stdout] 8226579b5784a0aa1813cfbc6052b689b73f7b6ea49e1628e1b0cf9bf0703da9
