[INFO] cloning repository https://github.com/Pctg-x8/interlude
[INFO] running `Command { std: "git" "-c" "credential.helper=" "-c" "credential.helper=/workspace/cargo-home/bin/git-credential-null" "clone" "--bare" "https://github.com/Pctg-x8/interlude" "/workspace/cache/git-repos/https%3A%2F%2Fgithub.com%2FPctg-x8%2Finterlude", kill_on_drop: false }`
[INFO] [stderr] Cloning into bare repository '/workspace/cache/git-repos/https%3A%2F%2Fgithub.com%2FPctg-x8%2Finterlude'...
[INFO] running `Command { std: "git" "rev-parse" "HEAD", kill_on_drop: false }`
[INFO] [stdout] bba4551bcacc50f28cc72749826607e2d9146301
[INFO] documenting Pctg-x8/interlude against 1.75.0 for beta-1.76-rustdoc-1
[INFO] running `Command { std: "git" "clone" "/workspace/cache/git-repos/https%3A%2F%2Fgithub.com%2FPctg-x8%2Finterlude" "/workspace/builds/worker-3-tc1/source", kill_on_drop: false }`
[INFO] [stderr] Cloning into '/workspace/builds/worker-3-tc1/source'...
[INFO] [stderr] done.
[INFO] validating manifest of git repo https://github.com/Pctg-x8/interlude on toolchain 1.75.0
[INFO] running `Command { std: CARGO_HOME="/workspace/cargo-home" RUSTUP_HOME="/workspace/rustup-home" "/workspace/cargo-home/bin/cargo" "+1.75.0" "metadata" "--manifest-path" "Cargo.toml" "--no-deps", kill_on_drop: false }`
[INFO] started tweaking git repo https://github.com/Pctg-x8/interlude
[INFO] finished tweaking git repo https://github.com/Pctg-x8/interlude
[INFO] tweaked toml for git repo https://github.com/Pctg-x8/interlude written to /workspace/builds/worker-3-tc1/source/Cargo.toml
[INFO] crate git repo https://github.com/Pctg-x8/interlude already has a lockfile, it will not be regenerated
[INFO] running `Command { std: CARGO_HOME="/workspace/cargo-home" RUSTUP_HOME="/workspace/rustup-home" "/workspace/cargo-home/bin/cargo" "+1.75.0" "fetch" "--manifest-path" "Cargo.toml", kill_on_drop: false }`
[INFO] [stderr]     Updating crates.io index
[INFO] [stderr]  Downloading crates ...
[INFO] [stderr]   Downloaded thread-scoped v1.0.2
[INFO] [stderr]   Downloaded freetype-sys v0.4.0
[INFO] [stderr]   Downloaded redox_syscall v0.1.32
[INFO] [stderr]   Downloaded iovec v0.1.1
[INFO] [stderr]   Downloaded alga v0.5.2
[INFO] [stderr]   Downloaded fuchsia-zircon-sys v0.2.0
[INFO] [stderr]   Downloaded rand v0.3.18
[INFO] [stderr]   Downloaded typenum v1.9.0
[INFO] [stderr]   Downloaded fuchsia-zircon v0.2.1
[INFO] [stderr]   Downloaded mio v0.6.11
[INFO] [stderr]   Downloaded x11 v2.14.0
[INFO] running `Command { std: "docker" "create" "-v" "/var/lib/crater-agent-workspace/builds/worker-3-tc1/target:/opt/rustwide/target:rw,Z" "-v" "/var/lib/crater-agent-workspace/builds/worker-3-tc1/source:/opt/rustwide/workdir:ro,Z" "-v" "/var/lib/crater-agent-workspace/cargo-home:/opt/rustwide/cargo-home:ro,Z" "-v" "/var/lib/crater-agent-workspace/rustup-home:/opt/rustwide/rustup-home:ro,Z" "-e" "SOURCE_DIR=/opt/rustwide/workdir" "-e" "CARGO_TARGET_DIR=/opt/rustwide/target" "-e" "CARGO_HOME=/opt/rustwide/cargo-home" "-e" "RUSTUP_HOME=/opt/rustwide/rustup-home" "-w" "/opt/rustwide/workdir" "-m" "1610612736" "--user" "0:0" "--network" "none" "ghcr.io/rust-lang/crates-build-env/linux@sha256:2788e3201cd34a07e3172128adcd8b3090168a8e3bcc40d7c032b9dda1df7d1c" "/opt/rustwide/cargo-home/bin/cargo" "+1.75.0" "metadata" "--no-deps" "--format-version=1", kill_on_drop: false }`
[INFO] [stdout] 08680fde1329888781ae60145eff960c5ef5871ad1a041af27d39ca1e84c5b7a
[INFO] running `Command { std: "docker" "start" "-a" "08680fde1329888781ae60145eff960c5ef5871ad1a041af27d39ca1e84c5b7a", kill_on_drop: false }`
[INFO] running `Command { std: "docker" "inspect" "08680fde1329888781ae60145eff960c5ef5871ad1a041af27d39ca1e84c5b7a", kill_on_drop: false }`
[INFO] running `Command { std: "docker" "rm" "-f" "08680fde1329888781ae60145eff960c5ef5871ad1a041af27d39ca1e84c5b7a", kill_on_drop: false }`
[INFO] [stdout] 08680fde1329888781ae60145eff960c5ef5871ad1a041af27d39ca1e84c5b7a
[INFO] running `Command { std: "docker" "create" "-v" "/var/lib/crater-agent-workspace/builds/worker-3-tc1/target:/opt/rustwide/target:rw,Z" "-v" "/var/lib/crater-agent-workspace/builds/worker-3-tc1/source:/opt/rustwide/workdir:ro,Z" "-v" "/var/lib/crater-agent-workspace/cargo-home:/opt/rustwide/cargo-home:ro,Z" "-v" "/var/lib/crater-agent-workspace/rustup-home:/opt/rustwide/rustup-home:ro,Z" "-e" "SOURCE_DIR=/opt/rustwide/workdir" "-e" "CARGO_TARGET_DIR=/opt/rustwide/target" "-e" "CARGO_INCREMENTAL=0" "-e" "RUST_BACKTRACE=full" "-e" "RUSTFLAGS=--cap-lints=warn" "-e" "RUSTDOCFLAGS=--cap-lints=warn" "-e" "CARGO_HOME=/opt/rustwide/cargo-home" "-e" "RUSTUP_HOME=/opt/rustwide/rustup-home" "-w" "/opt/rustwide/workdir" "-m" "1610612736" "--user" "0:0" "--network" "none" "ghcr.io/rust-lang/crates-build-env/linux@sha256:2788e3201cd34a07e3172128adcd8b3090168a8e3bcc40d7c032b9dda1df7d1c" "/opt/rustwide/cargo-home/bin/cargo" "+1.75.0" "doc" "--frozen" "--no-deps" "--document-private-items" "--message-format=json", kill_on_drop: false }`
[INFO] [stdout] 2832acdc5f629bb7c6bd47130c65f69dd047b1eb07ab2a19a4546c4b96adc3a7
[INFO] running `Command { std: "docker" "start" "-a" "2832acdc5f629bb7c6bd47130c65f69dd047b1eb07ab2a19a4546c4b96adc3a7", kill_on_drop: false }`
[INFO] [stderr]     Checking libc v0.2.33
[INFO] [stderr]    Compiling typenum v1.9.0
[INFO] [stderr]     Checking num-traits v0.1.40
[INFO] [stderr]     Checking rustc-serialize v0.3.24
[INFO] [stderr]     Checking approx v0.1.1
[INFO] [stderr]     Checking cfg-if v0.1.2
[INFO] [stderr]    Compiling interlude v0.1.0 (/opt/rustwide/workdir)
[INFO] [stderr]     Checking lazycell v0.5.1
[INFO] [stderr]     Checking slab v0.3.0
[INFO] [stderr]     Checking log v0.3.8
[INFO] [stderr]     Checking unicode-normalization v0.1.5
[INFO] [stderr]     Checking thread-scoped v1.0.2
[INFO] [stderr]     Checking ansi_term v0.9.0
[INFO] [stderr]     Checking rand v0.3.18
[INFO] [stderr]     Checking interlude-vk-defs v1.0.55 (/opt/rustwide/workdir/vk/defs)
[INFO] [stderr]     Checking iovec v0.1.1
[INFO] [stderr]     Checking net2 v0.2.31
[INFO] [stderr]     Checking time v0.1.38
[INFO] [stderr]     Checking mio v0.6.11
[INFO] [stdout] warning: the type `VkDebugReportCallbackCreateInfoEXT` does not permit zero-initialization
[INFO] [stdout]   --> vk/defs/src/debug_report_ext.rs:69:16
[INFO] [stdout]    |
[INFO] [stdout] 69 |             .. unsafe { std::mem::zeroed() }
[INFO] [stdout]    |                         ^^^^^^^^^^^^^^^^^^
[INFO] [stdout]    |                         |
[INFO] [stdout]    |                         this code causes undefined behavior when executed
[INFO] [stdout]    |                         help: use `MaybeUninit<T>` instead, and only call `assume_init` after initialization is done
[INFO] [stdout]    |
[INFO] [stdout] note: function pointers must be non-null (in this struct field)
[INFO] [stdout]   --> vk/defs/src/debug_report_ext.rs:59:36
[INFO] [stdout]    |
[INFO] [stdout] 59 |     pub flags: VkDebugReportFlagsEXT, pub pfnCallback: PFN_vkDebugReportCallbackEXT,
[INFO] [stdout]    |                                       ^^^^^^^^^^^^^^^^^^^^^^^^^^^^^^^^^^^^^^^^^^^^^
[INFO] [stdout]    = note: `#[warn(invalid_value)]` on by default
[INFO] [stdout] 
[INFO] [stdout] 
[INFO] [stdout] warning: 1 warning emitted
[INFO] [stdout] 
[INFO] [stdout] 
[INFO] [stderr]     Checking interlude-vk-funport v1.0.55 (/opt/rustwide/workdir/vk/funport)
[INFO] [stdout] warning: `extern` block uses type `[f32; 4]`, which is not FFI-safe
[INFO] [stdout]    --> vk/funport/src/lib.rs:122:83
[INFO] [stdout]     |
[INFO] [stdout] 122 |     pub fn vkCmdSetBlendConstants(commandBuffer: VkCommandBuffer, blendConstants: [c_float; 4]);
[INFO] [stdout]     |                                                                                   ^^^^^^^^^^^^ not FFI-safe
[INFO] [stdout]     |
[INFO] [stdout]     = help: consider passing a pointer to the array
[INFO] [stdout]     = note: passing raw arrays by value is not FFI-safe
[INFO] [stdout]     = note: `#[warn(improper_ctypes)]` on by default
[INFO] [stdout] 
[INFO] [stdout] 
[INFO] [stdout] warning: 1 warning emitted
[INFO] [stdout] 
[INFO] [stdout] 
[INFO] [stderr]     Checking generic-array v0.2.1
[INFO] [stderr]     Checking num-complex v0.1.40
[INFO] [stderr]     Checking alga v0.5.2
[INFO] [stderr]     Checking nalgebra v0.12.3
[INFO] [stdout] error[E0119]: conflicting implementations of trait `Mul<&_>` for type `translation::TranslationBase<_, _, _>`
[INFO] [stdout]    --> /opt/rustwide/cargo-home/registry/src/index.crates.io-6f17d22bba15001f/nalgebra-0.12.3/src/geometry/isometry_ops.rs:68:9
[INFO] [stdout]     |
[INFO] [stdout] 68  | /         impl<$($lives ,)* N, D: DimName, S, R> $Op<$Rhs> for $Lhs
[INFO] [stdout] 69  | |             where N: Real,
[INFO] [stdout] 70  | |                   S: OwnedStorage<N, D, U1>,
[INFO] [stdout] 71  | |                   R: Rotation<PointBase<N, D, S>>,
[INFO] [stdout] 72  | |                   S::Alloc: OwnedAllocator<N, D, U1, S> {
[INFO] [stdout]     | |                                                       ^
[INFO] [stdout]     | |                                                       |
[INFO] [stdout]     | |_______________________________________________________first implementation here
[INFO] [stdout]     |                                                         conflicting implementation for `translation::TranslationBase<_, _, _>`
[INFO] [stdout] ...
[INFO] [stdout] 286 | / isometry_binop_impl_all!(
[INFO] [stdout] 287 | |     Mul, mul;
[INFO] [stdout] 288 | |     self: TranslationBase<N, D, S>, right: R, Output = IsometryBase<N, D, S, R>;
[INFO] [stdout] 289 | |     [val val] => IsometryBase::from_parts(self, right);
[INFO] [stdout] ...   |
[INFO] [stdout] 292 | |     [ref ref] => IsometryBase::from_parts(self.clone(), right.clone());
[INFO] [stdout] 293 | | );
[INFO] [stdout]     | |_- in this macro invocation
[INFO] [stdout]     |
[INFO] [stdout]     = note: downstream crates may implement trait `alga::linear::Rotation<geometry::point::PointBase<_, _, _>>` for type `&_`
[INFO] [stdout]     = note: this error originates in the macro `isometry_binop_impl` which comes from the expansion of the macro `isometry_binop_impl_all` (in Nightly builds, run with -Z macro-backtrace for more info)
[INFO] [stdout] 
[INFO] [stdout] 
[INFO] [stdout] error[E0119]: conflicting implementations of trait `Mul<&_>` for type `&translation::TranslationBase<_, _, _>`
[INFO] [stdout]    --> /opt/rustwide/cargo-home/registry/src/index.crates.io-6f17d22bba15001f/nalgebra-0.12.3/src/geometry/isometry_ops.rs:68:9
[INFO] [stdout]     |
[INFO] [stdout] 68  | /         impl<$($lives ,)* N, D: DimName, S, R> $Op<$Rhs> for $Lhs
[INFO] [stdout] 69  | |             where N: Real,
[INFO] [stdout] 70  | |                   S: OwnedStorage<N, D, U1>,
[INFO] [stdout] 71  | |                   R: Rotation<PointBase<N, D, S>>,
[INFO] [stdout] 72  | |                   S::Alloc: OwnedAllocator<N, D, U1, S> {
[INFO] [stdout]     | |                                                       ^
[INFO] [stdout]     | |                                                       |
[INFO] [stdout]     | |_______________________________________________________first implementation here
[INFO] [stdout]     |                                                         conflicting implementation for `&translation::TranslationBase<_, _, _>`
[INFO] [stdout] ...
[INFO] [stdout] 286 | / isometry_binop_impl_all!(
[INFO] [stdout] 287 | |     Mul, mul;
[INFO] [stdout] 288 | |     self: TranslationBase<N, D, S>, right: R, Output = IsometryBase<N, D, S, R>;
[INFO] [stdout] 289 | |     [val val] => IsometryBase::from_parts(self, right);
[INFO] [stdout] ...   |
[INFO] [stdout] 292 | |     [ref ref] => IsometryBase::from_parts(self.clone(), right.clone());
[INFO] [stdout] 293 | | );
[INFO] [stdout]     | |_- in this macro invocation
[INFO] [stdout]     |
[INFO] [stdout]     = note: downstream crates may implement trait `alga::linear::Rotation<geometry::point::PointBase<_, _, _>>` for type `&_`
[INFO] [stdout]     = note: this error originates in the macro `isometry_binop_impl` which comes from the expansion of the macro `isometry_binop_impl_all` (in Nightly builds, run with -Z macro-backtrace for more info)
[INFO] [stdout] 
[INFO] [stdout] 
[INFO] [stdout] error: aborting due to 2 previous errors
[INFO] [stdout] 
[INFO] [stdout] 
[INFO] [stdout] For more information about this error, try `rustc --explain E0119`.
[INFO] [stdout] 
[INFO] [stderr] error: could not compile `nalgebra` (lib) due to 3 previous errors
[INFO] running `Command { std: "docker" "inspect" "2832acdc5f629bb7c6bd47130c65f69dd047b1eb07ab2a19a4546c4b96adc3a7", kill_on_drop: false }`
[INFO] running `Command { std: "docker" "rm" "-f" "2832acdc5f629bb7c6bd47130c65f69dd047b1eb07ab2a19a4546c4b96adc3a7", kill_on_drop: false }`
[INFO] [stdout] 2832acdc5f629bb7c6bd47130c65f69dd047b1eb07ab2a19a4546c4b96adc3a7
[INFO] documenting Pctg-x8/interlude against beta-2023-12-22 for beta-1.76-rustdoc-1
[INFO] running `Command { std: "git" "clone" "/workspace/cache/git-repos/https%3A%2F%2Fgithub.com%2FPctg-x8%2Finterlude" "/workspace/builds/worker-3-tc2/source", kill_on_drop: false }`
[INFO] [stderr] Cloning into '/workspace/builds/worker-3-tc2/source'...
[INFO] [stderr] done.
[INFO] validating manifest of git repo https://github.com/Pctg-x8/interlude on toolchain beta-2023-12-22
[INFO] running `Command { std: CARGO_HOME="/workspace/cargo-home" RUSTUP_HOME="/workspace/rustup-home" "/workspace/cargo-home/bin/cargo" "+beta-2023-12-22" "metadata" "--manifest-path" "Cargo.toml" "--no-deps", kill_on_drop: false }`
[INFO] started tweaking git repo https://github.com/Pctg-x8/interlude
[INFO] finished tweaking git repo https://github.com/Pctg-x8/interlude
[INFO] tweaked toml for git repo https://github.com/Pctg-x8/interlude written to /workspace/builds/worker-3-tc2/source/Cargo.toml
[INFO] crate git repo https://github.com/Pctg-x8/interlude already has a lockfile, it will not be regenerated
[INFO] running `Command { std: CARGO_HOME="/workspace/cargo-home" RUSTUP_HOME="/workspace/rustup-home" "/workspace/cargo-home/bin/cargo" "+beta-2023-12-22" "fetch" "--manifest-path" "Cargo.toml", kill_on_drop: false }`
[INFO] running `Command { std: "docker" "create" "-v" "/var/lib/crater-agent-workspace/builds/worker-3-tc2/target:/opt/rustwide/target:rw,Z" "-v" "/var/lib/crater-agent-workspace/builds/worker-3-tc2/source:/opt/rustwide/workdir:ro,Z" "-v" "/var/lib/crater-agent-workspace/cargo-home:/opt/rustwide/cargo-home:ro,Z" "-v" "/var/lib/crater-agent-workspace/rustup-home:/opt/rustwide/rustup-home:ro,Z" "-e" "SOURCE_DIR=/opt/rustwide/workdir" "-e" "CARGO_TARGET_DIR=/opt/rustwide/target" "-e" "CARGO_HOME=/opt/rustwide/cargo-home" "-e" "RUSTUP_HOME=/opt/rustwide/rustup-home" "-w" "/opt/rustwide/workdir" "-m" "1610612736" "--user" "0:0" "--network" "none" "ghcr.io/rust-lang/crates-build-env/linux@sha256:2788e3201cd34a07e3172128adcd8b3090168a8e3bcc40d7c032b9dda1df7d1c" "/opt/rustwide/cargo-home/bin/cargo" "+beta-2023-12-22" "metadata" "--no-deps" "--format-version=1", kill_on_drop: false }`
[INFO] [stdout] 72a4a89042abc07e25c2319dad8ad5e85861c3bfe9dc270f74017b61d2a9c35c
[INFO] running `Command { std: "docker" "start" "-a" "72a4a89042abc07e25c2319dad8ad5e85861c3bfe9dc270f74017b61d2a9c35c", kill_on_drop: false }`
[INFO] running `Command { std: "docker" "inspect" "72a4a89042abc07e25c2319dad8ad5e85861c3bfe9dc270f74017b61d2a9c35c", kill_on_drop: false }`
[INFO] running `Command { std: "docker" "rm" "-f" "72a4a89042abc07e25c2319dad8ad5e85861c3bfe9dc270f74017b61d2a9c35c", kill_on_drop: false }`
[INFO] [stdout] 72a4a89042abc07e25c2319dad8ad5e85861c3bfe9dc270f74017b61d2a9c35c
[INFO] running `Command { std: "docker" "create" "-v" "/var/lib/crater-agent-workspace/builds/worker-3-tc2/target:/opt/rustwide/target:rw,Z" "-v" "/var/lib/crater-agent-workspace/builds/worker-3-tc2/source:/opt/rustwide/workdir:ro,Z" "-v" "/var/lib/crater-agent-workspace/cargo-home:/opt/rustwide/cargo-home:ro,Z" "-v" "/var/lib/crater-agent-workspace/rustup-home:/opt/rustwide/rustup-home:ro,Z" "-e" "SOURCE_DIR=/opt/rustwide/workdir" "-e" "CARGO_TARGET_DIR=/opt/rustwide/target" "-e" "CARGO_INCREMENTAL=0" "-e" "RUST_BACKTRACE=full" "-e" "RUSTFLAGS=--cap-lints=warn" "-e" "RUSTDOCFLAGS=--cap-lints=warn" "-e" "CARGO_HOME=/opt/rustwide/cargo-home" "-e" "RUSTUP_HOME=/opt/rustwide/rustup-home" "-w" "/opt/rustwide/workdir" "-m" "1610612736" "--user" "0:0" "--network" "none" "ghcr.io/rust-lang/crates-build-env/linux@sha256:2788e3201cd34a07e3172128adcd8b3090168a8e3bcc40d7c032b9dda1df7d1c" "/opt/rustwide/cargo-home/bin/cargo" "+beta-2023-12-22" "doc" "--frozen" "--no-deps" "--document-private-items" "--message-format=json", kill_on_drop: false }`
[INFO] [stdout] 5ee88b7c44e47bb5d7648e05042b18c5846780510d1f93883e3727cab477620d
[INFO] running `Command { std: "docker" "start" "-a" "5ee88b7c44e47bb5d7648e05042b18c5846780510d1f93883e3727cab477620d", kill_on_drop: false }`
[INFO] [stderr]     Checking libc v0.2.33
[INFO] [stderr]    Compiling typenum v1.9.0
[INFO] [stderr]     Checking num-traits v0.1.40
[INFO] [stderr]     Checking rustc-serialize v0.3.24
[INFO] [stderr]     Checking cfg-if v0.1.2
[INFO] [stderr]     Checking approx v0.1.1
[INFO] [stderr]     Checking log v0.3.8
[INFO] [stderr]    Compiling interlude v0.1.0 (/opt/rustwide/workdir)
[INFO] [stderr]     Checking lazycell v0.5.1
[INFO] [stderr]     Checking slab v0.3.0
[INFO] [stderr]     Checking ansi_term v0.9.0
[INFO] [stderr]     Checking thread-scoped v1.0.2
[INFO] [stderr]     Checking unicode-normalization v0.1.5
[INFO] [stdout] error[E0310]: the parameter type `T` may not live long enough
[INFO] [stdout]     --> /opt/rustwide/cargo-home/registry/src/index.crates.io-6f17d22bba15001f/rustc-serialize-0.3.24/src/serialize.rs:1155:5
[INFO] [stdout]      |
[INFO] [stdout] 1155 |     fn decode<D: Decoder>(d: &mut D) -> Result<Cow<'static, T>, D::Error> {
[INFO] [stdout]      |     ^^^^^^^^^^^^^^^^^^^^^^^^^^^^^^^^^^^^^^^^^^^^^^^^^^^^^^^^^^^^^^^^^^^^^
[INFO] [stdout]      |     |
[INFO] [stdout]      |     the parameter type `T` must be valid for the static lifetime...
[INFO] [stdout]      |     ...so that the type `T` will meet its required lifetime bounds...
[INFO] [stdout]      |
[INFO] [stdout] note: ...that is required by this bound
[INFO] [stdout]     --> /rustc/0e09125c6c3c2fd70d7de961bcf0e51575235fad/library/alloc/src/borrow.rs:180:30
[INFO] [stdout] help: consider adding an explicit lifetime bound
[INFO] [stdout]      |
[INFO] [stdout] 1151 | impl<'a, T: ?Sized + 'static> Decodable for Cow<'a, T>
[INFO] [stdout]      |                    +++++++++
[INFO] [stdout] 
[INFO] [stdout] 
[INFO] [stderr]     Checking interlude-vk-defs v1.0.55 (/opt/rustwide/workdir/vk/defs)
[INFO] [stderr]     Checking net2 v0.2.31
[INFO] [stderr]     Checking rand v0.3.18
[INFO] [stderr]     Checking iovec v0.1.1
[INFO] [stderr]     Checking time v0.1.38
[INFO] [stderr]     Checking mio v0.6.11
[INFO] [stdout] warning: the type `VkDebugReportCallbackCreateInfoEXT` does not permit zero-initialization
[INFO] [stdout]   --> vk/defs/src/debug_report_ext.rs:69:16
[INFO] [stdout]    |
[INFO] [stdout] 69 |             .. unsafe { std::mem::zeroed() }
[INFO] [stdout]    |                         ^^^^^^^^^^^^^^^^^^
[INFO] [stdout]    |                         |
[INFO] [stdout]    |                         this code causes undefined behavior when executed
[INFO] [stdout]    |                         help: use `MaybeUninit<T>` instead, and only call `assume_init` after initialization is done
[INFO] [stdout]    |
[INFO] [stdout] note: function pointers must be non-null (in this struct field)
[INFO] [stdout]   --> vk/defs/src/debug_report_ext.rs:59:36
[INFO] [stdout]    |
[INFO] [stdout] 59 |     pub flags: VkDebugReportFlagsEXT, pub pfnCallback: PFN_vkDebugReportCallbackEXT,
[INFO] [stdout]    |                                       ^^^^^^^^^^^^^^^^^^^^^^^^^^^^^^^^^^^^^^^^^^^^^
[INFO] [stdout]    = note: `#[warn(invalid_value)]` on by default
[INFO] [stdout] 
[INFO] [stdout] 
[INFO] [stdout] warning: 1 warning emitted
[INFO] [stdout] 
[INFO] [stdout] 
[INFO] [stderr]     Checking interlude-vk-funport v1.0.55 (/opt/rustwide/workdir/vk/funport)
[INFO] [stdout] error: aborting due to 1 previous error
[INFO] [stdout] 
[INFO] [stdout] 
[INFO] [stdout] For more information about this error, try `rustc --explain E0310`.
[INFO] [stdout] 
[INFO] [stderr] error: could not compile `rustc-serialize` (lib) due to 2 previous errors
[INFO] [stderr] warning: build failed, waiting for other jobs to finish...
[INFO] [stdout] warning: `extern` block uses type `[f32; 4]`, which is not FFI-safe
[INFO] [stdout]    --> vk/funport/src/lib.rs:122:83
[INFO] [stdout]     |
[INFO] [stdout] 122 |     pub fn vkCmdSetBlendConstants(commandBuffer: VkCommandBuffer, blendConstants: [c_float; 4]);
[INFO] [stdout]     |                                                                                   ^^^^^^^^^^^^ not FFI-safe
[INFO] [stdout]     |
[INFO] [stdout]     = help: consider passing a pointer to the array
[INFO] [stdout]     = note: passing raw arrays by value is not FFI-safe
[INFO] [stdout]     = note: `#[warn(improper_ctypes)]` on by default
[INFO] [stdout] 
[INFO] [stdout] 
[INFO] [stdout] warning: 1 warning emitted
[INFO] [stdout] 
[INFO] [stdout] 
[INFO] running `Command { std: "docker" "inspect" "5ee88b7c44e47bb5d7648e05042b18c5846780510d1f93883e3727cab477620d", kill_on_drop: false }`
[INFO] running `Command { std: "docker" "rm" "-f" "5ee88b7c44e47bb5d7648e05042b18c5846780510d1f93883e3727cab477620d", kill_on_drop: false }`
[INFO] [stdout] 5ee88b7c44e47bb5d7648e05042b18c5846780510d1f93883e3727cab477620d
