[INFO] cloning repository https://github.com/Paval-from-Belarus/rust_winapi
[INFO] running `Command { std: "git" "-c" "credential.helper=" "-c" "credential.helper=/workspace/cargo-home/bin/git-credential-null" "clone" "--bare" "https://github.com/Paval-from-Belarus/rust_winapi" "/workspace/cache/git-repos/https%3A%2F%2Fgithub.com%2FPaval-from-Belarus%2Frust_winapi", kill_on_drop: false }`
[INFO] [stderr] Cloning into bare repository '/workspace/cache/git-repos/https%3A%2F%2Fgithub.com%2FPaval-from-Belarus%2Frust_winapi'...
[INFO] running `Command { std: "git" "rev-parse" "HEAD", kill_on_drop: false }`
[INFO] [stdout] e265900650574e1c6cba92c529b4bb6f78e30bbb
[INFO] documenting Paval-from-Belarus/rust_winapi against 1.75.0 for beta-1.76-rustdoc-1
[INFO] running `Command { std: "git" "clone" "/workspace/cache/git-repos/https%3A%2F%2Fgithub.com%2FPaval-from-Belarus%2Frust_winapi" "/workspace/builds/worker-6-tc1/source", kill_on_drop: false }`
[INFO] [stderr] Cloning into '/workspace/builds/worker-6-tc1/source'...
[INFO] [stderr] done.
[INFO] validating manifest of git repo https://github.com/Paval-from-Belarus/rust_winapi on toolchain 1.75.0
[INFO] running `Command { std: CARGO_HOME="/workspace/cargo-home" RUSTUP_HOME="/workspace/rustup-home" "/workspace/cargo-home/bin/cargo" "+1.75.0" "metadata" "--manifest-path" "Cargo.toml" "--no-deps", kill_on_drop: false }`
[INFO] removed /workspace/builds/worker-6-tc1/source/rust-toolchain.toml
[INFO] started tweaking git repo https://github.com/Paval-from-Belarus/rust_winapi
[INFO] finished tweaking git repo https://github.com/Paval-from-Belarus/rust_winapi
[INFO] tweaked toml for git repo https://github.com/Paval-from-Belarus/rust_winapi written to /workspace/builds/worker-6-tc1/source/Cargo.toml
[INFO] crate git repo https://github.com/Paval-from-Belarus/rust_winapi already has a lockfile, it will not be regenerated
[INFO] running `Command { std: CARGO_HOME="/workspace/cargo-home" RUSTUP_HOME="/workspace/rustup-home" "/workspace/cargo-home/bin/cargo" "+1.75.0" "fetch" "--manifest-path" "Cargo.toml", kill_on_drop: false }`
[INFO] [stderr] warning: /workspace/builds/worker-6-tc1/source/emiter/Cargo.toml: unused manifest key: target.cfg(target_os = "windows").features
[INFO] [stderr] warning: /workspace/builds/worker-6-tc1/source/process_driver/Cargo.toml: unused manifest key: lib.lto
[INFO] [stderr]     Updating crates.io index
[INFO] [stderr]  Downloading crates ...
[INFO] [stderr]   Downloaded wdk-build v0.1.0
[INFO] [stderr]   Downloaded wdk v0.1.0
[INFO] [stderr]   Downloaded no-panic v0.1.27
[INFO] [stderr]   Downloaded wdk-macros v0.1.0
[INFO] [stderr]   Downloaded wdk-alloc v0.1.0
[INFO] [stderr]   Downloaded nt-string v0.1.1
[INFO] [stderr]   Downloaded wdk-panic v0.1.0
[INFO] [stderr]   Downloaded wdk-sys v0.1.0
[INFO] running `Command { std: "docker" "create" "-v" "/var/lib/crater-agent-workspace/builds/worker-6-tc1/target:/opt/rustwide/target:rw,Z" "-v" "/var/lib/crater-agent-workspace/builds/worker-6-tc1/source:/opt/rustwide/workdir:ro,Z" "-v" "/var/lib/crater-agent-workspace/cargo-home:/opt/rustwide/cargo-home:ro,Z" "-v" "/var/lib/crater-agent-workspace/rustup-home:/opt/rustwide/rustup-home:ro,Z" "-e" "SOURCE_DIR=/opt/rustwide/workdir" "-e" "CARGO_TARGET_DIR=/opt/rustwide/target" "-e" "CARGO_HOME=/opt/rustwide/cargo-home" "-e" "RUSTUP_HOME=/opt/rustwide/rustup-home" "-w" "/opt/rustwide/workdir" "-m" "1610612736" "--user" "0:0" "--network" "none" "ghcr.io/rust-lang/crates-build-env/linux@sha256:2788e3201cd34a07e3172128adcd8b3090168a8e3bcc40d7c032b9dda1df7d1c" "/opt/rustwide/cargo-home/bin/cargo" "+1.75.0" "metadata" "--no-deps" "--format-version=1", kill_on_drop: false }`
[INFO] [stdout] 5b3461f2fe562de9236d386be6ba9c1ed0e05c1ace450658520e28c725d64a2e
[INFO] running `Command { std: "docker" "start" "-a" "5b3461f2fe562de9236d386be6ba9c1ed0e05c1ace450658520e28c725d64a2e", kill_on_drop: false }`
[INFO] running `Command { std: "docker" "inspect" "5b3461f2fe562de9236d386be6ba9c1ed0e05c1ace450658520e28c725d64a2e", kill_on_drop: false }`
[INFO] running `Command { std: "docker" "rm" "-f" "5b3461f2fe562de9236d386be6ba9c1ed0e05c1ace450658520e28c725d64a2e", kill_on_drop: false }`
[INFO] [stdout] 5b3461f2fe562de9236d386be6ba9c1ed0e05c1ace450658520e28c725d64a2e
[INFO] running `Command { std: "docker" "create" "-v" "/var/lib/crater-agent-workspace/builds/worker-6-tc1/target:/opt/rustwide/target:rw,Z" "-v" "/var/lib/crater-agent-workspace/builds/worker-6-tc1/source:/opt/rustwide/workdir:ro,Z" "-v" "/var/lib/crater-agent-workspace/cargo-home:/opt/rustwide/cargo-home:ro,Z" "-v" "/var/lib/crater-agent-workspace/rustup-home:/opt/rustwide/rustup-home:ro,Z" "-e" "SOURCE_DIR=/opt/rustwide/workdir" "-e" "CARGO_TARGET_DIR=/opt/rustwide/target" "-e" "CARGO_INCREMENTAL=0" "-e" "RUST_BACKTRACE=full" "-e" "RUSTFLAGS=--cap-lints=warn" "-e" "RUSTDOCFLAGS=--cap-lints=warn" "-e" "CARGO_HOME=/opt/rustwide/cargo-home" "-e" "RUSTUP_HOME=/opt/rustwide/rustup-home" "-w" "/opt/rustwide/workdir" "-m" "1610612736" "--user" "0:0" "--network" "none" "ghcr.io/rust-lang/crates-build-env/linux@sha256:2788e3201cd34a07e3172128adcd8b3090168a8e3bcc40d7c032b9dda1df7d1c" "/opt/rustwide/cargo-home/bin/cargo" "+1.75.0" "doc" "--frozen" "--no-deps" "--document-private-items" "--message-format=json", kill_on_drop: false }`
[INFO] [stdout] aec47026027a85cc6ed1b2f9afc26c867a7bdf0e5304a6098b7bb4a01c2c158b
[INFO] running `Command { std: "docker" "start" "-a" "aec47026027a85cc6ed1b2f9afc26c867a7bdf0e5304a6098b7bb4a01c2c158b", kill_on_drop: false }`
[INFO] [stderr] warning: /opt/rustwide/workdir/process_driver/Cargo.toml: unused manifest key: lib.lto
[INFO] [stderr] warning: /opt/rustwide/workdir/emiter/Cargo.toml: unused manifest key: target.cfg(target_os = "windows").features
[INFO] [stderr]    Compiling proc-macro2 v1.0.69
[INFO] [stderr]    Compiling libc v0.2.150
[INFO] [stderr]    Compiling windows_x86_64_gnu v0.48.5
[INFO] [stderr]    Compiling glob v0.3.1
[INFO] [stderr]    Compiling rustix v0.38.24
[INFO] [stderr]    Compiling prettyplease v0.2.15
[INFO] [stderr]    Compiling rustversion v1.0.14
[INFO] [stderr]    Compiling serde v1.0.192
[INFO] [stderr]    Compiling linux-raw-sys v0.4.11
[INFO] [stderr]    Compiling minimal-lexical v0.2.1
[INFO] [stderr]    Compiling regex-syntax v0.8.2
[INFO] [stderr]    Compiling memchr v2.6.4
[INFO] [stderr]    Compiling bitflags v2.4.1
[INFO] [stderr]    Compiling log v0.4.20
[INFO] [stderr]    Compiling libloading v0.7.4
[INFO] [stderr]    Compiling thiserror v1.0.50
[INFO] [stderr]    Compiling serde_json v1.0.108
[INFO] [stderr]    Compiling bindgen v0.68.1
[INFO] [stderr]    Compiling home v0.5.5
[INFO] [stderr]    Compiling either v1.9.0
[INFO] [stderr]    Compiling rustc-hash v1.1.0
[INFO] [stderr]    Compiling ryu v1.0.15
[INFO] [stderr]    Compiling peeking_take_while v0.1.2
[INFO] [stderr]    Compiling lazycell v1.3.0
[INFO] [stderr]    Compiling windows-targets v0.48.5
[INFO] [stderr]    Compiling itoa v1.0.9
[INFO] [stderr]    Compiling shlex v1.2.0
[INFO] [stderr]    Compiling once_cell v1.18.0
[INFO] [stderr]    Compiling overload v0.1.1
[INFO] [stderr]    Compiling sharded-slab v0.1.7
[INFO] [stderr]    Compiling smallvec v1.11.2
[INFO] [stderr]     Checking spin v0.5.2
[INFO] [stderr]    Compiling windows-core v0.51.1
[INFO] [stderr]    Compiling syn v1.0.109
[INFO] [stderr]    Compiling hashbrown v0.14.3
[INFO] [stderr]    Compiling clang-sys v1.6.1
[INFO] [stderr]    Compiling nu-ansi-term v0.46.0
[INFO] [stderr]     Checking lazy_static v1.4.0
[INFO] [stderr]    Compiling tracing-core v0.1.32
[INFO] [stderr]    Compiling nom v7.1.3
[INFO] [stderr]    Compiling thread_local v1.1.7
[INFO] [stderr]    Compiling equivalent v1.0.1
[INFO] [stderr]    Compiling failure_derive v0.1.8
[INFO] [stderr]    Compiling unicode-xid v0.2.4
[INFO] [stderr]    Compiling toml_datetime v0.6.5
[INFO] [stderr]     Checking gimli v0.28.0
[INFO] [stderr]     Checking adler v1.0.2
[INFO] [stderr]    Compiling quote v1.0.33
[INFO] [stderr]    Compiling winnow v0.5.19
[INFO] [stderr]     Checking miniz_oxide v0.7.1
[INFO] [stderr]    Compiling indexmap v2.1.0
[INFO] [stderr]    Compiling syn v2.0.38
[INFO] [stderr]    Compiling tracing-log v0.2.0
[INFO] [stderr]     Checking scopeguard v1.2.0
[INFO] [stderr]    Compiling wdk-build v0.1.0
[INFO] [stderr]     Checking rustc-demangle v0.1.23
[INFO] [stderr]    Compiling tracing-subscriber v0.3.18
[INFO] [stderr]    Compiling cc v1.0.83
[INFO] [stderr]     Checking object v0.32.1
[INFO] [stderr]    Compiling paste v1.0.14
[INFO] [stderr]     Checking wdk-panic v0.1.0
[INFO] [stderr]     Checking cfg-if v1.0.0
[INFO] [stderr]     Checking lock_api v0.4.11
[INFO] [stderr]    Compiling winapi v0.3.9
[INFO] [stderr]     Checking widestring v1.0.2
[INFO] [stderr]     Checking spin v0.9.8
[INFO] [stderr]     Checking static_assertions v1.1.0
[INFO] [stderr]     Checking winapi-util v0.1.6
[INFO] [stderr]    Compiling windows v0.51.1
[INFO] [stderr]    Compiling regex-automata v0.4.3
[INFO] [stderr]     Checking text_io v0.1.12
[INFO] [stderr]    Compiling cexpr v0.6.0
[INFO] [stderr]    Compiling backtrace v0.3.69
[INFO] [stderr]    Compiling toml_edit v0.20.7
[INFO] [stderr]    Compiling synstructure v0.12.6
[INFO] [stderr]     Checking addr2line v0.21.0
[INFO] [stderr]    Compiling which v4.4.2
[INFO] [stderr]    Compiling regex v1.10.2
[INFO] [stderr]    Compiling proc-macro-crate v2.0.0
[INFO] [stderr]     Checking failure v0.1.8
[INFO] [stderr]    Compiling serde_derive v1.0.192
[INFO] [stderr]    Compiling thiserror-impl v1.0.50
[INFO] [stderr]    Compiling wdk-macros v0.1.0
[INFO] [stderr]    Compiling displaydoc v0.2.4
[INFO] [stderr]    Compiling num_enum_derive v0.7.1
[INFO] [stderr]    Compiling no-panic v0.1.27
[INFO] [stderr]     Checking nt-string v0.1.1
[INFO] [stderr]     Checking num_enum v0.7.1
[INFO] [stderr]  Documenting emiter v0.1.0 (/opt/rustwide/workdir/emiter)
[INFO] [stdout] error[E0433]: failed to resolve: could not find `shared` in `winapi`
[INFO] [stdout]  --> emiter/src/main.rs:7:13
[INFO] [stdout]   |
[INFO] [stdout] 7 | use winapi::shared::minwindef::{DWORD, FALSE, LPVOID};
[INFO] [stdout]   |             ^^^^^^ could not find `shared` in `winapi`
[INFO] [stdout] 
[INFO] [stdout] 
[INFO] [stdout] error[E0433]: failed to resolve: could not find `um` in `winapi`
[INFO] [stdout]  --> emiter/src/main.rs:8:13
[INFO] [stdout]   |
[INFO] [stdout] 8 | use winapi::um::errhandlingapi::GetLastError;
[INFO] [stdout]   |             ^^ could not find `um` in `winapi`
[INFO] [stdout] 
[INFO] [stdout] 
[INFO] [stdout] error[E0433]: failed to resolve: could not find `um` in `winapi`
[INFO] [stdout]  --> emiter/src/main.rs:9:13
[INFO] [stdout]   |
[INFO] [stdout] 9 | use winapi::um::handleapi::CloseHandle;
[INFO] [stdout]   |             ^^ could not find `um` in `winapi`
[INFO] [stdout] 
[INFO] [stdout] 
[INFO] [stdout] error[E0433]: failed to resolve: could not find `um` in `winapi`
[INFO] [stdout]   --> emiter/src/main.rs:10:13
[INFO] [stdout]    |
[INFO] [stdout] 10 | use winapi::um::processthreadsapi::{
[INFO] [stdout]    |             ^^ could not find `um` in `winapi`
[INFO] [stdout] 
[INFO] [stdout] 
[INFO] [stdout] error[E0433]: failed to resolve: could not find `um` in `winapi`
[INFO] [stdout]   --> emiter/src/main.rs:14:13
[INFO] [stdout]    |
[INFO] [stdout] 14 | use winapi::um::synchapi::{OpenEventA, WaitForSingleObject};
[INFO] [stdout]    |             ^^ could not find `um` in `winapi`
[INFO] [stdout] 
[INFO] [stdout] 
[INFO] [stdout] error[E0433]: failed to resolve: could not find `um` in `winapi`
[INFO] [stdout]   --> emiter/src/main.rs:15:13
[INFO] [stdout]    |
[INFO] [stdout] 15 | use winapi::um::winbase::{CREATE_UNICODE_ENVIRONMENT, WAIT_OBJECT_0};
[INFO] [stdout]    |             ^^ could not find `um` in `winapi`
[INFO] [stdout] 
[INFO] [stdout] 
[INFO] [stdout] error[E0433]: failed to resolve: could not find `um` in `winapi`
[INFO] [stdout]   --> emiter/src/main.rs:16:13
[INFO] [stdout]    |
[INFO] [stdout] 16 | use winapi::um::winnt::{HANDLE, SYNCHRONIZE};
[INFO] [stdout]    |             ^^ could not find `um` in `winapi`
[INFO] [stdout] 
[INFO] [stdout] 
[INFO] [stdout] error: aborting due to 7 previous errors
[INFO] [stdout] 
[INFO] [stdout] 
[INFO] [stdout] For more information about this error, try `rustc --explain E0433`.
[INFO] [stdout] 
[INFO] [stderr] error: could not document `emiter`
[INFO] [stderr] 
[INFO] [stderr] Caused by:
[INFO] [stderr]   process didn't exit successfully: `/opt/rustwide/rustup-home/toolchains/1.75.0-x86_64-unknown-linux-gnu/bin/rustdoc --edition=2021 --crate-type bin --crate-name emiter emiter/src/main.rs -o /opt/rustwide/target/doc --error-format=json --json=diagnostic-rendered-ansi,artifacts,future-incompat --document-private-items '-Arustdoc::private-intra-doc-links' -C metadata=c770ee9f88d1aa96 -L dependency=/opt/rustwide/target/debug/deps --extern num_enum=/opt/rustwide/target/debug/deps/libnum_enum-f25488382a12973f.rmeta --extern text_io=/opt/rustwide/target/debug/deps/libtext_io-9a23d34b7f7ac13d.rmeta --extern winapi=/opt/rustwide/target/debug/deps/libwinapi-10f836d5ef16f05b.rmeta --extern winapi_util=/opt/rustwide/target/debug/deps/libwinapi_util-cc8afcbec5871bb0.rmeta --cap-lints=warn --crate-version 0.1.0` (exit status: 1)
[INFO] [stderr] warning: build failed, waiting for other jobs to finish...
[INFO] running `Command { std: "docker" "inspect" "aec47026027a85cc6ed1b2f9afc26c867a7bdf0e5304a6098b7bb4a01c2c158b", kill_on_drop: false }`
[INFO] running `Command { std: "docker" "rm" "-f" "aec47026027a85cc6ed1b2f9afc26c867a7bdf0e5304a6098b7bb4a01c2c158b", kill_on_drop: false }`
[INFO] [stdout] aec47026027a85cc6ed1b2f9afc26c867a7bdf0e5304a6098b7bb4a01c2c158b
