[INFO] cloning repository https://github.com/Pauan/rusted-battalions
[INFO] running `Command { std: "git" "-c" "credential.helper=" "-c" "credential.helper=/workspace/cargo-home/bin/git-credential-null" "clone" "--bare" "https://github.com/Pauan/rusted-battalions" "/workspace/cache/git-repos/https%3A%2F%2Fgithub.com%2FPauan%2Frusted-battalions", kill_on_drop: false }`
[INFO] [stderr] Cloning into bare repository '/workspace/cache/git-repos/https%3A%2F%2Fgithub.com%2FPauan%2Frusted-battalions'...
[INFO] running `Command { std: "git" "rev-parse" "HEAD", kill_on_drop: false }`
[INFO] [stdout] c1ceb363f4d8fee9d5ed58279a5d160b7b0d3b52
[INFO] documenting Pauan/rusted-battalions against 1.75.0 for beta-1.76-rustdoc-1
[INFO] running `Command { std: "git" "clone" "/workspace/cache/git-repos/https%3A%2F%2Fgithub.com%2FPauan%2Frusted-battalions" "/workspace/builds/worker-4-tc1/source", kill_on_drop: false }`
[INFO] [stderr] Cloning into '/workspace/builds/worker-4-tc1/source'...
[INFO] [stderr] done.
[INFO] validating manifest of git repo https://github.com/Pauan/rusted-battalions on toolchain 1.75.0
[INFO] running `Command { std: CARGO_HOME="/workspace/cargo-home" RUSTUP_HOME="/workspace/rustup-home" "/workspace/cargo-home/bin/cargo" "+1.75.0" "metadata" "--manifest-path" "Cargo.toml" "--no-deps", kill_on_drop: false }`
[INFO] started tweaking git repo https://github.com/Pauan/rusted-battalions
[INFO] finished tweaking git repo https://github.com/Pauan/rusted-battalions
[INFO] tweaked toml for git repo https://github.com/Pauan/rusted-battalions written to /workspace/builds/worker-4-tc1/source/Cargo.toml
[INFO] crate git repo https://github.com/Pauan/rusted-battalions already has a lockfile, it will not be regenerated
[INFO] running `Command { std: CARGO_HOME="/workspace/cargo-home" RUSTUP_HOME="/workspace/rustup-home" "/workspace/cargo-home/bin/cargo" "+1.75.0" "fetch" "--manifest-path" "Cargo.toml", kill_on_drop: false }`
[INFO] [stderr]     Updating crates.io index
[INFO] [stderr]  Downloading crates ...
[INFO] [stderr]   Downloaded dominator v0.5.34
[INFO] [stderr]   Downloaded wgpu-hal v0.17.1
[INFO] running `Command { std: "docker" "create" "-v" "/var/lib/crater-agent-workspace/builds/worker-4-tc1/target:/opt/rustwide/target:rw,Z" "-v" "/var/lib/crater-agent-workspace/builds/worker-4-tc1/source:/opt/rustwide/workdir:ro,Z" "-v" "/var/lib/crater-agent-workspace/cargo-home:/opt/rustwide/cargo-home:ro,Z" "-v" "/var/lib/crater-agent-workspace/rustup-home:/opt/rustwide/rustup-home:ro,Z" "-e" "SOURCE_DIR=/opt/rustwide/workdir" "-e" "CARGO_TARGET_DIR=/opt/rustwide/target" "-e" "CARGO_HOME=/opt/rustwide/cargo-home" "-e" "RUSTUP_HOME=/opt/rustwide/rustup-home" "-w" "/opt/rustwide/workdir" "-m" "1610612736" "--user" "0:0" "--network" "none" "ghcr.io/rust-lang/crates-build-env/linux@sha256:2788e3201cd34a07e3172128adcd8b3090168a8e3bcc40d7c032b9dda1df7d1c" "/opt/rustwide/cargo-home/bin/cargo" "+1.75.0" "metadata" "--no-deps" "--format-version=1", kill_on_drop: false }`
[INFO] [stdout] 0899b8661effae5c630e4b2ef432f41c57d2ef9a390402c9f5afc4dbd3e9ec13
[INFO] running `Command { std: "docker" "start" "-a" "0899b8661effae5c630e4b2ef432f41c57d2ef9a390402c9f5afc4dbd3e9ec13", kill_on_drop: false }`
[INFO] running `Command { std: "docker" "inspect" "0899b8661effae5c630e4b2ef432f41c57d2ef9a390402c9f5afc4dbd3e9ec13", kill_on_drop: false }`
[INFO] running `Command { std: "docker" "rm" "-f" "0899b8661effae5c630e4b2ef432f41c57d2ef9a390402c9f5afc4dbd3e9ec13", kill_on_drop: false }`
[INFO] [stdout] 0899b8661effae5c630e4b2ef432f41c57d2ef9a390402c9f5afc4dbd3e9ec13
[INFO] running `Command { std: "docker" "create" "-v" "/var/lib/crater-agent-workspace/builds/worker-4-tc1/target:/opt/rustwide/target:rw,Z" "-v" "/var/lib/crater-agent-workspace/builds/worker-4-tc1/source:/opt/rustwide/workdir:ro,Z" "-v" "/var/lib/crater-agent-workspace/cargo-home:/opt/rustwide/cargo-home:ro,Z" "-v" "/var/lib/crater-agent-workspace/rustup-home:/opt/rustwide/rustup-home:ro,Z" "-e" "SOURCE_DIR=/opt/rustwide/workdir" "-e" "CARGO_TARGET_DIR=/opt/rustwide/target" "-e" "CARGO_INCREMENTAL=0" "-e" "RUST_BACKTRACE=full" "-e" "RUSTFLAGS=--cap-lints=warn" "-e" "RUSTDOCFLAGS=--cap-lints=warn" "-e" "CARGO_HOME=/opt/rustwide/cargo-home" "-e" "RUSTUP_HOME=/opt/rustwide/rustup-home" "-w" "/opt/rustwide/workdir" "-m" "1610612736" "--user" "0:0" "--network" "none" "ghcr.io/rust-lang/crates-build-env/linux@sha256:2788e3201cd34a07e3172128adcd8b3090168a8e3bcc40d7c032b9dda1df7d1c" "/opt/rustwide/cargo-home/bin/cargo" "+1.75.0" "doc" "--frozen" "--no-deps" "--document-private-items" "--message-format=json", kill_on_drop: false }`
[INFO] [stdout] 283c2314d754486dacb37f34a5ac4971dd9dd2619586eabdd61a08b393d8bec7
[INFO] running `Command { std: "docker" "start" "-a" "283c2314d754486dacb37f34a5ac4971dd9dd2619586eabdd61a08b393d8bec7", kill_on_drop: false }`
[INFO] [stderr]    Compiling proc-macro2 v1.0.67
[INFO] [stderr]    Compiling unicode-ident v1.0.12
[INFO] [stderr]    Compiling autocfg v1.1.0
[INFO] [stderr]     Checking cfg-if v1.0.0
[INFO] [stderr]    Compiling wasm-bindgen-shared v0.2.87
[INFO] [stderr]    Compiling bumpalo v3.14.0
[INFO] [stderr]     Checking bitflags v2.4.0
[INFO] [stderr]    Compiling log v0.4.20
[INFO] [stderr]    Compiling once_cell v1.18.0
[INFO] [stderr]    Compiling version_check v0.9.4
[INFO] [stderr]    Compiling libc v0.2.148
[INFO] [stderr]    Compiling futures-core v0.3.28
[INFO] [stderr]     Checking bitflags v1.3.2
[INFO] [stderr]    Compiling futures-task v0.3.28
[INFO] [stderr]    Compiling futures-channel v0.3.28
[INFO] [stderr]    Compiling wasm-bindgen v0.2.87
[INFO] [stderr]    Compiling parking_lot_core v0.9.8
[INFO] [stderr]    Compiling futures-util v0.3.28
[INFO] [stderr]     Checking futures-sink v0.3.28
[INFO] [stderr]    Compiling thiserror v1.0.49
[INFO] [stderr]     Checking libloading v0.7.4
[INFO] [stderr]     Checking scopeguard v1.2.0
[INFO] [stderr]     Checking termcolor v1.3.0
[INFO] [stderr]     Checking unicode-width v0.1.11
[INFO] [stderr]    Compiling khronos-egl v4.1.0
[INFO] [stderr]     Checking pin-utils v0.1.0
[INFO] [stderr]     Checking memchr v2.6.4
[INFO] [stderr]     Checking allocator-api2 v0.2.16
[INFO] [stderr]     Checking futures-io v0.3.28
[INFO] [stderr]     Checking pin-project-lite v0.2.13
[INFO] [stderr]     Checking bit-vec v0.6.3
[INFO] [stderr]     Checking smallvec v1.11.1
[INFO] [stderr]    Compiling ash v0.37.3+1.3.251
[INFO] [stderr]     Checking hashbrown v0.12.3
[INFO] [stderr]    Compiling crc32fast v1.3.2
[INFO] [stderr]     Checking simd-adler32 v0.3.7
[INFO] [stderr]     Checking bit-set v0.5.3
[INFO] [stderr]     Checking codespan-reporting v0.11.1
[INFO] [stderr]     Checking gpu-descriptor-types v0.1.2
[INFO] [stderr]     Checking gpu-alloc-types v0.3.0
[INFO] [stderr]     Checking rustc-hash v1.1.0
[INFO] [stderr]    Compiling serde v1.0.188
[INFO] [stderr]     Checking hexf-parse v0.2.1
[INFO] [stderr]     Checking unicode-xid v0.2.4
[INFO] [stderr]     Checking adler v1.0.2
[INFO] [stderr]     Checking wgpu-types v0.17.0
[INFO] [stderr]     Checking gpu-alloc v0.6.0
[INFO] [stderr]     Checking libloading v0.8.1
[INFO] [stderr]     Checking raw-window-handle v0.5.2
[INFO] [stderr]     Checking miniz_oxide v0.7.1
[INFO] [stderr]     Checking glow v0.12.3
[INFO] [stderr]    Compiling num-traits v0.2.16
[INFO] [stderr]    Compiling slab v0.4.9
[INFO] [stderr]    Compiling indexmap v1.9.3
[INFO] [stderr]    Compiling lock_api v0.4.10
[INFO] [stderr]    Compiling ahash v0.8.3
[INFO] [stderr]    Compiling num-integer v0.1.45
[INFO] [stderr]    Compiling num-rational v0.4.1
[INFO] [stderr]    Compiling quote v1.0.33
[INFO] [stderr]     Checking arrayvec v0.7.4
[INFO] [stderr]     Checking renderdoc-sys v1.0.0
[INFO] [stderr]     Checking profiling v1.0.11
[INFO] [stderr]    Compiling syn v2.0.37
[INFO] [stderr]    Compiling getrandom v0.2.10
[INFO] [stderr]     Checking hashbrown v0.14.1
[INFO] [stderr]     Checking flate2 v1.0.27
[INFO] [stderr]     Checking fdeflate v0.3.0
[INFO] [stderr]     Checking discard v1.0.4
[INFO] [stderr]    Compiling uuid v1.4.1
[INFO] [stderr]     Checking byteorder v1.4.3
[INFO] [stderr]     Checking static_assertions v1.1.0
[INFO] [stderr]     Checking color_quant v1.1.0
[INFO] [stderr]     Checking unicode-segmentation v1.10.1
[INFO] [stderr]     Checking png v0.17.10
[INFO] [stderr]     Checking gpu-descriptor v0.2.4
[INFO] [stderr]     Checking parking_lot v0.12.1
[INFO] [stderr]     Checking spirv v0.2.0+1.5.4
[INFO] [stderr]    Compiling wasm-bindgen-backend v0.2.87
[INFO] [stderr]  Documenting wgpu-helpers v0.1.0 (/opt/rustwide/workdir/crates/wgpu-helpers)
[INFO] [stderr]    Compiling wasm-bindgen-macro-support v0.2.87
[INFO] [stderr]    Compiling wasm-bindgen-macro v0.2.87
[INFO] [stderr]    Compiling thiserror-impl v1.0.49
[INFO] [stderr]    Compiling futures-macro v0.3.28
[INFO] [stderr]    Compiling serde_derive v1.0.188
[INFO] [stderr]    Compiling pin-project-internal v1.1.3
[INFO] [stderr]    Compiling gensym v0.1.1
[INFO] [stderr]    Compiling bytemuck_derive v1.5.0
[INFO] [stderr]    Compiling wgpu-helpers v0.1.0 (/opt/rustwide/workdir/crates/wgpu-helpers)
[INFO] [stderr]     Checking js-sys v0.3.64
[INFO] [stderr]     Checking console_error_panic_hook v0.1.7
[INFO] [stderr]     Checking web-sys v0.3.64
[INFO] [stderr]     Checking wasm-bindgen-futures v0.4.37
[INFO] [stderr]     Checking naga v0.13.0
[INFO] [stderr]     Checking bytemuck v1.14.0
[INFO] [stderr]     Checking image v0.24.7
[INFO] [stderr]     Checking pin-project v1.1.3
[INFO] [stderr]     Checking gloo-events v0.1.2
[INFO] [stderr]     Checking console_log v1.0.0
[INFO] [stderr]     Checking futures-executor v0.3.28
[INFO] [stderr]     Checking futures v0.3.28
[INFO] [stderr]     Checking wgpu-hal v0.17.1
[INFO] [stderr]     Checking wgpu-core v0.17.1
[INFO] [stderr]     Checking wgpu v0.17.1
[INFO] [stderr]     Checking futures-signals v0.3.33
[INFO] [stderr]     Checking dominator v0.5.34
[INFO] [stderr]     Checking rusted-battalions-engine v0.1.0 (/opt/rustwide/workdir/crates/engine)
[INFO] [stderr]  Documenting rusted-battalions-engine v0.1.0 (/opt/rustwide/workdir/crates/engine)
[INFO] [stdout] error[E0283]: type annotations needed
[INFO] [stdout]    --> crates/engine/src/lib.rs:168:41
[INFO] [stdout]     |
[INFO] [stdout] 168 | static_assertions::assert_not_impl_all!(EngineState: Send, Sync);
[INFO] [stdout]     |                                         ^^^^^^^^^^^ cannot infer type
[INFO] [stdout]     |
[INFO] [stdout] note: multiple `impl`s satisfying `EngineState: _::{closure#0}::AmbiguousIfImpl<_>` found
[INFO] [stdout]    --> crates/engine/src/lib.rs:168:1
[INFO] [stdout]     |
[INFO] [stdout] 168 | static_assertions::assert_not_impl_all!(EngineState: Send, Sync);
[INFO] [stdout]     | ^^^^^^^^^^^^^^^^^^^^^^^^^^^^^^^^^^^^^^^^^^^^^^^^^^^^^^^^^^^^^^^^
[INFO] [stdout]     = note: this error originates in the macro `static_assertions::assert_not_impl_all` (in Nightly builds, run with -Z macro-backtrace for more info)
[INFO] [stdout] 
[INFO] [stdout] 
[INFO] [stdout] error[E0283]: type annotations needed
[INFO] [stdout]    --> crates/engine/src/lib.rs:169:41
[INFO] [stdout]     |
[INFO] [stdout] 169 | static_assertions::assert_not_impl_all!(Option<Postprocess>: Send, Sync);
[INFO] [stdout]     |                                         ^^^^^^^^^^^^^^^^^^^ cannot infer type
[INFO] [stdout]     |
[INFO] [stdout] note: multiple `impl`s satisfying `std::option::Option<postprocess::Postprocess>: _::{closure#0}::AmbiguousIfImpl<_>` found
[INFO] [stdout]    --> crates/engine/src/lib.rs:169:1
[INFO] [stdout]     |
[INFO] [stdout] 169 | static_assertions::assert_not_impl_all!(Option<Postprocess>: Send, Sync);
[INFO] [stdout]     | ^^^^^^^^^^^^^^^^^^^^^^^^^^^^^^^^^^^^^^^^^^^^^^^^^^^^^^^^^^^^^^^^^^^^^^^^
[INFO] [stdout]     = note: this error originates in the macro `static_assertions::assert_not_impl_all` (in Nightly builds, run with -Z macro-backtrace for more info)
[INFO] [stdout] 
[INFO] [stdout] 
[INFO] [stdout] error[E0283]: type annotations needed
[INFO] [stdout]    --> crates/engine/src/lib.rs:168:41
[INFO] [stdout]     |
[INFO] [stdout] 168 | static_assertions::assert_not_impl_all!(EngineState: Send, Sync);
[INFO] [stdout]     |                                         ^^^^^^^^^^^ cannot infer type
[INFO] [stdout]     |
[INFO] [stdout] note: multiple `impl`s satisfying `EngineState: _::{closure#0}::AmbiguousIfImpl<_>` found
[INFO] [stdout]    --> crates/engine/src/lib.rs:168:1
[INFO] [stdout]     |
[INFO] [stdout] 168 | static_assertions::assert_not_impl_all!(EngineState: Send, Sync);
[INFO] [stdout]     | ^^^^^^^^^^^^^^^^^^^^^^^^^^^^^^^^^^^^^^^^^^^^^^^^^^^^^^^^^^^^^^^^
[INFO] [stdout]     = note: this error originates in the macro `static_assertions::assert_not_impl_all` (in Nightly builds, run with -Z macro-backtrace for more info)
[INFO] [stdout] 
[INFO] [stdout] 
[INFO] [stdout] error[E0283]: type annotations needed
[INFO] [stdout]    --> crates/engine/src/lib.rs:169:41
[INFO] [stdout]     |
[INFO] [stdout] 169 | static_assertions::assert_not_impl_all!(Option<Postprocess>: Send, Sync);
[INFO] [stdout]     |                                         ^^^^^^^^^^^^^^^^^^^ cannot infer type
[INFO] [stdout]     |
[INFO] [stdout] note: multiple `impl`s satisfying `Option<Postprocess>: _::{closure#0}::AmbiguousIfImpl<_>` found
[INFO] [stdout]    --> crates/engine/src/lib.rs:169:1
[INFO] [stdout]     |
[INFO] [stdout] 169 | static_assertions::assert_not_impl_all!(Option<Postprocess>: Send, Sync);
[INFO] [stdout]     | ^^^^^^^^^^^^^^^^^^^^^^^^^^^^^^^^^^^^^^^^^^^^^^^^^^^^^^^^^^^^^^^^^^^^^^^^
[INFO] [stdout]     = note: this error originates in the macro `static_assertions::assert_not_impl_all` (in Nightly builds, run with -Z macro-backtrace for more info)
[INFO] [stdout] 
[INFO] [stdout] 
[INFO] [stdout] error: aborting due to 2 previous errors
[INFO] [stdout] 
[INFO] [stdout] 
[INFO] [stdout] For more information about this error, try `rustc --explain E0283`.
[INFO] [stdout] 
[INFO] [stderr] error: could not document `rusted-battalions-engine`
[INFO] [stderr] 
[INFO] [stderr] Caused by:
[INFO] [stderr]   process didn't exit successfully: `/opt/rustwide/rustup-home/toolchains/1.75.0-x86_64-unknown-linux-gnu/bin/rustdoc --edition=2021 --crate-type lib --crate-name rusted_battalions_engine crates/engine/src/lib.rs -o /opt/rustwide/target/doc --cfg 'feature="unicode"' --cfg 'feature="unicode-segmentation"' --cfg 'feature="unicode-width"' --cfg 'feature="webgl"' --error-format=json --json=diagnostic-rendered-ansi,artifacts,future-incompat --document-private-items -C metadata=b7fc4d30272dc73d -L dependency=/opt/rustwide/target/debug/deps --extern bytemuck=/opt/rustwide/target/debug/deps/libbytemuck-2112ea28915eda40.rmeta --extern futures=/opt/rustwide/target/debug/deps/libfutures-8da1f2c23b5a758e.rmeta --extern futures_signals=/opt/rustwide/target/debug/deps/libfutures_signals-abaf1048d3a9688f.rmeta --extern image=/opt/rustwide/target/debug/deps/libimage-f19b36083cfeb1aa.rmeta --extern log=/opt/rustwide/target/debug/deps/liblog-e757ef004df20ee9.rmeta --extern raw_window_handle=/opt/rustwide/target/debug/deps/libraw_window_handle-08db33acf96f0a20.rmeta --extern static_assertions=/opt/rustwide/target/debug/deps/libstatic_assertions-e64da213cde6acaf.rmeta --extern unicode_segmentation=/opt/rustwide/target/debug/deps/libunicode_segmentation-094774dc80e4001d.rmeta --extern unicode_width=/opt/rustwide/target/debug/deps/libunicode_width-aa503dbb5206033b.rmeta --extern wgpu=/opt/rustwide/target/debug/deps/libwgpu-8e713144974e71d4.rmeta --extern wgpu_helpers=/opt/rustwide/target/debug/deps/libwgpu_helpers-0df7dd9ba3e93795.so --cap-lints=warn --crate-version 0.1.0` (exit status: 1)
[INFO] [stderr] warning: build failed, waiting for other jobs to finish...
[INFO] [stdout] error: aborting due to 2 previous errors
[INFO] [stdout] 
[INFO] [stdout] 
[INFO] [stdout] For more information about this error, try `rustc --explain E0283`.
[INFO] [stdout] 
[INFO] [stderr] error: could not compile `rusted-battalions-engine` (lib) due to 3 previous errors
[INFO] running `Command { std: "docker" "inspect" "283c2314d754486dacb37f34a5ac4971dd9dd2619586eabdd61a08b393d8bec7", kill_on_drop: false }`
[INFO] running `Command { std: "docker" "rm" "-f" "283c2314d754486dacb37f34a5ac4971dd9dd2619586eabdd61a08b393d8bec7", kill_on_drop: false }`
[INFO] [stdout] 283c2314d754486dacb37f34a5ac4971dd9dd2619586eabdd61a08b393d8bec7
