[INFO] cloning repository https://github.com/PatrickPenner/coordinates-webserver
[INFO] running `Command { std: "git" "-c" "credential.helper=" "-c" "credential.helper=/workspace/cargo-home/bin/git-credential-null" "clone" "--bare" "https://github.com/PatrickPenner/coordinates-webserver" "/workspace/cache/git-repos/https%3A%2F%2Fgithub.com%2FPatrickPenner%2Fcoordinates-webserver", kill_on_drop: false }`
[INFO] [stderr] Cloning into bare repository '/workspace/cache/git-repos/https%3A%2F%2Fgithub.com%2FPatrickPenner%2Fcoordinates-webserver'...
[INFO] running `Command { std: "git" "rev-parse" "HEAD", kill_on_drop: false }`
[INFO] [stdout] bc2506e9a730ab8a2e0b6c183d02dda1bed2d242
[INFO] documenting PatrickPenner/coordinates-webserver against 1.75.0 for beta-1.76-rustdoc-1
[INFO] running `Command { std: "git" "clone" "/workspace/cache/git-repos/https%3A%2F%2Fgithub.com%2FPatrickPenner%2Fcoordinates-webserver" "/workspace/builds/worker-6-tc1/source", kill_on_drop: false }`
[INFO] [stderr] Cloning into '/workspace/builds/worker-6-tc1/source'...
[INFO] [stderr] done.
[INFO] validating manifest of git repo https://github.com/PatrickPenner/coordinates-webserver on toolchain 1.75.0
[INFO] running `Command { std: CARGO_HOME="/workspace/cargo-home" RUSTUP_HOME="/workspace/rustup-home" "/workspace/cargo-home/bin/cargo" "+1.75.0" "metadata" "--manifest-path" "Cargo.toml" "--no-deps", kill_on_drop: false }`
[INFO] started tweaking git repo https://github.com/PatrickPenner/coordinates-webserver
[INFO] finished tweaking git repo https://github.com/PatrickPenner/coordinates-webserver
[INFO] tweaked toml for git repo https://github.com/PatrickPenner/coordinates-webserver written to /workspace/builds/worker-6-tc1/source/Cargo.toml
[INFO] crate git repo https://github.com/PatrickPenner/coordinates-webserver already has a lockfile, it will not be regenerated
[INFO] running `Command { std: CARGO_HOME="/workspace/cargo-home" RUSTUP_HOME="/workspace/rustup-home" "/workspace/cargo-home/bin/cargo" "+1.75.0" "fetch" "--manifest-path" "Cargo.toml", kill_on_drop: false }`
[INFO] running `Command { std: "docker" "create" "-v" "/var/lib/crater-agent-workspace/builds/worker-6-tc1/target:/opt/rustwide/target:rw,Z" "-v" "/var/lib/crater-agent-workspace/builds/worker-6-tc1/source:/opt/rustwide/workdir:ro,Z" "-v" "/var/lib/crater-agent-workspace/cargo-home:/opt/rustwide/cargo-home:ro,Z" "-v" "/var/lib/crater-agent-workspace/rustup-home:/opt/rustwide/rustup-home:ro,Z" "-e" "SOURCE_DIR=/opt/rustwide/workdir" "-e" "CARGO_TARGET_DIR=/opt/rustwide/target" "-e" "CARGO_HOME=/opt/rustwide/cargo-home" "-e" "RUSTUP_HOME=/opt/rustwide/rustup-home" "-w" "/opt/rustwide/workdir" "-m" "1610612736" "--user" "0:0" "--network" "none" "ghcr.io/rust-lang/crates-build-env/linux@sha256:2788e3201cd34a07e3172128adcd8b3090168a8e3bcc40d7c032b9dda1df7d1c" "/opt/rustwide/cargo-home/bin/cargo" "+1.75.0" "metadata" "--no-deps" "--format-version=1", kill_on_drop: false }`
[INFO] [stdout] 2bbf8a50750733f806c061b89530f8c722848f68d4ea83d939bda8eda4ea8141
[INFO] running `Command { std: "docker" "start" "-a" "2bbf8a50750733f806c061b89530f8c722848f68d4ea83d939bda8eda4ea8141", kill_on_drop: false }`
[INFO] running `Command { std: "docker" "inspect" "2bbf8a50750733f806c061b89530f8c722848f68d4ea83d939bda8eda4ea8141", kill_on_drop: false }`
[INFO] running `Command { std: "docker" "rm" "-f" "2bbf8a50750733f806c061b89530f8c722848f68d4ea83d939bda8eda4ea8141", kill_on_drop: false }`
[INFO] [stdout] 2bbf8a50750733f806c061b89530f8c722848f68d4ea83d939bda8eda4ea8141
[INFO] running `Command { std: "docker" "create" "-v" "/var/lib/crater-agent-workspace/builds/worker-6-tc1/target:/opt/rustwide/target:rw,Z" "-v" "/var/lib/crater-agent-workspace/builds/worker-6-tc1/source:/opt/rustwide/workdir:ro,Z" "-v" "/var/lib/crater-agent-workspace/cargo-home:/opt/rustwide/cargo-home:ro,Z" "-v" "/var/lib/crater-agent-workspace/rustup-home:/opt/rustwide/rustup-home:ro,Z" "-e" "SOURCE_DIR=/opt/rustwide/workdir" "-e" "CARGO_TARGET_DIR=/opt/rustwide/target" "-e" "CARGO_INCREMENTAL=0" "-e" "RUST_BACKTRACE=full" "-e" "RUSTFLAGS=--cap-lints=warn" "-e" "RUSTDOCFLAGS=--cap-lints=warn" "-e" "CARGO_HOME=/opt/rustwide/cargo-home" "-e" "RUSTUP_HOME=/opt/rustwide/rustup-home" "-w" "/opt/rustwide/workdir" "-m" "1610612736" "--user" "0:0" "--network" "none" "ghcr.io/rust-lang/crates-build-env/linux@sha256:2788e3201cd34a07e3172128adcd8b3090168a8e3bcc40d7c032b9dda1df7d1c" "/opt/rustwide/cargo-home/bin/cargo" "+1.75.0" "doc" "--frozen" "--no-deps" "--document-private-items" "--message-format=json", kill_on_drop: false }`
[INFO] [stdout] dc62751fc6b1a31f6ab44b006ec70192f5718fa803b7d144e7bb62d4acca7817
[INFO] running `Command { std: "docker" "start" "-a" "dc62751fc6b1a31f6ab44b006ec70192f5718fa803b7d144e7bb62d4acca7817", kill_on_drop: false }`
[INFO] [stderr]    Compiling libc v0.2.139
[INFO] [stderr]    Compiling proc-macro2 v1.0.49
[INFO] [stderr]    Compiling syn v1.0.107
[INFO] [stderr]     Checking bytes v1.3.0
[INFO] [stderr]     Checking once_cell v1.17.0
[INFO] [stderr]    Compiling tokio v1.24.1
[INFO] [stderr]     Checking itoa v1.0.5
[INFO] [stderr]    Compiling futures-task v0.3.25
[INFO] [stderr]    Compiling serde_derive v1.0.152
[INFO] [stderr]    Compiling futures-util v0.3.25
[INFO] [stderr]    Compiling serde v1.0.152
[INFO] [stderr]    Compiling paste v1.0.11
[INFO] [stderr]    Compiling slab v0.4.7
[INFO] [stderr]    Compiling indexmap v1.9.2
[INFO] [stderr]    Compiling scratch v1.0.3
[INFO] [stderr]     Checking tracing-core v0.1.30
[INFO] [stderr]    Compiling cfg-if v1.0.0
[INFO] [stderr]    Compiling zstd-safe v5.0.2+zstd.1.5.2
[INFO] [stderr]     Checking local-waker v0.1.3
[INFO] [stderr]     Checking alloc-no-stdlib v2.0.4
[INFO] [stderr]    Compiling log v0.4.17
[INFO] [stderr]     Checking http v0.2.8
[INFO] [stderr]     Checking tinyvec v1.6.0
[INFO] [stderr]    Compiling aho-corasick v0.7.20
[INFO] [stderr]    Compiling ahash v0.7.6
[INFO] [stderr]     Checking alloc-stdlib v0.2.2
[INFO] [stderr]    Compiling termcolor v1.1.3
[INFO] [stderr]    Compiling time-core v0.1.0
[INFO] [stderr]     Checking tracing v0.1.37
[INFO] [stderr]    Compiling unicode-width v0.1.10
[INFO] [stderr]     Checking hashbrown v0.12.3
[INFO] [stderr]    Compiling pin-project-lite v0.2.9
[INFO] [stderr]    Compiling fnv v1.0.7
[INFO] [stderr]    Compiling encoding_rs v0.8.31
[INFO] [stderr]     Checking parking_lot_core v0.9.6
[INFO] [stderr]     Checking signal-hook-registry v1.4.0
[INFO] [stderr]     Checking mio v0.8.5
[INFO] [stderr]     Checking socket2 v0.4.7
[INFO] [stderr]     Checking getrandom v0.2.8
[INFO] [stderr]    Compiling jobserver v0.1.25
[INFO] [stderr]    Compiling quote v1.0.23
[INFO] [stderr]    Compiling httparse v1.8.0
[INFO] [stderr]     Checking parking_lot v0.12.1
[INFO] [stderr]    Compiling cxxbridge-flags v1.0.86
[INFO] [stderr]     Checking rand_core v0.6.4
[INFO] [stderr]     Checking actix-service v2.0.2
[INFO] [stderr]    Compiling cc v1.0.78
[INFO] [stderr]    Compiling regex v1.7.1
[INFO] [stderr]    Compiling bytestring v1.2.0
[INFO] [stderr]     Checking unicode-normalization v0.1.22
[INFO] [stderr]     Checking rand_chacha v0.3.1
[INFO] [stderr]    Compiling codespan-reporting v0.11.1
[INFO] [stderr]    Compiling time-macros v0.2.6
[INFO] [stderr]     Checking brotli-decompressor v2.3.2
[INFO] [stderr]     Checking miniz_oxide v0.6.2
[INFO] [stderr]     Checking actix-utils v3.0.1
[INFO] [stderr]    Compiling cookie v0.16.2
[INFO] [stderr]     Checking unicode-bidi v0.3.8
[INFO] [stderr]     Checking regex-syntax v0.6.28
[INFO] [stderr]    Compiling serde_json v1.0.91
[INFO] [stderr]     Checking ryu v1.0.12
[INFO] [stderr]     Checking idna v0.3.0
[INFO] [stderr]     Checking flate2 v1.0.25
[INFO] [stderr]     Checking rand v0.8.5
[INFO] [stderr]     Checking local-channel v0.1.3
[INFO] [stderr]     Checking brotli v3.3.4
[INFO] [stderr]     Checking num_cpus v1.15.0
[INFO] [stderr]     Checking httpdate v1.0.2
[INFO] [stderr]     Checking mime v0.3.16
[INFO] [stderr]     Checking language-tags v0.3.2
[INFO] [stderr]     Checking url v2.3.1
[INFO] [stderr]    Compiling zstd-sys v2.0.5+zstd.1.5.2
[INFO] [stderr]    Compiling link-cplusplus v1.0.8
[INFO] [stderr]    Compiling cxx v1.0.86
[INFO] [stderr]     Checking time v0.3.17
[INFO] [stderr]     Checking tokio-util v0.7.4
[INFO] [stderr]     Checking actix-rt v2.7.0
[INFO] [stderr]    Compiling cxx-build v1.0.86
[INFO] [stderr]     Checking actix-server v2.1.1
[INFO] [stderr]    Compiling actix-router v0.5.1
[INFO] [stderr]     Checking actix-codec v0.5.0
[INFO] [stderr]     Checking h2 v0.3.15
[INFO] [stderr]    Compiling derive_more v0.99.17
[INFO] [stderr]    Compiling actix-macros v0.2.3
[INFO] [stderr]    Compiling cxxbridge-macro v1.0.86
[INFO] [stderr]    Compiling actix-web-codegen v4.1.0
[INFO] [stderr]     Checking zstd v0.11.2+zstd.1.5.2
[INFO] [stderr]    Compiling coordinates-webserver v0.1.0 (/opt/rustwide/workdir)
[INFO] [stderr] The following warnings were emitted during compilation:
[INFO] [stderr] 
[INFO] [stderr] warning: coordinates-webserver@0.1.0: In file included from /opt/rustwide/target/debug/build/coordinates-webserver-3e649dbda90f5832/out/cxxbridge/sources/coordinates-webserver/src/main.rs.cc:1:
[INFO] [stderr] warning: coordinates-webserver@0.1.0: /opt/rustwide/target/debug/build/coordinates-webserver-3e649dbda90f5832/out/cxxbridge/crate/coordinates-webserver/src/wrapper.h:1:10: fatal error: GraphMol/RWMol.h: No such file or directory
[INFO] [stderr] warning: coordinates-webserver@0.1.0:     1 | #include <GraphMol/RWMol.h>
[INFO] [stderr] warning: coordinates-webserver@0.1.0:       |          ^~~~~~~~~~~~~~~~~~
[INFO] [stderr] warning: coordinates-webserver@0.1.0: compilation terminated.
[INFO] [stderr] warning: coordinates-webserver@0.1.0: In file included from src/wrapper.cpp:1:
[INFO] [stderr] warning: coordinates-webserver@0.1.0: src/wrapper.h:1:10: fatal error: GraphMol/RWMol.h: No such file or directory
[INFO] [stderr] warning: coordinates-webserver@0.1.0:     1 | #include <GraphMol/RWMol.h>
[INFO] [stderr] warning: coordinates-webserver@0.1.0:       |          ^~~~~~~~~~~~~~~~~~
[INFO] [stderr] warning: coordinates-webserver@0.1.0: compilation terminated.
[INFO] [stderr] 
[INFO] [stderr] error: failed to run custom build command for `coordinates-webserver v0.1.0 (/opt/rustwide/workdir)`
[INFO] [stderr] note: To improve backtraces for build dependencies, set the CARGO_PROFILE_DEV_BUILD_OVERRIDE_DEBUG=true environment variable to enable debug information generation.
[INFO] [stderr] 
[INFO] [stderr] Caused by:
[INFO] [stderr]   process didn't exit successfully: `/opt/rustwide/target/debug/build/coordinates-webserver-bb619214f6a1c24a/build-script-build` (exit status: 1)
[INFO] [stderr]   --- stdout
[INFO] [stderr]   cargo:CXXBRIDGE_PREFIX=coordinates-webserver
[INFO] [stderr]   cargo:CXXBRIDGE_DIR0=/opt/rustwide/target/debug/build/coordinates-webserver-3e649dbda90f5832/out/cxxbridge/include
[INFO] [stderr]   cargo:CXXBRIDGE_DIR1=/opt/rustwide/target/debug/build/coordinates-webserver-3e649dbda90f5832/out/cxxbridge/crate
[INFO] [stderr]   TARGET = Some("x86_64-unknown-linux-gnu")
[INFO] [stderr]   OPT_LEVEL = Some("0")
[INFO] [stderr]   HOST = Some("x86_64-unknown-linux-gnu")
[INFO] [stderr]   cargo:rerun-if-env-changed=CXX_x86_64-unknown-linux-gnu
[INFO] [stderr]   CXX_x86_64-unknown-linux-gnu = None
[INFO] [stderr]   cargo:rerun-if-env-changed=CXX_x86_64_unknown_linux_gnu
[INFO] [stderr]   CXX_x86_64_unknown_linux_gnu = None
[INFO] [stderr]   cargo:rerun-if-env-changed=HOST_CXX
[INFO] [stderr]   HOST_CXX = None
[INFO] [stderr]   cargo:rerun-if-env-changed=CXX
[INFO] [stderr]   CXX = None
[INFO] [stderr]   cargo:rerun-if-env-changed=CXXFLAGS_x86_64-unknown-linux-gnu
[INFO] [stderr]   CXXFLAGS_x86_64-unknown-linux-gnu = None
[INFO] [stderr]   cargo:rerun-if-env-changed=CXXFLAGS_x86_64_unknown_linux_gnu
[INFO] [stderr]   CXXFLAGS_x86_64_unknown_linux_gnu = None
[INFO] [stderr]   cargo:rerun-if-env-changed=HOST_CXXFLAGS
[INFO] [stderr]   HOST_CXXFLAGS = None
[INFO] [stderr]   cargo:rerun-if-env-changed=CXXFLAGS
[INFO] [stderr]   CXXFLAGS = None
[INFO] [stderr]   cargo:rerun-if-env-changed=CRATE_CC_NO_DEFAULTS
[INFO] [stderr]   CRATE_CC_NO_DEFAULTS = None
[INFO] [stderr]   DEBUG = Some("true")
[INFO] [stderr]   CARGO_CFG_TARGET_FEATURE = Some("fxsr,sse,sse2")
[INFO] [stderr]   cargo:rerun-if-env-changed=CXX_x86_64-unknown-linux-gnu
[INFO] [stderr]   CXX_x86_64-unknown-linux-gnu = None
[INFO] [stderr]   cargo:rerun-if-env-changed=CXX_x86_64_unknown_linux_gnu
[INFO] [stderr]   CXX_x86_64_unknown_linux_gnu = None
[INFO] [stderr]   cargo:rerun-if-env-changed=HOST_CXX
[INFO] [stderr]   HOST_CXX = None
[INFO] [stderr]   cargo:rerun-if-env-changed=CXX
[INFO] [stderr]   CXX = None
[INFO] [stderr]   cargo:rerun-if-env-changed=CXXFLAGS_x86_64-unknown-linux-gnu
[INFO] [stderr]   CXXFLAGS_x86_64-unknown-linux-gnu = None
[INFO] [stderr]   cargo:rerun-if-env-changed=CXXFLAGS_x86_64_unknown_linux_gnu
[INFO] [stderr]   CXXFLAGS_x86_64_unknown_linux_gnu = None
[INFO] [stderr]   cargo:rerun-if-env-changed=HOST_CXXFLAGS
[INFO] [stderr]   HOST_CXXFLAGS = None
[INFO] [stderr]   cargo:rerun-if-env-changed=CXXFLAGS
[INFO] [stderr]   CXXFLAGS = None
[INFO] [stderr]   cargo:rerun-if-env-changed=CRATE_CC_NO_DEFAULTS
[INFO] [stderr]   CRATE_CC_NO_DEFAULTS = None
[INFO] [stderr]   CARGO_CFG_TARGET_FEATURE = Some("fxsr,sse,sse2")
[INFO] [stderr]   cargo:rerun-if-env-changed=CXX_x86_64-unknown-linux-gnu
[INFO] [stderr]   CXX_x86_64-unknown-linux-gnu = None
[INFO] [stderr]   cargo:rerun-if-env-changed=CXX_x86_64_unknown_linux_gnu
[INFO] [stderr]   CXX_x86_64_unknown_linux_gnu = None
[INFO] [stderr]   cargo:rerun-if-env-changed=HOST_CXX
[INFO] [stderr]   HOST_CXX = None
[INFO] [stderr]   cargo:rerun-if-env-changed=CXX
[INFO] [stderr]   CXX = None
[INFO] [stderr]   cargo:rerun-if-env-changed=CXXFLAGS_x86_64-unknown-linux-gnu
[INFO] [stderr]   CXXFLAGS_x86_64-unknown-linux-gnu = None
[INFO] [stderr]   cargo:rerun-if-env-changed=CXXFLAGS_x86_64_unknown_linux_gnu
[INFO] [stderr]   CXXFLAGS_x86_64_unknown_linux_gnu = None
[INFO] [stderr]   cargo:rerun-if-env-changed=HOST_CXXFLAGS
[INFO] [stderr]   HOST_CXXFLAGS = None
[INFO] [stderr]   cargo:rerun-if-env-changed=CXXFLAGS
[INFO] [stderr]   CXXFLAGS = None
[INFO] [stderr]   cargo:rerun-if-env-changed=CRATE_CC_NO_DEFAULTS
[INFO] [stderr]   CRATE_CC_NO_DEFAULTS = None
[INFO] [stderr]   CARGO_CFG_TARGET_FEATURE = Some("fxsr,sse,sse2")
[INFO] [stderr]   running: "c++" "-O0" "-ffunction-sections" "-fdata-sections" "-fPIC" "-gdwarf-4" "-fno-omit-frame-pointer" "-m64" "-I" "/opt/rustwide/target/debug/build/coordinates-webserver-3e649dbda90f5832/out/cxxbridge/include" "-I" "/opt/rustwide/target/debug/build/coordinates-webserver-3e649dbda90f5832/out/cxxbridge/crate" "-Wall" "-Wextra" "-I/usr/include/rdkit" "-std=c++17" "-o" "/opt/rustwide/target/debug/build/coordinates-webserver-3e649dbda90f5832/out/1928707c0ea8613e-main.rs.o" "-c" "/opt/rustwide/target/debug/build/coordinates-webserver-3e649dbda90f5832/out/cxxbridge/sources/coordinates-webserver/src/main.rs.cc"
[INFO] [stderr]   running: "c++" "-O0" "-ffunction-sections" "-fdata-sections" "-fPIC" "-gdwarf-4" "-fno-omit-frame-pointer" "-m64" "-I" "/opt/rustwide/target/debug/build/coordinates-webserver-3e649dbda90f5832/out/cxxbridge/include" "-I" "/opt/rustwide/target/debug/build/coordinates-webserver-3e649dbda90f5832/out/cxxbridge/crate" "-Wall" "-Wextra" "-I/usr/include/rdkit" "-std=c++17" "-o" "/opt/rustwide/target/debug/build/coordinates-webserver-3e649dbda90f5832/out/src/wrapper.o" "-c" "src/wrapper.cpp"
[INFO] [stderr]   cargo:warning=In file included from /opt/rustwide/target/debug/build/coordinates-webserver-3e649dbda90f5832/out/cxxbridge/sources/coordinates-webserver/src/main.rs.cc:1:
[INFO] [stderr]   cargo:warning=/opt/rustwide/target/debug/build/coordinates-webserver-3e649dbda90f5832/out/cxxbridge/crate/coordinates-webserver/src/wrapper.h:1:10: fatal error: GraphMol/RWMol.h: No such file or directory
[INFO] [stderr]   cargo:warning=    1 | #include <GraphMol/RWMol.h>
[INFO] [stderr]   cargo:warning=      |          ^~~~~~~~~~~~~~~~~~
[INFO] [stderr]   cargo:warning=compilation terminated.
[INFO] [stderr]   exit status: 1
[INFO] [stderr]   cargo:warning=In file included from src/wrapper.cpp:1:
[INFO] [stderr]   cargo:warning=src/wrapper.h:1:10: fatal error: GraphMol/RWMol.h: No such file or directory
[INFO] [stderr]   cargo:warning=    1 | #include <GraphMol/RWMol.h>
[INFO] [stderr]   cargo:warning=      |          ^~~~~~~~~~~~~~~~~~
[INFO] [stderr]   cargo:warning=compilation terminated.
[INFO] [stderr]   exit status: 1
[INFO] [stderr] 
[INFO] [stderr]   --- stderr
[INFO] [stderr] 
[INFO] [stderr]   CXX include path:
[INFO] [stderr]     /opt/rustwide/target/debug/build/coordinates-webserver-3e649dbda90f5832/out/cxxbridge/include
[INFO] [stderr]     /opt/rustwide/target/debug/build/coordinates-webserver-3e649dbda90f5832/out/cxxbridge/crate
[INFO] [stderr] 
[INFO] [stderr] 
[INFO] [stderr]   error occurred: Command "c++" "-O0" "-ffunction-sections" "-fdata-sections" "-fPIC" "-gdwarf-4" "-fno-omit-frame-pointer" "-m64" "-I" "/opt/rustwide/target/debug/build/coordinates-webserver-3e649dbda90f5832/out/cxxbridge/include" "-I" "/opt/rustwide/target/debug/build/coordinates-webserver-3e649dbda90f5832/out/cxxbridge/crate" "-Wall" "-Wextra" "-I/usr/include/rdkit" "-std=c++17" "-o" "/opt/rustwide/target/debug/build/coordinates-webserver-3e649dbda90f5832/out/1928707c0ea8613e-main.rs.o" "-c" "/opt/rustwide/target/debug/build/coordinates-webserver-3e649dbda90f5832/out/cxxbridge/sources/coordinates-webserver/src/main.rs.cc" with args "c++" did not execute successfully (status code exit status: 1).
[INFO] [stderr] 
[INFO] [stderr] 
[INFO] [stderr] warning: build failed, waiting for other jobs to finish...
[INFO] running `Command { std: "docker" "inspect" "dc62751fc6b1a31f6ab44b006ec70192f5718fa803b7d144e7bb62d4acca7817", kill_on_drop: false }`
[INFO] running `Command { std: "docker" "rm" "-f" "dc62751fc6b1a31f6ab44b006ec70192f5718fa803b7d144e7bb62d4acca7817", kill_on_drop: false }`
[INFO] [stdout] dc62751fc6b1a31f6ab44b006ec70192f5718fa803b7d144e7bb62d4acca7817
