[INFO] cloning repository https://github.com/Paddyk45/mcpot
[INFO] running `Command { std: "git" "-c" "credential.helper=" "-c" "credential.helper=/workspace/cargo-home/bin/git-credential-null" "clone" "--bare" "https://github.com/Paddyk45/mcpot" "/workspace/cache/git-repos/https%3A%2F%2Fgithub.com%2FPaddyk45%2Fmcpot", kill_on_drop: false }`
[INFO] [stderr] Cloning into bare repository '/workspace/cache/git-repos/https%3A%2F%2Fgithub.com%2FPaddyk45%2Fmcpot'...
[INFO] running `Command { std: "git" "rev-parse" "HEAD", kill_on_drop: false }`
[INFO] [stdout] 5aa8d203c821ea32d365db72fc591ec4832f87ed
[INFO] documenting Paddyk45/mcpot against 1.75.0 for beta-1.76-rustdoc-1
[INFO] running `Command { std: "git" "clone" "/workspace/cache/git-repos/https%3A%2F%2Fgithub.com%2FPaddyk45%2Fmcpot" "/workspace/builds/worker-5-tc1/source", kill_on_drop: false }`
[INFO] [stderr] Cloning into '/workspace/builds/worker-5-tc1/source'...
[INFO] [stderr] done.
[INFO] validating manifest of git repo https://github.com/Paddyk45/mcpot on toolchain 1.75.0
[INFO] running `Command { std: CARGO_HOME="/workspace/cargo-home" RUSTUP_HOME="/workspace/rustup-home" "/workspace/cargo-home/bin/cargo" "+1.75.0" "metadata" "--manifest-path" "Cargo.toml" "--no-deps", kill_on_drop: false }`
[INFO] started tweaking git repo https://github.com/Paddyk45/mcpot
[INFO] finished tweaking git repo https://github.com/Paddyk45/mcpot
[INFO] tweaked toml for git repo https://github.com/Paddyk45/mcpot written to /workspace/builds/worker-5-tc1/source/Cargo.toml
[INFO] crate git repo https://github.com/Paddyk45/mcpot already has a lockfile, it will not be regenerated
[INFO] running `Command { std: CARGO_HOME="/workspace/cargo-home" RUSTUP_HOME="/workspace/rustup-home" "/workspace/cargo-home/bin/cargo" "+1.75.0" "fetch" "--manifest-path" "Cargo.toml", kill_on_drop: false }`
[INFO] [stderr]     Updating git repository `https://github.com/mat-1/azalea.git`
[INFO] [stderr]     Updating crates.io index
[INFO] [stderr]  Downloading crates ...
[INFO] [stderr]   Downloaded cfb8 v0.8.1
[INFO] [stderr]   Downloaded rsa_public_encrypt_pkcs1 v0.4.0
[INFO] [stderr]   Downloaded trust-dns-resolver v0.23.2
[INFO] [stderr]   Downloaded trust-dns-proto v0.23.2
[INFO] running `Command { std: "docker" "create" "-v" "/var/lib/crater-agent-workspace/builds/worker-5-tc1/target:/opt/rustwide/target:rw,Z" "-v" "/var/lib/crater-agent-workspace/builds/worker-5-tc1/source:/opt/rustwide/workdir:ro,Z" "-v" "/var/lib/crater-agent-workspace/cargo-home:/opt/rustwide/cargo-home:ro,Z" "-v" "/var/lib/crater-agent-workspace/rustup-home:/opt/rustwide/rustup-home:ro,Z" "-e" "SOURCE_DIR=/opt/rustwide/workdir" "-e" "CARGO_TARGET_DIR=/opt/rustwide/target" "-e" "CARGO_HOME=/opt/rustwide/cargo-home" "-e" "RUSTUP_HOME=/opt/rustwide/rustup-home" "-w" "/opt/rustwide/workdir" "-m" "1610612736" "--user" "0:0" "--network" "none" "ghcr.io/rust-lang/crates-build-env/linux@sha256:2788e3201cd34a07e3172128adcd8b3090168a8e3bcc40d7c032b9dda1df7d1c" "/opt/rustwide/cargo-home/bin/cargo" "+1.75.0" "metadata" "--no-deps" "--format-version=1", kill_on_drop: false }`
[INFO] [stdout] 0be848be2dc19d72f106fca4141fad0b8c955c26a321de3ebdbbc3274f7c1ba7
[INFO] running `Command { std: "docker" "start" "-a" "0be848be2dc19d72f106fca4141fad0b8c955c26a321de3ebdbbc3274f7c1ba7", kill_on_drop: false }`
[INFO] running `Command { std: "docker" "inspect" "0be848be2dc19d72f106fca4141fad0b8c955c26a321de3ebdbbc3274f7c1ba7", kill_on_drop: false }`
[INFO] running `Command { std: "docker" "rm" "-f" "0be848be2dc19d72f106fca4141fad0b8c955c26a321de3ebdbbc3274f7c1ba7", kill_on_drop: false }`
[INFO] [stdout] 0be848be2dc19d72f106fca4141fad0b8c955c26a321de3ebdbbc3274f7c1ba7
[INFO] running `Command { std: "docker" "create" "-v" "/var/lib/crater-agent-workspace/builds/worker-5-tc1/target:/opt/rustwide/target:rw,Z" "-v" "/var/lib/crater-agent-workspace/builds/worker-5-tc1/source:/opt/rustwide/workdir:ro,Z" "-v" "/var/lib/crater-agent-workspace/cargo-home:/opt/rustwide/cargo-home:ro,Z" "-v" "/var/lib/crater-agent-workspace/rustup-home:/opt/rustwide/rustup-home:ro,Z" "-e" "SOURCE_DIR=/opt/rustwide/workdir" "-e" "CARGO_TARGET_DIR=/opt/rustwide/target" "-e" "CARGO_INCREMENTAL=0" "-e" "RUST_BACKTRACE=full" "-e" "RUSTFLAGS=--cap-lints=warn" "-e" "RUSTDOCFLAGS=--cap-lints=warn" "-e" "CARGO_HOME=/opt/rustwide/cargo-home" "-e" "RUSTUP_HOME=/opt/rustwide/rustup-home" "-w" "/opt/rustwide/workdir" "-m" "1610612736" "--user" "0:0" "--network" "none" "ghcr.io/rust-lang/crates-build-env/linux@sha256:2788e3201cd34a07e3172128adcd8b3090168a8e3bcc40d7c032b9dda1df7d1c" "/opt/rustwide/cargo-home/bin/cargo" "+1.75.0" "doc" "--frozen" "--no-deps" "--document-private-items" "--message-format=json", kill_on_drop: false }`
[INFO] [stdout] db5bf0a40442880008e4c5986041de7f4cdbefd032d48d4534c519050e70200c
[INFO] running `Command { std: "docker" "start" "-a" "db5bf0a40442880008e4c5986041de7f4cdbefd032d48d4534c519050e70200c", kill_on_drop: false }`
[INFO] [stderr]    Compiling serde v1.0.192
[INFO] [stderr]    Compiling futures-core v0.3.29
[INFO] [stderr]    Compiling libc v0.2.150
[INFO] [stderr]     Checking tracing-core v0.1.32
[INFO] [stderr]     Checking getrandom v0.2.11
[INFO] [stderr]    Compiling libm v0.2.8
[INFO] [stderr]    Compiling num-traits v0.2.17
[INFO] [stderr]    Compiling serde_json v1.0.108
[INFO] [stderr]     Checking ahash v0.8.6
[INFO] [stderr]    Compiling azalea-buf-macros v0.8.0 (https://github.com/mat-1/azalea.git#03cc28d8)
[INFO] [stderr]     Checking tracing v0.1.40
[INFO] [stderr]     Checking futures-sink v0.3.29
[INFO] [stderr]    Compiling futures-channel v0.3.29
[INFO] [stderr]    Compiling hashbrown v0.14.2
[INFO] [stderr]    Compiling futures-util v0.3.29
[INFO] [stderr]     Checking const-oid v0.9.5
[INFO] [stderr]    Compiling cc v1.0.83
[INFO] [stderr]    Compiling winnow v0.5.19
[INFO] [stderr]    Compiling toml_datetime v0.6.5
[INFO] [stderr]    Compiling crossbeam-utils v0.8.16
[INFO] [stderr]    Compiling indexmap v2.1.0
[INFO] [stderr]     Checking tokio v1.34.0
[INFO] [stderr]     Checking crypto-common v0.1.6
[INFO] [stderr]     Checking rand_core v0.6.4
[INFO] [stderr]    Compiling futures-macro v0.3.29
[INFO] [stderr]     Checking spin v0.5.2
[INFO] [stderr]     Checking num-integer v0.1.45
[INFO] [stderr]     Checking lazy_static v1.4.0
[INFO] [stderr]     Checking thread_local v1.1.7
[INFO] [stderr]     Checking parking v2.2.0
[INFO] [stderr]    Compiling rustversion v1.0.14
[INFO] [stderr]     Checking spin v0.9.8
[INFO] [stderr]     Checking rand_chacha v0.3.1
[INFO] [stderr]     Checking concurrent-queue v2.3.0
[INFO] [stderr]    Compiling num-bigint v0.4.4
[INFO] [stderr]     Checking base64ct v1.6.0
[INFO] [stderr]     Checking waker-fn v1.1.1
[INFO] [stderr]    Compiling ring v0.17.5
[INFO] [stderr]     Checking fastrand v1.9.0
[INFO] [stderr]     Checking fixedbitset v0.4.2
[INFO] [stderr]     Checking zeroize v1.7.0
[INFO] [stderr]    Compiling toml_edit v0.20.7
[INFO] [stderr]     Checking futures-lite v1.13.0
[INFO] [stderr]     Checking pem-rfc7468 v0.7.0
[INFO] [stderr]    Compiling enum-as-inner v0.6.0
[INFO] [stderr]     Checking uuid v1.5.0
[INFO] [stderr]     Checking flate2 v1.0.28
[INFO] [stderr]     Checking rand v0.8.5
[INFO] [stderr]    Compiling bevy_macro_utils v0.12.0
[INFO] [stderr]     Checking async-lock v2.8.0
[INFO] [stderr]     Checking azalea-buf v0.8.0 (https://github.com/mat-1/azalea.git#03cc28d8)
[INFO] [stderr]     Checking petgraph v0.6.4
[INFO] [stdout] error[E0432]: unresolved import `thiserror`
[INFO] [stdout]    --> /opt/rustwide/cargo-home/git/checkouts/azalea-9c98d49f0595c880/03cc28d/azalea-buf/src/read.rs:12:10
[INFO] [stdout]     |
[INFO] [stdout] 12  | #[derive(Error, Debug)]
[INFO] [stdout]     |          ^^^^^ no `ThiserrorProvide` in `__private`
[INFO] [stdout]     |
[INFO] [stdout] note: found an item that was configured out
[INFO] [stdout]    --> /opt/rustwide/cargo-home/registry/src/index.crates.io-6f17d22bba15001f/thiserror-1.0.50/src/lib.rs:256:29
[INFO] [stdout]     |
[INFO] [stdout] 256 |     pub use crate::provide::ThiserrorProvide;
[INFO] [stdout]     |                             ^^^^^^^^^^^^^^^^
[INFO] [stdout]     = note: this error originates in the derive macro `Error` (in Nightly builds, run with -Z macro-backtrace for more info)
[INFO] [stdout] 
[INFO] [stdout] 
[INFO] [stdout] error[E0554]: `#![feature]` may not be used on the stable release channel
[INFO] [stdout]  --> /opt/rustwide/cargo-home/git/checkouts/azalea-9c98d49f0595c880/03cc28d/azalea-buf/src/lib.rs:2:1
[INFO] [stdout]   |
[INFO] [stdout] 2 | #![feature(min_specialization)]
[INFO] [stdout]   | ^^^^^^^^^^^^^^^^^^^^^^^^^^^^^^^
[INFO] [stdout] 
[INFO] [stdout] 
[INFO] [stdout] error[E0554]: `#![feature]` may not be used on the stable release channel
[INFO] [stdout]  --> /opt/rustwide/cargo-home/git/checkouts/azalea-9c98d49f0595c880/03cc28d/azalea-buf/src/lib.rs:4:1
[INFO] [stdout]   |
[INFO] [stdout] 4 | #![feature(error_generic_member_access)]
[INFO] [stdout]   | ^^^^^^^^^^^^^^^^^^^^^^^^^^^^^^^^^^^^^^^^
[INFO] [stdout] 
[INFO] [stdout] 
[INFO] [stdout] error[E0554]: `#![feature]` may not be used on the stable release channel
[INFO] [stdout]  --> /opt/rustwide/cargo-home/git/checkouts/azalea-9c98d49f0595c880/03cc28d/azalea-buf/src/lib.rs:4:12
[INFO] [stdout]   |
[INFO] [stdout] 4 | #![feature(error_generic_member_access)]
[INFO] [stdout]   |            ^^^^^^^^^^^^^^^^^^^^^^^^^^^
[INFO] [stdout] 
[INFO] [stdout] 
[INFO] [stdout] error[E0599]: no method named `thiserror_provide` found for reference `&std::io::Error` in the current scope
[INFO] [stdout]   --> /opt/rustwide/cargo-home/git/checkouts/azalea-9c98d49f0595c880/03cc28d/azalea-buf/src/read.rs:26:9
[INFO] [stdout]    |
[INFO] [stdout] 26 |         source: std::io::Error,
[INFO] [stdout]    |         ^^^^^^ method not found in `&Error`
[INFO] [stdout] 
[INFO] [stdout] 
[INFO] [stdout] error[E0599]: no method named `thiserror_provide` found for reference `&serde_json::Error` in the current scope
[INFO] [stdout]   --> /opt/rustwide/cargo-home/git/checkouts/azalea-9c98d49f0595c880/03cc28d/azalea-buf/src/read.rs:51:9
[INFO] [stdout]    |
[INFO] [stdout] 51 |         source: serde_json::Error,
[INFO] [stdout]    |         ^^^^^^ method not found in `&Error`
[INFO] [stdout] 
[INFO] [stdout] 
[INFO] [stdout] error: aborting due to 6 previous errors
[INFO] [stdout] 
[INFO] [stdout] 
[INFO] [stderr]    Compiling bevy_utils_proc_macros v0.12.0
[INFO] [stdout] Some errors have detailed explanations: E0432, E0554, E0599.
[INFO] [stdout] 
[INFO] [stdout] For more information about an error, try `rustc --explain E0432`.
[INFO] [stdout] 
[INFO] [stderr] error: could not compile `azalea-buf` (lib) due to 7 previous errors
[INFO] [stderr] warning: build failed, waiting for other jobs to finish...
[INFO] running `Command { std: "docker" "inspect" "db5bf0a40442880008e4c5986041de7f4cdbefd032d48d4534c519050e70200c", kill_on_drop: false }`
[INFO] running `Command { std: "docker" "rm" "-f" "db5bf0a40442880008e4c5986041de7f4cdbefd032d48d4534c519050e70200c", kill_on_drop: false }`
[INFO] [stdout] db5bf0a40442880008e4c5986041de7f4cdbefd032d48d4534c519050e70200c
[INFO] documenting Paddyk45/mcpot against beta-2023-12-22 for beta-1.76-rustdoc-1
[INFO] running `Command { std: "git" "clone" "/workspace/cache/git-repos/https%3A%2F%2Fgithub.com%2FPaddyk45%2Fmcpot" "/workspace/builds/worker-5-tc2/source", kill_on_drop: false }`
[INFO] [stderr] Cloning into '/workspace/builds/worker-5-tc2/source'...
[INFO] [stderr] done.
[INFO] validating manifest of git repo https://github.com/Paddyk45/mcpot on toolchain beta-2023-12-22
[INFO] running `Command { std: CARGO_HOME="/workspace/cargo-home" RUSTUP_HOME="/workspace/rustup-home" "/workspace/cargo-home/bin/cargo" "+beta-2023-12-22" "metadata" "--manifest-path" "Cargo.toml" "--no-deps", kill_on_drop: false }`
[INFO] started tweaking git repo https://github.com/Paddyk45/mcpot
[INFO] finished tweaking git repo https://github.com/Paddyk45/mcpot
[INFO] tweaked toml for git repo https://github.com/Paddyk45/mcpot written to /workspace/builds/worker-5-tc2/source/Cargo.toml
[INFO] crate git repo https://github.com/Paddyk45/mcpot already has a lockfile, it will not be regenerated
[INFO] running `Command { std: CARGO_HOME="/workspace/cargo-home" RUSTUP_HOME="/workspace/rustup-home" "/workspace/cargo-home/bin/cargo" "+beta-2023-12-22" "fetch" "--manifest-path" "Cargo.toml", kill_on_drop: false }`
[INFO] [stderr]     Updating crates.io index
[INFO] running `Command { std: "docker" "create" "-v" "/var/lib/crater-agent-workspace/builds/worker-5-tc2/target:/opt/rustwide/target:rw,Z" "-v" "/var/lib/crater-agent-workspace/builds/worker-5-tc2/source:/opt/rustwide/workdir:ro,Z" "-v" "/var/lib/crater-agent-workspace/cargo-home:/opt/rustwide/cargo-home:ro,Z" "-v" "/var/lib/crater-agent-workspace/rustup-home:/opt/rustwide/rustup-home:ro,Z" "-e" "SOURCE_DIR=/opt/rustwide/workdir" "-e" "CARGO_TARGET_DIR=/opt/rustwide/target" "-e" "CARGO_HOME=/opt/rustwide/cargo-home" "-e" "RUSTUP_HOME=/opt/rustwide/rustup-home" "-w" "/opt/rustwide/workdir" "-m" "1610612736" "--user" "0:0" "--network" "none" "ghcr.io/rust-lang/crates-build-env/linux@sha256:2788e3201cd34a07e3172128adcd8b3090168a8e3bcc40d7c032b9dda1df7d1c" "/opt/rustwide/cargo-home/bin/cargo" "+beta-2023-12-22" "metadata" "--no-deps" "--format-version=1", kill_on_drop: false }`
[INFO] [stdout] 57add2ce634e4ba63f3b5f38e086bdbcba404abb388907cec04cb4363c4de69f
[INFO] running `Command { std: "docker" "start" "-a" "57add2ce634e4ba63f3b5f38e086bdbcba404abb388907cec04cb4363c4de69f", kill_on_drop: false }`
[INFO] running `Command { std: "docker" "inspect" "57add2ce634e4ba63f3b5f38e086bdbcba404abb388907cec04cb4363c4de69f", kill_on_drop: false }`
[INFO] running `Command { std: "docker" "rm" "-f" "57add2ce634e4ba63f3b5f38e086bdbcba404abb388907cec04cb4363c4de69f", kill_on_drop: false }`
[INFO] [stdout] 57add2ce634e4ba63f3b5f38e086bdbcba404abb388907cec04cb4363c4de69f
[INFO] running `Command { std: "docker" "create" "-v" "/var/lib/crater-agent-workspace/builds/worker-5-tc2/target:/opt/rustwide/target:rw,Z" "-v" "/var/lib/crater-agent-workspace/builds/worker-5-tc2/source:/opt/rustwide/workdir:ro,Z" "-v" "/var/lib/crater-agent-workspace/cargo-home:/opt/rustwide/cargo-home:ro,Z" "-v" "/var/lib/crater-agent-workspace/rustup-home:/opt/rustwide/rustup-home:ro,Z" "-e" "SOURCE_DIR=/opt/rustwide/workdir" "-e" "CARGO_TARGET_DIR=/opt/rustwide/target" "-e" "CARGO_INCREMENTAL=0" "-e" "RUST_BACKTRACE=full" "-e" "RUSTFLAGS=--cap-lints=warn" "-e" "RUSTDOCFLAGS=--cap-lints=warn" "-e" "CARGO_HOME=/opt/rustwide/cargo-home" "-e" "RUSTUP_HOME=/opt/rustwide/rustup-home" "-w" "/opt/rustwide/workdir" "-m" "1610612736" "--user" "0:0" "--network" "none" "ghcr.io/rust-lang/crates-build-env/linux@sha256:2788e3201cd34a07e3172128adcd8b3090168a8e3bcc40d7c032b9dda1df7d1c" "/opt/rustwide/cargo-home/bin/cargo" "+beta-2023-12-22" "doc" "--frozen" "--no-deps" "--document-private-items" "--message-format=json", kill_on_drop: false }`
[INFO] [stdout] f0ee17049b8aefc31471127d2a2b21de0b3e881c28617a5f7e3e45b02e4422d3
[INFO] running `Command { std: "docker" "start" "-a" "f0ee17049b8aefc31471127d2a2b21de0b3e881c28617a5f7e3e45b02e4422d3", kill_on_drop: false }`
[INFO] [stderr]    Compiling serde v1.0.192
[INFO] [stderr]    Compiling futures-core v0.3.29
[INFO] [stderr]    Compiling libc v0.2.150
[INFO] [stderr]     Checking tracing-core v0.1.32
[INFO] [stderr]     Checking getrandom v0.2.11
[INFO] [stderr]    Compiling libm v0.2.8
[INFO] [stderr]    Compiling num-traits v0.2.17
[INFO] [stderr]    Compiling serde_json v1.0.108
[INFO] [stderr]     Checking ahash v0.8.6
[INFO] [stderr]    Compiling azalea-buf-macros v0.8.0 (https://github.com/mat-1/azalea.git#03cc28d8)
[INFO] [stderr]     Checking tracing v0.1.40
[INFO] [stderr]    Compiling futures-channel v0.3.29
[INFO] [stderr]    Compiling hashbrown v0.14.2
[INFO] [stderr]     Checking futures-sink v0.3.29
[INFO] [stderr]    Compiling winnow v0.5.19
[INFO] [stderr]    Compiling futures-util v0.3.29
[INFO] [stderr]    Compiling cc v1.0.83
[INFO] [stderr]    Compiling crossbeam-utils v0.8.16
[INFO] [stderr]     Checking const-oid v0.9.5
[INFO] [stderr]    Compiling toml_datetime v0.6.5
[INFO] [stderr]    Compiling indexmap v2.1.0
[INFO] [stderr]     Checking tokio v1.34.0
[INFO] [stderr]     Checking crypto-common v0.1.6
[INFO] [stderr]     Checking rand_core v0.6.4
[INFO] [stderr]    Compiling futures-macro v0.3.29
[INFO] [stderr]     Checking num-integer v0.1.45
[INFO] [stderr]     Checking spin v0.5.2
[INFO] [stderr]     Checking lazy_static v1.4.0
[INFO] [stderr]     Checking thread_local v1.1.7
[INFO] [stderr]     Checking spin v0.9.8
[INFO] [stderr]    Compiling rustversion v1.0.14
[INFO] [stderr]     Checking parking v2.2.0
[INFO] [stderr]    Compiling ring v0.17.5
[INFO] [stderr]     Checking concurrent-queue v2.3.0
[INFO] [stderr]     Checking rand_chacha v0.3.1
[INFO] [stderr]    Compiling num-bigint v0.4.4
[INFO] [stderr]     Checking waker-fn v1.1.1
[INFO] [stderr]     Checking zeroize v1.7.0
[INFO] [stderr]     Checking fastrand v1.9.0
[INFO] [stderr]     Checking base64ct v1.6.0
[INFO] [stderr]     Checking fixedbitset v0.4.2
[INFO] [stderr]     Checking futures-lite v1.13.0
[INFO] [stderr]     Checking pem-rfc7468 v0.7.0
[INFO] [stderr]    Compiling enum-as-inner v0.6.0
[INFO] [stderr]     Checking rand v0.8.5
[INFO] [stderr]    Compiling toml_edit v0.20.7
[INFO] [stderr]     Checking uuid v1.5.0
[INFO] [stderr]     Checking flate2 v1.0.28
[INFO] [stderr]     Checking async-lock v2.8.0
[INFO] [stderr]     Checking azalea-buf v0.8.0 (https://github.com/mat-1/azalea.git#03cc28d8)
[INFO] [stdout] error[E0432]: unresolved import `thiserror`
[INFO] [stdout]    --> /opt/rustwide/cargo-home/git/checkouts/azalea-9c98d49f0595c880/03cc28d/azalea-buf/src/read.rs:12:10
[INFO] [stdout]     |
[INFO] [stdout] 12  | #[derive(Error, Debug)]
[INFO] [stdout]     |          ^^^^^ no `ThiserrorProvide` in `__private`
[INFO] [stdout]     |
[INFO] [stdout] note: found an item that was configured out
[INFO] [stdout]    --> /opt/rustwide/cargo-home/registry/src/index.crates.io-6f17d22bba15001f/thiserror-1.0.50/src/lib.rs:256:29
[INFO] [stdout]     |
[INFO] [stdout] 256 |     pub use crate::provide::ThiserrorProvide;
[INFO] [stdout]     |                             ^^^^^^^^^^^^^^^^
[INFO] [stdout]     = note: this error originates in the derive macro `Error` (in Nightly builds, run with -Z macro-backtrace for more info)
[INFO] [stdout] 
[INFO] [stdout] 
[INFO] [stdout] error[E0554]: `#![feature]` may not be used on the beta release channel
[INFO] [stdout]  --> /opt/rustwide/cargo-home/git/checkouts/azalea-9c98d49f0595c880/03cc28d/azalea-buf/src/lib.rs:2:1
[INFO] [stdout]   |
[INFO] [stdout] 2 | #![feature(min_specialization)]
[INFO] [stdout]   | ^^^^^^^^^^^^^^^^^^^^^^^^^^^^^^^
[INFO] [stdout] 
[INFO] [stdout] 
[INFO] [stdout] error[E0554]: `#![feature]` may not be used on the beta release channel
[INFO] [stdout]  --> /opt/rustwide/cargo-home/git/checkouts/azalea-9c98d49f0595c880/03cc28d/azalea-buf/src/lib.rs:4:1
[INFO] [stdout]   |
[INFO] [stdout] 4 | #![feature(error_generic_member_access)]
[INFO] [stdout]   | ^^^^^^^^^^^^^^^^^^^^^^^^^^^^^^^^^^^^^^^^
[INFO] [stdout] 
[INFO] [stdout] 
[INFO] [stdout] error[E0554]: `#![feature]` may not be used on the beta release channel
[INFO] [stdout]  --> /opt/rustwide/cargo-home/git/checkouts/azalea-9c98d49f0595c880/03cc28d/azalea-buf/src/lib.rs:4:12
[INFO] [stdout]   |
[INFO] [stdout] 4 | #![feature(error_generic_member_access)]
[INFO] [stdout]   |            ^^^^^^^^^^^^^^^^^^^^^^^^^^^
[INFO] [stdout] 
[INFO] [stdout] 
[INFO] [stderr]    Compiling bevy_utils_proc_macros v0.12.0
[INFO] [stderr]     Checking instant v0.1.12
[INFO] [stdout] error[E0599]: no method named `thiserror_provide` found for reference `&std::io::Error` in the current scope
[INFO] [stdout]   --> /opt/rustwide/cargo-home/git/checkouts/azalea-9c98d49f0595c880/03cc28d/azalea-buf/src/read.rs:26:9
[INFO] [stdout]    |
[INFO] [stdout] 26 |         source: std::io::Error,
[INFO] [stdout]    |         ^^^^^^ method not found in `&Error`
[INFO] [stdout] 
[INFO] [stdout] 
[INFO] [stdout] error[E0599]: no method named `thiserror_provide` found for reference `&serde_json::Error` in the current scope
[INFO] [stdout]   --> /opt/rustwide/cargo-home/git/checkouts/azalea-9c98d49f0595c880/03cc28d/azalea-buf/src/read.rs:51:9
[INFO] [stdout]    |
[INFO] [stdout] 51 |         source: serde_json::Error,
[INFO] [stdout]    |         ^^^^^^ method not found in `&Error`
[INFO] [stdout] 
[INFO] [stdout] 
[INFO] [stdout] error: aborting due to 6 previous errors
[INFO] [stdout] 
[INFO] [stdout] 
[INFO] [stdout] Some errors have detailed explanations: E0432, E0554, E0599.
[INFO] [stdout] 
[INFO] [stdout] For more information about an error, try `rustc --explain E0432`.
[INFO] [stdout] 
[INFO] [stderr] error: could not compile `azalea-buf` (lib) due to 7 previous errors
[INFO] [stderr] warning: build failed, waiting for other jobs to finish...
[INFO] running `Command { std: "docker" "inspect" "f0ee17049b8aefc31471127d2a2b21de0b3e881c28617a5f7e3e45b02e4422d3", kill_on_drop: false }`
[INFO] running `Command { std: "docker" "rm" "-f" "f0ee17049b8aefc31471127d2a2b21de0b3e881c28617a5f7e3e45b02e4422d3", kill_on_drop: false }`
[INFO] [stdout] f0ee17049b8aefc31471127d2a2b21de0b3e881c28617a5f7e3e45b02e4422d3
