[INFO] cloning repository https://github.com/P0ntiuS/drag_and_drop_with_audio
[INFO] running `Command { std: "git" "-c" "credential.helper=" "-c" "credential.helper=/workspace/cargo-home/bin/git-credential-null" "clone" "--bare" "https://github.com/P0ntiuS/drag_and_drop_with_audio" "/workspace/cache/git-repos/https%3A%2F%2Fgithub.com%2FP0ntiuS%2Fdrag_and_drop_with_audio", kill_on_drop: false }`
[INFO] [stderr] Cloning into bare repository '/workspace/cache/git-repos/https%3A%2F%2Fgithub.com%2FP0ntiuS%2Fdrag_and_drop_with_audio'...
[INFO] running `Command { std: "git" "rev-parse" "HEAD", kill_on_drop: false }`
[INFO] [stdout] 8b81950843b453f98faa8affd54c6007732099d7
[INFO] documenting P0ntiuS/drag_and_drop_with_audio against 1.75.0 for beta-1.76-rustdoc-1
[INFO] running `Command { std: "git" "clone" "/workspace/cache/git-repos/https%3A%2F%2Fgithub.com%2FP0ntiuS%2Fdrag_and_drop_with_audio" "/workspace/builds/worker-6-tc1/source", kill_on_drop: false }`
[INFO] [stderr] Cloning into '/workspace/builds/worker-6-tc1/source'...
[INFO] [stderr] done.
[INFO] validating manifest of git repo https://github.com/P0ntiuS/drag_and_drop_with_audio on toolchain 1.75.0
[INFO] running `Command { std: CARGO_HOME="/workspace/cargo-home" RUSTUP_HOME="/workspace/rustup-home" "/workspace/cargo-home/bin/cargo" "+1.75.0" "metadata" "--manifest-path" "Cargo.toml" "--no-deps", kill_on_drop: false }`
[INFO] started tweaking git repo https://github.com/P0ntiuS/drag_and_drop_with_audio
[INFO] finished tweaking git repo https://github.com/P0ntiuS/drag_and_drop_with_audio
[INFO] tweaked toml for git repo https://github.com/P0ntiuS/drag_and_drop_with_audio written to /workspace/builds/worker-6-tc1/source/Cargo.toml
[INFO] crate git repo https://github.com/P0ntiuS/drag_and_drop_with_audio already has a lockfile, it will not be regenerated
[INFO] running `Command { std: CARGO_HOME="/workspace/cargo-home" RUSTUP_HOME="/workspace/rustup-home" "/workspace/cargo-home/bin/cargo" "+1.75.0" "fetch" "--manifest-path" "Cargo.toml", kill_on_drop: false }`
[INFO] running `Command { std: "docker" "create" "-v" "/var/lib/crater-agent-workspace/builds/worker-6-tc1/target:/opt/rustwide/target:rw,Z" "-v" "/var/lib/crater-agent-workspace/builds/worker-6-tc1/source:/opt/rustwide/workdir:ro,Z" "-v" "/var/lib/crater-agent-workspace/cargo-home:/opt/rustwide/cargo-home:ro,Z" "-v" "/var/lib/crater-agent-workspace/rustup-home:/opt/rustwide/rustup-home:ro,Z" "-e" "SOURCE_DIR=/opt/rustwide/workdir" "-e" "CARGO_TARGET_DIR=/opt/rustwide/target" "-e" "CARGO_HOME=/opt/rustwide/cargo-home" "-e" "RUSTUP_HOME=/opt/rustwide/rustup-home" "-w" "/opt/rustwide/workdir" "-m" "1610612736" "--user" "0:0" "--network" "none" "ghcr.io/rust-lang/crates-build-env/linux@sha256:2788e3201cd34a07e3172128adcd8b3090168a8e3bcc40d7c032b9dda1df7d1c" "/opt/rustwide/cargo-home/bin/cargo" "+1.75.0" "metadata" "--no-deps" "--format-version=1", kill_on_drop: false }`
[INFO] [stdout] fc5c8fddced341dc14a71e6d9fda8e46a4d3131e11764981dd86a7c69fb3167d
[INFO] running `Command { std: "docker" "start" "-a" "fc5c8fddced341dc14a71e6d9fda8e46a4d3131e11764981dd86a7c69fb3167d", kill_on_drop: false }`
[INFO] running `Command { std: "docker" "inspect" "fc5c8fddced341dc14a71e6d9fda8e46a4d3131e11764981dd86a7c69fb3167d", kill_on_drop: false }`
[INFO] running `Command { std: "docker" "rm" "-f" "fc5c8fddced341dc14a71e6d9fda8e46a4d3131e11764981dd86a7c69fb3167d", kill_on_drop: false }`
[INFO] [stdout] fc5c8fddced341dc14a71e6d9fda8e46a4d3131e11764981dd86a7c69fb3167d
[INFO] running `Command { std: "docker" "create" "-v" "/var/lib/crater-agent-workspace/builds/worker-6-tc1/target:/opt/rustwide/target:rw,Z" "-v" "/var/lib/crater-agent-workspace/builds/worker-6-tc1/source:/opt/rustwide/workdir:ro,Z" "-v" "/var/lib/crater-agent-workspace/cargo-home:/opt/rustwide/cargo-home:ro,Z" "-v" "/var/lib/crater-agent-workspace/rustup-home:/opt/rustwide/rustup-home:ro,Z" "-e" "SOURCE_DIR=/opt/rustwide/workdir" "-e" "CARGO_TARGET_DIR=/opt/rustwide/target" "-e" "CARGO_INCREMENTAL=0" "-e" "RUST_BACKTRACE=full" "-e" "RUSTFLAGS=--cap-lints=warn" "-e" "RUSTDOCFLAGS=--cap-lints=warn" "-e" "CARGO_HOME=/opt/rustwide/cargo-home" "-e" "RUSTUP_HOME=/opt/rustwide/rustup-home" "-w" "/opt/rustwide/workdir" "-m" "1610612736" "--user" "0:0" "--network" "none" "ghcr.io/rust-lang/crates-build-env/linux@sha256:2788e3201cd34a07e3172128adcd8b3090168a8e3bcc40d7c032b9dda1df7d1c" "/opt/rustwide/cargo-home/bin/cargo" "+1.75.0" "doc" "--frozen" "--no-deps" "--document-private-items" "--message-format=json", kill_on_drop: false }`
[INFO] [stdout] 3cb7e9aad07768a645a6f88cd00a5147771585d4a514de271e4d256c0f7a85c4
[INFO] running `Command { std: "docker" "start" "-a" "3cb7e9aad07768a645a6f88cd00a5147771585d4a514de271e4d256c0f7a85c4", kill_on_drop: false }`
[INFO] [stderr]    Compiling libc v0.2.94
[INFO] [stderr]    Compiling proc-macro2 v1.0.26
[INFO] [stderr]    Compiling unicode-xid v0.2.2
[INFO] [stderr]    Compiling syn v1.0.72
[INFO] [stderr]    Compiling pkg-config v0.3.19
[INFO] [stderr]     Checking instant v0.1.9
[INFO] [stderr]     Checking smallvec v1.6.1
[INFO] [stderr]    Compiling log v0.4.14
[INFO] [stderr]     Checking byteorder v1.4.3
[INFO] [stderr]    Compiling cpal v0.13.3
[INFO] [stderr]     Checking tinyvec_macros v0.1.0
[INFO] [stderr]     Checking hound v3.4.0
[INFO] [stderr]     Checking claxon v0.4.3
[INFO] [stderr]     Checking lock_api v0.4.4
[INFO] [stderr]     Checking tinyvec v1.2.0
[INFO] [stderr]     Checking ogg v0.8.0
[INFO] [stderr]    Compiling alsa-sys v0.3.1
[INFO] [stderr]    Compiling quote v1.0.9
[INFO] [stderr]     Checking lewton v0.10.2
[INFO] [stderr]     Checking parking_lot_core v0.8.3
[INFO] [stderr]     Checking nix v0.20.0
[INFO] [stderr]     Checking slice-deque v0.3.0
[INFO] [stderr]     Checking raw-window-handle v0.3.3
[INFO] [stderr]     Checking winit v0.24.0
[INFO] [stderr]    Compiling jobserver v0.1.22
[INFO] [stdout] error: Please select a feature to build for unix: `x11`, `wayland`
[INFO] [stdout]   --> /opt/rustwide/cargo-home/registry/src/index.crates.io-6f17d22bba15001f/winit-0.24.0/src/platform_impl/linux/mod.rs:10:1
[INFO] [stdout]    |
[INFO] [stdout] 10 | compile_error!("Please select a feature to build for unix: `x11`, `wayland`");
[INFO] [stdout]    | ^^^^^^^^^^^^^^^^^^^^^^^^^^^^^^^^^^^^^^^^^^^^^^^^^^^^^^^^^^^^^^^^^^^^^^^^^^^^^
[INFO] [stdout] 
[INFO] [stdout] 
[INFO] [stderr]     Checking parking_lot v0.11.1
[INFO] [stdout] error[E0392]: parameter `T` is never used
[INFO] [stdout]   --> /opt/rustwide/cargo-home/registry/src/index.crates.io-6f17d22bba15001f/winit-0.24.0/src/event_loop.rs:32:22
[INFO] [stdout]    |
[INFO] [stdout] 32 | pub struct EventLoop<T: 'static> {
[INFO] [stdout]    |                      ^ unused parameter
[INFO] [stdout]    |
[INFO] [stdout]    = help: consider removing `T`, referring to it in a field, or using a marker such as `PhantomData`
[INFO] [stdout] 
[INFO] [stdout] 
[INFO] [stdout] error[E0392]: parameter `T` is never used
[INFO] [stdout]   --> /opt/rustwide/cargo-home/registry/src/index.crates.io-6f17d22bba15001f/winit-0.24.0/src/event_loop.rs:43:34
[INFO] [stdout]    |
[INFO] [stdout] 43 | pub struct EventLoopWindowTarget<T: 'static> {
[INFO] [stdout]    |                                  ^ unused parameter
[INFO] [stdout]    |
[INFO] [stdout]    = help: consider removing `T`, referring to it in a field, or using a marker such as `PhantomData`
[INFO] [stdout] 
[INFO] [stdout] 
[INFO] [stdout] error[E0392]: parameter `T` is never used
[INFO] [stdout]    --> /opt/rustwide/cargo-home/registry/src/index.crates.io-6f17d22bba15001f/winit-0.24.0/src/event_loop.rs:196:27
[INFO] [stdout]     |
[INFO] [stdout] 196 | pub struct EventLoopProxy<T: 'static> {
[INFO] [stdout]     |                           ^ unused parameter
[INFO] [stdout]     |
[INFO] [stdout]     = help: consider removing `T`, referring to it in a field, or using a marker such as `PhantomData`
[INFO] [stdout] 
[INFO] [stdout] 
[INFO] [stdout] error[E0392]: parameter `T` is never used
[INFO] [stdout]    --> /opt/rustwide/cargo-home/registry/src/index.crates.io-6f17d22bba15001f/winit-0.24.0/src/platform_impl/linux/mod.rs:532:20
[INFO] [stdout]     |
[INFO] [stdout] 532 | pub enum EventLoop<T: 'static> {
[INFO] [stdout]     |                    ^ unused parameter
[INFO] [stdout]     |
[INFO] [stdout]     = help: consider removing `T`, referring to it in a field, or using a marker such as `PhantomData`
[INFO] [stdout] 
[INFO] [stdout] 
[INFO] [stdout] error[E0392]: parameter `T` is never used
[INFO] [stdout]    --> /opt/rustwide/cargo-home/registry/src/index.crates.io-6f17d22bba15001f/winit-0.24.0/src/platform_impl/linux/mod.rs:539:25
[INFO] [stdout]     |
[INFO] [stdout] 539 | pub enum EventLoopProxy<T: 'static> {
[INFO] [stdout]     |                         ^ unused parameter
[INFO] [stdout]     |
[INFO] [stdout]     = help: consider removing `T`, referring to it in a field, or using a marker such as `PhantomData`
[INFO] [stdout] 
[INFO] [stdout] 
[INFO] [stdout] error[E0392]: parameter `T` is never used
[INFO] [stdout]    --> /opt/rustwide/cargo-home/registry/src/index.crates.io-6f17d22bba15001f/winit-0.24.0/src/platform_impl/linux/mod.rs:666:32
[INFO] [stdout]     |
[INFO] [stdout] 666 | pub enum EventLoopWindowTarget<T> {
[INFO] [stdout]     |                                ^ unused parameter
[INFO] [stdout]     |
[INFO] [stdout]     = help: consider removing `T`, referring to it in a field, or using a marker such as `PhantomData`
[INFO] [stdout]     = help: if you intended `T` to be a const parameter, use `const T: usize` instead
[INFO] [stdout] 
[INFO] [stdout] 
[INFO] [stdout] error[E0282]: type annotations needed
[INFO] [stdout]    --> /opt/rustwide/cargo-home/registry/src/index.crates.io-6f17d22bba15001f/winit-0.24.0/src/event_loop.rs:176:9
[INFO] [stdout]     |
[INFO] [stdout] 176 |         self.p
[INFO] [stdout]     |         ^^^^^^ cannot infer type for type parameter `T`
[INFO] [stdout] 
[INFO] [stdout] 
[INFO] [stderr]    Compiling cc v1.0.67
[INFO] [stdout] error[E0282]: type annotations needed
[INFO] [stdout]    --> /opt/rustwide/cargo-home/registry/src/index.crates.io-6f17d22bba15001f/winit-0.24.0/src/event_loop.rs:133:9
[INFO] [stdout]     |
[INFO] [stdout] 133 | /         EventLoop {
[INFO] [stdout] 134 | |             event_loop: platform_impl::EventLoop::new(),
[INFO] [stdout] 135 | |             _marker: ::std::marker::PhantomData,
[INFO] [stdout] 136 | |         }
[INFO] [stdout]     | |_________^ cannot infer type of the type parameter `T` declared on the struct `EventLoop`
[INFO] [stdout]     |
[INFO] [stdout] help: consider specifying the generic argument
[INFO] [stdout]     |
[INFO] [stdout] 133 |         EventLoop::<T> {
[INFO] [stdout]     |                  +++++
[INFO] [stdout] 
[INFO] [stdout] 
[INFO] [stdout] error[E0282]: type annotations needed
[INFO] [stdout]    --> /opt/rustwide/cargo-home/registry/src/index.crates.io-6f17d22bba15001f/winit-0.24.0/src/event_loop.rs:159:9
[INFO] [stdout]     |
[INFO] [stdout] 159 | /         EventLoopProxy {
[INFO] [stdout] 160 | |             event_loop_proxy: self.event_loop.create_proxy(),
[INFO] [stdout] 161 | |         }
[INFO] [stdout]     | |_________^ cannot infer type of the type parameter `T` declared on the struct `EventLoopProxy`
[INFO] [stdout]     |
[INFO] [stdout] help: consider specifying the generic argument
[INFO] [stdout]     |
[INFO] [stdout] 159 |         EventLoopProxy::<T> {
[INFO] [stdout]     |                       +++++
[INFO] [stdout] 
[INFO] [stdout] 
[INFO] [stdout] error[E0282]: type annotations needed
[INFO] [stdout]    --> /opt/rustwide/cargo-home/registry/src/index.crates.io-6f17d22bba15001f/winit-0.24.0/src/event_loop.rs:168:9
[INFO] [stdout]     |
[INFO] [stdout] 168 |         self.event_loop.window_target()
[INFO] [stdout]     |         ^^^^^^^^^^^^^^^ cannot infer type for type parameter `T`
[INFO] [stdout] 
[INFO] [stdout] 
[INFO] [stdout] error[E0282]: type annotations needed
[INFO] [stdout]    --> /opt/rustwide/cargo-home/registry/src/index.crates.io-6f17d22bba15001f/winit-0.24.0/src/event_loop.rs:191:9
[INFO] [stdout]     |
[INFO] [stdout] 191 |         self.p.primary_monitor()
[INFO] [stdout]     |         ^^^^^^ cannot infer type for type parameter `T`
[INFO] [stdout] 
[INFO] [stdout] 
[INFO] [stdout] error[E0308]: mismatched types
[INFO] [stdout]    --> /opt/rustwide/cargo-home/registry/src/index.crates.io-6f17d22bba15001f/winit-0.24.0/src/platform_impl/linux/mod.rs:144:30
[INFO] [stdout]     |
[INFO] [stdout] 144 |     pub unsafe fn dummy() -> Self {
[INFO] [stdout]     |                   -----      ^^^^ expected `WindowId`, found `()`
[INFO] [stdout]     |                   |
[INFO] [stdout]     |                   implicitly returns `()` as its body has no tail or `return` expression
[INFO] [stdout] 
[INFO] [stdout] 
[INFO] [stdout] error[E0308]: mismatched types
[INFO] [stdout]    --> /opt/rustwide/cargo-home/registry/src/index.crates.io-6f17d22bba15001f/winit-0.24.0/src/platform_impl/linux/mod.rs:161:30
[INFO] [stdout]     |
[INFO] [stdout] 161 |     pub unsafe fn dummy() -> Self {
[INFO] [stdout]     |                   -----      ^^^^ expected `DeviceId`, found `()`
[INFO] [stdout]     |                   |
[INFO] [stdout]     |                   implicitly returns `()` as its body has no tail or `return` expression
[INFO] [stdout] 
[INFO] [stdout] 
[INFO] [stdout] error[E0282]: type annotations needed
[INFO] [stdout]    --> /opt/rustwide/cargo-home/registry/src/index.crates.io-6f17d22bba15001f/winit-0.24.0/src/platform_impl/linux/mod.rs:556:9
[INFO] [stdout]     |
[INFO] [stdout] 556 |         EventLoop::new_any_thread()
[INFO] [stdout]     |         ^^^^^^^^^^^^^^^^^^^^^^^^^ cannot infer type of the type parameter `T` declared on the enum `EventLoop`
[INFO] [stdout]     |
[INFO] [stdout] help: consider specifying the generic argument
[INFO] [stdout]     |
[INFO] [stdout] 556 |         EventLoop::<T>::new_any_thread()
[INFO] [stdout]     |                  +++++
[INFO] [stdout] 
[INFO] [stdout] 
[INFO] [stdout] error[E0282]: type annotations needed
[INFO] [stdout]    --> /opt/rustwide/cargo-home/registry/src/index.crates.io-6f17d22bba15001f/winit-0.24.0/src/window.rs:333:9
[INFO] [stdout]     |
[INFO] [stdout] 333 |         platform_impl::Window::new(&window_target.p, self.window, self.platform_specific).map(
[INFO] [stdout]     |         ^^^^^^^^^^^^^^^^^^^^^^^^^^ cannot infer type of the type parameter `T` declared on the associated function `new`
[INFO] [stdout]     |
[INFO] [stdout] help: consider specifying the generic argument
[INFO] [stdout]     |
[INFO] [stdout] 333 |         platform_impl::Window::new::<T>(&window_target.p, self.window, self.platform_specific).map(
[INFO] [stdout]     |                                   +++++
[INFO] [stdout] 
[INFO] [stdout] 
[INFO] [stdout] error[E0282]: type annotations needed
[INFO] [stdout]    --> /opt/rustwide/cargo-home/registry/src/index.crates.io-6f17d22bba15001f/winit-0.24.0/src/window.rs:359:17
[INFO] [stdout]     |
[INFO] [stdout] 359 |         builder.build(event_loop)
[INFO] [stdout]     |                 ^^^^^ cannot infer type of the type parameter `T` declared on the method `build`
[INFO] [stdout]     |
[INFO] [stdout] help: consider specifying the generic argument
[INFO] [stdout]     |
[INFO] [stdout] 359 |         builder.build::<T>(event_loop)
[INFO] [stdout]     |                      +++++
[INFO] [stdout] 
[INFO] [stdout] 
[INFO] [stdout] error[E0282]: type annotations needed
[INFO] [stdout]    --> /opt/rustwide/cargo-home/registry/src/index.crates.io-6f17d22bba15001f/winit-0.24.0/src/platform/unix.rs:148:5
[INFO] [stdout]     |
[INFO] [stdout] 148 | /     EventLoop {
[INFO] [stdout] 149 | |         event_loop,
[INFO] [stdout] 150 | |         _marker: std::marker::PhantomData,
[INFO] [stdout] 151 | |     }
[INFO] [stdout]     | |_____^ cannot infer type of the type parameter `T` declared on the struct `EventLoop`
[INFO] [stdout]     |
[INFO] [stdout] help: consider specifying the generic argument
[INFO] [stdout]     |
[INFO] [stdout] 148 |     EventLoop::<T> {
[INFO] [stdout]     |              +++++
[INFO] [stdout] 
[INFO] [stdout] 
[INFO] [stdout] error[E0282]: type annotations needed
[INFO] [stdout]    --> /opt/rustwide/cargo-home/registry/src/index.crates.io-6f17d22bba15001f/winit-0.24.0/src/platform/unix.rs:157:9
[INFO] [stdout]     |
[INFO] [stdout] 157 |         wrap_ev(LinuxEventLoop::new_any_thread())
[INFO] [stdout]     |         ^^^^^^^ cannot infer type of the type parameter `T` declared on the function `wrap_ev`
[INFO] [stdout]     |
[INFO] [stdout] help: consider specifying the generic argument
[INFO] [stdout]     |
[INFO] [stdout] 157 |         wrap_ev::<T>(LinuxEventLoop::new_any_thread())
[INFO] [stdout]     |                +++++
[INFO] [stdout] 
[INFO] [stdout] 
[INFO] [stdout] error: aborting due to 19 previous errors
[INFO] [stdout] 
[INFO] [stdout] 
[INFO] [stdout] Some errors have detailed explanations: E0282, E0308, E0392.
[INFO] [stdout] 
[INFO] [stdout] For more information about an error, try `rustc --explain E0282`.
[INFO] [stdout] 
[INFO] [stderr] error: could not compile `winit` (lib) due to 20 previous errors
[INFO] [stderr] warning: build failed, waiting for other jobs to finish...
[INFO] running `Command { std: "docker" "inspect" "3cb7e9aad07768a645a6f88cd00a5147771585d4a514de271e4d256c0f7a85c4", kill_on_drop: false }`
[INFO] running `Command { std: "docker" "rm" "-f" "3cb7e9aad07768a645a6f88cd00a5147771585d4a514de271e4d256c0f7a85c4", kill_on_drop: false }`
[INFO] [stdout] 3cb7e9aad07768a645a6f88cd00a5147771585d4a514de271e4d256c0f7a85c4
