[INFO] cloning repository https://github.com/Orbiter-Finance/zkprover-circuits
[INFO] running `Command { std: "git" "-c" "credential.helper=" "-c" "credential.helper=/workspace/cargo-home/bin/git-credential-null" "clone" "--bare" "https://github.com/Orbiter-Finance/zkprover-circuits" "/workspace/cache/git-repos/https%3A%2F%2Fgithub.com%2FOrbiter-Finance%2Fzkprover-circuits", kill_on_drop: false }`
[INFO] [stderr] Cloning into bare repository '/workspace/cache/git-repos/https%3A%2F%2Fgithub.com%2FOrbiter-Finance%2Fzkprover-circuits'...
[INFO] running `Command { std: "git" "rev-parse" "HEAD", kill_on_drop: false }`
[INFO] [stdout] f1156e17f69919e0821c090ecda9062d29028aa5
[INFO] documenting Orbiter-Finance/zkprover-circuits against 1.75.0 for beta-1.76-rustdoc-1
[INFO] running `Command { std: "git" "clone" "/workspace/cache/git-repos/https%3A%2F%2Fgithub.com%2FOrbiter-Finance%2Fzkprover-circuits" "/workspace/builds/worker-5-tc1/source", kill_on_drop: false }`
[INFO] [stderr] Cloning into '/workspace/builds/worker-5-tc1/source'...
[INFO] [stderr] done.
[INFO] validating manifest of git repo https://github.com/Orbiter-Finance/zkprover-circuits on toolchain 1.75.0
[INFO] running `Command { std: CARGO_HOME="/workspace/cargo-home" RUSTUP_HOME="/workspace/rustup-home" "/workspace/cargo-home/bin/cargo" "+1.75.0" "metadata" "--manifest-path" "Cargo.toml" "--no-deps", kill_on_drop: false }`
[INFO] removed /workspace/builds/worker-5-tc1/source/rust-toolchain
[INFO] started tweaking git repo https://github.com/Orbiter-Finance/zkprover-circuits
[INFO] finished tweaking git repo https://github.com/Orbiter-Finance/zkprover-circuits
[INFO] tweaked toml for git repo https://github.com/Orbiter-Finance/zkprover-circuits written to /workspace/builds/worker-5-tc1/source/Cargo.toml
[INFO] crate git repo https://github.com/Orbiter-Finance/zkprover-circuits already has a lockfile, it will not be regenerated
[INFO] running `Command { std: CARGO_HOME="/workspace/cargo-home" RUSTUP_HOME="/workspace/rustup-home" "/workspace/cargo-home/bin/cargo" "+1.75.0" "fetch" "--manifest-path" "Cargo.toml", kill_on_drop: false }`
[INFO] [stderr] warning: profiles for the non root package will be ignored, specify profiles at the workspace root:
[INFO] [stderr] package:   /workspace/builds/worker-5-tc1/source/zkmpt-circuit/Cargo.toml
[INFO] [stderr] workspace: /workspace/builds/worker-5-tc1/source/Cargo.toml
[INFO] [stderr]     Updating git repository `https://github.com/privacy-scaling-explorations/halo2wrong.git`
[INFO] [stderr]     Updating git repository `https://github.com/privacy-scaling-explorations/halo2`
[INFO] [stderr]     Updating git repository `https://github.com/ZeroKPunk/poseidon-circuit.git`
[INFO] [stderr]     Updating git repository `https://github.com/RustCrypto/elliptic-curves.git`
[INFO] [stderr]     Updating git repository `https://github.com/privacy-scaling-explorations/snark-verifier`
[INFO] [stderr]     Updating git repository `https://github.com/scroll-tech/halo2.git`
[INFO] [stderr]     Updating git repository `https://github.com/scroll-tech/halo2wrong.git`
[INFO] [stderr]     Updating git repository `https://github.com/privacy-scaling-explorations/halo2curves`
[INFO] [stderr]     Updating git repository `https://github.com/privacy-scaling-explorations/halo2curves.git`
[INFO] [stderr]     Updating crates.io index
[INFO] [stderr]     Blocking waiting for file lock on package cache
[INFO] [stderr]  Downloading crates ...
[INFO] [stderr]   Downloaded jsonrpsee-wasm-client v0.16.2
[INFO] [stderr]   Downloaded der v0.7.1
[INFO] [stderr]   Downloaded enr v0.8.0
[INFO] [stderr]   Downloaded svm-rs v0.2.22
[INFO] [stderr]   Downloaded scale-info v2.3.1
[INFO] [stderr]   Downloaded ethers-addressbook v2.0.1
[INFO] [stderr]   Downloaded solang-parser v0.2.3
[INFO] [stderr]   Downloaded spki v0.7.0
[INFO] [stderr]   Downloaded sec1 v0.7.1
[INFO] [stderr]   Downloaded scale-info-derive v2.3.1
[INFO] [stderr]   Downloaded coins-bip32 v0.8.3
[INFO] [stderr]   Downloaded ecdsa v0.16.1
[INFO] [stderr]   Downloaded revm v2.3.1
[INFO] [stderr]   Downloaded ethers-solc v2.0.1
[INFO] [stderr]   Downloaded ethers-core v2.0.2
[INFO] [stderr]   Downloaded elliptic-curve v0.13.2
[INFO] [stderr]   Downloaded crypto-bigint v0.5.1
[INFO] [stderr]   Downloaded toml_edit v0.19.7
[INFO] [stderr]   Downloaded k256 v0.13.0
[INFO] [stderr]   Downloaded revm_precompiles v1.1.2
[INFO] [stderr]   Downloaded pbkdf2 v0.12.1
[INFO] [stderr]   Downloaded async-trait v0.1.66
[INFO] [stderr]   Downloaded pkcs8 v0.10.1
[INFO] [stderr]   Downloaded ethers-contract v2.0.1
[INFO] [stderr]   Downloaded coins-core v0.8.3
[INFO] [stderr]   Downloaded coins-bip39 v0.8.3
[INFO] [stderr]   Downloaded ethers v2.0.1
[INFO] [stderr]   Downloaded ethers-contract-derive v2.0.1
[INFO] [stderr]   Downloaded ethers-middleware v2.0.1
[INFO] [stderr]   Downloaded ethers-etherscan v2.0.1
[INFO] [stderr]   Downloaded ethers-signers v2.0.1
[INFO] [stderr]   Downloaded ethers-contract-abigen v2.0.1
[INFO] [stderr]   Downloaded ethers-providers v2.0.1
[INFO] running `Command { std: "docker" "create" "-v" "/var/lib/crater-agent-workspace/builds/worker-5-tc1/target:/opt/rustwide/target:rw,Z" "-v" "/var/lib/crater-agent-workspace/builds/worker-5-tc1/source:/opt/rustwide/workdir:ro,Z" "-v" "/var/lib/crater-agent-workspace/cargo-home:/opt/rustwide/cargo-home:ro,Z" "-v" "/var/lib/crater-agent-workspace/rustup-home:/opt/rustwide/rustup-home:ro,Z" "-e" "SOURCE_DIR=/opt/rustwide/workdir" "-e" "CARGO_TARGET_DIR=/opt/rustwide/target" "-e" "CARGO_HOME=/opt/rustwide/cargo-home" "-e" "RUSTUP_HOME=/opt/rustwide/rustup-home" "-w" "/opt/rustwide/workdir" "-m" "1610612736" "--user" "0:0" "--network" "none" "ghcr.io/rust-lang/crates-build-env/linux@sha256:2788e3201cd34a07e3172128adcd8b3090168a8e3bcc40d7c032b9dda1df7d1c" "/opt/rustwide/cargo-home/bin/cargo" "+1.75.0" "metadata" "--no-deps" "--format-version=1", kill_on_drop: false }`
[INFO] [stdout] c7094ac926f6365f2b9c83d14b2a11f2669d63ec10e0c9e0928a863b29d02534
[INFO] running `Command { std: "docker" "start" "-a" "c7094ac926f6365f2b9c83d14b2a11f2669d63ec10e0c9e0928a863b29d02534", kill_on_drop: false }`
[INFO] running `Command { std: "docker" "inspect" "c7094ac926f6365f2b9c83d14b2a11f2669d63ec10e0c9e0928a863b29d02534", kill_on_drop: false }`
[INFO] running `Command { std: "docker" "rm" "-f" "c7094ac926f6365f2b9c83d14b2a11f2669d63ec10e0c9e0928a863b29d02534", kill_on_drop: false }`
[INFO] [stdout] c7094ac926f6365f2b9c83d14b2a11f2669d63ec10e0c9e0928a863b29d02534
[INFO] running `Command { std: "docker" "create" "-v" "/var/lib/crater-agent-workspace/builds/worker-5-tc1/target:/opt/rustwide/target:rw,Z" "-v" "/var/lib/crater-agent-workspace/builds/worker-5-tc1/source:/opt/rustwide/workdir:ro,Z" "-v" "/var/lib/crater-agent-workspace/cargo-home:/opt/rustwide/cargo-home:ro,Z" "-v" "/var/lib/crater-agent-workspace/rustup-home:/opt/rustwide/rustup-home:ro,Z" "-e" "SOURCE_DIR=/opt/rustwide/workdir" "-e" "CARGO_TARGET_DIR=/opt/rustwide/target" "-e" "CARGO_INCREMENTAL=0" "-e" "RUST_BACKTRACE=full" "-e" "RUSTFLAGS=--cap-lints=warn" "-e" "RUSTDOCFLAGS=--cap-lints=warn" "-e" "CARGO_HOME=/opt/rustwide/cargo-home" "-e" "RUSTUP_HOME=/opt/rustwide/rustup-home" "-w" "/opt/rustwide/workdir" "-m" "1610612736" "--user" "0:0" "--network" "none" "ghcr.io/rust-lang/crates-build-env/linux@sha256:2788e3201cd34a07e3172128adcd8b3090168a8e3bcc40d7c032b9dda1df7d1c" "/opt/rustwide/cargo-home/bin/cargo" "+1.75.0" "doc" "--frozen" "--no-deps" "--document-private-items" "--message-format=json", kill_on_drop: false }`
[INFO] [stdout] e722590f21d545c48ef43474492c201c66e8443eed6e1adefee2e31466f3fe78
[INFO] running `Command { std: "docker" "start" "-a" "e722590f21d545c48ef43474492c201c66e8443eed6e1adefee2e31466f3fe78", kill_on_drop: false }`
[INFO] [stderr] warning: profiles for the non root package will be ignored, specify profiles at the workspace root:
[INFO] [stderr] package:   /opt/rustwide/workdir/zkmpt-circuit/Cargo.toml
[INFO] [stderr] workspace: /opt/rustwide/workdir/Cargo.toml
[INFO] [stderr]    Compiling libc v0.2.139
[INFO] [stderr]    Compiling quote v1.0.23
[INFO] [stderr]    Compiling unicode-ident v1.0.6
[INFO] [stderr]    Compiling syn v1.0.109
[INFO] [stderr]    Compiling radium v0.7.0
[INFO] [stderr]     Checking tap v1.0.1
[INFO] [stderr]    Compiling num-traits v0.2.15
[INFO] [stderr]    Compiling num-integer v0.1.45
[INFO] [stderr]    Compiling proc-macro2 v1.0.52
[INFO] [stderr]    Compiling thiserror v1.0.38
[INFO] [stderr]     Checking wyz v0.5.1
[INFO] [stderr]     Checking funty v2.0.0
[INFO] [stderr]    Compiling pkg-config v0.3.26
[INFO] [stderr]     Checking subtle v2.4.1
[INFO] [stderr]    Compiling ucd-trie v0.1.5
[INFO] [stderr]    Compiling crossbeam-utils v0.8.14
[INFO] [stderr]     Checking bitvec v1.0.1
[INFO] [stderr]     Checking ppv-lite86 v0.2.17
[INFO] [stderr]    Compiling memoffset v0.7.1
[INFO] [stderr]    Compiling num-bigint v0.4.3
[INFO] [stderr]     Checking getrandom v0.2.8
[INFO] [stderr]    Compiling crossbeam-epoch v0.9.13
[INFO] [stderr]     Checking static_assertions v1.1.0
[INFO] [stderr]     Checking once_cell v1.17.1
[INFO] [stderr]     Checking rand_core v0.6.4
[INFO] [stderr]     Checking rand_chacha v0.3.1
[INFO] [stderr]     Checking arrayref v0.3.6
[INFO] [stderr]     Checking arrayvec v0.7.2
[INFO] [stderr]     Checking constant_time_eq v0.1.5
[INFO] [stderr]    Compiling cmake v0.1.49
[INFO] [stderr]     Checking rand v0.8.5
[INFO] [stderr]    Compiling crc32fast v1.3.2
[INFO] [stderr]    Compiling ident_case v1.0.1
[INFO] [stderr]    Compiling typenum v1.16.0
[INFO] [stderr]     Checking blake2b_simd v1.0.0
[INFO] [stderr]    Compiling fnv v1.0.7
[INFO] [stderr]     Checking adler v1.0.2
[INFO] [stderr]    Compiling strsim v0.9.3
[INFO] [stderr]     Checking scopeguard v1.1.0
[INFO] [stderr]    Compiling generic-array v0.14.6
[INFO] [stderr]    Compiling freetype-sys v0.13.1
[INFO] [stderr]     Checking miniz_oxide v0.6.2
[INFO] [stderr]    Compiling yeslogic-fontconfig-sys v3.2.0
[INFO] [stderr]     Checking byteorder v1.4.3
[INFO] [stderr]     Checking flate2 v1.0.25
[INFO] [stderr]    Compiling rayon-core v1.11.0
[INFO] [stderr]    Compiling num-rational v0.4.1
[INFO] [stderr]     Checking crossbeam-deque v0.8.2
[INFO] [stderr]     Checking crossbeam-channel v0.5.6
[INFO] [stderr]     Checking num_cpus v1.15.0
[INFO] [stderr]     Checking libloading v0.7.4
[INFO] [stderr]     Checking color_quant v1.1.0
[INFO] [stderr]     Checking png v0.17.7
[INFO] [stderr]     Checking ff v0.12.1
[INFO] [stderr]     Checking dlib v0.5.0
[INFO] [stderr]     Checking group v0.12.1
[INFO] [stderr]     Checking pasta_curves v0.4.1
[INFO] [stderr]     Checking tracing-core v0.1.30
[INFO] [stderr]     Checking dirs-sys-next v0.1.2
[INFO] [stderr]     Checking const-cstr v0.3.0
[INFO] [stderr]     Checking jpeg-decoder v0.3.0
[INFO] [stderr]     Checking same-file v1.0.6
[INFO] [stderr]    Compiling font-kit v0.11.0
[INFO] [stderr]     Checking plotters-backend v0.3.4
[INFO] [stderr]    Compiling anyhow v1.0.69
[INFO] [stderr]     Checking pin-project-lite v0.2.9
[INFO] [stderr]     Checking either v1.8.0
[INFO] [stderr]     Checking weezl v0.1.7
[INFO] [stderr]    Compiling derive_builder v0.9.0
[INFO] [stderr]     Checking bytemuck v1.13.0
[INFO] [stderr]     Checking rayon v1.7.0
[INFO] [stderr]     Checking gif v0.11.4
[INFO] [stderr]     Checking walkdir v2.3.2
[INFO] [stderr]     Checking dirs-next v2.0.0
[INFO] [stderr]     Checking freetype v0.7.0
[INFO] [stderr]     Checking aho-corasick v0.7.20
[INFO] [stderr]     Checking time v0.1.45
[INFO] [stderr]     Checking image v0.24.5
[INFO] [stderr]    Compiling crunchy v0.2.2
[INFO] [stderr]     Checking iana-time-zone v0.1.53
[INFO] [stderr]    Compiling halo2curves v0.3.1 (https://github.com/privacy-scaling-explorations/halo2curves.git?tag=0.3.1#9b67e19b)
[INFO] [stderr]     Checking float-ord v0.2.0
[INFO] [stderr]     Checking regex-syntax v0.6.28
[INFO] [stderr]     Checking block-padding v0.2.1
[INFO] [stderr]     Checking block-buffer v0.9.0
[INFO] [stderr]     Checking chrono v0.4.23
[INFO] [stderr]    Compiling darling_core v0.10.2
[INFO] [stderr]     Checking plotters-svg v0.3.3
[INFO] [stderr]     Checking digest v0.9.0
[INFO] [stderr]     Checking opaque-debug v0.3.0
[INFO] [stderr]     Checking keccak v0.1.3
[INFO] [stderr]     Checking ttf-parser v0.15.2
[INFO] [stderr]    Compiling halo2curves v0.2.1 (https://github.com/privacy-scaling-explorations/halo2curves?tag=0.3.0#83c72d49)
[INFO] [stderr]     Checking sha3 v0.9.1
[INFO] [stderr]     Checking plotters-bitmap v0.3.2
[INFO] [stderr]     Checking halo2curves v0.2.1 (https://github.com/privacy-scaling-explorations/halo2curves?tag=0.2.1#f75ed26c)
[INFO] [stderr]     Checking hex v0.4.3
[INFO] [stdout] error[E0554]: `#![feature]` may not be used on the stable release channel
[INFO] [stdout]  --> /opt/rustwide/cargo-home/git/checkouts/halo2curves-8faaa2253bde9eba/f75ed26/src/lib.rs:1:1
[INFO] [stdout]   |
[INFO] [stdout] 1 | #![feature(asm)]
[INFO] [stdout]   | ^^^^^^^^^^^^^^^^
[INFO] [stdout] 
[INFO] [stdout] 
[INFO] [stdout] error[E0554]: `#![feature]` may not be used on the stable release channel
[INFO] [stdout]  --> /opt/rustwide/cargo-home/git/checkouts/halo2curves-8faaa2253bde9eba/f75ed26/src/lib.rs:2:1
[INFO] [stdout]   |
[INFO] [stdout] 2 | #![feature(asm_const)]
[INFO] [stdout]   | ^^^^^^^^^^^^^^^^^^^^^^
[INFO] [stdout] 
[INFO] [stdout] 
[INFO] [stdout] error[E0554]: `#![feature]` may not be used on the stable release channel
[INFO] [stdout]  --> /opt/rustwide/cargo-home/git/checkouts/halo2curves-8faaa2253bde9eba/f75ed26/src/lib.rs:1:12
[INFO] [stdout]   |
[INFO] [stdout] 1 | #![feature(asm)]
[INFO] [stdout]   |            ^^^
[INFO] [stdout] 
[INFO] [stdout] 
[INFO] [stderr]     Checking regex v1.7.1
[INFO] [stderr]     Checking uint v0.9.5
[INFO] [stderr]     Checking ff v0.13.0
[INFO] [stdout] error: aborting due to 3 previous errors
[INFO] [stdout] 
[INFO] [stdout] 
[INFO] [stdout] For more information about this error, try `rustc --explain E0554`.
[INFO] [stdout] 
[INFO] [stderr] error: could not compile `halo2curves` (lib) due to 4 previous errors
[INFO] [stderr] warning: build failed, waiting for other jobs to finish...
[INFO] running `Command { std: "docker" "inspect" "e722590f21d545c48ef43474492c201c66e8443eed6e1adefee2e31466f3fe78", kill_on_drop: false }`
[INFO] running `Command { std: "docker" "rm" "-f" "e722590f21d545c48ef43474492c201c66e8443eed6e1adefee2e31466f3fe78", kill_on_drop: false }`
[INFO] [stdout] e722590f21d545c48ef43474492c201c66e8443eed6e1adefee2e31466f3fe78
[INFO] documenting Orbiter-Finance/zkprover-circuits against beta-2023-12-22 for beta-1.76-rustdoc-1
[INFO] running `Command { std: "git" "clone" "/workspace/cache/git-repos/https%3A%2F%2Fgithub.com%2FOrbiter-Finance%2Fzkprover-circuits" "/workspace/builds/worker-5-tc2/source", kill_on_drop: false }`
[INFO] [stderr] Cloning into '/workspace/builds/worker-5-tc2/source'...
[INFO] [stderr] done.
[INFO] validating manifest of git repo https://github.com/Orbiter-Finance/zkprover-circuits on toolchain beta-2023-12-22
[INFO] running `Command { std: CARGO_HOME="/workspace/cargo-home" RUSTUP_HOME="/workspace/rustup-home" "/workspace/cargo-home/bin/cargo" "+beta-2023-12-22" "metadata" "--manifest-path" "Cargo.toml" "--no-deps", kill_on_drop: false }`
[INFO] removed /workspace/builds/worker-5-tc2/source/rust-toolchain
[INFO] started tweaking git repo https://github.com/Orbiter-Finance/zkprover-circuits
[INFO] finished tweaking git repo https://github.com/Orbiter-Finance/zkprover-circuits
[INFO] tweaked toml for git repo https://github.com/Orbiter-Finance/zkprover-circuits written to /workspace/builds/worker-5-tc2/source/Cargo.toml
[INFO] crate git repo https://github.com/Orbiter-Finance/zkprover-circuits already has a lockfile, it will not be regenerated
[INFO] running `Command { std: CARGO_HOME="/workspace/cargo-home" RUSTUP_HOME="/workspace/rustup-home" "/workspace/cargo-home/bin/cargo" "+beta-2023-12-22" "fetch" "--manifest-path" "Cargo.toml", kill_on_drop: false }`
[INFO] [stderr] warning: profiles for the non root package will be ignored, specify profiles at the workspace root:
[INFO] [stderr] package:   /workspace/builds/worker-5-tc2/source/zkmpt-circuit/Cargo.toml
[INFO] [stderr] workspace: /workspace/builds/worker-5-tc2/source/Cargo.toml
[INFO] [stderr]     Blocking waiting for file lock on package cache
[INFO] running `Command { std: "docker" "create" "-v" "/var/lib/crater-agent-workspace/builds/worker-5-tc2/target:/opt/rustwide/target:rw,Z" "-v" "/var/lib/crater-agent-workspace/builds/worker-5-tc2/source:/opt/rustwide/workdir:ro,Z" "-v" "/var/lib/crater-agent-workspace/cargo-home:/opt/rustwide/cargo-home:ro,Z" "-v" "/var/lib/crater-agent-workspace/rustup-home:/opt/rustwide/rustup-home:ro,Z" "-e" "SOURCE_DIR=/opt/rustwide/workdir" "-e" "CARGO_TARGET_DIR=/opt/rustwide/target" "-e" "CARGO_HOME=/opt/rustwide/cargo-home" "-e" "RUSTUP_HOME=/opt/rustwide/rustup-home" "-w" "/opt/rustwide/workdir" "-m" "1610612736" "--user" "0:0" "--network" "none" "ghcr.io/rust-lang/crates-build-env/linux@sha256:2788e3201cd34a07e3172128adcd8b3090168a8e3bcc40d7c032b9dda1df7d1c" "/opt/rustwide/cargo-home/bin/cargo" "+beta-2023-12-22" "metadata" "--no-deps" "--format-version=1", kill_on_drop: false }`
[INFO] [stdout] 348bcd9136828556e61a45545e1a19214c7f201bd307b1f89f841bbbd9c44394
[INFO] running `Command { std: "docker" "start" "-a" "348bcd9136828556e61a45545e1a19214c7f201bd307b1f89f841bbbd9c44394", kill_on_drop: false }`
[INFO] running `Command { std: "docker" "inspect" "348bcd9136828556e61a45545e1a19214c7f201bd307b1f89f841bbbd9c44394", kill_on_drop: false }`
[INFO] running `Command { std: "docker" "rm" "-f" "348bcd9136828556e61a45545e1a19214c7f201bd307b1f89f841bbbd9c44394", kill_on_drop: false }`
[INFO] [stdout] 348bcd9136828556e61a45545e1a19214c7f201bd307b1f89f841bbbd9c44394
[INFO] running `Command { std: "docker" "create" "-v" "/var/lib/crater-agent-workspace/builds/worker-5-tc2/target:/opt/rustwide/target:rw,Z" "-v" "/var/lib/crater-agent-workspace/builds/worker-5-tc2/source:/opt/rustwide/workdir:ro,Z" "-v" "/var/lib/crater-agent-workspace/cargo-home:/opt/rustwide/cargo-home:ro,Z" "-v" "/var/lib/crater-agent-workspace/rustup-home:/opt/rustwide/rustup-home:ro,Z" "-e" "SOURCE_DIR=/opt/rustwide/workdir" "-e" "CARGO_TARGET_DIR=/opt/rustwide/target" "-e" "CARGO_INCREMENTAL=0" "-e" "RUST_BACKTRACE=full" "-e" "RUSTFLAGS=--cap-lints=warn" "-e" "RUSTDOCFLAGS=--cap-lints=warn" "-e" "CARGO_HOME=/opt/rustwide/cargo-home" "-e" "RUSTUP_HOME=/opt/rustwide/rustup-home" "-w" "/opt/rustwide/workdir" "-m" "1610612736" "--user" "0:0" "--network" "none" "ghcr.io/rust-lang/crates-build-env/linux@sha256:2788e3201cd34a07e3172128adcd8b3090168a8e3bcc40d7c032b9dda1df7d1c" "/opt/rustwide/cargo-home/bin/cargo" "+beta-2023-12-22" "doc" "--frozen" "--no-deps" "--document-private-items" "--message-format=json", kill_on_drop: false }`
[INFO] [stdout] 308911c195bbb8a3e3c231d4048f740e3f5a1e6490afe65d76e6c4f7a09588b3
[INFO] running `Command { std: "docker" "start" "-a" "308911c195bbb8a3e3c231d4048f740e3f5a1e6490afe65d76e6c4f7a09588b3", kill_on_drop: false }`
[INFO] [stderr] warning: profiles for the non root package will be ignored, specify profiles at the workspace root:
[INFO] [stderr] package:   /opt/rustwide/workdir/zkmpt-circuit/Cargo.toml
[INFO] [stderr] workspace: /opt/rustwide/workdir/Cargo.toml
[INFO] [stderr]    Compiling libc v0.2.139
[INFO] [stderr]    Compiling quote v1.0.23
[INFO] [stderr]    Compiling unicode-ident v1.0.6
[INFO] [stderr]    Compiling syn v1.0.109
[INFO] [stderr]    Compiling radium v0.7.0
[INFO] [stderr]    Compiling thiserror v1.0.38
[INFO] [stderr]    Compiling num-traits v0.2.15
[INFO] [stderr]    Compiling num-integer v0.1.45
[INFO] [stderr]    Compiling proc-macro2 v1.0.52
[INFO] [stderr]     Checking tap v1.0.1
[INFO] [stderr]     Checking wyz v0.5.1
[INFO] [stderr]     Checking funty v2.0.0
[INFO] [stderr]    Compiling ucd-trie v0.1.5
[INFO] [stderr]     Checking subtle v2.4.1
[INFO] [stderr]    Compiling pkg-config v0.3.26
[INFO] [stderr]     Checking ppv-lite86 v0.2.17
[INFO] [stderr]    Compiling crossbeam-utils v0.8.14
[INFO] [stderr]    Compiling memoffset v0.7.1
[INFO] [stderr]     Checking bitvec v1.0.1
[INFO] [stderr]    Compiling num-bigint v0.4.3
[INFO] [stderr]     Checking getrandom v0.2.8
[INFO] [stderr]     Checking rand_core v0.6.4
[INFO] [stderr]     Checking rand_chacha v0.3.1
[INFO] [stderr]    Compiling crossbeam-epoch v0.9.13
[INFO] [stderr]     Checking once_cell v1.17.1
[INFO] [stderr]     Checking arrayvec v0.7.2
[INFO] [stderr]     Checking arrayref v0.3.6
[INFO] [stderr]     Checking rand v0.8.5
[INFO] [stderr]     Checking static_assertions v1.1.0
[INFO] [stderr]     Checking constant_time_eq v0.1.5
[INFO] [stderr]     Checking blake2b_simd v1.0.0
[INFO] [stderr]    Compiling crc32fast v1.3.2
[INFO] [stderr]    Compiling cmake v0.1.49
[INFO] [stderr]    Compiling fnv v1.0.7
[INFO] [stderr]    Compiling typenum v1.16.0
[INFO] [stderr]    Compiling strsim v0.9.3
[INFO] [stderr]    Compiling ident_case v1.0.1
[INFO] [stderr]     Checking adler v1.0.2
[INFO] [stderr]     Checking scopeguard v1.1.0
[INFO] [stderr]    Compiling freetype-sys v0.13.1
[INFO] [stderr]     Checking miniz_oxide v0.6.2
[INFO] [stderr]    Compiling generic-array v0.14.6
[INFO] [stderr]    Compiling yeslogic-fontconfig-sys v3.2.0
[INFO] [stderr]     Checking byteorder v1.4.3
[INFO] [stderr]    Compiling rayon-core v1.11.0
[INFO] [stderr]    Compiling num-rational v0.4.1
[INFO] [stderr]     Checking flate2 v1.0.25
[INFO] [stderr]     Checking crossbeam-deque v0.8.2
[INFO] [stderr]     Checking crossbeam-channel v0.5.6
[INFO] [stderr]     Checking num_cpus v1.15.0
[INFO] [stderr]     Checking libloading v0.7.4
[INFO] [stderr]     Checking color_quant v1.1.0
[INFO] [stderr]     Checking png v0.17.7
[INFO] [stderr]     Checking dlib v0.5.0
[INFO] [stderr]     Checking tracing-core v0.1.30
[INFO] [stderr]     Checking dirs-sys-next v0.1.2
[INFO] [stderr]     Checking jpeg-decoder v0.3.0
[INFO] [stderr]     Checking same-file v1.0.6
[INFO] [stderr]     Checking weezl v0.1.7
[INFO] [stderr]     Checking either v1.8.0
[INFO] [stderr]    Compiling font-kit v0.11.0
[INFO] [stderr]     Checking plotters-backend v0.3.4
[INFO] [stderr]     Checking const-cstr v0.3.0
[INFO] [stderr]     Checking pin-project-lite v0.2.9
[INFO] [stderr]     Checking bytemuck v1.13.0
[INFO] [stderr]    Compiling anyhow v1.0.69
[INFO] [stderr]    Compiling derive_builder v0.9.0
[INFO] [stderr]     Checking ff v0.12.1
[INFO] [stderr]     Checking rayon v1.7.0
[INFO] [stderr]     Checking gif v0.11.4
[INFO] [stderr]     Checking group v0.12.1
[INFO] [stderr]     Checking walkdir v2.3.2
[INFO] [stderr]     Checking dirs-next v2.0.0
[INFO] [stderr]     Checking pasta_curves v0.4.1
[INFO] [stderr]     Checking image v0.24.5
[INFO] [stderr]     Checking freetype v0.7.0
[INFO] [stderr]     Checking aho-corasick v0.7.20
[INFO] [stderr]     Checking time v0.1.45
[INFO] [stderr]     Checking block-padding v0.2.1
[INFO] [stderr]     Checking iana-time-zone v0.1.53
[INFO] [stderr]     Checking float-ord v0.2.0
[INFO] [stderr]    Compiling halo2curves v0.3.1 (https://github.com/privacy-scaling-explorations/halo2curves.git?tag=0.3.1#9b67e19b)
[INFO] [stderr]     Checking regex-syntax v0.6.28
[INFO] [stderr]    Compiling crunchy v0.2.2
[INFO] [stderr]     Checking chrono v0.4.23
[INFO] [stderr]     Checking block-buffer v0.9.0
[INFO] [stderr]     Checking plotters-svg v0.3.3
[INFO] [stderr]     Checking digest v0.9.0
[INFO] [stderr]     Checking ttf-parser v0.15.2
[INFO] [stderr]     Checking keccak v0.1.3
[INFO] [stderr]    Compiling halo2curves v0.2.1 (https://github.com/privacy-scaling-explorations/halo2curves?tag=0.3.0#83c72d49)
[INFO] [stderr]     Checking opaque-debug v0.3.0
[INFO] [stderr]    Compiling darling_core v0.10.2
[INFO] [stderr]     Checking sha3 v0.9.1
[INFO] [stderr]     Checking plotters-bitmap v0.3.2
[INFO] [stderr]     Checking halo2curves v0.2.1 (https://github.com/privacy-scaling-explorations/halo2curves?tag=0.2.1#f75ed26c)
[INFO] [stdout] error[E0554]: `#![feature]` may not be used on the beta release channel
[INFO] [stdout]  --> /opt/rustwide/cargo-home/git/checkouts/halo2curves-8faaa2253bde9eba/f75ed26/src/lib.rs:1:1
[INFO] [stdout]   |
[INFO] [stdout] 1 | #![feature(asm)]
[INFO] [stdout]   | ^^^^^^^^^^^^^^^^
[INFO] [stdout] 
[INFO] [stdout] 
[INFO] [stdout] error[E0554]: `#![feature]` may not be used on the beta release channel
[INFO] [stdout]  --> /opt/rustwide/cargo-home/git/checkouts/halo2curves-8faaa2253bde9eba/f75ed26/src/lib.rs:2:1
[INFO] [stdout]   |
[INFO] [stdout] 2 | #![feature(asm_const)]
[INFO] [stdout]   | ^^^^^^^^^^^^^^^^^^^^^^
[INFO] [stdout] 
[INFO] [stdout] 
[INFO] [stderr]     Checking hex v0.4.3
[INFO] [stdout] error[E0554]: `#![feature]` may not be used on the beta release channel
[INFO] [stdout]  --> /opt/rustwide/cargo-home/git/checkouts/halo2curves-8faaa2253bde9eba/f75ed26/src/lib.rs:1:12
[INFO] [stdout]   |
[INFO] [stdout] 1 | #![feature(asm)]
[INFO] [stdout]   |            ^^^
[INFO] [stdout] 
[INFO] [stdout] 
[INFO] [stderr]     Checking uint v0.9.5
[INFO] [stderr]     Checking ff v0.13.0
[INFO] [stdout] error: aborting due to 3 previous errors
[INFO] [stdout] 
[INFO] [stdout] 
[INFO] [stdout] For more information about this error, try `rustc --explain E0554`.
[INFO] [stdout] 
[INFO] [stderr]     Checking group v0.13.0
[INFO] [stderr]     Checking regex v1.7.1
[INFO] [stderr] error: could not compile `halo2curves` (lib) due to 4 previous errors
[INFO] [stderr] warning: build failed, waiting for other jobs to finish...
[INFO] running `Command { std: "docker" "inspect" "308911c195bbb8a3e3c231d4048f740e3f5a1e6490afe65d76e6c4f7a09588b3", kill_on_drop: false }`
[INFO] running `Command { std: "docker" "rm" "-f" "308911c195bbb8a3e3c231d4048f740e3f5a1e6490afe65d76e6c4f7a09588b3", kill_on_drop: false }`
[INFO] [stdout] 308911c195bbb8a3e3c231d4048f740e3f5a1e6490afe65d76e6c4f7a09588b3
