[INFO] cloning repository https://github.com/Orbiter-Finance/zkprover-bundler
[INFO] running `Command { std: "git" "-c" "credential.helper=" "-c" "credential.helper=/workspace/cargo-home/bin/git-credential-null" "clone" "--bare" "https://github.com/Orbiter-Finance/zkprover-bundler" "/workspace/cache/git-repos/https%3A%2F%2Fgithub.com%2FOrbiter-Finance%2Fzkprover-bundler", kill_on_drop: false }`
[INFO] [stderr] Cloning into bare repository '/workspace/cache/git-repos/https%3A%2F%2Fgithub.com%2FOrbiter-Finance%2Fzkprover-bundler'...
[INFO] running `Command { std: "git" "rev-parse" "HEAD", kill_on_drop: false }`
[INFO] [stdout] f029eb60c7b48a68dcce29e13e9b4f1b9a8b858a
[INFO] documenting Orbiter-Finance/zkprover-bundler against 1.75.0 for beta-1.76-rustdoc-1
[INFO] running `Command { std: "git" "clone" "/workspace/cache/git-repos/https%3A%2F%2Fgithub.com%2FOrbiter-Finance%2Fzkprover-bundler" "/workspace/builds/worker-5-tc1/source", kill_on_drop: false }`
[INFO] [stderr] Cloning into '/workspace/builds/worker-5-tc1/source'...
[INFO] [stderr] done.
[INFO] validating manifest of git repo https://github.com/Orbiter-Finance/zkprover-bundler on toolchain 1.75.0
[INFO] running `Command { std: CARGO_HOME="/workspace/cargo-home" RUSTUP_HOME="/workspace/rustup-home" "/workspace/cargo-home/bin/cargo" "+1.75.0" "metadata" "--manifest-path" "Cargo.toml" "--no-deps", kill_on_drop: false }`
[INFO] removed /workspace/builds/worker-5-tc1/source/rust-toolchain
[INFO] started tweaking git repo https://github.com/Orbiter-Finance/zkprover-bundler
[INFO] finished tweaking git repo https://github.com/Orbiter-Finance/zkprover-bundler
[INFO] tweaked toml for git repo https://github.com/Orbiter-Finance/zkprover-bundler written to /workspace/builds/worker-5-tc1/source/Cargo.toml
[INFO] crate git repo https://github.com/Orbiter-Finance/zkprover-bundler already has a lockfile, it will not be regenerated
[INFO] running `Command { std: CARGO_HOME="/workspace/cargo-home" RUSTUP_HOME="/workspace/rustup-home" "/workspace/cargo-home/bin/cargo" "+1.75.0" "fetch" "--manifest-path" "Cargo.toml", kill_on_drop: false }`
[INFO] [stderr]     Updating crates.io index
[INFO] [stderr]  Downloading crates ...
[INFO] [stderr]   Downloaded ethers-addressbook v2.0.0
[INFO] [stderr]   Downloaded jsonrpsee-ws-client v0.16.2
[INFO] [stderr]   Downloaded ethers-signers v2.0.0
[INFO] [stderr]   Downloaded enr v0.7.0
[INFO] [stderr]   Downloaded ethers-etherscan v2.0.0
[INFO] [stderr]   Downloaded ethers-contract-abigen v2.0.0
[INFO] [stderr]   Downloaded ethers-providers v2.0.0
[INFO] [stderr]   Downloaded ethers v2.0.0
[INFO] [stderr]   Downloaded ethers-contract v2.0.0
[INFO] [stderr]   Downloaded ethers-core v2.0.0
[INFO] [stderr]   Downloaded tokio-cron-scheduler v0.9.4
[INFO] [stderr]   Downloaded bson v2.6.0
[INFO] [stderr]   Downloaded ethers-contract-derive v2.0.0
[INFO] [stderr]   Downloaded ethers-middleware v2.0.0
[INFO] running `Command { std: "docker" "create" "-v" "/var/lib/crater-agent-workspace/builds/worker-5-tc1/target:/opt/rustwide/target:rw,Z" "-v" "/var/lib/crater-agent-workspace/builds/worker-5-tc1/source:/opt/rustwide/workdir:ro,Z" "-v" "/var/lib/crater-agent-workspace/cargo-home:/opt/rustwide/cargo-home:ro,Z" "-v" "/var/lib/crater-agent-workspace/rustup-home:/opt/rustwide/rustup-home:ro,Z" "-e" "SOURCE_DIR=/opt/rustwide/workdir" "-e" "CARGO_TARGET_DIR=/opt/rustwide/target" "-e" "CARGO_HOME=/opt/rustwide/cargo-home" "-e" "RUSTUP_HOME=/opt/rustwide/rustup-home" "-w" "/opt/rustwide/workdir" "-m" "1610612736" "--user" "0:0" "--network" "none" "ghcr.io/rust-lang/crates-build-env/linux@sha256:2788e3201cd34a07e3172128adcd8b3090168a8e3bcc40d7c032b9dda1df7d1c" "/opt/rustwide/cargo-home/bin/cargo" "+1.75.0" "metadata" "--no-deps" "--format-version=1", kill_on_drop: false }`
[INFO] [stdout] 7ee314919842f1563ad37d02292b3890f7cc5c062b77799e775418257a7cef6d
[INFO] running `Command { std: "docker" "start" "-a" "7ee314919842f1563ad37d02292b3890f7cc5c062b77799e775418257a7cef6d", kill_on_drop: false }`
[INFO] running `Command { std: "docker" "inspect" "7ee314919842f1563ad37d02292b3890f7cc5c062b77799e775418257a7cef6d", kill_on_drop: false }`
[INFO] running `Command { std: "docker" "rm" "-f" "7ee314919842f1563ad37d02292b3890f7cc5c062b77799e775418257a7cef6d", kill_on_drop: false }`
[INFO] [stdout] 7ee314919842f1563ad37d02292b3890f7cc5c062b77799e775418257a7cef6d
[INFO] running `Command { std: "docker" "create" "-v" "/var/lib/crater-agent-workspace/builds/worker-5-tc1/target:/opt/rustwide/target:rw,Z" "-v" "/var/lib/crater-agent-workspace/builds/worker-5-tc1/source:/opt/rustwide/workdir:ro,Z" "-v" "/var/lib/crater-agent-workspace/cargo-home:/opt/rustwide/cargo-home:ro,Z" "-v" "/var/lib/crater-agent-workspace/rustup-home:/opt/rustwide/rustup-home:ro,Z" "-e" "SOURCE_DIR=/opt/rustwide/workdir" "-e" "CARGO_TARGET_DIR=/opt/rustwide/target" "-e" "CARGO_INCREMENTAL=0" "-e" "RUST_BACKTRACE=full" "-e" "RUSTFLAGS=--cap-lints=warn" "-e" "RUSTDOCFLAGS=--cap-lints=warn" "-e" "CARGO_HOME=/opt/rustwide/cargo-home" "-e" "RUSTUP_HOME=/opt/rustwide/rustup-home" "-w" "/opt/rustwide/workdir" "-m" "1610612736" "--user" "0:0" "--network" "none" "ghcr.io/rust-lang/crates-build-env/linux@sha256:2788e3201cd34a07e3172128adcd8b3090168a8e3bcc40d7c032b9dda1df7d1c" "/opt/rustwide/cargo-home/bin/cargo" "+1.75.0" "doc" "--frozen" "--no-deps" "--document-private-items" "--message-format=json", kill_on_drop: false }`
[INFO] [stdout] d129b0ddf0fbb1efa4936a57e2780845a2ca648db229208b1c31e52de8a3b140
[INFO] running `Command { std: "docker" "start" "-a" "d129b0ddf0fbb1efa4936a57e2780845a2ca648db229208b1c31e52de8a3b140", kill_on_drop: false }`
[INFO] [stderr]    Compiling proc-macro2 v1.0.52
[INFO] [stderr]    Compiling quote v1.0.26
[INFO] [stderr]    Compiling unicode-ident v1.0.8
[INFO] [stderr]    Compiling syn v1.0.109
[INFO] [stderr]    Compiling libc v0.2.140
[INFO] [stderr]    Compiling serde_derive v1.0.156
[INFO] [stderr]    Compiling serde v1.0.156
[INFO] [stderr]    Compiling typenum v1.16.0
[INFO] [stderr]    Compiling generic-array v0.14.6
[INFO] [stderr]    Compiling indexmap v1.9.2
[INFO] [stderr]     Checking once_cell v1.17.1
[INFO] [stderr]    Compiling futures-core v0.3.27
[INFO] [stderr]     Checking itoa v1.0.6
[INFO] [stderr]    Compiling winnow v0.3.6
[INFO] [stderr]    Compiling toml_datetime v0.6.1
[INFO] [stderr]    Compiling lock_api v0.4.9
[INFO] [stderr]    Compiling parking_lot_core v0.9.7
[INFO] [stderr]     Checking subtle v2.4.1
[INFO] [stderr]     Checking smallvec v1.10.0
[INFO] [stderr]     Checking scopeguard v1.1.0
[INFO] [stderr]     Checking futures-sink v0.3.27
[INFO] [stderr]     Checking hashbrown v0.12.3
[INFO] [stderr]    Compiling tokio v1.26.0
[INFO] [stderr]    Compiling futures-channel v0.3.27
[INFO] [stderr]    Compiling futures-task v0.3.27
[INFO] [stderr]     Checking tracing-core v0.1.30
[INFO] [stderr]    Compiling slab v0.4.8
[INFO] [stderr]     Checking getrandom v0.2.8
[INFO] [stderr]     Checking rand_core v0.6.4
[INFO] [stderr]     Checking rand_chacha v0.3.1
[INFO] [stderr]     Checking socket2 v0.4.9
[INFO] [stderr]     Checking crypto-common v0.1.6
[INFO] [stderr]     Checking mio v0.8.6
[INFO] [stderr]     Checking signal-hook-registry v1.4.1
[INFO] [stderr]     Checking rand v0.8.5
[INFO] [stderr]     Checking parking_lot v0.12.1
[INFO] [stderr]     Checking num_cpus v1.15.0
[INFO] [stderr]    Compiling thiserror v1.0.39
[INFO] [stderr]     Checking byteorder v1.4.3
[INFO] [stderr]     Checking futures-io v0.3.27
[INFO] [stderr]    Compiling toml_edit v0.19.7
[INFO] [stderr]    Compiling futures-util v0.3.27
[INFO] [stderr]     Checking block-buffer v0.10.4
[INFO] [stderr]    Compiling jobserver v0.1.26
[INFO] [stderr]    Compiling crunchy v0.2.2
[INFO] [stderr]     Checking cpufeatures v0.2.5
[INFO] [stderr]    Compiling cfg-if v1.0.0
[INFO] [stderr]     Checking digest v0.10.6
[INFO] [stderr]    Compiling rustversion v1.0.12
[INFO] [stderr]    Compiling serde_json v1.0.94
[INFO] [stderr]     Checking ryu v1.0.13
[INFO] [stderr]    Compiling cc v1.0.79
[INFO] [stderr]    Compiling num-traits v0.2.15
[INFO] [stderr]    Compiling tiny-keccak v2.0.2
[INFO] [stderr]     Checking base64ct v1.6.0
[INFO] [stderr]     Checking regex-syntax v0.6.28
[INFO] [stderr]     Checking arrayvec v0.7.2
[INFO] [stderr]     Checking aho-corasick v0.7.20
[INFO] [stderr]    Compiling proc-macro-crate v1.3.1
[INFO] [stderr]     Checking hex v0.4.3
[INFO] [stderr]    Compiling ring v0.16.20
[INFO] [stderr]     Checking base64 v0.13.1
[INFO] [stderr]    Compiling heck v0.4.1
[INFO] [stderr]    Compiling async-trait v0.1.66
[INFO] [stderr]     Checking httpdate v1.0.2
[INFO] [stderr]     Checking zeroize v1.5.7
[INFO] [stderr]     Checking try-lock v0.2.4
[INFO] [stderr]    Compiling num-integer v0.1.45
[INFO] [stderr]     Checking want v0.3.0
[INFO] [stderr]     Checking hmac v0.12.1
[INFO] [stderr]     Checking regex v1.7.1
[INFO] [stderr]     Checking const-oid v0.9.2
[INFO] [stderr]    Compiling io-lifetimes v1.0.6
[INFO] [stderr]     Checking spin v0.5.2
[INFO] [stderr]     Checking untrusted v0.7.1
[INFO] [stderr]     Checking der v0.6.1
[INFO] [stderr]     Checking sha2 v0.10.6
[INFO] [stderr]     Checking rustc-hex v2.1.0
[INFO] [stderr]     Checking percent-encoding v2.2.0
[INFO] [stderr]    Compiling camino v1.1.4
[INFO] [stderr]     Checking keccak v0.1.3
[INFO] [stderr]    Compiling semver v1.0.17
[INFO] [stderr]     Checking byte-slice-cast v1.2.2
[INFO] [stderr]    Compiling rustix v0.36.9
[INFO] [stderr]     Checking sha3 v0.10.6
[INFO] [stderr]    Compiling proc-macro-error-attr v1.0.4
[INFO] [stderr]     Checking crypto-bigint v0.4.9
[INFO] [stderr]     Checking ff v0.12.1
[INFO] [stderr]    Compiling anyhow v1.0.69
[INFO] [stderr]     Checking spki v0.6.0
[INFO] [stderr]    Compiling rustls v0.20.8
[INFO] [stderr]     Checking pkcs8 v0.9.0
[INFO] [stderr]     Checking static_assertions v1.1.0
[INFO] [stderr]     Checking base16ct v0.1.1
[INFO] [stderr]    Compiling proc-macro-error v1.0.4
[INFO] [stderr]     Checking group v0.12.1
[INFO] [stderr]     Checking sec1 v0.3.0
[INFO] [stderr]     Checking unicode-normalization v0.1.22
[INFO] [stderr]     Checking rustls-pemfile v1.0.2
[INFO] [stderr]     Checking fixed-hash v0.8.0
[INFO] [stderr]     Checking signature v1.6.4
[INFO] [stderr]     Checking mime v0.3.16
[INFO] [stderr]    Compiling ppv-lite86 v0.2.17
[INFO] [stderr]     Checking unicode-bidi v0.3.11
[INFO] [stderr]     Checking uint v0.9.5
[INFO] [stderr]     Checking elliptic-curve v0.12.3
[INFO] [stderr]     Checking rfc6979 v0.3.1
[INFO] [stderr]     Checking openssl-probe v0.1.5
[INFO] [stderr]    Compiling crc32fast v1.3.2
[INFO] [stderr]     Checking ecdsa v0.14.8
[INFO] [stderr]     Checking iana-time-zone v0.1.53
[INFO] [stderr]     Checking chrono v0.4.24
[INFO] [stderr]     Checking rustls-native-certs v0.6.2
[INFO] [stderr]     Checking k256 v0.11.6
[INFO] [stderr]     Checking form_urlencoded v1.1.0
[INFO] [stderr]     Checking minimal-lexical v0.2.1
[INFO] [stderr]     Checking webpki v0.22.0
[INFO] [stderr]     Checking sct v0.7.0
[INFO] [stderr]     Checking adler v1.0.2
[INFO] [stderr]     Checking miniz_oxide v0.6.2
[INFO] [stderr]     Checking webpki-roots v0.22.6
[INFO] [stderr]     Checking nom v7.1.3
[INFO] [stderr]     Checking idna v0.3.0
[INFO] [stderr]     Checking linux-raw-sys v0.1.4
[INFO] [stderr]     Checking flate2 v1.0.25
[INFO] [stderr]    Compiling tokio-macros v1.8.2
[INFO] [stderr]    Compiling tracing-attributes v0.1.23
[INFO] [stderr]    Compiling thiserror-impl v1.0.39
[INFO] [stderr]    Compiling futures-macro v0.3.27
[INFO] [stderr]    Compiling parity-scale-codec-derive v3.1.4
[INFO] [stderr]    Compiling impl-trait-for-tuples v0.2.2
[INFO] [stderr]    Compiling derive_more v0.99.17
[INFO] [stderr]    Compiling scale-info-derive v2.3.1
[INFO] [stderr]     Checking tracing v0.1.37
[INFO] [stderr]    Compiling pin-project-internal v1.0.12
[INFO] [stderr]    Compiling auto_impl v1.0.1
[INFO] [stderr]    Compiling num_enum_derive v0.5.11
[INFO] [stderr]    Compiling strum_macros v0.24.3
[INFO] [stderr]     Checking pin-project v1.0.12
[INFO] [stderr]    Compiling rlp-derive v0.1.0
[INFO] [stderr]     Checking futures-executor v0.3.27
[INFO] [stderr]     Checking url v2.3.1
[INFO] [stderr]     Checking generic-array v0.12.4
[INFO] [stderr]    Compiling memchr v2.5.0
[INFO] [stderr]     Checking fastrand v1.9.0
[INFO] [stderr]     Checking ipnet v2.7.1
[INFO] [stderr]     Checking byte-tools v0.3.1
[INFO] [stderr]     Checking unicode-segmentation v1.10.1
[INFO] [stderr]     Checking futures-timer v3.0.2
[INFO] [stderr]     Checking block-padding v0.1.5
[INFO] [stderr]     Checking tempfile v3.4.0
[INFO] [stderr]     Checking convert_case v0.6.0
[INFO] [stderr]     Checking strum v0.24.1
[INFO] [stderr]     Checking num_enum v0.5.11
[INFO] [stderr]     Checking inout v0.1.3
[INFO] [stderr]    Compiling prettyplease v0.1.25
[INFO] [stderr]    Compiling eyre v0.6.8
[INFO] [stderr]     Checking unicode-xid v0.2.4
[INFO] [stderr]     Checking cipher v0.4.4
[INFO] [stderr]     Checking block-buffer v0.7.3
[INFO] [stderr]     Checking digest v0.8.1
[INFO] [stderr]     Checking bytes v1.4.0
[INFO] [stderr]     Checking parity-scale-codec v3.4.0
[INFO] [stderr]     Checking impl-serde v0.4.0
[INFO] [stderr]     Checking http v0.2.9
[INFO] [stderr]     Checking rlp v0.5.2
[INFO] [stderr]     Checking scale-info v2.3.1
[INFO] [stderr]     Checking impl-rlp v0.3.0
[INFO] [stderr]     Checking impl-codec v0.6.0
[INFO] [stderr]    Compiling open-fastrlp-derive v0.1.1
[INFO] [stderr]     Checking cargo-platform v0.1.2
[INFO] [stderr]     Checking ethbloom v0.13.0
[INFO] [stderr]     Checking http-body v0.4.5
[INFO] [stderr]     Checking primitive-types v0.12.1
[INFO] [stderr]     Checking cargo_metadata v0.15.3
[INFO] [stderr]     Checking futures v0.3.27
[INFO] [stderr]     Checking hdrhistogram v7.5.2
[INFO] [stderr]     Checking password-hash v0.4.2
[INFO] [stderr]     Checking block-buffer v0.9.0
[INFO] [stderr]     Checking digest v0.9.0
[INFO] [stderr]     Checking ethereum-types v0.14.1
[INFO] [stderr]     Checking opaque-debug v0.2.3
[INFO] [stderr]     Checking bs58 v0.4.0
[INFO] [stderr]     Checking fake-simd v0.1.2
[INFO] [stderr]     Checking opaque-debug v0.3.0
[INFO] [stderr]    Compiling bitflags v1.3.2
[INFO] [stderr]    Compiling pkg-config v0.3.26
[INFO] [stderr]     Checking sha-1 v0.9.8
[INFO] [stderr]     Checking sha2 v0.8.2
[INFO] [stderr]     Checking pbkdf2 v0.11.0
[INFO] [stderr]     Checking ethabi v18.0.0
[INFO] [stderr]     Checking open-fastrlp v0.1.4
[INFO] [stderr]    Compiling zstd-sys v2.0.7+zstd.1.5.4
[INFO] [stderr]     Checking ethers-core v2.0.0
[INFO] [stderr]     Checking serde_urlencoded v0.7.1
[INFO] [stderr]     Checking beef v0.5.2
[INFO] [stderr]     Checking tokio-util v0.7.7
[INFO] [stderr]     Checking tokio-rustls v0.23.4
[INFO] [stderr]     Checking tracing-futures v0.2.5
[INFO] [stderr]     Checking bstr v1.3.0
[INFO] [stderr]    Compiling unicase v2.6.0
[INFO] [stderr]     Checking encoding_rs v0.8.32
[INFO] [stderr]     Checking event-listener v2.5.3
[INFO] [stderr]    Compiling either v1.8.1
[INFO] [stderr]     Checking base58 v0.1.0
[INFO] [stderr]    Compiling itertools v0.10.5
[INFO] [stderr]     Checking h2 v0.3.16
[INFO] [stderr]     Checking tower v0.4.13
[INFO] [stderr]     Checking base58check v0.1.0
[INFO] [stderr]     Checking globset v0.4.10
[INFO] [stderr]     Checking async-lock v2.7.0
[INFO] [stderr]     Checking jsonrpsee-types v0.16.2
[INFO] [stderr]     Checking soketto v0.7.1
[INFO] [stderr]    Compiling axum-core v0.3.3
[INFO] [stderr]     Checking blake2 v0.10.6
[INFO] [stderr]     Checking ripemd v0.1.3
[INFO] [stderr]    Compiling fnv v1.0.7
[INFO] [stderr]    Compiling lazy_static v1.4.0
[INFO] [stderr]    Compiling indenter v0.3.3
[INFO] [stderr]     Checking bech32 v0.7.3
[INFO] [stderr]    Compiling semver-parser v0.7.0
[INFO] [stderr]     Checking rustc-hash v1.1.0
[INFO] [stderr]    Compiling strsim v0.10.0
[INFO] [stderr]     Checking base64 v0.12.3
[INFO] [stderr]    Compiling ident_case v1.0.1
[INFO] [stderr]    Compiling same-file v1.0.6
[INFO] [stderr]    Compiling darling_core v0.13.4
[INFO] [stderr]    Compiling walkdir v2.3.3
[INFO] [stderr]    Compiling semver v0.9.0
[INFO] [stderr]    Compiling Inflector v0.11.4
[INFO] [stderr]    Compiling prost-derive v0.11.8
[INFO] [stderr]     Checking coins-core v0.7.0
[INFO] [stderr]     Checking tokio-stream v0.1.12
[INFO] [stderr]     Checking serde-aux v4.1.2
[INFO] [stderr]    Compiling toml v0.5.11
[INFO] [stderr]     Checking salsa20 v0.10.2
[INFO] [stderr]     Checking bincode v1.3.3
[INFO] [stderr]    Compiling axum v0.6.11
[INFO] [stderr]     Checking fxhash v0.2.1
[INFO] [stderr]    Compiling radium v0.7.0
[INFO] [stderr]    Compiling dunce v1.0.3
[INFO] [stderr]     Checking radium v0.3.0
[INFO] [stderr]    Compiling zstd-safe v5.0.2+zstd.1.5.2
[INFO] [stderr]     Checking alloc-no-stdlib v2.0.4
[INFO] [stderr]     Checking bitvec v0.17.4
[INFO] [stderr]     Checking alloc-stdlib v0.2.2
[INFO] [stderr]     Checking hyper v0.14.25
[INFO] [stderr]     Checking hashers v1.0.1
[INFO] [stderr]     Checking coins-bip32 v0.7.0
[INFO] [stderr]     Checking scrypt v0.10.0
[INFO] [stderr]    Compiling rustc_version v0.2.3
[INFO] [stderr]     Checking prost v0.11.8
[INFO] [stderr]     Checking tokio-io-timeout v1.2.0
[INFO] [stderr]     Checking enr v0.7.0
[INFO] [stderr]     Checking ctr v0.9.2
[INFO] [stderr]    Compiling darling_macro v0.13.4
[INFO] [stderr]     Checking aes v0.8.2
[INFO] [stderr]     Checking uuid v1.3.0
[INFO] [stderr]     Checking uuid v0.8.2
[INFO] [stderr]    Compiling async-stream-impl v0.3.4
[INFO] [stderr]    Compiling ahash v0.7.6
[INFO] [stderr]     Checking tap v1.0.1
[INFO] [stderr]     Checking matchit v0.7.0
[INFO] [stderr]     Checking match_cfg v0.1.0
[INFO] [stderr]    Compiling crossbeam-utils v0.8.15
[INFO] [stderr]     Checking sync_wrapper v0.1.2
[INFO] [stderr]     Checking matches v0.1.10
[INFO] [stderr]    Compiling darling v0.13.4
[INFO] [stderr]     Checking idna v0.2.3
[INFO] [stderr]     Checking hostname v0.3.1
[INFO] [stderr]     Checking wyz v0.5.1
[INFO] [stderr]    Compiling time-macros v0.2.8
[INFO] [stderr]     Checking eth-keystore v0.5.0
[INFO] [stderr]     Checking coins-bip39 v0.7.0
[INFO] [stderr]    Compiling mime_guess v2.0.4
[INFO] [stderr]     Checking async-stream v0.3.4
[INFO] [stderr]    Compiling rustc_version_runtime v0.2.1
[INFO] [stderr]     Checking brotli-decompressor v2.3.4
[INFO] [stderr]    Compiling enum-as-inner v0.4.0
[INFO] [stderr]     Checking regex-automata v0.1.10
[INFO] [stderr]     Checking overload v0.1.1
[INFO] [stderr]     Checking funty v2.0.0
[INFO] [stderr]     Checking data-encoding v2.3.3
[INFO] [stderr]    Compiling ethers-contract-abigen v2.0.0
[INFO] [stderr]     Checking quick-error v1.2.3
[INFO] [stderr]     Checking linked-hash-map v0.5.6
[INFO] [stderr]     Checking resolv-conf v0.7.0
[INFO] [stderr]     Checking trust-dns-proto v0.21.2
[INFO] [stderr]     Checking lru-cache v0.1.2
[INFO] [stderr]     Checking bitvec v1.0.1
[INFO] [stderr]     Checking brotli v3.3.4
[INFO] [stderr]     Checking matchers v0.1.0
[INFO] [stderr]     Checking nu-ansi-term v0.46.0
[INFO] [stderr]     Checking ethers-signers v2.0.0
[INFO] [stderr]     Checking time v0.3.20
[INFO] [stderr]     Checking hyper-rustls v0.23.2
[INFO] [stderr]     Checking jsonrpsee-core v0.16.2
[INFO] [stderr]     Checking reqwest v0.11.14
[INFO] [stderr]     Checking hyper-timeout v0.4.1
[INFO] [stderr]    Compiling serde_with_macros v1.5.2
[INFO] [stderr]     Checking ethers-etherscan v2.0.0
[INFO] [stderr]     Checking ethers-providers v2.0.0
[INFO] [stderr]     Checking jsonrpsee-client-transport v0.16.2
[INFO] [stderr]     Checking prost-types v0.11.8
[INFO] [stderr]     Checking serde_bytes v0.11.9
[INFO] [stderr]     Checking sharded-slab v0.1.4
[INFO] [stderr]     Checking tracing-log v0.1.3
[INFO] [stderr]     Checking futures-locks v0.7.1
[INFO] [stderr]     Checking thread_local v1.1.7
[INFO] [stderr]     Checking instant v0.1.12
[INFO] [stderr]    Compiling tokio-cron-scheduler v0.9.4
[INFO] [stderr]     Checking tracing-subscriber v0.3.16
[INFO] [stderr]     Checking bson v2.6.0
[INFO] [stderr]     Checking jsonrpsee-ws-client v0.16.2
[INFO] [stderr]     Checking serde_with v1.14.0
[INFO] [stderr]     Checking jsonrpsee-server v0.16.2
[INFO] [stderr]     Checking jsonrpsee-http-client v0.16.2
[INFO] [stderr]    Compiling ethers-contract-derive v2.0.0
[INFO] [stderr]     Checking trust-dns-resolver v0.21.2
[INFO] [stderr]     Checking crossbeam-channel v0.5.7
[INFO] [stderr]     Checking ethers-addressbook v2.0.0
[INFO] [stderr]     Checking cron v0.12.0
[INFO] [stderr]    Compiling jsonrpsee-proc-macros v0.16.2
[INFO] [stderr]    Compiling num-derive v0.3.3
[INFO] [stderr]     Checking tonic v0.8.3
[INFO] [stderr]    Compiling derivative v2.2.0
[INFO] [stderr]    Compiling typed-builder v0.10.0
[INFO] [stderr]     Checking stringprep v0.1.2
[INFO] [stderr]     Checking sha-1 v0.10.1
[INFO] [stderr]     Checking md-5 v0.10.5
[INFO] [stderr]     Checking base64 v0.20.0
[INFO] [stderr]     Checking humantime v2.1.0
[INFO] [stderr]     Checking iri-string v0.7.0
[INFO] [stderr]     Checking http-range-header v0.3.0
[INFO] [stderr]     Checking dotenv v0.15.0
[INFO] [stderr]     Checking console-api v0.4.0
[INFO] [stderr]     Checking console-subscriber v0.1.8
[INFO] [stderr]     Checking jsonrpsee v0.16.2
[INFO] [stderr]     Checking ethers-contract v2.0.0
[INFO] [stderr]     Checking mongodb v2.4.0
[INFO] [stderr]     Checking zstd v0.11.2+zstd.1.5.2
[INFO] [stderr]     Checking async-compression v0.3.15
[INFO] [stderr]     Checking tower-http v0.4.0
[INFO] [stdout] error[E0433]: failed to resolve: could not find `ethers` in the list of imported crates
[INFO] [stdout]  --> /opt/rustwide/cargo-home/registry/src/index.crates.io-6f17d22bba15001f/ethers-contract-2.0.0/src/multicall/contract.rs:4:1
[INFO] [stdout]   |
[INFO] [stdout] 4 | abigen!(Multicall3, "src/multicall/multicall_abi.json");
[INFO] [stdout]   | ^^^^^^^^^^^^^^^^^^^^^^^^^^^^^^^^^^^^^^^^^^^^^^^^^^^^^^^ could not find `ethers` in the list of imported crates
[INFO] [stdout]   |
[INFO] [stdout]   = note: this error originates in the macro `abigen` (in Nightly builds, run with -Z macro-backtrace for more info)
[INFO] [stdout] 
[INFO] [stdout] 
[INFO] [stdout] error: cannot find attribute `ethcall` in this scope
[INFO] [stdout]  --> /opt/rustwide/cargo-home/registry/src/index.crates.io-6f17d22bba15001f/ethers-contract-2.0.0/src/multicall/contract.rs:4:1
[INFO] [stdout]   |
[INFO] [stdout] 4 | abigen!(Multicall3, "src/multicall/multicall_abi.json");
[INFO] [stdout]   | ^^^^^^^^^^^^^^^^^^^^^^^^^^^^^^^^^^^^^^^^^^^^^^^^^^^^^^^
[INFO] [stdout]   |
[INFO] [stdout]   = note: this error originates in the macro `abigen` (in Nightly builds, run with -Z macro-backtrace for more info)
[INFO] [stdout] 
[INFO] [stdout] 
[INFO] [stdout] error[E0433]: failed to resolve: could not find `ethers` in the list of imported crates
[INFO] [stdout]  --> /opt/rustwide/cargo-home/registry/src/index.crates.io-6f17d22bba15001f/ethers-contract-2.0.0/src/multicall/contract.rs:4:1
[INFO] [stdout]   |
[INFO] [stdout] 4 | abigen!(Multicall3, "src/multicall/multicall_abi.json");
[INFO] [stdout]   | ^^^^^^^^^^^^^^^^^^^^^^^^^^^^^^^^^^^^^^^^^^^^^^^^^^^^^^^ could not find `ethers` in the list of imported crates
[INFO] [stdout]   |
[INFO] [stdout]   = help: consider importing this module:
[INFO] [stdout]           ethers_core::abi
[INFO] [stdout]   = note: this error originates in the macro `abigen` (in Nightly builds, run with -Z macro-backtrace for more info)
[INFO] [stdout] 
[INFO] [stdout] 
[INFO] [stdout] error[E0433]: failed to resolve: could not find `ethers` in the list of imported crates
[INFO] [stdout]  --> /opt/rustwide/cargo-home/registry/src/index.crates.io-6f17d22bba15001f/ethers-contract-2.0.0/src/multicall/contract.rs:4:1
[INFO] [stdout]   |
[INFO] [stdout] 4 | abigen!(Multicall3, "src/multicall/multicall_abi.json");
[INFO] [stdout]   | ^^^^^^^^^^^^^^^^^^^^^^^^^^^^^^^^^^^^^^^^^^^^^^^^^^^^^^^ could not find `ethers` in the list of imported crates
[INFO] [stdout]   |
[INFO] [stdout]   = help: consider importing one of these items:
[INFO] [stdout]           crate::Lazy
[INFO] [stdout]           futures_util::future::Lazy
[INFO] [stdout]           once_cell::sync::Lazy
[INFO] [stdout]           once_cell::unsync::Lazy
[INFO] [stdout]   = note: this error originates in the macro `abigen` (in Nightly builds, run with -Z macro-backtrace for more info)
[INFO] [stdout] 
[INFO] [stdout] 
[INFO] [stdout] error[E0433]: failed to resolve: could not find `ethers` in the list of imported crates
[INFO] [stdout]  --> /opt/rustwide/cargo-home/registry/src/index.crates.io-6f17d22bba15001f/ethers-contract-2.0.0/src/multicall/contract.rs:4:1
[INFO] [stdout]   |
[INFO] [stdout] 4 | abigen!(Multicall3, "src/multicall/multicall_abi.json");
[INFO] [stdout]   | ^^^^^^^^^^^^^^^^^^^^^^^^^^^^^^^^^^^^^^^^^^^^^^^^^^^^^^^ could not find `ethers` in the list of imported crates
[INFO] [stdout]   |
[INFO] [stdout]   = help: consider importing this module:
[INFO] [stdout]           ethers_core::utils::__serde_json
[INFO] [stdout]   = note: this error originates in the macro `abigen` (in Nightly builds, run with -Z macro-backtrace for more info)
[INFO] [stdout] 
[INFO] [stdout] 
[INFO] [stdout] error[E0433]: failed to resolve: could not find `ethers` in the list of imported crates
[INFO] [stdout]  --> /opt/rustwide/cargo-home/registry/src/index.crates.io-6f17d22bba15001f/ethers-contract-2.0.0/src/multicall/contract.rs:4:1
[INFO] [stdout]   |
[INFO] [stdout] 4 | abigen!(Multicall3, "src/multicall/multicall_abi.json");
[INFO] [stdout]   | ^^^^^^^^^^^^^^^^^^^^^^^^^^^^^^^^^^^^^^^^^^^^^^^^^^^^^^^ could not find `ethers` in the list of imported crates
[INFO] [stdout]   |
[INFO] [stdout]   = help: consider importing this module:
[INFO] [stdout]           ethers_core::types
[INFO] [stdout]   = note: this error originates in the macro `abigen` (in Nightly builds, run with -Z macro-backtrace for more info)
[INFO] [stdout] 
[INFO] [stdout] 
[INFO] [stdout] error[E0433]: failed to resolve: could not find `ethers` in the list of imported crates
[INFO] [stdout]  --> /opt/rustwide/cargo-home/registry/src/index.crates.io-6f17d22bba15001f/ethers-contract-2.0.0/src/multicall/contract.rs:4:1
[INFO] [stdout]   |
[INFO] [stdout] 4 | abigen!(Multicall3, "src/multicall/multicall_abi.json");
[INFO] [stdout]   | ^^^^^^^^^^^^^^^^^^^^^^^^^^^^^^^^^^^^^^^^^^^^^^^^^^^^^^^ could not find `ethers` in the list of imported crates
[INFO] [stdout]   |
[INFO] [stdout]   = help: consider importing one of these items:
[INFO] [stdout]           crate::Contract
[INFO] [stdout]           ethers_core::abi::Contract
[INFO] [stdout]   = note: this error originates in the macro `abigen` (in Nightly builds, run with -Z macro-backtrace for more info)
[INFO] [stdout] 
[INFO] [stdout] 
[INFO] [stdout] error[E0433]: failed to resolve: could not find `ethers` in the list of imported crates
[INFO] [stdout]  --> /opt/rustwide/cargo-home/registry/src/index.crates.io-6f17d22bba15001f/ethers-contract-2.0.0/src/multicall/contract.rs:4:1
[INFO] [stdout]   |
[INFO] [stdout] 4 | abigen!(Multicall3, "src/multicall/multicall_abi.json");
[INFO] [stdout]   | ^^^^^^^^^^^^^^^^^^^^^^^^^^^^^^^^^^^^^^^^^^^^^^^^^^^^^^^ could not find `ethers` in the list of imported crates
[INFO] [stdout]   |
[INFO] [stdout]   = help: consider importing this module:
[INFO] [stdout]           crate::builders
[INFO] [stdout]   = note: this error originates in the macro `abigen` (in Nightly builds, run with -Z macro-backtrace for more info)
[INFO] [stdout] 
[INFO] [stdout] 
[INFO] [stdout] error[E0433]: failed to resolve: could not find `ethers` in the list of imported crates
[INFO] [stdout]  --> /opt/rustwide/cargo-home/registry/src/index.crates.io-6f17d22bba15001f/ethers-contract-2.0.0/src/multicall/contract.rs:4:1
[INFO] [stdout]   |
[INFO] [stdout] 4 | abigen!(Multicall3, "src/multicall/multicall_abi.json");
[INFO] [stdout]   | ^^^^^^^^^^^^^^^^^^^^^^^^^^^^^^^^^^^^^^^^^^^^^^^^^^^^^^^ could not find `ethers` in the list of imported crates
[INFO] [stdout]   |
[INFO] [stdout]   = help: consider importing one of these items:
[INFO] [stdout]           crate::multicall::fmt::Error
[INFO] [stdout]           ethers_core::abi::Error
[INFO] [stdout]           ethers_core::utils::__serde_json::Error
[INFO] [stdout]           futures_util::io::Error
[INFO] [stdout]           serde::__private::doc::Error
[INFO] [stdout]           serde::__private::fmt::Error
[INFO] [stdout]           serde::de::Error
[INFO] [stdout]           serde::de::value::Error
[INFO] [stdout]           serde::ser::Error
[INFO] [stdout]           serde_json::Error
[INFO] [stdout]           std::error::Error
[INFO] [stdout]           std::fmt::Error
[INFO] [stdout]           std::io::Error
[INFO] [stdout]           core::error::Error
[INFO] [stdout]           core::fmt::Error
[INFO] [stdout]   = note: this error originates in the macro `abigen` (in Nightly builds, run with -Z macro-backtrace for more info)
[INFO] [stdout] 
[INFO] [stdout] 
[INFO] [stdout] error[E0433]: failed to resolve: could not find `ethers` in the list of imported crates
[INFO] [stdout]  --> /opt/rustwide/cargo-home/registry/src/index.crates.io-6f17d22bba15001f/ethers-contract-2.0.0/src/multicall/contract.rs:4:1
[INFO] [stdout]   |
[INFO] [stdout] 4 | abigen!(Multicall3, "src/multicall/multicall_abi.json");
[INFO] [stdout]   | ^^^^^^^^^^^^^^^^^^^^^^^^^^^^^^^^^^^^^^^^^^^^^^^^^^^^^^^ could not find `ethers` in the list of imported crates
[INFO] [stdout]   |
[INFO] [stdout]   = help: consider importing this trait:
[INFO] [stdout]           ethers_core::abi::AbiEncode
[INFO] [stdout]   = note: this error originates in the macro `abigen` (in Nightly builds, run with -Z macro-backtrace for more info)
[INFO] [stdout] 
[INFO] [stdout] 
[INFO] [stdout] error: aborting due to 10 previous errors
[INFO] [stdout] 
[INFO] [stdout] 
[INFO] [stdout] For more information about this error, try `rustc --explain E0433`.
[INFO] [stdout] 
[INFO] [stderr] error: could not compile `ethers-contract` (lib) due to 11 previous errors
[INFO] running `Command { std: "docker" "inspect" "d129b0ddf0fbb1efa4936a57e2780845a2ca648db229208b1c31e52de8a3b140", kill_on_drop: false }`
[INFO] running `Command { std: "docker" "rm" "-f" "d129b0ddf0fbb1efa4936a57e2780845a2ca648db229208b1c31e52de8a3b140", kill_on_drop: false }`
[INFO] [stdout] d129b0ddf0fbb1efa4936a57e2780845a2ca648db229208b1c31e52de8a3b140
[INFO] documenting Orbiter-Finance/zkprover-bundler against beta-2023-12-22 for beta-1.76-rustdoc-1
[INFO] running `Command { std: "git" "clone" "/workspace/cache/git-repos/https%3A%2F%2Fgithub.com%2FOrbiter-Finance%2Fzkprover-bundler" "/workspace/builds/worker-5-tc2/source", kill_on_drop: false }`
[INFO] [stderr] Cloning into '/workspace/builds/worker-5-tc2/source'...
[INFO] [stderr] done.
[INFO] validating manifest of git repo https://github.com/Orbiter-Finance/zkprover-bundler on toolchain beta-2023-12-22
[INFO] running `Command { std: CARGO_HOME="/workspace/cargo-home" RUSTUP_HOME="/workspace/rustup-home" "/workspace/cargo-home/bin/cargo" "+beta-2023-12-22" "metadata" "--manifest-path" "Cargo.toml" "--no-deps", kill_on_drop: false }`
[INFO] removed /workspace/builds/worker-5-tc2/source/rust-toolchain
[INFO] started tweaking git repo https://github.com/Orbiter-Finance/zkprover-bundler
[INFO] finished tweaking git repo https://github.com/Orbiter-Finance/zkprover-bundler
[INFO] tweaked toml for git repo https://github.com/Orbiter-Finance/zkprover-bundler written to /workspace/builds/worker-5-tc2/source/Cargo.toml
[INFO] crate git repo https://github.com/Orbiter-Finance/zkprover-bundler already has a lockfile, it will not be regenerated
[INFO] running `Command { std: CARGO_HOME="/workspace/cargo-home" RUSTUP_HOME="/workspace/rustup-home" "/workspace/cargo-home/bin/cargo" "+beta-2023-12-22" "fetch" "--manifest-path" "Cargo.toml", kill_on_drop: false }`
[INFO] running `Command { std: "docker" "create" "-v" "/var/lib/crater-agent-workspace/builds/worker-5-tc2/target:/opt/rustwide/target:rw,Z" "-v" "/var/lib/crater-agent-workspace/builds/worker-5-tc2/source:/opt/rustwide/workdir:ro,Z" "-v" "/var/lib/crater-agent-workspace/cargo-home:/opt/rustwide/cargo-home:ro,Z" "-v" "/var/lib/crater-agent-workspace/rustup-home:/opt/rustwide/rustup-home:ro,Z" "-e" "SOURCE_DIR=/opt/rustwide/workdir" "-e" "CARGO_TARGET_DIR=/opt/rustwide/target" "-e" "CARGO_HOME=/opt/rustwide/cargo-home" "-e" "RUSTUP_HOME=/opt/rustwide/rustup-home" "-w" "/opt/rustwide/workdir" "-m" "1610612736" "--user" "0:0" "--network" "none" "ghcr.io/rust-lang/crates-build-env/linux@sha256:2788e3201cd34a07e3172128adcd8b3090168a8e3bcc40d7c032b9dda1df7d1c" "/opt/rustwide/cargo-home/bin/cargo" "+beta-2023-12-22" "metadata" "--no-deps" "--format-version=1", kill_on_drop: false }`
[INFO] [stdout] 7af1b072d5cca27ba25f9b98620e80acd4d6977f1d5b285fc699d4a7a907f97c
[INFO] running `Command { std: "docker" "start" "-a" "7af1b072d5cca27ba25f9b98620e80acd4d6977f1d5b285fc699d4a7a907f97c", kill_on_drop: false }`
[INFO] running `Command { std: "docker" "inspect" "7af1b072d5cca27ba25f9b98620e80acd4d6977f1d5b285fc699d4a7a907f97c", kill_on_drop: false }`
[INFO] running `Command { std: "docker" "rm" "-f" "7af1b072d5cca27ba25f9b98620e80acd4d6977f1d5b285fc699d4a7a907f97c", kill_on_drop: false }`
[INFO] [stdout] 7af1b072d5cca27ba25f9b98620e80acd4d6977f1d5b285fc699d4a7a907f97c
[INFO] running `Command { std: "docker" "create" "-v" "/var/lib/crater-agent-workspace/builds/worker-5-tc2/target:/opt/rustwide/target:rw,Z" "-v" "/var/lib/crater-agent-workspace/builds/worker-5-tc2/source:/opt/rustwide/workdir:ro,Z" "-v" "/var/lib/crater-agent-workspace/cargo-home:/opt/rustwide/cargo-home:ro,Z" "-v" "/var/lib/crater-agent-workspace/rustup-home:/opt/rustwide/rustup-home:ro,Z" "-e" "SOURCE_DIR=/opt/rustwide/workdir" "-e" "CARGO_TARGET_DIR=/opt/rustwide/target" "-e" "CARGO_INCREMENTAL=0" "-e" "RUST_BACKTRACE=full" "-e" "RUSTFLAGS=--cap-lints=warn" "-e" "RUSTDOCFLAGS=--cap-lints=warn" "-e" "CARGO_HOME=/opt/rustwide/cargo-home" "-e" "RUSTUP_HOME=/opt/rustwide/rustup-home" "-w" "/opt/rustwide/workdir" "-m" "1610612736" "--user" "0:0" "--network" "none" "ghcr.io/rust-lang/crates-build-env/linux@sha256:2788e3201cd34a07e3172128adcd8b3090168a8e3bcc40d7c032b9dda1df7d1c" "/opt/rustwide/cargo-home/bin/cargo" "+beta-2023-12-22" "doc" "--frozen" "--no-deps" "--document-private-items" "--message-format=json", kill_on_drop: false }`
[INFO] [stdout] 1187c6496df566e46c3217c2d09867729107cabb0e26fe2a8a9740c9ab86892f
[INFO] running `Command { std: "docker" "start" "-a" "1187c6496df566e46c3217c2d09867729107cabb0e26fe2a8a9740c9ab86892f", kill_on_drop: false }`
[INFO] [stderr]    Compiling proc-macro2 v1.0.52
[INFO] [stderr]    Compiling quote v1.0.26
[INFO] [stderr]    Compiling unicode-ident v1.0.8
[INFO] [stderr]    Compiling syn v1.0.109
[INFO] [stderr]    Compiling libc v0.2.140
[INFO] [stderr]    Compiling serde_derive v1.0.156
[INFO] [stderr]    Compiling serde v1.0.156
[INFO] [stderr]    Compiling typenum v1.16.0
[INFO] [stderr]    Compiling generic-array v0.14.6
[INFO] [stderr]    Compiling indexmap v1.9.2
[INFO] [stderr]     Checking once_cell v1.17.1
[INFO] [stderr]     Checking itoa v1.0.6
[INFO] [stderr]    Compiling futures-core v0.3.27
[INFO] [stderr]    Compiling toml_datetime v0.6.1
[INFO] [stderr]    Compiling winnow v0.3.6
[INFO] [stderr]    Compiling lock_api v0.4.9
[INFO] [stderr]     Checking smallvec v1.10.0
[INFO] [stderr]    Compiling parking_lot_core v0.9.7
[INFO] [stderr]     Checking subtle v2.4.1
[INFO] [stderr]     Checking scopeguard v1.1.0
[INFO] [stderr]     Checking futures-sink v0.3.27
[INFO] [stderr]     Checking hashbrown v0.12.3
[INFO] [stderr]    Compiling tokio v1.26.0
[INFO] [stderr]    Compiling futures-channel v0.3.27
[INFO] [stderr]    Compiling futures-task v0.3.27
[INFO] [stderr]     Checking tracing-core v0.1.30
[INFO] [stderr]     Checking getrandom v0.2.8
[INFO] [stderr]     Checking rand_core v0.6.4
[INFO] [stderr]     Checking num_cpus v1.15.0
[INFO] [stderr]     Checking parking_lot v0.12.1
[INFO] [stderr]     Checking rand_chacha v0.3.1
[INFO] [stderr]     Checking mio v0.8.6
[INFO] [stderr]     Checking signal-hook-registry v1.4.1
[INFO] [stderr]     Checking crypto-common v0.1.6
[INFO] [stderr]     Checking socket2 v0.4.9
[INFO] [stderr]    Compiling slab v0.4.8
[INFO] [stderr]     Checking futures-io v0.3.27
[INFO] [stderr]     Checking rand v0.8.5
[INFO] [stderr]    Compiling thiserror v1.0.39
[INFO] [stderr]     Checking byteorder v1.4.3
[INFO] [stderr]    Compiling futures-util v0.3.27
[INFO] [stderr]     Checking block-buffer v0.10.4
[INFO] [stderr]    Compiling jobserver v0.1.26
[INFO] [stderr]     Checking digest v0.10.6
[INFO] [stderr]     Checking cpufeatures v0.2.5
[INFO] [stderr]    Compiling crunchy v0.2.2
[INFO] [stderr]    Compiling cfg-if v1.0.0
[INFO] [stderr]    Compiling rustversion v1.0.12
[INFO] [stderr]     Checking ryu v1.0.13
[INFO] [stderr]    Compiling cc v1.0.79
[INFO] [stderr]    Compiling serde_json v1.0.94
[INFO] [stderr]    Compiling num-traits v0.2.15
[INFO] [stderr]     Checking regex-syntax v0.6.28
[INFO] [stderr]    Compiling toml_edit v0.19.7
[INFO] [stderr]     Checking base64ct v1.6.0
[INFO] [stderr]    Compiling tiny-keccak v2.0.2
[INFO] [stderr]     Checking arrayvec v0.7.2
[INFO] [stderr]     Checking aho-corasick v0.7.20
[INFO] [stderr]    Compiling heck v0.4.1
[INFO] [stderr]    Compiling ring v0.16.20
[INFO] [stderr]     Checking httpdate v1.0.2
[INFO] [stderr]     Checking hex v0.4.3
[INFO] [stderr]     Checking try-lock v0.2.4
[INFO] [stderr]     Checking base64 v0.13.1
[INFO] [stderr]     Checking zeroize v1.5.7
[INFO] [stderr]    Compiling async-trait v0.1.66
[INFO] [stderr]     Checking want v0.3.0
[INFO] [stderr]    Compiling num-integer v0.1.45
[INFO] [stderr]    Compiling proc-macro-crate v1.3.1
[INFO] [stderr]     Checking hmac v0.12.1
[INFO] [stderr]     Checking regex v1.7.1
[INFO] [stderr]     Checking spin v0.5.2
[INFO] [stderr]     Checking const-oid v0.9.2
[INFO] [stderr]     Checking untrusted v0.7.1
[INFO] [stderr]    Compiling io-lifetimes v1.0.6
[INFO] [stderr]     Checking der v0.6.1
[INFO] [stderr]     Checking sha2 v0.10.6
[INFO] [stderr]     Checking percent-encoding v2.2.0
[INFO] [stderr]     Checking rustc-hex v2.1.0
[INFO] [stderr]    Compiling camino v1.1.4
[INFO] [stderr]    Compiling semver v1.0.17
[INFO] [stderr]    Compiling rustix v0.36.9
[INFO] [stderr]     Checking keccak v0.1.3
[INFO] [stderr]     Checking byte-slice-cast v1.2.2
[INFO] [stderr]     Checking sha3 v0.10.6
[INFO] [stderr]     Checking spki v0.6.0
[INFO] [stderr]    Compiling proc-macro-error-attr v1.0.4
[INFO] [stderr]     Checking pkcs8 v0.9.0
[INFO] [stderr]     Checking crypto-bigint v0.4.9
[INFO] [stderr]     Checking ff v0.12.1
[INFO] [stderr]     Checking base16ct v0.1.1
[INFO] [stderr]     Checking static_assertions v1.1.0
[INFO] [stderr]    Compiling anyhow v1.0.69
[INFO] [stderr]    Compiling rustls v0.20.8
[INFO] [stderr]     Checking sec1 v0.3.0
[INFO] [stderr]     Checking group v0.12.1
[INFO] [stderr]    Compiling proc-macro-error v1.0.4
[INFO] [stderr]     Checking rustls-pemfile v1.0.2
[INFO] [stderr]     Checking unicode-normalization v0.1.22
[INFO] [stderr]     Checking fixed-hash v0.8.0
[INFO] [stderr]     Checking signature v1.6.4
[INFO] [stderr]     Checking unicode-bidi v0.3.11
[INFO] [stderr]     Checking rfc6979 v0.3.1
[INFO] [stderr]     Checking elliptic-curve v0.12.3
[INFO] [stderr]     Checking mime v0.3.16
[INFO] [stderr]    Compiling ppv-lite86 v0.2.17
[INFO] [stderr]     Checking uint v0.9.5
[INFO] [stderr]     Checking ecdsa v0.14.8
[INFO] [stderr]     Checking iana-time-zone v0.1.53
[INFO] [stderr]     Checking openssl-probe v0.1.5
[INFO] [stderr]    Compiling crc32fast v1.3.2
[INFO] [stderr]     Checking chrono v0.4.24
[INFO] [stderr]     Checking rustls-native-certs v0.6.2
[INFO] [stderr]     Checking k256 v0.11.6
[INFO] [stderr]     Checking form_urlencoded v1.1.0
[INFO] [stderr]     Checking webpki v0.22.0
[INFO] [stderr]     Checking sct v0.7.0
[INFO] [stderr]     Checking minimal-lexical v0.2.1
[INFO] [stderr]     Checking adler v1.0.2
[INFO] [stderr]     Checking webpki-roots v0.22.6
[INFO] [stderr]     Checking nom v7.1.3
[INFO] [stderr]     Checking miniz_oxide v0.6.2
[INFO] [stderr]     Checking idna v0.3.0
[INFO] [stderr]     Checking linux-raw-sys v0.1.4
[INFO] [stderr]     Checking flate2 v1.0.25
[INFO] [stderr]     Checking url v2.3.1
[INFO] [stderr]    Compiling tokio-macros v1.8.2
[INFO] [stderr]    Compiling tracing-attributes v0.1.23
[INFO] [stderr]    Compiling thiserror-impl v1.0.39
[INFO] [stderr]    Compiling futures-macro v0.3.27
[INFO] [stderr]    Compiling parity-scale-codec-derive v3.1.4
[INFO] [stderr]    Compiling impl-trait-for-tuples v0.2.2
[INFO] [stderr]    Compiling derive_more v0.99.17
[INFO] [stderr]    Compiling scale-info-derive v2.3.1
[INFO] [stderr]     Checking tracing v0.1.37
[INFO] [stderr]    Compiling pin-project-internal v1.0.12
[INFO] [stderr]    Compiling strum_macros v0.24.3
[INFO] [stderr]    Compiling auto_impl v1.0.1
[INFO] [stderr]    Compiling num_enum_derive v0.5.11
[INFO] [stderr]    Compiling rlp-derive v0.1.0
[INFO] [stderr]     Checking pin-project v1.0.12
[INFO] [stderr]     Checking futures-executor v0.3.27
[INFO] [stderr]     Checking generic-array v0.12.4
[INFO] [stderr]    Compiling memchr v2.5.0
[INFO] [stderr]     Checking futures-timer v3.0.2
[INFO] [stderr]     Checking ipnet v2.7.1
[INFO] [stderr]     Checking byte-tools v0.3.1
[INFO] [stderr]     Checking unicode-segmentation v1.10.1
[INFO] [stderr]     Checking fastrand v1.9.0
[INFO] [stderr]     Checking block-padding v0.1.5
[INFO] [stderr]     Checking num_enum v0.5.11
[INFO] [stderr]     Checking tempfile v3.4.0
[INFO] [stderr]     Checking convert_case v0.6.0
[INFO] [stderr]     Checking strum v0.24.1
[INFO] [stderr]     Checking inout v0.1.3
[INFO] [stderr]    Compiling eyre v0.6.8
[INFO] [stderr]    Compiling prettyplease v0.1.25
[INFO] [stderr]     Checking unicode-xid v0.2.4
[INFO] [stderr]     Checking cipher v0.4.4
[INFO] [stderr]     Checking block-buffer v0.7.3
[INFO] [stderr]     Checking digest v0.8.1
[INFO] [stderr]     Checking futures v0.3.27
[INFO] [stderr]     Checking hdrhistogram v7.5.2
[INFO] [stderr]     Checking bytes v1.4.0
[INFO] [stderr]     Checking parity-scale-codec v3.4.0
[INFO] [stderr]     Checking impl-serde v0.4.0
[INFO] [stderr]     Checking http v0.2.9
[INFO] [stderr]     Checking rlp v0.5.2
[INFO] [stderr]     Checking impl-codec v0.6.0
[INFO] [stderr]     Checking scale-info v2.3.1
[INFO] [stderr]     Checking impl-rlp v0.3.0
[INFO] [stderr]     Checking cargo-platform v0.1.2
[INFO] [stderr]     Checking http-body v0.4.5
[INFO] [stderr]     Checking cargo_metadata v0.15.3
[INFO] [stderr]     Checking ethbloom v0.13.0
[INFO] [stderr]    Compiling open-fastrlp-derive v0.1.1
[INFO] [stderr]     Checking primitive-types v0.12.1
[INFO] [stderr]     Checking password-hash v0.4.2
[INFO] [stderr]     Checking block-buffer v0.9.0
[INFO] [stderr]     Checking digest v0.9.0
[INFO] [stderr]     Checking fake-simd v0.1.2
[INFO] [stderr]    Compiling bitflags v1.3.2
[INFO] [stderr]     Checking opaque-debug v0.2.3
[INFO] [stderr]     Checking ethereum-types v0.14.1
[INFO] [stderr]    Compiling pkg-config v0.3.26
[INFO] [stderr]     Checking bs58 v0.4.0
[INFO] [stderr]     Checking opaque-debug v0.3.0
[INFO] [stderr]     Checking sha-1 v0.9.8
[INFO] [stderr]     Checking pbkdf2 v0.11.0
[INFO] [stderr]     Checking open-fastrlp v0.1.4
[INFO] [stderr]     Checking ethabi v18.0.0
[INFO] [stderr]    Compiling zstd-sys v2.0.7+zstd.1.5.4
[INFO] [stderr]     Checking sha2 v0.8.2
[INFO] [stderr]     Checking tokio-util v0.7.7
[INFO] [stderr]     Checking tokio-rustls v0.23.4
[INFO] [stderr]     Checking ethers-core v2.0.0
[INFO] [stderr]     Checking h2 v0.3.16
[INFO] [stderr]     Checking tower v0.4.13
[INFO] [stderr]     Checking beef v0.5.2
[INFO] [stderr]     Checking serde_urlencoded v0.7.1
[INFO] [stderr]     Checking tracing-futures v0.2.5
[INFO] [stderr]     Checking bstr v1.3.0
[INFO] [stderr]    Compiling unicase v2.6.0
[INFO] [stderr]     Checking encoding_rs v0.8.32
[INFO] [stderr]     Checking event-listener v2.5.3
[INFO] [stderr]    Compiling either v1.8.1
[INFO] [stderr]     Checking base58 v0.1.0
[INFO] [stderr]     Checking async-lock v2.7.0
[INFO] [stderr]    Compiling itertools v0.10.5
[INFO] [stderr]     Checking base58check v0.1.0
[INFO] [stderr]     Checking globset v0.4.10
[INFO] [stderr]     Checking jsonrpsee-types v0.16.2
[INFO] [stderr]     Checking soketto v0.7.1
[INFO] [stderr]    Compiling axum-core v0.3.3
[INFO] [stderr]     Checking blake2 v0.10.6
[INFO] [stderr]     Checking ripemd v0.1.3
[INFO] [stderr]     Checking bech32 v0.7.3
[INFO] [stderr]     Checking base64 v0.12.3
[INFO] [stderr]    Compiling semver-parser v0.7.0
[INFO] [stderr]    Compiling indenter v0.3.3
[INFO] [stderr]    Compiling ident_case v1.0.1
[INFO] [stderr]    Compiling strsim v0.10.0
[INFO] [stderr]    Compiling fnv v1.0.7
[INFO] [stderr]    Compiling lazy_static v1.4.0
[INFO] [stderr]    Compiling same-file v1.0.6
[INFO] [stderr]     Checking rustc-hash v1.1.0
[INFO] [stderr]    Compiling walkdir v2.3.3
[INFO] [stderr]    Compiling darling_core v0.13.4
[INFO] [stderr]    Compiling Inflector v0.11.4
[INFO] [stderr]     Checking hyper v0.14.25
[INFO] [stderr]    Compiling semver v0.9.0
[INFO] [stderr]    Compiling prost-derive v0.11.8
[INFO] [stderr]     Checking coins-core v0.7.0
[INFO] [stderr]     Checking tokio-stream v0.1.12
[INFO] [stderr]     Checking serde-aux v4.1.2
[INFO] [stderr]    Compiling toml v0.5.11
[INFO] [stderr]     Checking bincode v1.3.3
[INFO] [stderr]     Checking salsa20 v0.10.2
[INFO] [stderr]    Compiling axum v0.6.11
[INFO] [stderr]     Checking fxhash v0.2.1
[INFO] [stderr]     Checking alloc-no-stdlib v2.0.4
[INFO] [stderr]    Compiling radium v0.7.0
[INFO] [stderr]     Checking radium v0.3.0
[INFO] [stderr]    Compiling zstd-safe v5.0.2+zstd.1.5.2
[INFO] [stderr]    Compiling dunce v1.0.3
[INFO] [stderr]     Checking bitvec v0.17.4
[INFO] [stderr]     Checking alloc-stdlib v0.2.2
[INFO] [stderr]     Checking hashers v1.0.1
[INFO] [stderr]     Checking coins-bip32 v0.7.0
[INFO] [stderr]     Checking scrypt v0.10.0
[INFO] [stderr]    Compiling rustc_version v0.2.3
[INFO] [stderr]     Checking prost v0.11.8
[INFO] [stderr]     Checking tokio-io-timeout v1.2.0
[INFO] [stderr]     Checking enr v0.7.0
[INFO] [stderr]     Checking uuid v0.8.2
[INFO] [stderr]    Compiling darling_macro v0.13.4
[INFO] [stderr]     Checking uuid v1.3.0
[INFO] [stderr]     Checking aes v0.8.2
[INFO] [stderr]     Checking ctr v0.9.2
[INFO] [stderr]    Compiling async-stream-impl v0.3.4
[INFO] [stderr]    Compiling ahash v0.7.6
[INFO] [stderr]     Checking matchit v0.7.0
[INFO] [stderr]     Checking match_cfg v0.1.0
[INFO] [stderr]    Compiling crossbeam-utils v0.8.15
[INFO] [stderr]     Checking sync_wrapper v0.1.2
[INFO] [stderr]     Checking matches v0.1.10
[INFO] [stderr]     Checking tap v1.0.1
[INFO] [stderr]     Checking idna v0.2.3
[INFO] [stderr]     Checking hyper-rustls v0.23.2
[INFO] [stderr]     Checking jsonrpsee-core v0.16.2
[INFO] [stderr]     Checking reqwest v0.11.14
[INFO] [stderr]     Checking wyz v0.5.1
[INFO] [stderr]     Checking hyper-timeout v0.4.1
[INFO] [stderr]     Checking hostname v0.3.1
[INFO] [stderr]     Checking async-stream v0.3.4
[INFO] [stderr]    Compiling time-macros v0.2.8
[INFO] [stderr]    Compiling darling v0.13.4
[INFO] [stderr]     Checking eth-keystore v0.5.0
[INFO] [stderr]     Checking coins-bip39 v0.7.0
[INFO] [stderr]    Compiling mime_guess v2.0.4
[INFO] [stderr]    Compiling rustc_version_runtime v0.2.1
[INFO] [stderr]     Checking brotli-decompressor v2.3.4
[INFO] [stderr]    Compiling enum-as-inner v0.4.0
[INFO] [stderr]     Checking ethers-etherscan v2.0.0
[INFO] [stderr]     Checking ethers-providers v2.0.0
[INFO] [stderr]    Compiling ethers-contract-abigen v2.0.0
[INFO] [stderr]     Checking regex-automata v0.1.10
[INFO] [stderr]     Checking overload v0.1.1
[INFO] [stderr]     Checking funty v2.0.0
[INFO] [stderr]     Checking data-encoding v2.3.3
[INFO] [stderr]     Checking quick-error v1.2.3
[INFO] [stderr]     Checking linked-hash-map v0.5.6
[INFO] [stderr]     Checking resolv-conf v0.7.0
[INFO] [stderr]     Checking time v0.3.20
[INFO] [stderr]     Checking lru-cache v0.1.2
[INFO] [stderr]     Checking trust-dns-proto v0.21.2
[INFO] [stderr]     Checking bitvec v1.0.1
[INFO] [stderr]     Checking matchers v0.1.0
[INFO] [stderr]     Checking nu-ansi-term v0.46.0
[INFO] [stderr]     Checking jsonrpsee-client-transport v0.16.2
[INFO] [stderr]     Checking brotli v3.3.4
[INFO] [stderr]     Checking ethers-signers v2.0.0
[INFO] [stderr]    Compiling serde_with_macros v1.5.2
[INFO] [stderr]     Checking tonic v0.8.3
[INFO] [stderr]     Checking prost-types v0.11.8
[INFO] [stderr]     Checking serde_bytes v0.11.9
[INFO] [stderr]     Checking tracing-log v0.1.3
[INFO] [stderr]     Checking sharded-slab v0.1.4
[INFO] [stderr]     Checking futures-locks v0.7.1
[INFO] [stderr]     Checking thread_local v1.1.7
[INFO] [stderr]     Checking instant v0.1.12
[INFO] [stderr]    Compiling tokio-cron-scheduler v0.9.4
[INFO] [stderr]     Checking bson v2.6.0
[INFO] [stderr]     Checking serde_with v1.14.0
[INFO] [stderr]     Checking tracing-subscriber v0.3.16
[INFO] [stderr]     Checking crossbeam-channel v0.5.7
[INFO] [stderr]    Compiling ethers-contract-derive v2.0.0
[INFO] [stderr]     Checking console-api v0.4.0
[INFO] [stderr]     Checking trust-dns-resolver v0.21.2
[INFO] [stderr]     Checking jsonrpsee-ws-client v0.16.2
[INFO] [stderr]     Checking jsonrpsee-http-client v0.16.2
[INFO] [stderr]     Checking jsonrpsee-server v0.16.2
[INFO] [stderr]     Checking ethers-addressbook v2.0.0
[INFO] [stderr]     Checking cron v0.12.0
[INFO] [stderr]    Compiling derivative v2.2.0
[INFO] [stderr]    Compiling typed-builder v0.10.0
[INFO] [stderr]    Compiling jsonrpsee-proc-macros v0.16.2
[INFO] [stderr]    Compiling num-derive v0.3.3
[INFO] [stderr]     Checking stringprep v0.1.2
[INFO] [stderr]     Checking sha-1 v0.10.1
[INFO] [stderr]     Checking md-5 v0.10.5
[INFO] [stderr]     Checking humantime v2.1.0
[INFO] [stderr]     Checking iri-string v0.7.0
[INFO] [stderr]     Checking base64 v0.20.0
[INFO] [stderr]     Checking http-range-header v0.3.0
[INFO] [stderr]     Checking console-subscriber v0.1.8
[INFO] [stderr]     Checking dotenv v0.15.0
[INFO] [stderr]     Checking jsonrpsee v0.16.2
[INFO] [stderr]     Checking ethers-contract v2.0.0
[INFO] [stderr]     Checking mongodb v2.4.0
[INFO] [stderr]     Checking zstd v0.11.2+zstd.1.5.2
[INFO] [stderr]     Checking async-compression v0.3.15
[INFO] [stderr]     Checking tower-http v0.4.0
[INFO] [stdout] error[E0433]: failed to resolve: could not find `ethers` in the list of imported crates
[INFO] [stdout]  --> /opt/rustwide/cargo-home/registry/src/index.crates.io-6f17d22bba15001f/ethers-contract-2.0.0/src/multicall/contract.rs:4:1
[INFO] [stdout]   |
[INFO] [stdout] 4 | abigen!(Multicall3, "src/multicall/multicall_abi.json");
[INFO] [stdout]   | ^^^^^^^^^^^^^^^^^^^^^^^^^^^^^^^^^^^^^^^^^^^^^^^^^^^^^^^ could not find `ethers` in the list of imported crates
[INFO] [stdout]   |
[INFO] [stdout]   = note: this error originates in the macro `abigen` (in Nightly builds, run with -Z macro-backtrace for more info)
[INFO] [stdout] 
[INFO] [stdout] 
[INFO] [stdout] error: cannot find attribute `ethcall` in this scope
[INFO] [stdout]  --> /opt/rustwide/cargo-home/registry/src/index.crates.io-6f17d22bba15001f/ethers-contract-2.0.0/src/multicall/contract.rs:4:1
[INFO] [stdout]   |
[INFO] [stdout] 4 | abigen!(Multicall3, "src/multicall/multicall_abi.json");
[INFO] [stdout]   | ^^^^^^^^^^^^^^^^^^^^^^^^^^^^^^^^^^^^^^^^^^^^^^^^^^^^^^^
[INFO] [stdout]   |
[INFO] [stdout]   = note: this error originates in the macro `abigen` (in Nightly builds, run with -Z macro-backtrace for more info)
[INFO] [stdout] 
[INFO] [stdout] 
[INFO] [stdout] error[E0433]: failed to resolve: could not find `ethers` in the list of imported crates
[INFO] [stdout]  --> /opt/rustwide/cargo-home/registry/src/index.crates.io-6f17d22bba15001f/ethers-contract-2.0.0/src/multicall/contract.rs:4:1
[INFO] [stdout]   |
[INFO] [stdout] 4 | abigen!(Multicall3, "src/multicall/multicall_abi.json");
[INFO] [stdout]   | ^^^^^^^^^^^^^^^^^^^^^^^^^^^^^^^^^^^^^^^^^^^^^^^^^^^^^^^ could not find `ethers` in the list of imported crates
[INFO] [stdout]   |
[INFO] [stdout]   = help: consider importing this module:
[INFO] [stdout]           ethers_core::abi
[INFO] [stdout]   = note: this error originates in the macro `abigen` (in Nightly builds, run with -Z macro-backtrace for more info)
[INFO] [stdout] 
[INFO] [stdout] 
[INFO] [stdout] error[E0433]: failed to resolve: could not find `ethers` in the list of imported crates
[INFO] [stdout]  --> /opt/rustwide/cargo-home/registry/src/index.crates.io-6f17d22bba15001f/ethers-contract-2.0.0/src/multicall/contract.rs:4:1
[INFO] [stdout]   |
[INFO] [stdout] 4 | abigen!(Multicall3, "src/multicall/multicall_abi.json");
[INFO] [stdout]   | ^^^^^^^^^^^^^^^^^^^^^^^^^^^^^^^^^^^^^^^^^^^^^^^^^^^^^^^ could not find `ethers` in the list of imported crates
[INFO] [stdout]   |
[INFO] [stdout]   = help: consider importing one of these items:
[INFO] [stdout]           crate::Lazy
[INFO] [stdout]           futures_util::future::Lazy
[INFO] [stdout]           once_cell::sync::Lazy
[INFO] [stdout]           once_cell::unsync::Lazy
[INFO] [stdout]   = note: this error originates in the macro `abigen` (in Nightly builds, run with -Z macro-backtrace for more info)
[INFO] [stdout] 
[INFO] [stdout] 
[INFO] [stdout] error[E0433]: failed to resolve: could not find `ethers` in the list of imported crates
[INFO] [stdout]  --> /opt/rustwide/cargo-home/registry/src/index.crates.io-6f17d22bba15001f/ethers-contract-2.0.0/src/multicall/contract.rs:4:1
[INFO] [stdout]   |
[INFO] [stdout] 4 | abigen!(Multicall3, "src/multicall/multicall_abi.json");
[INFO] [stdout]   | ^^^^^^^^^^^^^^^^^^^^^^^^^^^^^^^^^^^^^^^^^^^^^^^^^^^^^^^ could not find `ethers` in the list of imported crates
[INFO] [stdout]   |
[INFO] [stdout]   = help: consider importing this module:
[INFO] [stdout]           ethers_core::utils::__serde_json
[INFO] [stdout]   = note: this error originates in the macro `abigen` (in Nightly builds, run with -Z macro-backtrace for more info)
[INFO] [stdout] 
[INFO] [stdout] 
[INFO] [stdout] error[E0433]: failed to resolve: could not find `ethers` in the list of imported crates
[INFO] [stdout]  --> /opt/rustwide/cargo-home/registry/src/index.crates.io-6f17d22bba15001f/ethers-contract-2.0.0/src/multicall/contract.rs:4:1
[INFO] [stdout]   |
[INFO] [stdout] 4 | abigen!(Multicall3, "src/multicall/multicall_abi.json");
[INFO] [stdout]   | ^^^^^^^^^^^^^^^^^^^^^^^^^^^^^^^^^^^^^^^^^^^^^^^^^^^^^^^ could not find `ethers` in the list of imported crates
[INFO] [stdout]   |
[INFO] [stdout]   = help: consider importing this module:
[INFO] [stdout]           ethers_core::types
[INFO] [stdout]   = note: this error originates in the macro `abigen` (in Nightly builds, run with -Z macro-backtrace for more info)
[INFO] [stdout] 
[INFO] [stdout] 
[INFO] [stdout] error[E0433]: failed to resolve: could not find `ethers` in the list of imported crates
[INFO] [stdout]  --> /opt/rustwide/cargo-home/registry/src/index.crates.io-6f17d22bba15001f/ethers-contract-2.0.0/src/multicall/contract.rs:4:1
[INFO] [stdout]   |
[INFO] [stdout] 4 | abigen!(Multicall3, "src/multicall/multicall_abi.json");
[INFO] [stdout]   | ^^^^^^^^^^^^^^^^^^^^^^^^^^^^^^^^^^^^^^^^^^^^^^^^^^^^^^^ could not find `ethers` in the list of imported crates
[INFO] [stdout]   |
[INFO] [stdout]   = help: consider importing one of these items:
[INFO] [stdout]           crate::Contract
[INFO] [stdout]           ethers_core::abi::Contract
[INFO] [stdout]   = note: this error originates in the macro `abigen` (in Nightly builds, run with -Z macro-backtrace for more info)
[INFO] [stdout] 
[INFO] [stdout] 
[INFO] [stdout] error[E0433]: failed to resolve: could not find `ethers` in the list of imported crates
[INFO] [stdout]  --> /opt/rustwide/cargo-home/registry/src/index.crates.io-6f17d22bba15001f/ethers-contract-2.0.0/src/multicall/contract.rs:4:1
[INFO] [stdout]   |
[INFO] [stdout] 4 | abigen!(Multicall3, "src/multicall/multicall_abi.json");
[INFO] [stdout]   | ^^^^^^^^^^^^^^^^^^^^^^^^^^^^^^^^^^^^^^^^^^^^^^^^^^^^^^^ could not find `ethers` in the list of imported crates
[INFO] [stdout]   |
[INFO] [stdout]   = help: consider importing this module:
[INFO] [stdout]           crate::builders
[INFO] [stdout]   = note: this error originates in the macro `abigen` (in Nightly builds, run with -Z macro-backtrace for more info)
[INFO] [stdout] 
[INFO] [stdout] 
[INFO] [stdout] error[E0433]: failed to resolve: could not find `ethers` in the list of imported crates
[INFO] [stdout]  --> /opt/rustwide/cargo-home/registry/src/index.crates.io-6f17d22bba15001f/ethers-contract-2.0.0/src/multicall/contract.rs:4:1
[INFO] [stdout]   |
[INFO] [stdout] 4 | abigen!(Multicall3, "src/multicall/multicall_abi.json");
[INFO] [stdout]   | ^^^^^^^^^^^^^^^^^^^^^^^^^^^^^^^^^^^^^^^^^^^^^^^^^^^^^^^ could not find `ethers` in the list of imported crates
[INFO] [stdout]   |
[INFO] [stdout]   = help: consider importing one of these items:
[INFO] [stdout]           core::error::Error
[INFO] [stdout]           core::fmt::Error
[INFO] [stdout]           crate::multicall::fmt::Error
[INFO] [stdout]           ethers_core::abi::Error
[INFO] [stdout]           ethers_core::utils::__serde_json::Error
[INFO] [stdout]           futures_util::io::Error
[INFO] [stdout]           serde::__private::doc::Error
[INFO] [stdout]           serde::__private::fmt::Error
[INFO] [stdout]           serde::de::Error
[INFO] [stdout]           serde::de::value::Error
[INFO] [stdout]           serde::ser::Error
[INFO] [stdout]           serde_json::Error
[INFO] [stdout]           std::error::Error
[INFO] [stdout]           std::fmt::Error
[INFO] [stdout]           std::io::Error
[INFO] [stdout]   = note: this error originates in the macro `abigen` (in Nightly builds, run with -Z macro-backtrace for more info)
[INFO] [stdout] 
[INFO] [stdout] 
[INFO] [stdout] error[E0433]: failed to resolve: could not find `ethers` in the list of imported crates
[INFO] [stdout]  --> /opt/rustwide/cargo-home/registry/src/index.crates.io-6f17d22bba15001f/ethers-contract-2.0.0/src/multicall/contract.rs:4:1
[INFO] [stdout]   |
[INFO] [stdout] 4 | abigen!(Multicall3, "src/multicall/multicall_abi.json");
[INFO] [stdout]   | ^^^^^^^^^^^^^^^^^^^^^^^^^^^^^^^^^^^^^^^^^^^^^^^^^^^^^^^ could not find `ethers` in the list of imported crates
[INFO] [stdout]   |
[INFO] [stdout]   = help: consider importing this trait:
[INFO] [stdout]           ethers_core::abi::AbiEncode
[INFO] [stdout]   = note: this error originates in the macro `abigen` (in Nightly builds, run with -Z macro-backtrace for more info)
[INFO] [stdout] 
[INFO] [stdout] 
[INFO] [stdout] error: aborting due to 10 previous errors
[INFO] [stdout] 
[INFO] [stdout] 
[INFO] [stdout] For more information about this error, try `rustc --explain E0433`.
[INFO] [stdout] 
[INFO] [stderr] error: could not compile `ethers-contract` (lib) due to 11 previous errors
[INFO] running `Command { std: "docker" "inspect" "1187c6496df566e46c3217c2d09867729107cabb0e26fe2a8a9740c9ab86892f", kill_on_drop: false }`
[INFO] running `Command { std: "docker" "rm" "-f" "1187c6496df566e46c3217c2d09867729107cabb0e26fe2a8a9740c9ab86892f", kill_on_drop: false }`
[INFO] [stdout] 1187c6496df566e46c3217c2d09867729107cabb0e26fe2a8a9740c9ab86892f
