[INFO] cloning repository https://github.com/Oghma/hodlTracker
[INFO] running `Command { std: "git" "-c" "credential.helper=" "-c" "credential.helper=/workspace/cargo-home/bin/git-credential-null" "clone" "--bare" "https://github.com/Oghma/hodlTracker" "/workspace/cache/git-repos/https%3A%2F%2Fgithub.com%2FOghma%2FhodlTracker", kill_on_drop: false }`
[INFO] [stderr] Cloning into bare repository '/workspace/cache/git-repos/https%3A%2F%2Fgithub.com%2FOghma%2FhodlTracker'...
[INFO] running `Command { std: "git" "rev-parse" "HEAD", kill_on_drop: false }`
[INFO] [stdout] 99d62b17cc0eb24e05fbc17e0d4dc3480f720ec9
[INFO] documenting Oghma/hodlTracker against 1.75.0 for beta-1.76-rustdoc-1
[INFO] running `Command { std: "git" "clone" "/workspace/cache/git-repos/https%3A%2F%2Fgithub.com%2FOghma%2FhodlTracker" "/workspace/builds/worker-1-tc1/source", kill_on_drop: false }`
[INFO] [stderr] Cloning into '/workspace/builds/worker-1-tc1/source'...
[INFO] [stderr] done.
[INFO] validating manifest of git repo https://github.com/Oghma/hodlTracker on toolchain 1.75.0
[INFO] running `Command { std: CARGO_HOME="/workspace/cargo-home" RUSTUP_HOME="/workspace/rustup-home" "/workspace/cargo-home/bin/cargo" "+1.75.0" "metadata" "--manifest-path" "Cargo.toml" "--no-deps", kill_on_drop: false }`
[INFO] started tweaking git repo https://github.com/Oghma/hodlTracker
[INFO] finished tweaking git repo https://github.com/Oghma/hodlTracker
[INFO] tweaked toml for git repo https://github.com/Oghma/hodlTracker written to /workspace/builds/worker-1-tc1/source/Cargo.toml
[INFO] crate git repo https://github.com/Oghma/hodlTracker already has a lockfile, it will not be regenerated
[INFO] running `Command { std: CARGO_HOME="/workspace/cargo-home" RUSTUP_HOME="/workspace/rustup-home" "/workspace/cargo-home/bin/cargo" "+1.75.0" "fetch" "--manifest-path" "Cargo.toml", kill_on_drop: false }`
[INFO] [stderr]  Downloading crates ...
[INFO] [stderr]   Downloaded uuid-macro-internal v1.4.1
[INFO] [stderr]   Downloaded sea-query-binder v0.3.1
[INFO] [stderr]   Downloaded sea-orm-macros v0.11.3
[INFO] [stderr]   Downloaded teloxide-macros v0.7.1
[INFO] [stderr]   Downloaded sea-orm-cli v0.11.3
[INFO] [stderr]   Downloaded sea-orm-migration v0.11.3
[INFO] [stderr]   Downloaded sea-query v0.28.5
[INFO] [stderr]   Downloaded sea-orm v0.11.3
[INFO] running `Command { std: "docker" "create" "-v" "/var/lib/crater-agent-workspace/builds/worker-1-tc1/target:/opt/rustwide/target:rw,Z" "-v" "/var/lib/crater-agent-workspace/builds/worker-1-tc1/source:/opt/rustwide/workdir:ro,Z" "-v" "/var/lib/crater-agent-workspace/cargo-home:/opt/rustwide/cargo-home:ro,Z" "-v" "/var/lib/crater-agent-workspace/rustup-home:/opt/rustwide/rustup-home:ro,Z" "-e" "SOURCE_DIR=/opt/rustwide/workdir" "-e" "CARGO_TARGET_DIR=/opt/rustwide/target" "-e" "CARGO_HOME=/opt/rustwide/cargo-home" "-e" "RUSTUP_HOME=/opt/rustwide/rustup-home" "-w" "/opt/rustwide/workdir" "-m" "1610612736" "--user" "0:0" "--network" "none" "ghcr.io/rust-lang/crates-build-env/linux@sha256:2788e3201cd34a07e3172128adcd8b3090168a8e3bcc40d7c032b9dda1df7d1c" "/opt/rustwide/cargo-home/bin/cargo" "+1.75.0" "metadata" "--no-deps" "--format-version=1", kill_on_drop: false }`
[INFO] [stdout] 2269d93b10e722fa553b3b9bd51f2d91d473ace07a82785257e6c9e756c37522
[INFO] running `Command { std: "docker" "start" "-a" "2269d93b10e722fa553b3b9bd51f2d91d473ace07a82785257e6c9e756c37522", kill_on_drop: false }`
[INFO] running `Command { std: "docker" "inspect" "2269d93b10e722fa553b3b9bd51f2d91d473ace07a82785257e6c9e756c37522", kill_on_drop: false }`
[INFO] running `Command { std: "docker" "rm" "-f" "2269d93b10e722fa553b3b9bd51f2d91d473ace07a82785257e6c9e756c37522", kill_on_drop: false }`
[INFO] [stdout] 2269d93b10e722fa553b3b9bd51f2d91d473ace07a82785257e6c9e756c37522
[INFO] running `Command { std: "docker" "create" "-v" "/var/lib/crater-agent-workspace/builds/worker-1-tc1/target:/opt/rustwide/target:rw,Z" "-v" "/var/lib/crater-agent-workspace/builds/worker-1-tc1/source:/opt/rustwide/workdir:ro,Z" "-v" "/var/lib/crater-agent-workspace/cargo-home:/opt/rustwide/cargo-home:ro,Z" "-v" "/var/lib/crater-agent-workspace/rustup-home:/opt/rustwide/rustup-home:ro,Z" "-e" "SOURCE_DIR=/opt/rustwide/workdir" "-e" "CARGO_TARGET_DIR=/opt/rustwide/target" "-e" "CARGO_INCREMENTAL=0" "-e" "RUST_BACKTRACE=full" "-e" "RUSTFLAGS=--cap-lints=warn" "-e" "RUSTDOCFLAGS=--cap-lints=warn" "-e" "CARGO_HOME=/opt/rustwide/cargo-home" "-e" "RUSTUP_HOME=/opt/rustwide/rustup-home" "-w" "/opt/rustwide/workdir" "-m" "1610612736" "--user" "0:0" "--network" "none" "ghcr.io/rust-lang/crates-build-env/linux@sha256:2788e3201cd34a07e3172128adcd8b3090168a8e3bcc40d7c032b9dda1df7d1c" "/opt/rustwide/cargo-home/bin/cargo" "+1.75.0" "doc" "--frozen" "--no-deps" "--document-private-items" "--message-format=json", kill_on_drop: false }`
[INFO] [stdout] 8ec88eecd43f7240f86bd8a78adf1a18932fa3682dd489ba385b12668c6d8b93
[INFO] running `Command { std: "docker" "start" "-a" "8ec88eecd43f7240f86bd8a78adf1a18932fa3682dd489ba385b12668c6d8b93", kill_on_drop: false }`
[INFO] [stderr]    Compiling proc-macro2 v1.0.66
[INFO] [stderr]    Compiling unicode-ident v1.0.11
[INFO] [stderr]    Compiling libc v0.2.147
[INFO] [stderr]    Compiling autocfg v1.1.0
[INFO] [stderr]    Compiling version_check v0.9.4
[INFO] [stderr]     Checking cfg-if v1.0.0
[INFO] [stderr]    Compiling futures-core v0.3.28
[INFO] [stderr]     Checking once_cell v1.18.0
[INFO] [stderr]     Checking pin-project-lite v0.2.13
[INFO] [stderr]    Compiling syn v1.0.109
[INFO] [stderr]    Compiling memchr v2.5.0
[INFO] [stderr]     Checking value-bag v1.4.1
[INFO] [stderr]    Compiling lock_api v0.4.10
[INFO] [stderr]    Compiling slab v0.4.9
[INFO] [stderr]     Checking log v0.4.20
[INFO] [stderr]     Checking scopeguard v1.2.0
[INFO] [stderr]     Checking smallvec v1.11.0
[INFO] [stderr]    Compiling num-traits v0.2.16
[INFO] [stderr]    Compiling serde v1.0.188
[INFO] [stderr]    Compiling futures-task v0.3.28
[INFO] [stderr]    Compiling quote v1.0.33
[INFO] [stderr]     Checking bytes v1.4.0
[INFO] [stderr]     Checking futures-io v0.3.28
[INFO] [stderr]    Compiling syn v2.0.29
[INFO] [stderr]     Checking itoa v1.0.9
[INFO] [stderr]    Compiling ahash v0.7.6
[INFO] [stderr]    Compiling parking_lot_core v0.9.8
[INFO] [stderr]     Checking getrandom v0.2.10
[INFO] [stderr]    Compiling thiserror v1.0.47
[INFO] [stderr]    Compiling vcpkg v0.2.15
[INFO] [stderr]    Compiling pkg-config v0.3.27
[INFO] [stderr]     Checking futures-sink v0.3.28
[INFO] [stderr]    Compiling futures-channel v0.3.28
[INFO] [stderr]     Checking bitflags v1.3.2
[INFO] [stderr]    Compiling cc v1.0.83
[INFO] [stderr]     Checking parking_lot v0.12.1
[INFO] [stderr]     Checking mio v0.8.8
[INFO] [stderr]     Checking socket2 v0.5.3
[INFO] [stderr]     Checking signal-hook-registry v1.4.1
[INFO] [stderr]     Checking num_cpus v1.16.0
[INFO] [stderr]     Checking pin-utils v0.1.0
[INFO] [stderr]    Compiling futures-util v0.3.28
[INFO] [stderr]    Compiling unicode-segmentation v1.10.1
[INFO] [stderr]    Compiling serde_json v1.0.105
[INFO] [stderr]    Compiling num-integer v0.1.45
[INFO] [stderr]     Checking hashbrown v0.12.3
[INFO] [stderr]    Compiling indexmap v1.9.3
[INFO] [stderr]    Compiling num-bigint v0.4.4
[INFO] [stderr]     Checking tracing-core v0.1.31
[INFO] [stderr]     Checking ryu v1.0.15
[INFO] [stderr]    Compiling ring v0.16.20
[INFO] [stderr]    Compiling crossbeam-utils v0.8.16
[INFO] [stderr]    Compiling proc-macro-error-attr v1.0.4
[INFO] [stderr]    Compiling ahash v0.8.3
[INFO] [stderr]     Checking tinyvec_macros v0.1.1
[INFO] [stderr]    Compiling rustls v0.20.8
[INFO] [stderr]    Compiling parking_lot_core v0.8.6
[INFO] [stderr]     Checking tinyvec v1.6.0
[INFO] [stderr]    Compiling heck v0.4.1
[INFO] [stderr]    Compiling proc-macro-error v1.0.4
[INFO] [stderr]     Checking percent-encoding v2.3.0
[INFO] [stderr]    Compiling time-core v0.1.1
[INFO] [stderr]    Compiling spin v0.5.2
[INFO] [stderr]    Compiling rust_decimal v1.32.0
[INFO] [stderr]    Compiling untrusted v0.7.1
[INFO] [stderr]    Compiling time-macros v0.2.13
[INFO] [stderr]     Checking form_urlencoded v1.2.0
[INFO] [stderr]     Checking unicode-normalization v0.1.22
[INFO] [stderr]     Checking event-listener v2.5.3
[INFO] [stderr]     Checking unicode-bidi v0.3.13
[INFO] [stderr]    Compiling rustversion v1.0.14
[INFO] [stderr]     Checking iana-time-zone v0.1.57
[INFO] [stderr]    Compiling either v1.9.0
[INFO] [stderr]     Checking idna v0.4.0
[INFO] [stderr]    Compiling libsqlite3-sys v0.24.2
[INFO] [stderr]    Compiling crossbeam-queue v0.3.8
[INFO] [stderr]     Checking fnv v1.0.7
[INFO] [stderr]     Checking http v0.2.9
[INFO] [stderr]     Checking webpki v0.22.0
[INFO] [stderr]    Compiling tokio v1.32.0
[INFO] [stderr]    Compiling heck v0.3.3
[INFO] [stderr]    Compiling sct v0.7.0
[INFO] [stderr]    Compiling instant v0.1.12
[INFO] [stderr]    Compiling paste v1.0.14
[INFO] [stderr]    Compiling serde_derive v1.0.188
[INFO] [stderr]    Compiling thiserror-impl v1.0.47
[INFO] [stderr]    Compiling tokio-macros v2.1.0
[INFO] [stderr]    Compiling futures-macro v0.3.28
[INFO] [stderr]    Compiling pin-project-internal v1.1.3
[INFO] [stderr]    Compiling tracing-attributes v0.1.26
[INFO] [stderr]    Compiling uuid-macro-internal v1.4.1
[INFO] [stderr]     Checking pin-project v1.1.3
[INFO] [stderr]     Checking tracing v0.1.37
[INFO] [stderr]     Checking base64 v0.21.2
[INFO] [stderr]     Checking arrayvec v0.7.4
[INFO] [stderr]     Checking bigdecimal v0.3.1
[INFO] [stderr]    Compiling openssl-sys v0.9.91
[INFO] [stderr]     Checking socket2 v0.4.9
[INFO] [stderr]     Checking futures-executor v0.3.28
[INFO] [stderr]     Checking minimal-lexical v0.2.1
[INFO] [stderr]    Compiling allocator-api2 v0.2.16
[INFO] [stderr]    Compiling hashbrown v0.14.0
[INFO] [stderr]    Compiling nom v7.1.3
[INFO] [stderr]    Compiling tokio-rustls v0.23.4
[INFO] [stderr]     Checking futures v0.3.28
[INFO] [stderr]     Checking uuid v1.4.1
[INFO] [stderr]     Checking chrono v0.4.26
[INFO] [stderr]     Checking deranged v0.3.8
[INFO] [stderr]     Checking url v2.4.0
[INFO] [stderr]    Compiling parking_lot v0.11.2
[INFO] [stderr]     Checking time v0.3.27
[INFO] [stderr]    Compiling spin v0.9.8
[INFO] [stderr]    Compiling itertools v0.10.5
[INFO] [stderr]    Compiling async-trait v0.1.73
[INFO] [stderr]    Compiling unicode_categories v0.1.1
[INFO] [stderr]    Compiling rustls-pemfile v1.0.3
[INFO] [stderr]    Compiling flume v0.10.14
[INFO] [stderr]    Compiling sqlformat v0.2.1
[INFO] [stderr]    Compiling futures-intrusive v0.4.2
[INFO] [stderr]    Compiling sqlx-rt v0.6.3
[INFO] [stderr]    Compiling hashlink v0.8.3
[INFO] [stderr]     Checking tokio-stream v0.1.14
[INFO] [stderr]    Compiling stringprep v0.1.3
[INFO] [stderr]    Compiling sea-query-derive v0.3.0
[INFO] [stderr]    Compiling webpki-roots v0.22.6
[INFO] [stderr]    Compiling atoi v1.0.0
[INFO] [stderr]    Compiling unicase v2.7.0
[INFO] [stderr]    Compiling typenum v1.16.0
[INFO] [stderr]    Compiling httparse v1.8.0
[INFO] [stderr]    Compiling byteorder v1.4.3
[INFO] [stderr]     Checking dotenvy v0.15.7
[INFO] [stderr]     Checking tower-service v0.3.2
[INFO] [stderr]    Compiling hex v0.4.3
[INFO] [stderr]     Checking sea-query v0.28.5
[INFO] [stderr]    Compiling sqlx-core v0.6.3
[INFO] [stderr]     Checking tokio-util v0.7.8
[INFO] [stderr]     Checking http-body v0.4.5
[INFO] [stderr]    Compiling generic-array v0.14.7
[INFO] [stderr]     Checking mime v0.3.17
[INFO] [stderr]     Checking httpdate v1.0.3
[INFO] [stderr]     Checking foreign-types-shared v0.1.1
[INFO] [stderr]     Checking try-lock v0.2.4
[INFO] [stderr]    Compiling openssl v0.10.56
[INFO] [stderr]     Checking want v0.3.1
[INFO] [stderr]     Checking h2 v0.3.21
[INFO] [stderr]     Checking foreign-types v0.3.2
[INFO] [stderr]    Compiling openssl-macros v0.1.1
[INFO] [stderr]    Compiling native-tls v0.2.11
[INFO] [stderr]    Compiling Inflector v0.11.4
[INFO] [stderr]    Compiling async-stream-impl v0.3.5
[INFO] [stderr]    Compiling ouroboros_macro v0.15.6
[INFO] [stderr]    Compiling sea-strum_macros v0.23.0
[INFO] [stderr]    Compiling bae v0.1.7
[INFO] [stderr]     Checking concurrent-queue v2.2.0
[INFO] [stderr]    Compiling io-lifetimes v1.0.11
[INFO] [stderr]     Checking lazy_static v1.4.0
[INFO] [stderr]     Checking parking v2.1.0
[INFO] [stderr]     Checking fastrand v1.9.0
[INFO] [stderr]     Checking openssl-probe v0.1.5
[INFO] [stderr]     Checking aliasable v0.1.3
[INFO] [stderr]    Compiling ident_case v1.0.1
[INFO] [stderr]     Checking waker-fn v1.1.0
[INFO] [stderr]    Compiling strsim v0.10.0
[INFO] [stderr]    Compiling sea-orm-macros v0.11.3
[INFO] [stderr]     Checking futures-lite v1.13.0
[INFO] [stderr]     Checking ouroboros v0.15.6
[INFO] [stderr]    Compiling darling_core v0.13.4
[INFO] [stderr]     Checking async-stream v0.3.5
[INFO] [stderr]    Compiling mime_guess v2.0.4
[INFO] [stderr]     Checking sea-strum v0.23.0
[INFO] [stderr]     Checking serde_urlencoded v0.7.1
[INFO] [stderr]     Checking async-lock v2.8.0
[INFO] [stderr]    Compiling erasable v1.2.1
[INFO] [stderr]    Compiling polling v2.8.0
[INFO] [stderr]    Compiling ucd-trie v0.1.6
[INFO] [stderr]    Compiling rustix v0.37.23
[INFO] [stderr]     Checking regex-syntax v0.7.4
[INFO] [stderr]     Checking regex-syntax v0.6.29
[INFO] [stderr]     Checking hyper v0.14.27
[INFO] [stderr]     Checking tokio-native-tls v0.3.1
[INFO] [stderr]    Compiling pest v2.7.2
[INFO] [stderr]     Checking block-buffer v0.10.4
[INFO] [stderr]     Checking crypto-common v0.1.6
[INFO] [stderr]    Compiling sqlx-macros v0.6.3
[INFO] [stderr]    Compiling async-io v1.13.0
[INFO] [stderr]     Checking async-task v4.4.0
[INFO] [stderr]     Checking overload v0.1.1
[INFO] [stderr]     Checking linux-raw-sys v0.3.8
[INFO] [stderr]     Checking base64 v0.13.1
[INFO] [stderr]     Checking regex-automata v0.3.6
[INFO] [stderr]    Compiling darling_macro v0.13.4
[INFO] [stderr]     Checking os_str_bytes v6.5.1
[INFO] [stderr]    Compiling pest_meta v2.7.2
[INFO] [stderr]     Checking clap_lex v0.2.4
[INFO] [stderr]     Checking regex-automata v0.1.10
[INFO] [stderr]     Checking nu-ansi-term v0.46.0
[INFO] [stderr]     Checking digest v0.10.7
[INFO] [stderr]    Compiling darling v0.13.4
[INFO] [stderr]     Checking sharded-slab v0.1.4
[INFO] [stderr]     Checking matchers v0.1.0
[INFO] [stderr]     Checking tracing-log v0.1.3
[INFO] [stderr]     Checking async-channel v1.9.0
[INFO] [stderr]    Compiling sea-schema-derive v0.1.0
[INFO] [stderr]     Checking regex v1.9.3
[INFO] [stderr]    Compiling clap_derive v3.2.25
[INFO] [stderr]    Compiling axum-core v0.3.4
[INFO] [stderr]     Checking thread_local v1.1.7
[INFO] [stderr]     Checking encoding_rs v0.8.33
[INFO] [stderr]     Checking cpufeatures v0.2.9
[INFO] [stderr]     Checking ipnet v2.8.0
[INFO] [stderr]     Checking textwrap v0.16.0
[INFO] [stderr]    Compiling convert_case v0.4.0
[INFO] [stderr]     Checking tower-layer v0.3.2
[INFO] [stderr]     Checking atomic-waker v1.1.1
[INFO] [stderr]     Checking blocking v1.3.1
[INFO] [stderr]     Checking sea-schema v0.11.0
[INFO] [stderr]     Checking hyper-tls v0.5.0
[INFO] [stderr]    Compiling derive_more v0.99.17
[INFO] [stderr]     Checking sha1 v0.10.5
[INFO] [stderr]     Checking tracing-subscriber v0.3.17
[INFO] [stderr]     Checking rc-box v1.2.0
[INFO] [stderr]    Compiling serde_with_macros v1.5.2
[INFO] [stderr]    Compiling pest_generator v2.7.2
[INFO] [stderr]     Checking reqwest v0.11.20
[INFO] [stderr]     Checking sqlx v0.6.3
[INFO] [stderr]     Checking sea-query-binder v0.3.1
[INFO] [stderr]     Checking async-executor v1.5.1
[INFO] [stderr]     Checking sea-orm v0.11.3
[INFO] [stderr]     Checking headers-core v0.2.0
[INFO] [stderr]    Compiling axum v0.6.20
[INFO] [stderr]    Compiling itertools v0.9.0
[INFO] [stderr]     Checking never v0.1.0
[INFO] [stderr]     Checking dlv-list v0.3.0
[INFO] [stderr]     Checking take_mut v0.2.2
[INFO] [stderr]     Checking takecell v0.1.1
[INFO] [stderr]     Checking ordered-multimap v0.4.3
[INFO] [stderr]    Compiling pest_derive v2.7.2
[INFO] [stderr]     Checking headers v0.3.8
[INFO] [stderr]     Checking clap v3.2.25
[INFO] [stderr]     Checking async-global-executor v2.3.1
[INFO] [stderr]    Compiling aquamarine v0.1.12
[INFO] [stderr]     Checking tower v0.4.13
[INFO] [stderr]     Checking serde_path_to_error v0.1.14
[INFO] [stderr]     Checking dptree v0.3.0
[INFO] [stderr]    Compiling teloxide-macros v0.7.1
[INFO] [stderr]    Compiling async-attributes v1.1.2
[INFO] [stderr]     Checking kv-log-macro v1.0.7
[INFO] [stderr]     Checking sync_wrapper v0.1.2
[INFO] [stderr]     Checking matchit v0.7.2
[INFO] [stderr]     Checking linked-hash-map v0.5.6
[INFO] [stderr]     Checking json5 v0.4.1
[INFO] [stderr]     Checking yaml-rust v0.4.5
[INFO] [stderr]     Checking async-std v1.12.0
[INFO] [stderr]     Checking rust-ini v0.18.0
[INFO] [stderr]     Checking ron v0.7.1
[INFO] [stderr]     Checking sea-orm-cli v0.11.3
[INFO] [stderr]     Checking toml v0.5.11
[INFO] [stderr]     Checking pathdiff v0.2.1
[INFO] [stderr]     Checking engine v0.0.1 (/opt/rustwide/workdir/engine)
[INFO] [stderr]     Checking teloxide-core v0.9.1
[INFO] [stderr]     Checking config v0.13.3
[INFO] [stderr]     Checking sea-orm-migration v0.11.3
[INFO] [stderr]     Checking migration v0.1.0 (/opt/rustwide/workdir/migration)
[INFO] [stderr]     Checking server v0.0.1 (/opt/rustwide/workdir/server)
[INFO] [stdout] error[E0432]: unresolved import `super::server::SharedState`
[INFO] [stdout]  --> server/src/cash_flow.rs:5:5
[INFO] [stdout]   |
[INFO] [stdout] 5 | use super::server::SharedState;
[INFO] [stdout]   |     ^^^^^^^^^^^^^^^^^^^^^^^^^^ no `SharedState` in `server`
[INFO] [stdout] 
[INFO] [stdout] 
[INFO] [stdout] error[E0432]: unresolved import `crate::server::SharedState`
[INFO] [stdout]  --> server/src/entry.rs:4:5
[INFO] [stdout]   |
[INFO] [stdout] 4 | use crate::server::SharedState;
[INFO] [stdout]   |     ^^^^^^^^^^^^^^^^^^^^^^^^^^ no `SharedState` in `server`
[INFO] [stdout] 
[INFO] [stdout] 
[INFO] [stdout] error[E0277]: the trait bound `fn({type error}) -> impl std::future::Future<Output = axum::Json<Vec<CashFlow>>> {cashflow_names}: Handler<_, _, _>` is not satisfied
[INFO] [stdout]    --> server/src/server.rs:108:37
[INFO] [stdout]     |
[INFO] [stdout] 108 |         .route("/allCashFlows", get(cash_flow::cashflow_names))
[INFO] [stdout]     |                                 --- ^^^^^^^^^^^^^^^^^^^^^^^^^ the trait `Handler<_, _, _>` is not implemented for fn item `fn({type error}) -> impl std::future::Future<Output = axum::Json<Vec<CashFlow>>> {cashflow_names}`
[INFO] [stdout]     |                                 |
[INFO] [stdout]     |                                 required by a bound introduced by this call
[INFO] [stdout]     |
[INFO] [stdout]     = help: the following other types implement trait `Handler<T, S, B>`:
[INFO] [stdout]               <Layered<L, H, T, S, B, B2> as Handler<T, S, B2>>
[INFO] [stdout]               <MethodRouter<S, B> as Handler<(), S, B>>
[INFO] [stdout] note: required by a bound in `axum::routing::get`
[INFO] [stdout]    --> /opt/rustwide/cargo-home/registry/src/index.crates.io-6f17d22bba15001f/axum-0.6.20/src/routing/method_routing.rs:403:1
[INFO] [stdout]     |
[INFO] [stdout] 403 | top_level_handler_fn!(get, GET);
[INFO] [stdout]     | ^^^^^^^^^^^^^^^^^^^^^^---^^^^^^
[INFO] [stdout]     | |                     |
[INFO] [stdout]     | |                     required by a bound in this function
[INFO] [stdout]     | required by this bound in `get`
[INFO] [stdout]     = note: this error originates in the macro `top_level_handler_fn` (in Nightly builds, run with -Z macro-backtrace for more info)
[INFO] [stdout] 
[INFO] [stdout] 
[INFO] [stdout] error[E0277]: the trait bound `fn({type error}, axum::Json<CreateCashFlow>) -> impl std::future::Future<Output = StatusCode> {cashflow_new}: Handler<_, _, _>` is not satisfied
[INFO] [stdout]    --> server/src/server.rs:109:34
[INFO] [stdout]     |
[INFO] [stdout] 109 |         .route("/cashFlow", post(cash_flow::cashflow_new))
[INFO] [stdout]     |                             ---- ^^^^^^^^^^^^^^^^^^^^^^^ the trait `Handler<_, _, _>` is not implemented for fn item `fn({type error}, axum::Json<CreateCashFlow>) -> impl std::future::Future<Output = StatusCode> {cashflow_new}`
[INFO] [stdout]     |                             |
[INFO] [stdout]     |                             required by a bound introduced by this call
[INFO] [stdout]     |
[INFO] [stdout]     = help: the following other types implement trait `Handler<T, S, B>`:
[INFO] [stdout]               <Layered<L, H, T, S, B, B2> as Handler<T, S, B2>>
[INFO] [stdout]               <MethodRouter<S, B> as Handler<(), S, B>>
[INFO] [stdout] note: required by a bound in `post`
[INFO] [stdout]    --> /opt/rustwide/cargo-home/registry/src/index.crates.io-6f17d22bba15001f/axum-0.6.20/src/routing/method_routing.rs:407:1
[INFO] [stdout]     |
[INFO] [stdout] 407 | top_level_handler_fn!(post, POST);
[INFO] [stdout]     | ^^^^^^^^^^^^^^^^^^^^^^----^^^^^^^
[INFO] [stdout]     | |                     |
[INFO] [stdout]     | |                     required by a bound in this function
[INFO] [stdout]     | required by this bound in `post`
[INFO] [stdout]     = note: this error originates in the macro `top_level_handler_fn` (in Nightly builds, run with -Z macro-backtrace for more info)
[INFO] [stdout] 
[INFO] [stdout] 
[INFO] [stdout] error[E0277]: the trait bound `fn({type error}, axum::Json<CreateEntry>) -> impl std::future::Future<Output = StatusCode> {entry_new}: Handler<_, _, _>` is not satisfied
[INFO] [stdout]    --> server/src/server.rs:110:31
[INFO] [stdout]     |
[INFO] [stdout] 110 |         .route("/entry", post(entry::entry_new))
[INFO] [stdout]     |                          ---- ^^^^^^^^^^^^^^^^ the trait `Handler<_, _, _>` is not implemented for fn item `fn({type error}, axum::Json<CreateEntry>) -> impl std::future::Future<Output = StatusCode> {entry_new}`
[INFO] [stdout]     |                          |
[INFO] [stdout]     |                          required by a bound introduced by this call
[INFO] [stdout]     |
[INFO] [stdout]     = help: the following other types implement trait `Handler<T, S, B>`:
[INFO] [stdout]               <Layered<L, H, T, S, B, B2> as Handler<T, S, B2>>
[INFO] [stdout]               <MethodRouter<S, B> as Handler<(), S, B>>
[INFO] [stdout] note: required by a bound in `post`
[INFO] [stdout]    --> /opt/rustwide/cargo-home/registry/src/index.crates.io-6f17d22bba15001f/axum-0.6.20/src/routing/method_routing.rs:407:1
[INFO] [stdout]     |
[INFO] [stdout] 407 | top_level_handler_fn!(post, POST);
[INFO] [stdout]     | ^^^^^^^^^^^^^^^^^^^^^^----^^^^^^^
[INFO] [stdout]     | |                     |
[INFO] [stdout]     | |                     required by a bound in this function
[INFO] [stdout]     | required by this bound in `post`
[INFO] [stdout]     = note: this error originates in the macro `top_level_handler_fn` (in Nightly builds, run with -Z macro-backtrace for more info)
[INFO] [stdout] 
[INFO] [stdout] 
[INFO] [stdout] warning: unused variable: `user`
[INFO] [stdout]   --> server/src/vault.rs:37:34
[INFO] [stdout]    |
[INFO] [stdout] 37 | pub async fn vault_get(Extension(user): Extension<user::Model>, State(state): State<ServerState>) {
[INFO] [stdout]    |                                  ^^^^ help: if this is intentional, prefix it with an underscore: `_user`
[INFO] [stdout]    |
[INFO] [stdout]    = note: `#[warn(unused_variables)]` on by default
[INFO] [stdout] 
[INFO] [stdout] 
[INFO] [stdout] warning: unused variable: `engine`
[INFO] [stdout]   --> server/src/vault.rs:38:9
[INFO] [stdout]    |
[INFO] [stdout] 38 |     let engine = state.engine.read().await;
[INFO] [stdout]    |         ^^^^^^ help: if this is intentional, prefix it with an underscore: `_engine`
[INFO] [stdout] 
[INFO] [stdout] 
[INFO] [stdout] error: aborting due to 5 previous errors; 2 warnings emitted
[INFO] [stdout] 
[INFO] [stdout] 
[INFO] [stdout] Some errors have detailed explanations: E0277, E0432.
[INFO] [stdout] 
[INFO] [stdout] For more information about an error, try `rustc --explain E0277`.
[INFO] [stdout] 
[INFO] [stderr] error: could not compile `server` (lib) due to 6 previous errors; 2 warnings emitted
[INFO] [stderr] warning: build failed, waiting for other jobs to finish...
[INFO] running `Command { std: "docker" "inspect" "8ec88eecd43f7240f86bd8a78adf1a18932fa3682dd489ba385b12668c6d8b93", kill_on_drop: false }`
[INFO] running `Command { std: "docker" "rm" "-f" "8ec88eecd43f7240f86bd8a78adf1a18932fa3682dd489ba385b12668c6d8b93", kill_on_drop: false }`
[INFO] [stdout] 8ec88eecd43f7240f86bd8a78adf1a18932fa3682dd489ba385b12668c6d8b93
[INFO] documenting Oghma/hodlTracker against beta-2023-12-22 for beta-1.76-rustdoc-1
[INFO] running `Command { std: "git" "clone" "/workspace/cache/git-repos/https%3A%2F%2Fgithub.com%2FOghma%2FhodlTracker" "/workspace/builds/worker-1-tc2/source", kill_on_drop: false }`
[INFO] [stderr] Cloning into '/workspace/builds/worker-1-tc2/source'...
[INFO] [stderr] done.
[INFO] validating manifest of git repo https://github.com/Oghma/hodlTracker on toolchain beta-2023-12-22
[INFO] running `Command { std: CARGO_HOME="/workspace/cargo-home" RUSTUP_HOME="/workspace/rustup-home" "/workspace/cargo-home/bin/cargo" "+beta-2023-12-22" "metadata" "--manifest-path" "Cargo.toml" "--no-deps", kill_on_drop: false }`
[INFO] started tweaking git repo https://github.com/Oghma/hodlTracker
[INFO] finished tweaking git repo https://github.com/Oghma/hodlTracker
[INFO] tweaked toml for git repo https://github.com/Oghma/hodlTracker written to /workspace/builds/worker-1-tc2/source/Cargo.toml
[INFO] crate git repo https://github.com/Oghma/hodlTracker already has a lockfile, it will not be regenerated
[INFO] running `Command { std: CARGO_HOME="/workspace/cargo-home" RUSTUP_HOME="/workspace/rustup-home" "/workspace/cargo-home/bin/cargo" "+beta-2023-12-22" "fetch" "--manifest-path" "Cargo.toml", kill_on_drop: false }`
[INFO] running `Command { std: "docker" "create" "-v" "/var/lib/crater-agent-workspace/builds/worker-1-tc2/target:/opt/rustwide/target:rw,Z" "-v" "/var/lib/crater-agent-workspace/builds/worker-1-tc2/source:/opt/rustwide/workdir:ro,Z" "-v" "/var/lib/crater-agent-workspace/cargo-home:/opt/rustwide/cargo-home:ro,Z" "-v" "/var/lib/crater-agent-workspace/rustup-home:/opt/rustwide/rustup-home:ro,Z" "-e" "SOURCE_DIR=/opt/rustwide/workdir" "-e" "CARGO_TARGET_DIR=/opt/rustwide/target" "-e" "CARGO_HOME=/opt/rustwide/cargo-home" "-e" "RUSTUP_HOME=/opt/rustwide/rustup-home" "-w" "/opt/rustwide/workdir" "-m" "1610612736" "--user" "0:0" "--network" "none" "ghcr.io/rust-lang/crates-build-env/linux@sha256:2788e3201cd34a07e3172128adcd8b3090168a8e3bcc40d7c032b9dda1df7d1c" "/opt/rustwide/cargo-home/bin/cargo" "+beta-2023-12-22" "metadata" "--no-deps" "--format-version=1", kill_on_drop: false }`
[INFO] [stdout] 1bef34ad033586febf5d16be88f67492ac114cc38125fa2a7eef82e050915a01
[INFO] running `Command { std: "docker" "start" "-a" "1bef34ad033586febf5d16be88f67492ac114cc38125fa2a7eef82e050915a01", kill_on_drop: false }`
[INFO] running `Command { std: "docker" "inspect" "1bef34ad033586febf5d16be88f67492ac114cc38125fa2a7eef82e050915a01", kill_on_drop: false }`
[INFO] running `Command { std: "docker" "rm" "-f" "1bef34ad033586febf5d16be88f67492ac114cc38125fa2a7eef82e050915a01", kill_on_drop: false }`
[INFO] [stdout] 1bef34ad033586febf5d16be88f67492ac114cc38125fa2a7eef82e050915a01
[INFO] running `Command { std: "docker" "create" "-v" "/var/lib/crater-agent-workspace/builds/worker-1-tc2/target:/opt/rustwide/target:rw,Z" "-v" "/var/lib/crater-agent-workspace/builds/worker-1-tc2/source:/opt/rustwide/workdir:ro,Z" "-v" "/var/lib/crater-agent-workspace/cargo-home:/opt/rustwide/cargo-home:ro,Z" "-v" "/var/lib/crater-agent-workspace/rustup-home:/opt/rustwide/rustup-home:ro,Z" "-e" "SOURCE_DIR=/opt/rustwide/workdir" "-e" "CARGO_TARGET_DIR=/opt/rustwide/target" "-e" "CARGO_INCREMENTAL=0" "-e" "RUST_BACKTRACE=full" "-e" "RUSTFLAGS=--cap-lints=warn" "-e" "RUSTDOCFLAGS=--cap-lints=warn" "-e" "CARGO_HOME=/opt/rustwide/cargo-home" "-e" "RUSTUP_HOME=/opt/rustwide/rustup-home" "-w" "/opt/rustwide/workdir" "-m" "1610612736" "--user" "0:0" "--network" "none" "ghcr.io/rust-lang/crates-build-env/linux@sha256:2788e3201cd34a07e3172128adcd8b3090168a8e3bcc40d7c032b9dda1df7d1c" "/opt/rustwide/cargo-home/bin/cargo" "+beta-2023-12-22" "doc" "--frozen" "--no-deps" "--document-private-items" "--message-format=json", kill_on_drop: false }`
[INFO] [stdout] 98a911204cdbdc2777357e6c57ac4634a7d53c21508b4ecc5d2a39b4da4af161
[INFO] running `Command { std: "docker" "start" "-a" "98a911204cdbdc2777357e6c57ac4634a7d53c21508b4ecc5d2a39b4da4af161", kill_on_drop: false }`
[INFO] [stderr]    Compiling proc-macro2 v1.0.66
[INFO] [stderr]    Compiling unicode-ident v1.0.11
[INFO] [stderr]    Compiling libc v0.2.147
[INFO] [stderr]    Compiling futures-core v0.3.28
[INFO] [stderr]    Compiling lock_api v0.4.10
[INFO] [stderr]    Compiling syn v1.0.109
[INFO] [stderr]    Compiling memchr v2.5.0
[INFO] [stderr]     Checking value-bag v1.4.1
[INFO] [stderr]     Checking smallvec v1.11.0
[INFO] [stderr]     Checking log v0.4.20
[INFO] [stderr]    Compiling num-traits v0.2.16
[INFO] [stderr]    Compiling futures-task v0.3.28
[INFO] [stderr]    Compiling serde v1.0.188
[INFO] [stderr]     Checking bytes v1.4.0
[INFO] [stderr]     Checking futures-io v0.3.28
[INFO] [stderr]    Compiling quote v1.0.33
[INFO] [stderr]    Compiling ahash v0.7.6
[INFO] [stderr]    Compiling parking_lot_core v0.9.8
[INFO] [stderr]    Compiling syn v2.0.29
[INFO] [stderr]    Compiling cc v1.0.83
[INFO] [stderr]     Checking getrandom v0.2.10
[INFO] [stderr]    Compiling thiserror v1.0.47
[INFO] [stderr]     Checking futures-sink v0.3.28
[INFO] [stderr]    Compiling once_cell v1.18.0
[INFO] [stderr]    Compiling futures-channel v0.3.28
[INFO] [stderr]     Checking mio v0.8.8
[INFO] [stderr]     Checking signal-hook-registry v1.4.1
[INFO] [stderr]     Checking parking_lot v0.12.1
[INFO] [stderr]     Checking socket2 v0.5.3
[INFO] [stderr]     Checking num_cpus v1.16.0
[INFO] [stderr]    Compiling futures-util v0.3.28
[INFO] [stderr]    Compiling unicode-segmentation v1.10.1
[INFO] [stderr]    Compiling serde_json v1.0.105
[INFO] [stderr]    Compiling num-integer v0.1.45
[INFO] [stderr]     Checking hashbrown v0.12.3
[INFO] [stderr]     Checking tracing-core v0.1.31
[INFO] [stderr]    Compiling num-bigint v0.4.4
[INFO] [stderr]    Compiling crossbeam-utils v0.8.16
[INFO] [stderr]     Checking indexmap v1.9.3
[INFO] [stderr]    Compiling ring v0.16.20
[INFO] [stderr]    Compiling ahash v0.8.3
[INFO] [stderr]    Compiling proc-macro-error-attr v1.0.4
[INFO] [stderr]    Compiling rustls v0.20.8
[INFO] [stderr]    Compiling parking_lot_core v0.8.6
[INFO] [stderr]    Compiling heck v0.4.1
[INFO] [stderr]    Compiling proc-macro-error v1.0.4
[INFO] [stderr]    Compiling rust_decimal v1.32.0
[INFO] [stderr]    Compiling untrusted v0.7.1
[INFO] [stderr]    Compiling time-core v0.1.1
[INFO] [stderr]    Compiling spin v0.5.2
[INFO] [stderr]    Compiling time-macros v0.2.13
[INFO] [stderr]     Checking unicode-normalization v0.1.22
[INFO] [stderr]    Compiling pin-project-lite v0.2.13
[INFO] [stderr]     Checking unicode-bidi v0.3.13
[INFO] [stderr]    Compiling scopeguard v1.2.0
[INFO] [stderr]     Checking iana-time-zone v0.1.57
[INFO] [stderr]    Compiling tinyvec_macros v0.1.1
[INFO] [stderr]    Compiling either v1.9.0
[INFO] [stderr]    Compiling tinyvec v1.6.0
[INFO] [stderr]     Checking idna v0.4.0
[INFO] [stderr]    Compiling libsqlite3-sys v0.24.2
[INFO] [stderr]    Compiling crossbeam-queue v0.3.8
[INFO] [stderr]    Compiling tokio v1.32.0
[INFO] [stderr]     Checking http v0.2.9
[INFO] [stderr]     Checking webpki v0.22.0
[INFO] [stderr]    Compiling heck v0.3.3
[INFO] [stderr]    Compiling instant v0.1.12
[INFO] [stderr]    Compiling sct v0.7.0
[INFO] [stderr]     Checking base64 v0.21.2
[INFO] [stderr]     Checking arrayvec v0.7.4
[INFO] [stderr]    Compiling serde_derive v1.0.188
[INFO] [stderr]    Compiling thiserror-impl v1.0.47
[INFO] [stderr]    Compiling tokio-macros v2.1.0
[INFO] [stderr]    Compiling futures-macro v0.3.28
[INFO] [stderr]    Compiling pin-project-internal v1.1.3
[INFO] [stderr]    Compiling tracing-attributes v0.1.26
[INFO] [stderr]    Compiling uuid-macro-internal v1.4.1
[INFO] [stderr]     Checking pin-project v1.1.3
[INFO] [stderr]     Checking bigdecimal v0.3.1
[INFO] [stderr]     Checking tracing v0.1.37
[INFO] [stderr]    Compiling openssl-sys v0.9.91
[INFO] [stderr]     Checking socket2 v0.4.9
[INFO] [stderr]    Compiling slab v0.4.9
[INFO] [stderr]    Compiling minimal-lexical v0.2.1
[INFO] [stderr]    Compiling allocator-api2 v0.2.16
[INFO] [stderr]     Checking futures-executor v0.3.28
[INFO] [stderr]    Compiling pin-utils v0.1.0
[INFO] [stderr]    Compiling percent-encoding v2.3.0
[INFO] [stderr]    Compiling itoa v1.0.9
[INFO] [stderr]     Checking nom v7.1.3
[INFO] [stderr]    Compiling form_urlencoded v1.2.0
[INFO] [stderr]    Compiling hashbrown v0.14.0
[INFO] [stderr]     Checking futures v0.3.28
[INFO] [stderr]    Compiling tokio-rustls v0.23.4
[INFO] [stderr]    Compiling parking_lot v0.11.2
[INFO] [stderr]    Compiling spin v0.9.8
[INFO] [stderr]    Compiling itertools v0.10.5
[INFO] [stderr]    Compiling ryu v1.0.15
[INFO] [stderr]    Compiling deranged v0.3.8
[INFO] [stderr]     Checking uuid v1.4.1
[INFO] [stderr]     Checking chrono v0.4.26
[INFO] [stderr]     Checking url v2.4.0
[INFO] [stderr]    Compiling async-trait v0.1.73
[INFO] [stderr]    Compiling unicode_categories v0.1.1
[INFO] [stderr]    Compiling time v0.3.27
[INFO] [stderr]    Compiling rustls-pemfile v1.0.3
[INFO] [stderr]    Compiling sqlformat v0.2.1
[INFO] [stderr]    Compiling flume v0.10.14
[INFO] [stderr]    Compiling futures-intrusive v0.4.2
[INFO] [stderr]    Compiling sqlx-rt v0.6.3
[INFO] [stderr]    Compiling hashlink v0.8.3
[INFO] [stderr]     Checking tokio-stream v0.1.14
[INFO] [stderr]    Compiling sea-query-derive v0.3.0
[INFO] [stderr]    Compiling stringprep v0.1.3
[INFO] [stderr]    Compiling webpki-roots v0.22.6
[INFO] [stderr]    Compiling atoi v1.0.0
[INFO] [stderr]    Compiling byteorder v1.4.3
[INFO] [stderr]    Compiling hex v0.4.3
[INFO] [stderr]    Compiling httparse v1.8.0
[INFO] [stderr]     Checking tower-service v0.3.2
[INFO] [stderr]    Compiling typenum v1.16.0
[INFO] [stderr]    Compiling dotenvy v0.15.7
[INFO] [stderr]    Compiling bitflags v1.3.2
[INFO] [stderr]    Compiling event-listener v2.5.3
[INFO] [stderr]     Checking sea-query v0.28.5
[INFO] [stderr]    Compiling sqlx-core v0.6.3
[INFO] [stderr]     Checking tokio-util v0.7.8
[INFO] [stderr]     Checking http-body v0.4.5
[INFO] [stderr]    Compiling openssl v0.10.56
[INFO] [stderr]     Checking try-lock v0.2.4
[INFO] [stderr]     Checking httpdate v1.0.3
[INFO] [stderr]     Checking want v0.3.1
[INFO] [stderr]     Checking h2 v0.3.21
[INFO] [stderr]    Compiling openssl-macros v0.1.1
[INFO] [stderr]    Compiling Inflector v0.11.4
[INFO] [stderr]    Compiling native-tls v0.2.11
[INFO] [stderr]     Checking generic-array v0.14.7
[INFO] [stderr]    Compiling ouroboros_macro v0.15.6
[INFO] [stderr]    Compiling bae v0.1.7
[INFO] [stderr]    Compiling sea-strum_macros v0.23.0
[INFO] [stderr]    Compiling async-stream-impl v0.3.5
[INFO] [stderr]     Checking concurrent-queue v2.2.0
[INFO] [stderr]     Checking waker-fn v1.1.0
[INFO] [stderr]    Compiling fnv v1.0.7
[INFO] [stderr]     Checking aliasable v0.1.3
[INFO] [stderr]    Compiling strsim v0.10.0
[INFO] [stderr]     Checking openssl-probe v0.1.5
[INFO] [stderr]    Compiling ident_case v1.0.1
[INFO] [stderr]     Checking parking v2.1.0
[INFO] [stderr]    Compiling darling_core v0.13.4
[INFO] [stderr]     Checking futures-lite v1.13.0
[INFO] [stderr]     Checking async-stream v0.3.5
[INFO] [stderr]    Compiling sea-orm-macros v0.11.3
[INFO] [stderr]     Checking ouroboros v0.15.6
[INFO] [stderr]     Checking serde_urlencoded v0.7.1
[INFO] [stderr]    Compiling erasable v1.2.1
[INFO] [stderr]     Checking sea-strum v0.23.0
[INFO] [stderr]     Checking regex-syntax v0.7.4
[INFO] [stderr]    Compiling rustix v0.37.23
[INFO] [stderr]     Checking hyper v0.14.27
[INFO] [stderr]    Compiling ucd-trie v0.1.6
[INFO] [stderr]    Compiling pest v2.7.2
[INFO] [stderr]     Checking tokio-native-tls v0.3.1
[INFO] [stderr]     Checking io-lifetimes v1.0.11
[INFO] [stderr]    Compiling sqlx-macros v0.6.3
[INFO] [stderr]     Checking crypto-common v0.1.6
[INFO] [stderr]     Checking block-buffer v0.10.4
[INFO] [stderr]     Checking os_str_bytes v6.5.1
[INFO] [stderr]     Checking async-task v4.4.0
[INFO] [stderr]     Checking clap_lex v0.2.4
[INFO] [stderr]     Checking digest v0.10.7
[INFO] [stderr]     Checking regex-automata v0.3.6
[INFO] [stderr]     Checking polling v2.8.0
[INFO] [stderr]     Checking tracing-log v0.1.3
[INFO] [stderr]     Checking sharded-slab v0.1.4
[INFO] [stderr]    Compiling darling_macro v0.13.4
[INFO] [stderr]    Compiling pest_meta v2.7.2
[INFO] [stderr]     Checking async-channel v1.9.0
[INFO] [stderr]    Compiling clap_derive v3.2.25
[INFO] [stderr]    Compiling sea-schema-derive v0.1.0
[INFO] [stderr]     Checking regex v1.9.3
[INFO] [stderr]    Compiling darling v0.13.4
[INFO] [stderr]    Compiling axum-core v0.3.4
[INFO] [stderr]     Checking encoding_rs v0.8.33
[INFO] [stderr]     Checking ipnet v2.8.0
[INFO] [stderr]     Checking atomic-waker v1.1.1
[INFO] [stderr]     Checking cpufeatures v0.2.9
[INFO] [stderr]     Checking textwrap v0.16.0
[INFO] [stderr]     Checking tower-layer v0.3.2
[INFO] [stderr]    Compiling convert_case v0.4.0
[INFO] [stderr]     Checking sha1 v0.10.5
[INFO] [stderr]     Checking blocking v1.3.1
[INFO] [stderr]     Checking async-io v1.13.0
[INFO] [stderr]     Checking sea-schema v0.11.0
[INFO] [stderr]     Checking hyper-tls v0.5.0
[INFO] [stderr]    Compiling derive_more v0.99.17
[INFO] [stderr]     Checking tracing-subscriber v0.3.17
[INFO] [stderr]    Compiling serde_with_macros v1.5.2
[INFO] [stderr]     Checking reqwest v0.11.20
[INFO] [stderr]    Compiling pest_generator v2.7.2
[INFO] [stderr]     Checking sqlx v0.6.3
[INFO] [stderr]     Checking sea-query-binder v0.3.1
[INFO] [stderr]     Checking rc-box v1.2.0
[INFO] [stderr]     Checking async-executor v1.5.1
[INFO] [stderr]     Checking sea-orm v0.11.3
[INFO] [stderr]     Checking headers-core v0.2.0
[INFO] [stderr]    Compiling axum v0.6.20
[INFO] [stderr]    Compiling itertools v0.9.0
[INFO] [stderr]     Checking take_mut v0.2.2
[INFO] [stderr]     Checking dlv-list v0.3.0
[INFO] [stderr]     Checking never v0.1.0
[INFO] [stderr]     Checking clap v3.2.25
[INFO] [stderr]     Checking takecell v0.1.1
[INFO] [stderr]     Checking ordered-multimap v0.4.3
[INFO] [stderr]     Checking async-global-executor v2.3.1
[INFO] [stderr]    Compiling pest_derive v2.7.2
[INFO] [stderr]     Checking headers v0.3.8
[INFO] [stderr]    Compiling aquamarine v0.1.12
[INFO] [stderr]     Checking tower v0.4.13
[INFO] [stderr]     Checking serde_path_to_error v0.1.14
[INFO] [stderr]     Checking dptree v0.3.0
[INFO] [stderr]    Compiling teloxide-macros v0.7.1
[INFO] [stderr]    Compiling async-attributes v1.1.2
[INFO] [stderr]     Checking kv-log-macro v1.0.7
[INFO] [stderr]     Checking matchit v0.7.2
[INFO] [stderr]     Checking sync_wrapper v0.1.2
[INFO] [stderr]     Checking json5 v0.4.1
[INFO] [stderr]     Checking rust-ini v0.18.0
[INFO] [stderr]     Checking sea-orm-cli v0.11.3
[INFO] [stderr]     Checking ron v0.7.1
[INFO] [stderr]     Checking toml v0.5.11
[INFO] [stderr]     Checking async-std v1.12.0
[INFO] [stderr]     Checking pathdiff v0.2.1
[INFO] [stderr]     Checking config v0.13.3
[INFO] [stderr]     Checking engine v0.0.1 (/opt/rustwide/workdir/engine)
[INFO] [stderr]     Checking sea-orm-migration v0.11.3
[INFO] [stderr]     Checking teloxide-core v0.9.1
[INFO] [stderr]     Checking migration v0.1.0 (/opt/rustwide/workdir/migration)
[INFO] [stderr]     Checking server v0.0.1 (/opt/rustwide/workdir/server)
[INFO] [stdout] error[E0432]: unresolved import `super::server::SharedState`
[INFO] [stdout]  --> server/src/cash_flow.rs:5:5
[INFO] [stdout]   |
[INFO] [stdout] 5 | use super::server::SharedState;
[INFO] [stdout]   |     ^^^^^^^^^^^^^^^^^^^^^^^^^^ no `SharedState` in `server`
[INFO] [stdout] 
[INFO] [stdout] 
[INFO] [stdout] error[E0432]: unresolved import `crate::server::SharedState`
[INFO] [stdout]  --> server/src/entry.rs:4:5
[INFO] [stdout]   |
[INFO] [stdout] 4 | use crate::server::SharedState;
[INFO] [stdout]   |     ^^^^^^^^^^^^^^^^^^^^^^^^^^ no `SharedState` in `server`
[INFO] [stdout] 
[INFO] [stdout] 
[INFO] [stdout] error[E0277]: the trait bound `fn({type error}) -> impl std::future::Future<Output = axum::Json<Vec<CashFlow>>> {cashflow_names}: Handler<_, _, _>` is not satisfied
[INFO] [stdout]    --> server/src/server.rs:108:37
[INFO] [stdout]     |
[INFO] [stdout] 108 |         .route("/allCashFlows", get(cash_flow::cashflow_names))
[INFO] [stdout]     |                                 --- ^^^^^^^^^^^^^^^^^^^^^^^^^ the trait `Handler<_, _, _>` is not implemented for fn item `fn({type error}) -> impl std::future::Future<Output = axum::Json<Vec<CashFlow>>> {cashflow_names}`
[INFO] [stdout]     |                                 |
[INFO] [stdout]     |                                 required by a bound introduced by this call
[INFO] [stdout]     |
[INFO] [stdout]     = help: the following other types implement trait `Handler<T, S, B>`:
[INFO] [stdout]               <Layered<L, H, T, S, B, B2> as Handler<T, S, B2>>
[INFO] [stdout]               <MethodRouter<S, B> as Handler<(), S, B>>
[INFO] [stdout] note: required by a bound in `axum::routing::get`
[INFO] [stdout]    --> /opt/rustwide/cargo-home/registry/src/index.crates.io-6f17d22bba15001f/axum-0.6.20/src/routing/method_routing.rs:403:1
[INFO] [stdout]     |
[INFO] [stdout] 403 | top_level_handler_fn!(get, GET);
[INFO] [stdout]     | ^^^^^^^^^^^^^^^^^^^^^^---^^^^^^
[INFO] [stdout]     | |                     |
[INFO] [stdout]     | |                     required by a bound in this function
[INFO] [stdout]     | required by this bound in `get`
[INFO] [stdout]     = note: this error originates in the macro `top_level_handler_fn` (in Nightly builds, run with -Z macro-backtrace for more info)
[INFO] [stdout] 
[INFO] [stdout] 
[INFO] [stdout] error[E0277]: the trait bound `fn({type error}, axum::Json<CreateCashFlow>) -> impl std::future::Future<Output = StatusCode> {cashflow_new}: Handler<_, _, _>` is not satisfied
[INFO] [stdout]    --> server/src/server.rs:109:34
[INFO] [stdout]     |
[INFO] [stdout] 109 |         .route("/cashFlow", post(cash_flow::cashflow_new))
[INFO] [stdout]     |                             ---- ^^^^^^^^^^^^^^^^^^^^^^^ the trait `Handler<_, _, _>` is not implemented for fn item `fn({type error}, axum::Json<CreateCashFlow>) -> impl std::future::Future<Output = StatusCode> {cashflow_new}`
[INFO] [stdout]     |                             |
[INFO] [stdout]     |                             required by a bound introduced by this call
[INFO] [stdout]     |
[INFO] [stdout]     = help: the following other types implement trait `Handler<T, S, B>`:
[INFO] [stdout]               <Layered<L, H, T, S, B, B2> as Handler<T, S, B2>>
[INFO] [stdout]               <MethodRouter<S, B> as Handler<(), S, B>>
[INFO] [stdout] note: required by a bound in `post`
[INFO] [stdout]    --> /opt/rustwide/cargo-home/registry/src/index.crates.io-6f17d22bba15001f/axum-0.6.20/src/routing/method_routing.rs:407:1
[INFO] [stdout]     |
[INFO] [stdout] 407 | top_level_handler_fn!(post, POST);
[INFO] [stdout]     | ^^^^^^^^^^^^^^^^^^^^^^----^^^^^^^
[INFO] [stdout]     | |                     |
[INFO] [stdout]     | |                     required by a bound in this function
[INFO] [stdout]     | required by this bound in `post`
[INFO] [stdout]     = note: this error originates in the macro `top_level_handler_fn` (in Nightly builds, run with -Z macro-backtrace for more info)
[INFO] [stdout] 
[INFO] [stdout] 
[INFO] [stdout] error[E0277]: the trait bound `fn({type error}, axum::Json<CreateEntry>) -> impl std::future::Future<Output = StatusCode> {entry_new}: Handler<_, _, _>` is not satisfied
[INFO] [stdout]    --> server/src/server.rs:110:31
[INFO] [stdout]     |
[INFO] [stdout] 110 |         .route("/entry", post(entry::entry_new))
[INFO] [stdout]     |                          ---- ^^^^^^^^^^^^^^^^ the trait `Handler<_, _, _>` is not implemented for fn item `fn({type error}, axum::Json<CreateEntry>) -> impl std::future::Future<Output = StatusCode> {entry_new}`
[INFO] [stdout]     |                          |
[INFO] [stdout]     |                          required by a bound introduced by this call
[INFO] [stdout]     |
[INFO] [stdout]     = help: the following other types implement trait `Handler<T, S, B>`:
[INFO] [stdout]               <Layered<L, H, T, S, B, B2> as Handler<T, S, B2>>
[INFO] [stdout]               <MethodRouter<S, B> as Handler<(), S, B>>
[INFO] [stdout] note: required by a bound in `post`
[INFO] [stdout]    --> /opt/rustwide/cargo-home/registry/src/index.crates.io-6f17d22bba15001f/axum-0.6.20/src/routing/method_routing.rs:407:1
[INFO] [stdout]     |
[INFO] [stdout] 407 | top_level_handler_fn!(post, POST);
[INFO] [stdout]     | ^^^^^^^^^^^^^^^^^^^^^^----^^^^^^^
[INFO] [stdout]     | |                     |
[INFO] [stdout]     | |                     required by a bound in this function
[INFO] [stdout]     | required by this bound in `post`
[INFO] [stdout]     = note: this error originates in the macro `top_level_handler_fn` (in Nightly builds, run with -Z macro-backtrace for more info)
[INFO] [stdout] 
[INFO] [stdout] 
[INFO] [stdout] warning: unused variable: `user`
[INFO] [stdout]   --> server/src/vault.rs:37:34
[INFO] [stdout]    |
[INFO] [stdout] 37 | pub async fn vault_get(Extension(user): Extension<user::Model>, State(state): State<ServerState>) {
[INFO] [stdout]    |                                  ^^^^ help: if this is intentional, prefix it with an underscore: `_user`
[INFO] [stdout]    |
[INFO] [stdout]    = note: `#[warn(unused_variables)]` on by default
[INFO] [stdout] 
[INFO] [stdout] 
[INFO] [stdout] warning: unused variable: `engine`
[INFO] [stdout]   --> server/src/vault.rs:38:9
[INFO] [stdout]    |
[INFO] [stdout] 38 |     let engine = state.engine.read().await;
[INFO] [stdout]    |         ^^^^^^ help: if this is intentional, prefix it with an underscore: `_engine`
[INFO] [stdout] 
[INFO] [stdout] 
[INFO] [stdout] error: aborting due to 5 previous errors; 2 warnings emitted
[INFO] [stdout] 
[INFO] [stdout] 
[INFO] [stdout] Some errors have detailed explanations: E0277, E0432.
[INFO] [stdout] 
[INFO] [stdout] For more information about an error, try `rustc --explain E0277`.
[INFO] [stdout] 
[INFO] [stderr] error: could not compile `server` (lib) due to 6 previous errors; 2 warnings emitted
[INFO] [stderr] warning: build failed, waiting for other jobs to finish...
[INFO] running `Command { std: "docker" "inspect" "98a911204cdbdc2777357e6c57ac4634a7d53c21508b4ecc5d2a39b4da4af161", kill_on_drop: false }`
[INFO] running `Command { std: "docker" "rm" "-f" "98a911204cdbdc2777357e6c57ac4634a7d53c21508b4ecc5d2a39b4da4af161", kill_on_drop: false }`
[INFO] [stdout] 98a911204cdbdc2777357e6c57ac4634a7d53c21508b4ecc5d2a39b4da4af161
