[INFO] cloning repository https://github.com/O-X-E-Y/oxeygen
[INFO] running `Command { std: "git" "-c" "credential.helper=" "-c" "credential.helper=/workspace/cargo-home/bin/git-credential-null" "clone" "--bare" "https://github.com/O-X-E-Y/oxeygen" "/workspace/cache/git-repos/https%3A%2F%2Fgithub.com%2FO-X-E-Y%2Foxeygen", kill_on_drop: false }`
[INFO] [stderr] Cloning into bare repository '/workspace/cache/git-repos/https%3A%2F%2Fgithub.com%2FO-X-E-Y%2Foxeygen'...
[INFO] running `Command { std: "git" "rev-parse" "HEAD", kill_on_drop: false }`
[INFO] [stdout] c15d181557646e7634133c7ccaad960a83ac653c
[INFO] documenting O-X-E-Y/oxeygen against 1.75.0 for beta-1.76-rustdoc-1
[INFO] running `Command { std: "git" "clone" "/workspace/cache/git-repos/https%3A%2F%2Fgithub.com%2FO-X-E-Y%2Foxeygen" "/workspace/builds/worker-6-tc1/source", kill_on_drop: false }`
[INFO] [stderr] Cloning into '/workspace/builds/worker-6-tc1/source'...
[INFO] [stderr] done.
[INFO] validating manifest of git repo https://github.com/O-X-E-Y/oxeygen on toolchain 1.75.0
[INFO] running `Command { std: CARGO_HOME="/workspace/cargo-home" RUSTUP_HOME="/workspace/rustup-home" "/workspace/cargo-home/bin/cargo" "+1.75.0" "metadata" "--manifest-path" "Cargo.toml" "--no-deps", kill_on_drop: false }`
[INFO] removed /workspace/builds/worker-6-tc1/source/rust-toolchain
[INFO] started tweaking git repo https://github.com/O-X-E-Y/oxeygen
[INFO] finished tweaking git repo https://github.com/O-X-E-Y/oxeygen
[INFO] tweaked toml for git repo https://github.com/O-X-E-Y/oxeygen written to /workspace/builds/worker-6-tc1/source/Cargo.toml
[INFO] crate git repo https://github.com/O-X-E-Y/oxeygen already has a lockfile, it will not be regenerated
[INFO] running `Command { std: CARGO_HOME="/workspace/cargo-home" RUSTUP_HOME="/workspace/rustup-home" "/workspace/cargo-home/bin/cargo" "+1.75.0" "fetch" "--manifest-path" "Cargo.toml", kill_on_drop: false }`
[INFO] [stderr]     Updating crates.io index
[INFO] [stderr]  Downloading crates ...
[INFO] [stderr]   Downloaded dioxus-interpreter-js v0.3.3
[INFO] [stderr]   Downloaded dioxus-hooks v0.3.1
[INFO] [stderr]   Downloaded dioxus-web v0.3.2
[INFO] [stderr]   Downloaded internment v0.7.1
[INFO] [stderr]   Downloaded file-chunker v0.1.1
[INFO] [stderr]   Downloaded ux v0.1.5
[INFO] [stderr]   Downloaded dioxus-router v0.3.0
[INFO] [stderr]   Downloaded dioxus-core v0.3.3
[INFO] [stderr]   Downloaded getargs v0.5.0
[INFO] [stderr]   Downloaded smallstr v0.2.0
[INFO] [stderr]   Downloaded sledgehammer_utils v0.1.1
[INFO] [stderr]   Downloaded dioxus-ssr v0.3.0
[INFO] [stderr]   Downloaded time_this v0.2.4
[INFO] [stderr]   Downloaded sliding_window_alt v0.1.2
[INFO] [stderr]   Downloaded libdof v0.14.8
[INFO] running `Command { std: "docker" "create" "-v" "/var/lib/crater-agent-workspace/builds/worker-6-tc1/target:/opt/rustwide/target:rw,Z" "-v" "/var/lib/crater-agent-workspace/builds/worker-6-tc1/source:/opt/rustwide/workdir:ro,Z" "-v" "/var/lib/crater-agent-workspace/cargo-home:/opt/rustwide/cargo-home:ro,Z" "-v" "/var/lib/crater-agent-workspace/rustup-home:/opt/rustwide/rustup-home:ro,Z" "-e" "SOURCE_DIR=/opt/rustwide/workdir" "-e" "CARGO_TARGET_DIR=/opt/rustwide/target" "-e" "CARGO_HOME=/opt/rustwide/cargo-home" "-e" "RUSTUP_HOME=/opt/rustwide/rustup-home" "-w" "/opt/rustwide/workdir" "-m" "1610612736" "--user" "0:0" "--network" "none" "ghcr.io/rust-lang/crates-build-env/linux@sha256:2788e3201cd34a07e3172128adcd8b3090168a8e3bcc40d7c032b9dda1df7d1c" "/opt/rustwide/cargo-home/bin/cargo" "+1.75.0" "metadata" "--no-deps" "--format-version=1", kill_on_drop: false }`
[INFO] [stdout] 1df369eaa639feac91f3faf8b1e247f5a24c5de7494390fd18398d84e63598a9
[INFO] running `Command { std: "docker" "start" "-a" "1df369eaa639feac91f3faf8b1e247f5a24c5de7494390fd18398d84e63598a9", kill_on_drop: false }`
[INFO] running `Command { std: "docker" "inspect" "1df369eaa639feac91f3faf8b1e247f5a24c5de7494390fd18398d84e63598a9", kill_on_drop: false }`
[INFO] running `Command { std: "docker" "rm" "-f" "1df369eaa639feac91f3faf8b1e247f5a24c5de7494390fd18398d84e63598a9", kill_on_drop: false }`
[INFO] [stdout] 1df369eaa639feac91f3faf8b1e247f5a24c5de7494390fd18398d84e63598a9
[INFO] running `Command { std: "docker" "create" "-v" "/var/lib/crater-agent-workspace/builds/worker-6-tc1/target:/opt/rustwide/target:rw,Z" "-v" "/var/lib/crater-agent-workspace/builds/worker-6-tc1/source:/opt/rustwide/workdir:ro,Z" "-v" "/var/lib/crater-agent-workspace/cargo-home:/opt/rustwide/cargo-home:ro,Z" "-v" "/var/lib/crater-agent-workspace/rustup-home:/opt/rustwide/rustup-home:ro,Z" "-e" "SOURCE_DIR=/opt/rustwide/workdir" "-e" "CARGO_TARGET_DIR=/opt/rustwide/target" "-e" "CARGO_INCREMENTAL=0" "-e" "RUST_BACKTRACE=full" "-e" "RUSTFLAGS=--cap-lints=warn" "-e" "RUSTDOCFLAGS=--cap-lints=warn" "-e" "CARGO_HOME=/opt/rustwide/cargo-home" "-e" "RUSTUP_HOME=/opt/rustwide/rustup-home" "-w" "/opt/rustwide/workdir" "-m" "1610612736" "--user" "0:0" "--network" "none" "ghcr.io/rust-lang/crates-build-env/linux@sha256:2788e3201cd34a07e3172128adcd8b3090168a8e3bcc40d7c032b9dda1df7d1c" "/opt/rustwide/cargo-home/bin/cargo" "+1.75.0" "doc" "--frozen" "--no-deps" "--document-private-items" "--message-format=json", kill_on_drop: false }`
[INFO] [stdout] b91401f3baefac6b955384768c891fc9c1bc25c7b7668c868a630e25000ce446
[INFO] running `Command { std: "docker" "start" "-a" "b91401f3baefac6b955384768c891fc9c1bc25c7b7668c868a630e25000ce446", kill_on_drop: false }`
[INFO] [stderr]    Compiling proc-macro2 v1.0.66
[INFO] [stderr]    Compiling libc v0.2.147
[INFO] [stderr]    Compiling version_check v0.9.4
[INFO] [stderr]    Compiling serde v1.0.192
[INFO] [stderr]    Compiling once_cell v1.18.0
[INFO] [stderr]    Compiling bumpalo v3.13.0
[INFO] [stderr]    Compiling log v0.4.20
[INFO] [stderr]    Compiling wasm-bindgen-shared v0.2.87
[INFO] [stderr]    Compiling ident_case v1.0.1
[INFO] [stderr]    Compiling strsim v0.10.0
[INFO] [stderr]    Compiling fnv v1.0.7
[INFO] [stderr]    Compiling crossbeam-utils v0.8.16
[INFO] [stderr]    Compiling futures-core v0.3.28
[INFO] [stderr]    Compiling ahash v0.7.6
[INFO] [stderr]     Checking scopeguard v1.2.0
[INFO] [stderr]    Compiling lock_api v0.4.10
[INFO] [stderr]    Compiling slab v0.4.9
[INFO] [stderr]    Compiling futures-channel v0.3.28
[INFO] [stderr]    Compiling wasm-bindgen v0.2.87
[INFO] [stderr]    Compiling indexmap v1.9.3
[INFO] [stderr]    Compiling quote v1.0.33
[INFO] [stderr]    Compiling parking_lot_core v0.9.8
[INFO] [stderr]     Checking itoa v1.0.9
[INFO] [stderr]    Compiling syn v2.0.32
[INFO] [stderr]     Checking pin-project-lite v0.2.13
[INFO] [stderr]     Checking ryu v1.0.15
[INFO] [stderr]     Checking memchr v2.6.3
[INFO] [stderr]    Compiling serde_json v1.0.108
[INFO] [stderr]    Compiling cfg-if v1.0.0
[INFO] [stderr]    Compiling futures-task v0.3.28
[INFO] [stderr]    Compiling num-traits v0.2.16
[INFO] [stderr]    Compiling syn v1.0.109
[INFO] [stderr]     Checking rustc-hash v1.1.0
[INFO] [stderr]    Compiling thiserror v1.0.50
[INFO] [stderr]    Compiling futures-util v0.3.28
[INFO] [stderr]     Checking crossbeam-channel v0.5.8
[INFO] [stderr]    Compiling memoffset v0.9.0
[INFO] [stderr]     Checking getrandom v0.2.10
[INFO] [stderr]     Checking longest-increasing-subsequence v0.1.0
[INFO] [stderr]     Checking smallbox v0.8.1
[INFO] [stderr]     Checking hashbrown v0.12.3
[INFO] [stderr]     Checking unicode-ident v1.0.11
[INFO] [stderr]    Compiling semver v1.0.18
[INFO] [stderr]     Checking bumpslab v0.2.0
[INFO] [stderr]    Compiling crossbeam-epoch v0.9.15
[INFO] [stderr]     Checking bitflags v1.3.2
[INFO] [stderr]     Checking parking_lot v0.12.1
[INFO] [stderr]     Checking aho-corasick v1.0.5
[INFO] [stderr]    Compiling typenum v1.16.0
[INFO] [stderr]     Checking regex-syntax v0.7.5
[INFO] [stderr]     Checking event-listener v2.5.3
[INFO] [stderr]    Compiling async-trait v0.1.73
[INFO] [stderr]    Compiling smallvec v1.11.0
[INFO] [stderr]    Compiling anyhow v1.0.75
[INFO] [stderr]     Checking ordered-float v2.10.0
[INFO] [stderr]    Compiling rustc_version v0.4.0
[INFO] [stderr]     Checking internment v0.7.1
[INFO] [stderr]     Checking concurrent-queue v2.2.0
[INFO] [stderr]    Compiling generic-array v0.14.7
[INFO] [stderr]     Checking same-file v1.0.6
[INFO] [stderr]    Compiling pin-utils v0.1.0
[INFO] [stderr]    Compiling rustix v0.38.13
[INFO] [stderr]    Compiling rayon-core v1.11.0
[INFO] [stderr]     Checking futures-io v0.3.28
[INFO] [stderr]    Compiling execute-command-tokens v0.1.6
[INFO] [stderr]     Checking parking v2.1.0
[INFO] [stderr]     Checking unicode-segmentation v1.10.1
[INFO] [stderr]     Checking fastrand v1.9.0
[INFO] [stderr]     Checking waker-fn v1.1.0
[INFO] [stderr]    Compiling interprocess v1.2.1
[INFO] [stderr]     Checking regex-automata v0.3.8
[INFO] [stderr]     Checking futures-lite v1.13.0
[INFO] [stderr]     Checking walkdir v2.4.0
[INFO] [stderr]     Checking async-channel v1.9.0
[INFO] [stderr]     Checking crossbeam-deque v0.8.3
[INFO] [stderr]    Compiling darling_core v0.20.3
[INFO] [stderr]    Compiling wasm-bindgen-backend v0.2.87
[INFO] [stderr]     Checking async-lock v2.8.0
[INFO] [stderr]     Checking inotify-sys v0.1.5
[INFO] [stderr]     Checking num_cpus v1.16.0
[INFO] [stderr]     Checking regex v1.9.5
[INFO] [stderr]    Compiling wasm-bindgen-macro-support v0.2.87
[INFO] [stderr]     Checking bstr v1.6.2
[INFO] [stderr]     Checking linux-raw-sys v0.4.7
[INFO] [stderr]     Checking async-task v4.4.0
[INFO] [stderr]     Checking either v1.9.0
[INFO] [stderr]     Checking tinyvec_macros v0.1.1
[INFO] [stderr]     Checking atomic-waker v1.1.1
[INFO] [stderr]     Checking bitflags v2.4.0
[INFO] [stderr]    Compiling dioxus-core v0.3.3
[INFO] [stderr]     Checking globset v0.4.13
[INFO] [stderr]     Checking blocking v1.3.1
[INFO] [stderr]     Checking tinyvec v1.6.0
[INFO] [stderr]     Checking inotify v0.9.6
[INFO] [stderr]     Checking spinning v0.1.0
[INFO] [stderr]     Checking mio v0.8.8
[INFO] [stderr]     Checking memmap2 v0.5.10
[INFO] [stderr]     Checking filetime v0.2.22
[INFO] [stderr]     Checking byteorder v1.4.3
[INFO] [stderr]     Checking intmap v0.7.1
[INFO] [stderr]    Compiling time-core v0.1.1
[INFO] [stderr]     Checking to_method v1.1.0
[INFO] [stderr]     Checking percent-encoding v2.3.0
[INFO] [stderr]     Checking notify v5.2.0
[INFO] [stderr]    Compiling time-macros v0.2.14
[INFO] [stderr]     Checking fxhash v0.2.1
[INFO] [stderr]     Checking form_urlencoded v1.2.0
[INFO] [stderr]     Checking chrono v0.4.30
[INFO] [stderr]    Compiling serde_derive v1.0.192
[INFO] [stderr]    Compiling wasm-bindgen-macro v0.2.87
[INFO] [stderr]    Compiling futures-macro v0.3.28
[INFO] [stderr]    Compiling darling_macro v0.20.3
[INFO] [stderr]    Compiling thiserror-impl v1.0.50
[INFO] [stderr]    Compiling darling v0.20.3
[INFO] [stderr]    Compiling enumset_derive v0.8.1
[INFO] [stderr]     Checking js-sys v0.3.64
[INFO] [stderr]    Compiling serde_with_macros v3.4.0
[INFO] [stderr]    Compiling serde_repr v0.1.16
[INFO] [stderr]     Checking enumset v1.1.2
[INFO] [stderr]    Compiling execute-command-macro-impl v0.1.9
[INFO] [stderr]    Compiling serde_with_macros v2.3.3
[INFO] [stderr]     Checking execute-command-macro v0.1.8
[INFO] [stderr]     Checking execute v0.2.12
[INFO] [stderr]     Checking file-chunker v0.1.1
[INFO] [stderr]     Checking ignore v0.4.20
[INFO] [stderr]     Checking unicode-normalization v0.1.22
[INFO] [stderr]     Checking is-terminal v0.4.9
[INFO] [stderr]     Checking web-sys v0.3.64
[INFO] [stderr]     Checking rayon v1.7.0
[INFO] [stderr]     Checking itertools v0.10.5
[INFO] [stderr]     Checking lru v0.8.1
[INFO] [stderr]     Checking memmap2 v0.9.0
[INFO] [stderr]     Checking unicode-bidi v0.3.13
[INFO] [stderr]     Checking ux v0.1.5
[INFO] [stderr]     Checking arrayvec v0.7.4
[INFO] [stderr]     Checking num_threads v0.1.6
[INFO] [stderr]     Checking sliding_window_alt v0.1.2
[INFO] [stderr]     Checking deranged v0.3.8
[INFO] [stderr]     Checking idna v0.4.0
[INFO] [stderr]     Checking time v0.3.28
[INFO] [stderr]     Checking colored v2.0.4
[INFO] [stderr]     Checking wasm-bindgen-futures v0.4.37
[INFO] [stderr]    Compiling sledgehammer_bindgen v0.2.4
[INFO] [stderr]     Checking url v2.4.1
[INFO] [stderr]     Checking gloo-timers v0.2.6
[INFO] [stderr]     Checking console_error_panic_hook v0.1.7
[INFO] [stderr]     Checking smallstr v0.2.0
[INFO] [stderr]     Checking getargs v0.5.0
[INFO] [stderr]     Checking simple_logger v4.2.0
[INFO] [stderr]    Compiling dioxus-rsx v0.0.2
[INFO] [stderr]     Checking keyboard-types v0.6.2
[INFO] [stderr]     Checking euclid v0.22.9
[INFO] [stderr]     Checking serde-value v0.7.0
[INFO] [stderr]     Checking serde_with v3.4.0
[INFO] [stderr]     Checking serde_with v2.3.3
[INFO] [stderr]     Checking serde-wasm-bindgen v0.4.5
[INFO] [stderr]     Checking serde_urlencoded v0.7.1
[INFO] [stderr]    Compiling dioxus-core-macro v0.3.0
[INFO] [stderr]     Checking dioxus-rsx v0.0.3
[INFO] [stderr]     Checking dioxus-hooks v0.3.1
[INFO] [stderr]     Checking dioxus-ssr v0.3.0
[INFO] [stderr]     Checking gloo-utils v0.1.7
[INFO] [stderr]     Checking gloo-net v0.2.6
[INFO] [stderr]     Checking dioxus-html v0.3.1
[INFO] [stderr]     Checking libdof v0.14.8
[INFO] [stderr]     Checking gen-core v0.1.0 (/opt/rustwide/workdir/gen-core)
[INFO] [stdout] error[E0554]: `#![feature]` may not be used on the stable release channel
[INFO] [stdout]  --> gen-core/src/lib.rs:1:1
[INFO] [stdout]   |
[INFO] [stdout] 1 | #![feature(const_trait_impl, const_hash)]
[INFO] [stdout]   | ^^^^^^^^^^^^^^^^^^^^^^^^^^^^^^^^^^^^^^^^^
[INFO] [stdout] 
[INFO] [stdout] 
[INFO] [stdout] error[E0554]: `#![feature]` may not be used on the stable release channel
[INFO] [stdout]  --> gen-core/src/lib.rs:1:30
[INFO] [stdout]   |
[INFO] [stdout] 1 | #![feature(const_trait_impl, const_hash)]
[INFO] [stdout]   |                              ^^^^^^^^^^
[INFO] [stdout] 
[INFO] [stdout] 
[INFO] [stdout] error: aborting due to 2 previous errors
[INFO] [stdout] 
[INFO] [stdout] 
[INFO] [stdout] For more information about this error, try `rustc --explain E0554`.
[INFO] [stdout] 
[INFO] [stderr] error: could not compile `gen-core` (lib) due to 3 previous errors
[INFO] [stderr] warning: build failed, waiting for other jobs to finish...
[INFO] running `Command { std: "docker" "inspect" "b91401f3baefac6b955384768c891fc9c1bc25c7b7668c868a630e25000ce446", kill_on_drop: false }`
[INFO] running `Command { std: "docker" "rm" "-f" "b91401f3baefac6b955384768c891fc9c1bc25c7b7668c868a630e25000ce446", kill_on_drop: false }`
[INFO] [stdout] b91401f3baefac6b955384768c891fc9c1bc25c7b7668c868a630e25000ce446
[INFO] documenting O-X-E-Y/oxeygen against beta-2023-12-22 for beta-1.76-rustdoc-1
[INFO] running `Command { std: "git" "clone" "/workspace/cache/git-repos/https%3A%2F%2Fgithub.com%2FO-X-E-Y%2Foxeygen" "/workspace/builds/worker-6-tc2/source", kill_on_drop: false }`
[INFO] [stderr] Cloning into '/workspace/builds/worker-6-tc2/source'...
[INFO] [stderr] done.
[INFO] validating manifest of git repo https://github.com/O-X-E-Y/oxeygen on toolchain beta-2023-12-22
[INFO] running `Command { std: CARGO_HOME="/workspace/cargo-home" RUSTUP_HOME="/workspace/rustup-home" "/workspace/cargo-home/bin/cargo" "+beta-2023-12-22" "metadata" "--manifest-path" "Cargo.toml" "--no-deps", kill_on_drop: false }`
[INFO] removed /workspace/builds/worker-6-tc2/source/rust-toolchain
[INFO] started tweaking git repo https://github.com/O-X-E-Y/oxeygen
[INFO] finished tweaking git repo https://github.com/O-X-E-Y/oxeygen
[INFO] tweaked toml for git repo https://github.com/O-X-E-Y/oxeygen written to /workspace/builds/worker-6-tc2/source/Cargo.toml
[INFO] crate git repo https://github.com/O-X-E-Y/oxeygen already has a lockfile, it will not be regenerated
[INFO] running `Command { std: CARGO_HOME="/workspace/cargo-home" RUSTUP_HOME="/workspace/rustup-home" "/workspace/cargo-home/bin/cargo" "+beta-2023-12-22" "fetch" "--manifest-path" "Cargo.toml", kill_on_drop: false }`
[INFO] running `Command { std: "docker" "create" "-v" "/var/lib/crater-agent-workspace/builds/worker-6-tc2/target:/opt/rustwide/target:rw,Z" "-v" "/var/lib/crater-agent-workspace/builds/worker-6-tc2/source:/opt/rustwide/workdir:ro,Z" "-v" "/var/lib/crater-agent-workspace/cargo-home:/opt/rustwide/cargo-home:ro,Z" "-v" "/var/lib/crater-agent-workspace/rustup-home:/opt/rustwide/rustup-home:ro,Z" "-e" "SOURCE_DIR=/opt/rustwide/workdir" "-e" "CARGO_TARGET_DIR=/opt/rustwide/target" "-e" "CARGO_HOME=/opt/rustwide/cargo-home" "-e" "RUSTUP_HOME=/opt/rustwide/rustup-home" "-w" "/opt/rustwide/workdir" "-m" "1610612736" "--user" "0:0" "--network" "none" "ghcr.io/rust-lang/crates-build-env/linux@sha256:2788e3201cd34a07e3172128adcd8b3090168a8e3bcc40d7c032b9dda1df7d1c" "/opt/rustwide/cargo-home/bin/cargo" "+beta-2023-12-22" "metadata" "--no-deps" "--format-version=1", kill_on_drop: false }`
[INFO] [stdout] aad3bbf34e57f1bc7c72bb8c2e47021381d7caa3c8a734c553d32575f060d701
[INFO] running `Command { std: "docker" "start" "-a" "aad3bbf34e57f1bc7c72bb8c2e47021381d7caa3c8a734c553d32575f060d701", kill_on_drop: false }`
[INFO] running `Command { std: "docker" "inspect" "aad3bbf34e57f1bc7c72bb8c2e47021381d7caa3c8a734c553d32575f060d701", kill_on_drop: false }`
[INFO] running `Command { std: "docker" "rm" "-f" "aad3bbf34e57f1bc7c72bb8c2e47021381d7caa3c8a734c553d32575f060d701", kill_on_drop: false }`
[INFO] [stdout] aad3bbf34e57f1bc7c72bb8c2e47021381d7caa3c8a734c553d32575f060d701
[INFO] running `Command { std: "docker" "create" "-v" "/var/lib/crater-agent-workspace/builds/worker-6-tc2/target:/opt/rustwide/target:rw,Z" "-v" "/var/lib/crater-agent-workspace/builds/worker-6-tc2/source:/opt/rustwide/workdir:ro,Z" "-v" "/var/lib/crater-agent-workspace/cargo-home:/opt/rustwide/cargo-home:ro,Z" "-v" "/var/lib/crater-agent-workspace/rustup-home:/opt/rustwide/rustup-home:ro,Z" "-e" "SOURCE_DIR=/opt/rustwide/workdir" "-e" "CARGO_TARGET_DIR=/opt/rustwide/target" "-e" "CARGO_INCREMENTAL=0" "-e" "RUST_BACKTRACE=full" "-e" "RUSTFLAGS=--cap-lints=warn" "-e" "RUSTDOCFLAGS=--cap-lints=warn" "-e" "CARGO_HOME=/opt/rustwide/cargo-home" "-e" "RUSTUP_HOME=/opt/rustwide/rustup-home" "-w" "/opt/rustwide/workdir" "-m" "1610612736" "--user" "0:0" "--network" "none" "ghcr.io/rust-lang/crates-build-env/linux@sha256:2788e3201cd34a07e3172128adcd8b3090168a8e3bcc40d7c032b9dda1df7d1c" "/opt/rustwide/cargo-home/bin/cargo" "+beta-2023-12-22" "doc" "--frozen" "--no-deps" "--document-private-items" "--message-format=json", kill_on_drop: false }`
[INFO] [stdout] 6dc72216c578da7d80c3ddab8ae34d658665fee68bce111306b933fd0394908e
[INFO] running `Command { std: "docker" "start" "-a" "6dc72216c578da7d80c3ddab8ae34d658665fee68bce111306b933fd0394908e", kill_on_drop: false }`
[INFO] [stderr]    Compiling proc-macro2 v1.0.66
[INFO] [stderr]    Compiling libc v0.2.147
[INFO] [stderr]    Compiling version_check v0.9.4
[INFO] [stderr]    Compiling serde v1.0.192
[INFO] [stderr]    Compiling once_cell v1.18.0
[INFO] [stderr]    Compiling bumpalo v3.13.0
[INFO] [stderr]    Compiling log v0.4.20
[INFO] [stderr]    Compiling wasm-bindgen-shared v0.2.87
[INFO] [stderr]    Compiling futures-core v0.3.28
[INFO] [stderr]    Compiling fnv v1.0.7
[INFO] [stderr]     Checking scopeguard v1.2.0
[INFO] [stderr]    Compiling ahash v0.7.6
[INFO] [stderr]    Compiling crossbeam-utils v0.8.16
[INFO] [stderr]    Compiling ident_case v1.0.1
[INFO] [stderr]    Compiling strsim v0.10.0
[INFO] [stderr]    Compiling lock_api v0.4.10
[INFO] [stderr]    Compiling slab v0.4.9
[INFO] [stderr]    Compiling wasm-bindgen v0.2.87
[INFO] [stderr]    Compiling futures-channel v0.3.28
[INFO] [stderr]    Compiling indexmap v1.9.3
[INFO] [stderr]    Compiling parking_lot_core v0.9.8
[INFO] [stderr]     Checking itoa v1.0.9
[INFO] [stderr]     Checking pin-project-lite v0.2.13
[INFO] [stderr]    Compiling quote v1.0.33
[INFO] [stderr]    Compiling futures-task v0.3.28
[INFO] [stderr]     Checking ryu v1.0.15
[INFO] [stderr]    Compiling serde_json v1.0.108
[INFO] [stderr]     Checking memchr v2.6.3
[INFO] [stderr]    Compiling syn v2.0.32
[INFO] [stderr]    Compiling cfg-if v1.0.0
[INFO] [stderr]    Compiling num-traits v0.2.16
[INFO] [stderr]    Compiling thiserror v1.0.50
[INFO] [stderr]    Compiling syn v1.0.109
[INFO] [stderr]    Compiling futures-util v0.3.28
[INFO] [stderr]     Checking getrandom v0.2.10
[INFO] [stderr]     Checking rustc-hash v1.1.0
[INFO] [stderr]     Checking hashbrown v0.12.3
[INFO] [stderr]     Checking crossbeam-channel v0.5.8
[INFO] [stderr]    Compiling memoffset v0.9.0
[INFO] [stderr]    Compiling semver v1.0.18
[INFO] [stderr]     Checking smallbox v0.8.1
[INFO] [stderr]     Checking longest-increasing-subsequence v0.1.0
[INFO] [stderr]     Checking bumpslab v0.2.0
[INFO] [stderr]     Checking unicode-ident v1.0.11
[INFO] [stderr]    Compiling crossbeam-epoch v0.9.15
[INFO] [stderr]     Checking bitflags v1.3.2
[INFO] [stderr]     Checking parking_lot v0.12.1
[INFO] [stderr]     Checking aho-corasick v1.0.5
[INFO] [stderr]    Compiling anyhow v1.0.75
[INFO] [stderr]    Compiling smallvec v1.11.0
[INFO] [stderr]    Compiling async-trait v0.1.73
[INFO] [stderr]    Compiling typenum v1.16.0
[INFO] [stderr]     Checking event-listener v2.5.3
[INFO] [stderr]     Checking regex-syntax v0.7.5
[INFO] [stderr]     Checking ordered-float v2.10.0
[INFO] [stderr]    Compiling rustc_version v0.4.0
[INFO] [stderr]     Checking internment v0.7.1
[INFO] [stderr]     Checking concurrent-queue v2.2.0
[INFO] [stderr]    Compiling generic-array v0.14.7
[INFO] [stderr]    Compiling rustix v0.38.13
[INFO] [stderr]    Compiling rayon-core v1.11.0
[INFO] [stderr]     Checking parking v2.1.0
[INFO] [stderr]     Checking waker-fn v1.1.0
[INFO] [stderr]    Compiling execute-command-tokens v0.1.6
[INFO] [stderr]     Checking fastrand v1.9.0
[INFO] [stderr]     Checking unicode-segmentation v1.10.1
[INFO] [stderr]     Checking same-file v1.0.6
[INFO] [stderr]    Compiling pin-utils v0.1.0
[INFO] [stderr]     Checking futures-io v0.3.28
[INFO] [stderr]     Checking walkdir v2.4.0
[INFO] [stderr]     Checking futures-lite v1.13.0
[INFO] [stderr]     Checking async-channel v1.9.0
[INFO] [stderr]    Compiling interprocess v1.2.1
[INFO] [stderr]     Checking crossbeam-deque v0.8.3
[INFO] [stderr]     Checking regex-automata v0.3.8
[INFO] [stderr]     Checking async-lock v2.8.0
[INFO] [stderr]     Checking bstr v1.6.2
[INFO] [stderr]    Compiling wasm-bindgen-backend v0.2.87
[INFO] [stderr]    Compiling darling_core v0.20.3
[INFO] [stderr]     Checking inotify-sys v0.1.5
[INFO] [stderr]     Checking num_cpus v1.16.0
[INFO] [stderr]     Checking async-task v4.4.0
[INFO] [stderr]     Checking either v1.9.0
[INFO] [stderr]     Checking atomic-waker v1.1.1
[INFO] [stderr]     Checking linux-raw-sys v0.4.7
[INFO] [stderr]     Checking bitflags v2.4.0
[INFO] [stderr]     Checking tinyvec_macros v0.1.1
[INFO] [stderr]     Checking tinyvec v1.6.0
[INFO] [stderr]     Checking blocking v1.3.1
[INFO] [stderr]    Compiling dioxus-core v0.3.3
[INFO] [stderr]    Compiling wasm-bindgen-macro-support v0.2.87
[INFO] [stderr]     Checking regex v1.9.5
[INFO] [stderr]     Checking globset v0.4.13
[INFO] [stderr]     Checking inotify v0.9.6
[INFO] [stderr]     Checking spinning v0.1.0
[INFO] [stderr]     Checking memmap2 v0.5.10
[INFO] [stderr]     Checking mio v0.8.8
[INFO] [stderr]     Checking filetime v0.2.22
[INFO] [stderr]     Checking intmap v0.7.1
[INFO] [stderr]     Checking byteorder v1.4.3
[INFO] [stderr]    Compiling time-core v0.1.1
[INFO] [stderr]     Checking to_method v1.1.0
[INFO] [stderr]     Checking percent-encoding v2.3.0
[INFO] [stderr]    Compiling time-macros v0.2.14
[INFO] [stderr]     Checking chrono v0.4.30
[INFO] [stderr]     Checking form_urlencoded v1.2.0
[INFO] [stderr]     Checking fxhash v0.2.1
[INFO] [stderr]     Checking notify v5.2.0
[INFO] [stderr]     Checking ignore v0.4.20
[INFO] [stderr]     Checking file-chunker v0.1.1
[INFO] [stderr]     Checking rayon v1.7.0
[INFO] [stderr]     Checking is-terminal v0.4.9
[INFO] [stderr]     Checking unicode-normalization v0.1.22
[INFO] [stderr]     Checking itertools v0.10.5
[INFO] [stderr]    Compiling serde_derive v1.0.192
[INFO] [stderr]    Compiling darling_macro v0.20.3
[INFO] [stderr]    Compiling wasm-bindgen-macro v0.2.87
[INFO] [stderr]    Compiling thiserror-impl v1.0.50
[INFO] [stderr]    Compiling darling v0.20.3
[INFO] [stderr]    Compiling futures-macro v0.3.28
[INFO] [stderr]    Compiling enumset_derive v0.8.1
[INFO] [stderr]     Checking js-sys v0.3.64
[INFO] [stderr]    Compiling serde_with_macros v3.4.0
[INFO] [stderr]    Compiling serde_repr v0.1.16
[INFO] [stderr]    Compiling execute-command-macro-impl v0.1.9
[INFO] [stderr]     Checking enumset v1.1.2
[INFO] [stderr]    Compiling serde_with_macros v2.3.3
[INFO] [stderr]     Checking execute-command-macro v0.1.8
[INFO] [stderr]     Checking execute v0.2.12
[INFO] [stderr]     Checking lru v0.8.1
[INFO] [stderr]     Checking memmap2 v0.9.0
[INFO] [stderr]     Checking unicode-bidi v0.3.13
[INFO] [stderr]     Checking sliding_window_alt v0.1.2
[INFO] [stderr]     Checking arrayvec v0.7.4
[INFO] [stderr]     Checking ux v0.1.5
[INFO] [stderr]     Checking num_threads v0.1.6
[INFO] [stderr]     Checking deranged v0.3.8
[INFO] [stderr]     Checking idna v0.4.0
[INFO] [stderr]    Compiling sledgehammer_bindgen v0.2.4
[INFO] [stderr]     Checking web-sys v0.3.64
[INFO] [stderr]     Checking wasm-bindgen-futures v0.4.37
[INFO] [stderr]     Checking colored v2.0.4
[INFO] [stderr]     Checking url v2.4.1
[INFO] [stderr]     Checking gloo-timers v0.2.6
[INFO] [stderr]     Checking time v0.3.28
[INFO] [stderr]     Checking console_error_panic_hook v0.1.7
[INFO] [stderr]     Checking smallstr v0.2.0
[INFO] [stderr]     Checking getargs v0.5.0
[INFO] [stderr]     Checking simple_logger v4.2.0
[INFO] [stderr]    Compiling dioxus-rsx v0.0.2
[INFO] [stderr]     Checking serde-value v0.7.0
[INFO] [stderr]     Checking keyboard-types v0.6.2
[INFO] [stderr]     Checking euclid v0.22.9
[INFO] [stderr]     Checking serde_with v3.4.0
[INFO] [stderr]     Checking serde_with v2.3.3
[INFO] [stderr]     Checking serde-wasm-bindgen v0.4.5
[INFO] [stderr]    Compiling dioxus-core-macro v0.3.0
[INFO] [stderr]     Checking serde_urlencoded v0.7.1
[INFO] [stderr]     Checking dioxus-rsx v0.0.3
[INFO] [stderr]     Checking dioxus-hooks v0.3.1
[INFO] [stderr]     Checking dioxus-ssr v0.3.0
[INFO] [stderr]     Checking gloo-utils v0.1.7
[INFO] [stderr]     Checking gloo-net v0.2.6
[INFO] [stderr]     Checking dioxus-html v0.3.1
[INFO] [stderr]     Checking libdof v0.14.8
[INFO] [stderr]     Checking gen-core v0.1.0 (/opt/rustwide/workdir/gen-core)
[INFO] [stdout] error[E0554]: `#![feature]` may not be used on the beta release channel
[INFO] [stdout]  --> gen-core/src/lib.rs:1:1
[INFO] [stdout]   |
[INFO] [stdout] 1 | #![feature(const_trait_impl, const_hash)]
[INFO] [stdout]   | ^^^^^^^^^^^^^^^^^^^^^^^^^^^^^^^^^^^^^^^^^
[INFO] [stdout] 
[INFO] [stdout] 
[INFO] [stdout] error[E0554]: `#![feature]` may not be used on the beta release channel
[INFO] [stdout]  --> gen-core/src/lib.rs:1:30
[INFO] [stdout]   |
[INFO] [stdout] 1 | #![feature(const_trait_impl, const_hash)]
[INFO] [stdout]   |                              ^^^^^^^^^^
[INFO] [stdout] 
[INFO] [stdout] 
[INFO] [stdout] error: aborting due to 2 previous errors
[INFO] [stdout] 
[INFO] [stdout] 
[INFO] [stdout] For more information about this error, try `rustc --explain E0554`.
[INFO] [stdout] 
[INFO] [stderr] error: could not compile `gen-core` (lib) due to 3 previous errors
[INFO] [stderr] warning: build failed, waiting for other jobs to finish...
[INFO] running `Command { std: "docker" "inspect" "6dc72216c578da7d80c3ddab8ae34d658665fee68bce111306b933fd0394908e", kill_on_drop: false }`
[INFO] running `Command { std: "docker" "rm" "-f" "6dc72216c578da7d80c3ddab8ae34d658665fee68bce111306b933fd0394908e", kill_on_drop: false }`
[INFO] [stdout] 6dc72216c578da7d80c3ddab8ae34d658665fee68bce111306b933fd0394908e
