[INFO] cloning repository https://github.com/NyxCode/heaven-on-earth
[INFO] running `Command { std: "git" "-c" "credential.helper=" "-c" "credential.helper=/workspace/cargo-home/bin/git-credential-null" "clone" "--bare" "https://github.com/NyxCode/heaven-on-earth" "/workspace/cache/git-repos/https%3A%2F%2Fgithub.com%2FNyxCode%2Fheaven-on-earth", kill_on_drop: false }`
[INFO] [stderr] Cloning into bare repository '/workspace/cache/git-repos/https%3A%2F%2Fgithub.com%2FNyxCode%2Fheaven-on-earth'...
[INFO] running `Command { std: "git" "rev-parse" "HEAD", kill_on_drop: false }`
[INFO] [stdout] 3504ec7cc901b0078a96f7bcdef5247e89fb3263
[INFO] documenting NyxCode/heaven-on-earth against 1.75.0 for beta-1.76-rustdoc-1
[INFO] running `Command { std: "git" "clone" "/workspace/cache/git-repos/https%3A%2F%2Fgithub.com%2FNyxCode%2Fheaven-on-earth" "/workspace/builds/worker-1-tc1/source", kill_on_drop: false }`
[INFO] [stderr] Cloning into '/workspace/builds/worker-1-tc1/source'...
[INFO] [stderr] done.
[INFO] validating manifest of git repo https://github.com/NyxCode/heaven-on-earth on toolchain 1.75.0
[INFO] running `Command { std: CARGO_HOME="/workspace/cargo-home" RUSTUP_HOME="/workspace/rustup-home" "/workspace/cargo-home/bin/cargo" "+1.75.0" "metadata" "--manifest-path" "Cargo.toml" "--no-deps", kill_on_drop: false }`
[INFO] started tweaking git repo https://github.com/NyxCode/heaven-on-earth
[INFO] finished tweaking git repo https://github.com/NyxCode/heaven-on-earth
[INFO] tweaked toml for git repo https://github.com/NyxCode/heaven-on-earth written to /workspace/builds/worker-1-tc1/source/Cargo.toml
[INFO] crate git repo https://github.com/NyxCode/heaven-on-earth already has a lockfile, it will not be regenerated
[INFO] running `Command { std: CARGO_HOME="/workspace/cargo-home" RUSTUP_HOME="/workspace/rustup-home" "/workspace/cargo-home/bin/cargo" "+1.75.0" "fetch" "--manifest-path" "Cargo.toml", kill_on_drop: false }`
[INFO] [stderr]     Updating crates.io index
[INFO] [stderr]  Downloading crates ...
[INFO] [stderr]   Downloaded parking_lot v0.6.3
[INFO] [stderr]   Downloaded meval v0.1.0
[INFO] [stderr]   Downloaded enquote v1.0.3
[INFO] [stderr]   Downloaded cron v0.6.0
[INFO] [stderr]   Downloaded rust-ini v0.12.2
[INFO] [stderr]   Downloaded simplelog v0.5.2
[INFO] [stderr]   Downloaded dirs v1.0.4
[INFO] [stderr]   Downloaded cc v1.0.22
[INFO] [stderr]   Downloaded proc-macro2 v0.4.14
[INFO] [stderr]   Downloaded nom v2.1.0
[INFO] [stderr]   Downloaded serde_derive v1.0.75
[INFO] [stderr]   Downloaded serde v1.0.75
[INFO] [stderr]   Downloaded job_scheduler v1.0.5
[INFO] [stderr]   Downloaded wallpaper v2.0.0
[INFO] running `Command { std: "docker" "create" "-v" "/var/lib/crater-agent-workspace/builds/worker-1-tc1/target:/opt/rustwide/target:rw,Z" "-v" "/var/lib/crater-agent-workspace/builds/worker-1-tc1/source:/opt/rustwide/workdir:ro,Z" "-v" "/var/lib/crater-agent-workspace/cargo-home:/opt/rustwide/cargo-home:ro,Z" "-v" "/var/lib/crater-agent-workspace/rustup-home:/opt/rustwide/rustup-home:ro,Z" "-e" "SOURCE_DIR=/opt/rustwide/workdir" "-e" "CARGO_TARGET_DIR=/opt/rustwide/target" "-e" "CARGO_HOME=/opt/rustwide/cargo-home" "-e" "RUSTUP_HOME=/opt/rustwide/rustup-home" "-w" "/opt/rustwide/workdir" "-m" "1610612736" "--user" "0:0" "--network" "none" "ghcr.io/rust-lang/crates-build-env/linux@sha256:2788e3201cd34a07e3172128adcd8b3090168a8e3bcc40d7c032b9dda1df7d1c" "/opt/rustwide/cargo-home/bin/cargo" "+1.75.0" "metadata" "--no-deps" "--format-version=1", kill_on_drop: false }`
[INFO] [stdout] e58b08b63bd59c0a2854d91b9bfbbb80932a0583f7f75095969d3b5b2a11f3ab
[INFO] running `Command { std: "docker" "start" "-a" "e58b08b63bd59c0a2854d91b9bfbbb80932a0583f7f75095969d3b5b2a11f3ab", kill_on_drop: false }`
[INFO] running `Command { std: "docker" "inspect" "e58b08b63bd59c0a2854d91b9bfbbb80932a0583f7f75095969d3b5b2a11f3ab", kill_on_drop: false }`
[INFO] running `Command { std: "docker" "rm" "-f" "e58b08b63bd59c0a2854d91b9bfbbb80932a0583f7f75095969d3b5b2a11f3ab", kill_on_drop: false }`
[INFO] [stdout] e58b08b63bd59c0a2854d91b9bfbbb80932a0583f7f75095969d3b5b2a11f3ab
[INFO] running `Command { std: "docker" "create" "-v" "/var/lib/crater-agent-workspace/builds/worker-1-tc1/target:/opt/rustwide/target:rw,Z" "-v" "/var/lib/crater-agent-workspace/builds/worker-1-tc1/source:/opt/rustwide/workdir:ro,Z" "-v" "/var/lib/crater-agent-workspace/cargo-home:/opt/rustwide/cargo-home:ro,Z" "-v" "/var/lib/crater-agent-workspace/rustup-home:/opt/rustwide/rustup-home:ro,Z" "-e" "SOURCE_DIR=/opt/rustwide/workdir" "-e" "CARGO_TARGET_DIR=/opt/rustwide/target" "-e" "CARGO_INCREMENTAL=0" "-e" "RUST_BACKTRACE=full" "-e" "RUSTFLAGS=--cap-lints=warn" "-e" "RUSTDOCFLAGS=--cap-lints=warn" "-e" "CARGO_HOME=/opt/rustwide/cargo-home" "-e" "RUSTUP_HOME=/opt/rustwide/rustup-home" "-w" "/opt/rustwide/workdir" "-m" "1610612736" "--user" "0:0" "--network" "none" "ghcr.io/rust-lang/crates-build-env/linux@sha256:2788e3201cd34a07e3172128adcd8b3090168a8e3bcc40d7c032b9dda1df7d1c" "/opt/rustwide/cargo-home/bin/cargo" "+1.75.0" "doc" "--frozen" "--no-deps" "--document-private-items" "--message-format=json", kill_on_drop: false }`
[INFO] [stdout] b37fb8d8d155e4ee417cb77912a2338ae1da66df4f8839680ac06ba0e17eafde
[INFO] running `Command { std: "docker" "start" "-a" "b37fb8d8d155e4ee417cb77912a2338ae1da66df4f8839680ac06ba0e17eafde", kill_on_drop: false }`
[INFO] [stderr]     Checking libc v0.2.43
[INFO] [stderr]    Compiling version_check v0.1.4
[INFO] [stderr]     Checking cfg-if v0.1.5
[INFO] [stderr]     Checking futures v0.1.23
[INFO] [stderr]     Checking byteorder v1.2.6
[INFO] [stderr]     Checking scopeguard v0.3.3
[INFO] [stderr]    Compiling cc v1.0.22
[INFO] [stderr]     Checking crossbeam-utils v0.5.0
[INFO] [stderr]     Checking void v1.0.2
[INFO] [stderr]     Checking slab v0.4.1
[INFO] [stderr]     Checking stable_deref_trait v1.1.1
[INFO] [stderr]     Checking lazycell v0.6.0
[INFO] [stderr]     Checking nodrop v0.1.12
[INFO] [stderr]     Checking memoffset v0.2.1
[INFO] [stderr]     Checking rand_core v0.2.1
[INFO] [stderr]    Compiling pkg-config v0.3.14
[INFO] [stderr]     Checking log v0.4.4
[INFO] [stderr]    Compiling siphasher v0.2.3
[INFO] [stderr]     Checking unreachable v1.0.0
[INFO] [stderr]     Checking arrayvec v0.4.7
[INFO] [stderr]     Checking owning_ref v0.3.3
[INFO] [stderr]     Checking smallvec v0.6.5
[INFO] [stderr]    Compiling num-traits v0.2.5
[INFO] [stderr]    Compiling openssl v0.9.24
[INFO] [stderr]     Checking foreign-types-shared v0.1.1
[INFO] [stderr]     Checking percent-encoding v1.0.1
[INFO] [stderr]    Compiling httparse v1.3.2
[INFO] [stderr]     Checking foreign-types v0.3.2
[INFO] [stderr]     Checking lock_api v0.1.3
[INFO] [stderr]    Compiling build_const v0.2.1
[INFO] [stderr]    Compiling serde v1.0.75
[INFO] [stderr]    Compiling num-integer v0.1.39
[INFO] [stderr]     Checking scoped-tls v0.1.2
[INFO] [stderr]    Compiling lazy_static v1.1.0
[INFO] [stderr]    Compiling unicase v1.4.2
[INFO] [stderr]    Compiling unicase v2.1.0
[INFO] [stderr]     Checking bitflags v0.9.1
[INFO] [stderr]     Checking matches v0.1.8
[INFO] [stderr]     Checking unicode-bidi v0.3.4
[INFO] [stderr]    Compiling crc v1.8.1
[INFO] [stderr]     Checking unicode-normalization v0.1.7
[INFO] [stderr]     Checking iovec v0.1.2
[INFO] [stderr]     Checking rand v0.4.3
[INFO] [stderr]     Checking num_cpus v1.8.0
[INFO] [stderr]     Checking bytes v0.4.9
[INFO] [stderr]     Checking net2 v0.2.33
[INFO] [stderr]     Checking rand v0.5.5
[INFO] [stderr]     Checking time v0.1.40
[INFO] [stderr]     Checking crossbeam-epoch v0.5.2
[INFO] [stderr]     Checking lazy_static v0.2.11
[INFO] [stderr]    Compiling phf_shared v0.7.23
[INFO] [stderr]     Checking mio v0.6.15
[INFO] [stderr]    Compiling proc-macro2 v0.4.14
[INFO] [stderr]     Checking safemem v0.2.0
[INFO] [stderr]     Checking try-lock v0.1.0
[INFO] [stderr]    Compiling ryu v0.2.6
[INFO] [stderr]     Checking mime v0.3.9
[INFO] [stderr]     Checking base64 v0.9.2
[INFO] [stderr]     Checking crossbeam-deque v0.6.1
[INFO] [stderr]     Checking itoa v0.4.2
[INFO] [stderr]     Checking parking_lot_core v0.2.14
[INFO] [stderr]    Compiling unicode-xid v0.1.0
[INFO] [stderr]    Compiling openssl-sys v0.9.35
[INFO] [stderr]    Compiling backtrace-sys v0.1.24
[INFO] [stderr]     Checking language-tags v0.2.2
[INFO] [stderr]     Checking rustc-demangle v0.1.9
[INFO] [stderr]     Checking phf v0.7.23
[INFO] [stderr]     Checking parking_lot v0.6.3
[INFO] [stderr]     Checking dtoa v0.4.3
[INFO] [stderr]     Checking tokio-executor v0.1.4
[INFO] [stderr]     Checking tokio-io v0.1.8
[INFO] [stderr]     Checking want v0.0.4
[INFO] [stderr]     Checking tokio-service v0.1.0
[INFO] [stderr]     Checking futures-cpupool v0.1.8
[INFO] [stderr]     Checking relay v0.1.1
[INFO] [stderr]     Checking adler32 v1.0.3
[INFO] [stderr]     Checking mio-uds v0.6.6
[INFO] [stderr]     Checking tokio-current-thread v0.1.1
[INFO] [stderr]     Checking tokio-timer v0.2.6
[INFO] [stderr]     Checking uuid v0.6.5
[INFO] [stderr]     Checking encoding_rs v0.8.6
[INFO] [stderr]     Checking libflate v0.1.16
[INFO] [stderr]     Checking tokio-threadpool v0.1.6
[INFO] [stderr]     Checking nom v2.1.0
[INFO] [stderr]     Checking unicode-width v0.1.5
[INFO] [stderr]    Compiling phf_generator v0.7.23
[INFO] [stderr]     Checking textwrap v0.10.0
[INFO] [stderr]     Checking dirs v1.0.4
[INFO] [stderr]     Checking chrono v0.4.6
[INFO] [stderr]    Compiling phf_codegen v0.7.23
[INFO] [stderr]     Checking tokio-reactor v0.1.5
[INFO] [stderr]     Checking tokio-codec v0.1.0
[INFO] [stderr]     Checking idna v0.1.5
[INFO] [stderr]    Compiling quote v0.6.8
[INFO] [stderr]     Checking atty v0.2.11
[INFO] [stderr]     Checking term v0.5.1
[INFO] [stderr]     Checking strsim v0.7.0
[INFO] [stderr] The following warnings were emitted during compilation:
[INFO] [stderr] 
[INFO] [stderr] warning: openssl-sys@0.9.35: /opt/rustwide/target/debug/build/openssl-sys-df8b0d2d363454e0/out/expando.c:4:24: error: pasting "RUST_VERSION_OPENSSL_" and "(" does not give a valid preprocessing token
[INFO] [stderr] warning: openssl-sys@0.9.35:     4 | #define VERSION2(n, v) RUST_VERSION_ ## n ## _ ## v
[INFO] [stderr] warning: openssl-sys@0.9.35:       |                        ^~~~~~~~~~~~~
[INFO] [stderr] warning: openssl-sys@0.9.35: /opt/rustwide/target/debug/build/openssl-sys-df8b0d2d363454e0/out/expando.c:5:23: note: in expansion of macro 'VERSION2'
[INFO] [stderr] warning: openssl-sys@0.9.35:     5 | #define VERSION(n, v) VERSION2(n, v)
[INFO] [stderr] warning: openssl-sys@0.9.35:       |                       ^~~~~~~~
[INFO] [stderr] warning: openssl-sys@0.9.35: /opt/rustwide/target/debug/build/openssl-sys-df8b0d2d363454e0/out/expando.c:7:1: note: in expansion of macro 'VERSION'
[INFO] [stderr] warning: openssl-sys@0.9.35:     7 | VERSION(OPENSSL, OPENSSL_VERSION_NUMBER)
[INFO] [stderr] warning: openssl-sys@0.9.35:       | ^~~~~~~
[INFO] [stderr] 
[INFO] [stderr] error: failed to run custom build command for `openssl-sys v0.9.35`
[INFO] [stderr] note: To improve backtraces for build dependencies, set the CARGO_PROFILE_DEV_BUILD_OVERRIDE_DEBUG=true environment variable to enable debug information generation.
[INFO] [stderr] 
[INFO] [stderr] Caused by:
[INFO] [stderr]   process didn't exit successfully: `/opt/rustwide/target/debug/build/openssl-sys-d7bbc29d1ff371b8/build-script-main` (exit status: 101)
[INFO] [stderr]   --- stdout
[INFO] [stderr]   cargo:rerun-if-env-changed=X86_64_UNKNOWN_LINUX_GNU_OPENSSL_LIB_DIR
[INFO] [stderr]   cargo:rerun-if-env-changed=OPENSSL_LIB_DIR
[INFO] [stderr]   cargo:rerun-if-env-changed=X86_64_UNKNOWN_LINUX_GNU_OPENSSL_INCLUDE_DIR
[INFO] [stderr]   cargo:rerun-if-env-changed=OPENSSL_INCLUDE_DIR
[INFO] [stderr]   cargo:rerun-if-env-changed=X86_64_UNKNOWN_LINUX_GNU_OPENSSL_DIR
[INFO] [stderr]   cargo:rerun-if-env-changed=OPENSSL_DIR
[INFO] [stderr]   cargo:rustc-link-lib=ssl
[INFO] [stderr]   cargo:rustc-link-lib=crypto
[INFO] [stderr]   OPT_LEVEL = Some("0")
[INFO] [stderr]   TARGET = Some("x86_64-unknown-linux-gnu")
[INFO] [stderr]   HOST = Some("x86_64-unknown-linux-gnu")
[INFO] [stderr]   TARGET = Some("x86_64-unknown-linux-gnu")
[INFO] [stderr]   TARGET = Some("x86_64-unknown-linux-gnu")
[INFO] [stderr]   HOST = Some("x86_64-unknown-linux-gnu")
[INFO] [stderr]   CC_x86_64-unknown-linux-gnu = None
[INFO] [stderr]   CC_x86_64_unknown_linux_gnu = None
[INFO] [stderr]   HOST_CC = None
[INFO] [stderr]   CC = None
[INFO] [stderr]   HOST = Some("x86_64-unknown-linux-gnu")
[INFO] [stderr]   TARGET = Some("x86_64-unknown-linux-gnu")
[INFO] [stderr]   HOST = Some("x86_64-unknown-linux-gnu")
[INFO] [stderr]   CFLAGS_x86_64-unknown-linux-gnu = None
[INFO] [stderr]   CFLAGS_x86_64_unknown_linux_gnu = None
[INFO] [stderr]   HOST_CFLAGS = None
[INFO] [stderr]   CFLAGS = None
[INFO] [stderr]   DEBUG = Some("true")
[INFO] [stderr]   running: "cc" "-O0" "-ffunction-sections" "-fdata-sections" "-fPIC" "-g" "-fno-omit-frame-pointer" "-m64" "-Wall" "-Wextra" "-E" "/opt/rustwide/target/debug/build/openssl-sys-df8b0d2d363454e0/out/expando.c"
[INFO] [stderr]   cargo:warning=/opt/rustwide/target/debug/build/openssl-sys-df8b0d2d363454e0/out/expando.c:4:24: error: pasting "RUST_VERSION_OPENSSL_" and "(" does not give a valid preprocessing token
[INFO] [stderr]   cargo:warning=    4 | #define VERSION2(n, v) RUST_VERSION_ ## n ## _ ## v
[INFO] [stderr]   cargo:warning=      |                        ^~~~~~~~~~~~~
[INFO] [stderr]   cargo:warning=/opt/rustwide/target/debug/build/openssl-sys-df8b0d2d363454e0/out/expando.c:5:23: note: in expansion of macro 'VERSION2'
[INFO] [stderr]   cargo:warning=    5 | #define VERSION(n, v) VERSION2(n, v)
[INFO] [stderr]   cargo:warning=      |                       ^~~~~~~~
[INFO] [stderr]   cargo:warning=/opt/rustwide/target/debug/build/openssl-sys-df8b0d2d363454e0/out/expando.c:7:1: note: in expansion of macro 'VERSION'
[INFO] [stderr]   cargo:warning=    7 | VERSION(OPENSSL, OPENSSL_VERSION_NUMBER)
[INFO] [stderr]   cargo:warning=      | ^~~~~~~
[INFO] [stderr]   exit status: 1
[INFO] [stderr] 
[INFO] [stderr]   --- stderr
[INFO] [stderr]   thread 'main' panicked at /opt/rustwide/cargo-home/registry/src/index.crates.io-6f17d22bba15001f/openssl-sys-0.9.35/build/main.rs:428:13:
[INFO] [stderr] 
[INFO] [stderr]   Header expansion error:
[INFO] [stderr]   Error { kind: ToolExecError, message: "Command \"cc\" \"-O0\" \"-ffunction-sections\" \"-fdata-sections\" \"-fPIC\" \"-g\" \"-fno-omit-frame-pointer\" \"-m64\" \"-Wall\" \"-Wextra\" \"-E\" \"/opt/rustwide/target/debug/build/openssl-sys-df8b0d2d363454e0/out/expando.c\" with args \"cc\" did not execute successfully (status code exit status: 1)." }
[INFO] [stderr] 
[INFO] [stderr]   Failed to find OpenSSL development headers.
[INFO] [stderr] 
[INFO] [stderr]   You can try fixing this setting the `OPENSSL_DIR` environment variable
[INFO] [stderr]   pointing to your OpenSSL installation or installing OpenSSL headers package
[INFO] [stderr]   specific to your distribution:
[INFO] [stderr] 
[INFO] [stderr]       # On Ubuntu
[INFO] [stderr]       sudo apt-get install libssl-dev
[INFO] [stderr]       # On Arch Linux
[INFO] [stderr]       sudo pacman -S openssl
[INFO] [stderr]       # On Fedora
[INFO] [stderr]       sudo dnf install openssl-devel
[INFO] [stderr] 
[INFO] [stderr]   See rust-openssl README for more information:
[INFO] [stderr] 
[INFO] [stderr]       https://github.com/sfackler/rust-openssl#linux
[INFO] [stderr] 
[INFO] [stderr]   stack backtrace:
[INFO] [stderr]      0:     0x55567f4c808c - std::backtrace_rs::backtrace::libunwind::trace::ha637c64ce894333a
[INFO] [stderr]                                  at /rustc/82e1608dfa6e0b5569232559e3d385fea5a93112/library/std/src/../../backtrace/src/backtrace/libunwind.rs:104:5
[INFO] [stderr]      1:     0x55567f4c808c - std::backtrace_rs::backtrace::trace_unsynchronized::h47f62dea28e0c88d
[INFO] [stderr]                                  at /rustc/82e1608dfa6e0b5569232559e3d385fea5a93112/library/std/src/../../backtrace/src/backtrace/mod.rs:66:5
[INFO] [stderr]      2:     0x55567f4c808c - std::sys_common::backtrace::_print_fmt::h9eef0abe20ede486
[INFO] [stderr]                                  at /rustc/82e1608dfa6e0b5569232559e3d385fea5a93112/library/std/src/sys_common/backtrace.rs:67:5
[INFO] [stderr]      3:     0x55567f4c808c - <std::sys_common::backtrace::_print::DisplayBacktrace as core::fmt::Display>::fmt::hed7f999df88cc644
[INFO] [stderr]                                  at /rustc/82e1608dfa6e0b5569232559e3d385fea5a93112/library/std/src/sys_common/backtrace.rs:44:22
[INFO] [stderr]      4:     0x55567f4ee1c0 - core::fmt::rt::Argument::fmt::h1539a9308b8d058d
[INFO] [stderr]                                  at /rustc/82e1608dfa6e0b5569232559e3d385fea5a93112/library/core/src/fmt/rt.rs:142:9
[INFO] [stderr]      5:     0x55567f4ee1c0 - core::fmt::write::h3a39390d8560d9c9
[INFO] [stderr]                                  at /rustc/82e1608dfa6e0b5569232559e3d385fea5a93112/library/core/src/fmt/mod.rs:1120:17
[INFO] [stderr]      6:     0x55567f4c59cf - std::io::Write::write_fmt::h5fc9997dfe05f882
[INFO] [stderr]                                  at /rustc/82e1608dfa6e0b5569232559e3d385fea5a93112/library/std/src/io/mod.rs:1762:15
[INFO] [stderr]      7:     0x55567f4c7e74 - std::sys_common::backtrace::_print::h894006fb5c6f3d45
[INFO] [stderr]                                  at /rustc/82e1608dfa6e0b5569232559e3d385fea5a93112/library/std/src/sys_common/backtrace.rs:47:5
[INFO] [stderr]      8:     0x55567f4c7e74 - std::sys_common::backtrace::print::h23a2d212c6fff936
[INFO] [stderr]                                  at /rustc/82e1608dfa6e0b5569232559e3d385fea5a93112/library/std/src/sys_common/backtrace.rs:34:9
[INFO] [stderr]      9:     0x55567f4c9687 - std::panicking::default_hook::{{closure}}::h8a1d2ee00185001a
[INFO] [stderr]     10:     0x55567f4c93ef - std::panicking::default_hook::h6038f2eba384e475
[INFO] [stderr]                                  at /rustc/82e1608dfa6e0b5569232559e3d385fea5a93112/library/std/src/panicking.rs:292:9
[INFO] [stderr]     11:     0x55567f4c9b08 - std::panicking::rust_panic_with_hook::h2b5517d590cab22e
[INFO] [stderr]                                  at /rustc/82e1608dfa6e0b5569232559e3d385fea5a93112/library/std/src/panicking.rs:779:13
[INFO] [stderr]     12:     0x55567f4c99ee - std::panicking::begin_panic_handler::{{closure}}::h233112c06e0ef43e
[INFO] [stderr]                                  at /rustc/82e1608dfa6e0b5569232559e3d385fea5a93112/library/std/src/panicking.rs:657:13
[INFO] [stderr]     13:     0x55567f4c8556 - std::sys_common::backtrace::__rust_end_short_backtrace::h6e893f24d7ebbff8
[INFO] [stderr]                                  at /rustc/82e1608dfa6e0b5569232559e3d385fea5a93112/library/std/src/sys_common/backtrace.rs:170:18
[INFO] [stderr]     14:     0x55567f4c9752 - rust_begin_unwind
[INFO] [stderr]                                  at /rustc/82e1608dfa6e0b5569232559e3d385fea5a93112/library/std/src/panicking.rs:645:5
[INFO] [stderr]     15:     0x55567f44a685 - core::panicking::panic_fmt::hbf0e066aabfa482c
[INFO] [stderr]                                  at /rustc/82e1608dfa6e0b5569232559e3d385fea5a93112/library/core/src/panicking.rs:72:14
[INFO] [stderr]     16:     0x55567f451bef - build_script_main::validate_headers::h0789f8787ffe81c9
[INFO] [stderr]     17:     0x55567f4579af - build_script_main::imp::try_pkg_config::h6d58b45d609b0071
[INFO] [stderr]     18:     0x55567f456874 - build_script_main::imp::find_openssl_dir::hae76b29e4d3c0087
[INFO] [stderr]     19:     0x55567f456712 - build_script_main::imp::get_openssl::{{closure}}::h2776831c98a75368
[INFO] [stderr]     20:     0x55567f44cf69 - core::option::Option<T>::unwrap_or_else::he165c1a38c6e5fa7
[INFO] [stderr]     21:     0x55567f456511 - build_script_main::imp::get_openssl::hba980848e2108343
[INFO] [stderr]     22:     0x55567f44f740 - build_script_main::main::ha16a0c90cbdaaf84
[INFO] [stderr]     23:     0x55567f44c033 - core::ops::function::FnOnce::call_once::he202fdc451a3e13d
[INFO] [stderr]     24:     0x55567f44b9f6 - std::sys_common::backtrace::__rust_begin_short_backtrace::h381ad2350fdd801b
[INFO] [stderr]     25:     0x55567f453469 - std::rt::lang_start::{{closure}}::hf5a75ed0d67cead9
[INFO] [stderr]     26:     0x55567f4c1f17 - core::ops::function::impls::<impl core::ops::function::FnOnce<A> for &F>::call_once::hd95060ecd5e1ca24
[INFO] [stderr]                                  at /rustc/82e1608dfa6e0b5569232559e3d385fea5a93112/library/core/src/ops/function.rs:284:13
[INFO] [stderr]     27:     0x55567f4c1f17 - std::panicking::try::do_call::h6e8cf51db32a6e4b
[INFO] [stderr]                                  at /rustc/82e1608dfa6e0b5569232559e3d385fea5a93112/library/std/src/panicking.rs:552:40
[INFO] [stderr]     28:     0x55567f4c1f17 - std::panicking::try::h3a52eefe24fe3c29
[INFO] [stderr]                                  at /rustc/82e1608dfa6e0b5569232559e3d385fea5a93112/library/std/src/panicking.rs:516:19
[INFO] [stderr]     29:     0x55567f4c1f17 - std::panic::catch_unwind::h24c28c23c02c3841
[INFO] [stderr]                                  at /rustc/82e1608dfa6e0b5569232559e3d385fea5a93112/library/std/src/panic.rs:142:14
[INFO] [stderr]     30:     0x55567f4c1f17 - std::rt::lang_start_internal::{{closure}}::h705d3c9cbc06ef47
[INFO] [stderr]                                  at /rustc/82e1608dfa6e0b5569232559e3d385fea5a93112/library/std/src/rt.rs:148:48
[INFO] [stderr]     31:     0x55567f4c1f17 - std::panicking::try::do_call::ha21f52ba13158470
[INFO] [stderr]                                  at /rustc/82e1608dfa6e0b5569232559e3d385fea5a93112/library/std/src/panicking.rs:552:40
[INFO] [stderr]     32:     0x55567f4c1f17 - std::panicking::try::h5581346bf6aeb1f8
[INFO] [stderr]                                  at /rustc/82e1608dfa6e0b5569232559e3d385fea5a93112/library/std/src/panicking.rs:516:19
[INFO] [stderr]     33:     0x55567f4c1f17 - std::panic::catch_unwind::h7919645a6b72e25b
[INFO] [stderr]                                  at /rustc/82e1608dfa6e0b5569232559e3d385fea5a93112/library/std/src/panic.rs:142:14
[INFO] [stderr]     34:     0x55567f4c1f17 - std::rt::lang_start_internal::h12de51168669836e
[INFO] [stderr]                                  at /rustc/82e1608dfa6e0b5569232559e3d385fea5a93112/library/std/src/rt.rs:148:20
[INFO] [stderr]     35:     0x55567f453447 - std::rt::lang_start::hf32ab1be663156c2
[INFO] [stderr]     36:     0x55567f452b15 - main
[INFO] [stderr]     37:     0x7f3f7b38bd90 - <unknown>
[INFO] [stderr]     38:     0x7f3f7b38be40 - __libc_start_main
[INFO] [stderr]     39:     0x55567f44ae95 - _start
[INFO] [stderr]     40:                0x0 - <unknown>
[INFO] [stderr] warning: build failed, waiting for other jobs to finish...
[INFO] running `Command { std: "docker" "inspect" "b37fb8d8d155e4ee417cb77912a2338ae1da66df4f8839680ac06ba0e17eafde", kill_on_drop: false }`
[INFO] running `Command { std: "docker" "rm" "-f" "b37fb8d8d155e4ee417cb77912a2338ae1da66df4f8839680ac06ba0e17eafde", kill_on_drop: false }`
[INFO] [stdout] b37fb8d8d155e4ee417cb77912a2338ae1da66df4f8839680ac06ba0e17eafde
[INFO] documenting NyxCode/heaven-on-earth against beta-2023-12-22 for beta-1.76-rustdoc-1
[INFO] running `Command { std: "git" "clone" "/workspace/cache/git-repos/https%3A%2F%2Fgithub.com%2FNyxCode%2Fheaven-on-earth" "/workspace/builds/worker-1-tc2/source", kill_on_drop: false }`
[INFO] [stderr] Cloning into '/workspace/builds/worker-1-tc2/source'...
[INFO] [stderr] done.
[INFO] validating manifest of git repo https://github.com/NyxCode/heaven-on-earth on toolchain beta-2023-12-22
[INFO] running `Command { std: CARGO_HOME="/workspace/cargo-home" RUSTUP_HOME="/workspace/rustup-home" "/workspace/cargo-home/bin/cargo" "+beta-2023-12-22" "metadata" "--manifest-path" "Cargo.toml" "--no-deps", kill_on_drop: false }`
[INFO] started tweaking git repo https://github.com/NyxCode/heaven-on-earth
[INFO] finished tweaking git repo https://github.com/NyxCode/heaven-on-earth
[INFO] tweaked toml for git repo https://github.com/NyxCode/heaven-on-earth written to /workspace/builds/worker-1-tc2/source/Cargo.toml
[INFO] crate git repo https://github.com/NyxCode/heaven-on-earth already has a lockfile, it will not be regenerated
[INFO] running `Command { std: CARGO_HOME="/workspace/cargo-home" RUSTUP_HOME="/workspace/rustup-home" "/workspace/cargo-home/bin/cargo" "+beta-2023-12-22" "fetch" "--manifest-path" "Cargo.toml", kill_on_drop: false }`
[INFO] running `Command { std: "docker" "create" "-v" "/var/lib/crater-agent-workspace/builds/worker-1-tc2/target:/opt/rustwide/target:rw,Z" "-v" "/var/lib/crater-agent-workspace/builds/worker-1-tc2/source:/opt/rustwide/workdir:ro,Z" "-v" "/var/lib/crater-agent-workspace/cargo-home:/opt/rustwide/cargo-home:ro,Z" "-v" "/var/lib/crater-agent-workspace/rustup-home:/opt/rustwide/rustup-home:ro,Z" "-e" "SOURCE_DIR=/opt/rustwide/workdir" "-e" "CARGO_TARGET_DIR=/opt/rustwide/target" "-e" "CARGO_HOME=/opt/rustwide/cargo-home" "-e" "RUSTUP_HOME=/opt/rustwide/rustup-home" "-w" "/opt/rustwide/workdir" "-m" "1610612736" "--user" "0:0" "--network" "none" "ghcr.io/rust-lang/crates-build-env/linux@sha256:2788e3201cd34a07e3172128adcd8b3090168a8e3bcc40d7c032b9dda1df7d1c" "/opt/rustwide/cargo-home/bin/cargo" "+beta-2023-12-22" "metadata" "--no-deps" "--format-version=1", kill_on_drop: false }`
[INFO] [stdout] 4dae2373ebf23cc140ff5b45eff4af2d1232ab0a5ff2397f6a951b24067d6ebe
[INFO] running `Command { std: "docker" "start" "-a" "4dae2373ebf23cc140ff5b45eff4af2d1232ab0a5ff2397f6a951b24067d6ebe", kill_on_drop: false }`
[INFO] running `Command { std: "docker" "inspect" "4dae2373ebf23cc140ff5b45eff4af2d1232ab0a5ff2397f6a951b24067d6ebe", kill_on_drop: false }`
[INFO] running `Command { std: "docker" "rm" "-f" "4dae2373ebf23cc140ff5b45eff4af2d1232ab0a5ff2397f6a951b24067d6ebe", kill_on_drop: false }`
[INFO] [stdout] 4dae2373ebf23cc140ff5b45eff4af2d1232ab0a5ff2397f6a951b24067d6ebe
[INFO] running `Command { std: "docker" "create" "-v" "/var/lib/crater-agent-workspace/builds/worker-1-tc2/target:/opt/rustwide/target:rw,Z" "-v" "/var/lib/crater-agent-workspace/builds/worker-1-tc2/source:/opt/rustwide/workdir:ro,Z" "-v" "/var/lib/crater-agent-workspace/cargo-home:/opt/rustwide/cargo-home:ro,Z" "-v" "/var/lib/crater-agent-workspace/rustup-home:/opt/rustwide/rustup-home:ro,Z" "-e" "SOURCE_DIR=/opt/rustwide/workdir" "-e" "CARGO_TARGET_DIR=/opt/rustwide/target" "-e" "CARGO_INCREMENTAL=0" "-e" "RUST_BACKTRACE=full" "-e" "RUSTFLAGS=--cap-lints=warn" "-e" "RUSTDOCFLAGS=--cap-lints=warn" "-e" "CARGO_HOME=/opt/rustwide/cargo-home" "-e" "RUSTUP_HOME=/opt/rustwide/rustup-home" "-w" "/opt/rustwide/workdir" "-m" "1610612736" "--user" "0:0" "--network" "none" "ghcr.io/rust-lang/crates-build-env/linux@sha256:2788e3201cd34a07e3172128adcd8b3090168a8e3bcc40d7c032b9dda1df7d1c" "/opt/rustwide/cargo-home/bin/cargo" "+beta-2023-12-22" "doc" "--frozen" "--no-deps" "--document-private-items" "--message-format=json", kill_on_drop: false }`
[INFO] [stdout] 53102dbf10fa580e3a1571b8a4f45dc0f0d0fd9a7f8002bf5aa05c4bafd0a7b9
[INFO] running `Command { std: "docker" "start" "-a" "53102dbf10fa580e3a1571b8a4f45dc0f0d0fd9a7f8002bf5aa05c4bafd0a7b9", kill_on_drop: false }`
[INFO] [stderr]     Checking libc v0.2.43
[INFO] [stderr]    Compiling version_check v0.1.4
[INFO] [stderr]     Checking cfg-if v0.1.5
[INFO] [stderr]     Checking futures v0.1.23
[INFO] [stderr]     Checking byteorder v1.2.6
[INFO] [stderr]    Compiling cc v1.0.22
[INFO] [stderr]     Checking scopeguard v0.3.3
[INFO] [stderr]     Checking crossbeam-utils v0.5.0
[INFO] [stderr]     Checking void v1.0.2
[INFO] [stderr]     Checking slab v0.4.1
[INFO] [stderr]     Checking stable_deref_trait v1.1.1
[INFO] [stderr]     Checking lazycell v0.6.0
[INFO] [stderr]     Checking nodrop v0.1.12
[INFO] [stderr]     Checking memoffset v0.2.1
[INFO] [stderr]     Checking rand_core v0.2.1
[INFO] [stderr]    Compiling pkg-config v0.3.14
[INFO] [stderr]     Checking log v0.4.4
[INFO] [stderr]     Checking unreachable v1.0.0
[INFO] [stderr]     Checking owning_ref v0.3.3
[INFO] [stderr]     Checking arrayvec v0.4.7
[INFO] [stderr]    Compiling num-traits v0.2.5
[INFO] [stderr]    Compiling siphasher v0.2.3
[INFO] [stderr]     Checking smallvec v0.6.5
[INFO] [stderr]    Compiling openssl v0.9.24
[INFO] [stderr]     Checking foreign-types-shared v0.1.1
[INFO] [stderr]     Checking bitflags v0.9.1
[INFO] [stderr]     Checking lock_api v0.1.3
[INFO] [stderr]     Checking foreign-types v0.3.2
[INFO] [stderr]    Compiling serde v1.0.75
[INFO] [stderr]    Compiling httparse v1.3.2
[INFO] [stderr]    Compiling build_const v0.2.1
[INFO] [stderr]     Checking scoped-tls v0.1.2
[INFO] [stderr]    Compiling num-integer v0.1.39
[INFO] [stderr]     Checking percent-encoding v1.0.1
[INFO] [stderr]    Compiling lazy_static v1.1.0
[INFO] [stderr]    Compiling unicase v1.4.2
[INFO] [stderr]    Compiling unicase v2.1.0
[INFO] [stderr]     Checking matches v0.1.8
[INFO] [stderr]    Compiling crc v1.8.1
[INFO] [stderr]     Checking unicode-bidi v0.3.4
[INFO] [stderr]     Checking unicode-normalization v0.1.7
[INFO] [stderr]     Checking safemem v0.2.0
[INFO] [stderr]     Checking iovec v0.1.2
[INFO] [stderr]     Checking rand v0.4.3
[INFO] [stderr]     Checking bytes v0.4.9
[INFO] [stderr]     Checking num_cpus v1.8.0
[INFO] [stderr]     Checking net2 v0.2.33
[INFO] [stderr]     Checking rand v0.5.5
[INFO] [stderr]     Checking time v0.1.40
[INFO] [stderr]     Checking crossbeam-epoch v0.5.2
[INFO] [stderr]     Checking try-lock v0.1.0
[INFO] [stderr]    Compiling phf_shared v0.7.23
[INFO] [stderr]     Checking lazy_static v0.2.11
[INFO] [stderr]    Compiling ryu v0.2.6
[INFO] [stderr]     Checking mio v0.6.15
[INFO] [stderr]    Compiling proc-macro2 v0.4.14
[INFO] [stderr]     Checking mime v0.3.9
[INFO] [stderr]     Checking base64 v0.9.2
[INFO] [stderr]     Checking crossbeam-deque v0.6.1
[INFO] [stderr]     Checking language-tags v0.2.2
[INFO] [stderr]     Checking rustc-demangle v0.1.9
[INFO] [stderr]     Checking itoa v0.4.2
[INFO] [stderr]    Compiling unicode-xid v0.1.0
[INFO] [stderr]     Checking phf v0.7.23
[INFO] [stderr]     Checking dtoa v0.4.3
[INFO] [stderr]     Checking adler32 v1.0.3
[INFO] [stderr]    Compiling openssl-sys v0.9.35
[INFO] [stderr]     Checking parking_lot_core v0.2.14
[INFO] [stderr]    Compiling backtrace-sys v0.1.24
[INFO] [stderr]     Checking uuid v0.6.5
[INFO] [stderr]     Checking encoding_rs v0.8.6
[INFO] [stderr]     Checking libflate v0.1.16
[INFO] [stderr]     Checking tokio-executor v0.1.4
[INFO] [stderr]     Checking tokio-io v0.1.8
[INFO] [stderr]     Checking parking_lot v0.6.3
[INFO] [stderr]     Checking futures-cpupool v0.1.8
[INFO] [stderr]     Checking want v0.0.4
[INFO] [stderr]     Checking tokio-timer v0.2.6
[INFO] [stderr]     Checking mio-uds v0.6.6
[INFO] [stderr]     Checking tokio-current-thread v0.1.1
[INFO] [stderr]     Checking relay v0.1.1
[INFO] [stderr]     Checking tokio-service v0.1.0
[INFO] [stderr]     Checking chrono v0.4.6
[INFO] [stderr]     Checking tokio-threadpool v0.1.6
[INFO] [stderr]     Checking unicode-width v0.1.5
[INFO] [stderr]     Checking nom v2.1.0
[INFO] [stderr]     Checking dirs v1.0.4
[INFO] [stderr]     Checking tokio-reactor v0.1.5
[INFO] [stderr]     Checking tokio-codec v0.1.0
[INFO] [stderr]    Compiling phf_generator v0.7.23
[INFO] [stderr]     Checking textwrap v0.10.0
[INFO] [stderr]    Compiling quote v0.6.8
[INFO] [stderr]    Compiling phf_codegen v0.7.23
[INFO] [stderr]     Checking atty v0.2.11
[INFO] [stderr]     Checking term v0.5.1
[INFO] [stderr]     Checking rust-ini v0.12.2
[INFO] [stderr]     Checking idna v0.1.5
[INFO] [stderr]     Checking enquote v1.0.3
[INFO] [stderr]     Checking vec_map v0.8.1
[INFO] [stderr] The following warnings were emitted during compilation:
[INFO] [stderr] 
[INFO] [stderr] warning: openssl-sys@0.9.35: /opt/rustwide/target/debug/build/openssl-sys-c4318467a4c620a1/out/expando.c:4:24: error: pasting "RUST_VERSION_OPENSSL_" and "(" does not give a valid preprocessing token
[INFO] [stderr] warning: openssl-sys@0.9.35:     4 | #define VERSION2(n, v) RUST_VERSION_ ## n ## _ ## v
[INFO] [stderr] warning: openssl-sys@0.9.35:       |                        ^~~~~~~~~~~~~
[INFO] [stderr] warning: openssl-sys@0.9.35: /opt/rustwide/target/debug/build/openssl-sys-c4318467a4c620a1/out/expando.c:5:23: note: in expansion of macro 'VERSION2'
[INFO] [stderr] warning: openssl-sys@0.9.35:     5 | #define VERSION(n, v) VERSION2(n, v)
[INFO] [stderr] warning: openssl-sys@0.9.35:       |                       ^~~~~~~~
[INFO] [stderr] warning: openssl-sys@0.9.35: /opt/rustwide/target/debug/build/openssl-sys-c4318467a4c620a1/out/expando.c:7:1: note: in expansion of macro 'VERSION'
[INFO] [stderr] warning: openssl-sys@0.9.35:     7 | VERSION(OPENSSL, OPENSSL_VERSION_NUMBER)
[INFO] [stderr] warning: openssl-sys@0.9.35:       | ^~~~~~~
[INFO] [stderr] 
[INFO] [stderr] error: failed to run custom build command for `openssl-sys v0.9.35`
[INFO] [stderr] note: To improve backtraces for build dependencies, set the CARGO_PROFILE_DEV_BUILD_OVERRIDE_DEBUG=true environment variable to enable debug information generation.
[INFO] [stderr] 
[INFO] [stderr] Caused by:
[INFO] [stderr]   process didn't exit successfully: `/opt/rustwide/target/debug/build/openssl-sys-ba4be5534e77b871/build-script-main` (exit status: 101)
[INFO] [stderr]   --- stdout
[INFO] [stderr]   cargo:rerun-if-env-changed=X86_64_UNKNOWN_LINUX_GNU_OPENSSL_LIB_DIR
[INFO] [stderr]   cargo:rerun-if-env-changed=OPENSSL_LIB_DIR
[INFO] [stderr]   cargo:rerun-if-env-changed=X86_64_UNKNOWN_LINUX_GNU_OPENSSL_INCLUDE_DIR
[INFO] [stderr]   cargo:rerun-if-env-changed=OPENSSL_INCLUDE_DIR
[INFO] [stderr]   cargo:rerun-if-env-changed=X86_64_UNKNOWN_LINUX_GNU_OPENSSL_DIR
[INFO] [stderr]   cargo:rerun-if-env-changed=OPENSSL_DIR
[INFO] [stderr]   cargo:rustc-link-lib=ssl
[INFO] [stderr]   cargo:rustc-link-lib=crypto
[INFO] [stderr]   OPT_LEVEL = Some("0")
[INFO] [stderr]   TARGET = Some("x86_64-unknown-linux-gnu")
[INFO] [stderr]   HOST = Some("x86_64-unknown-linux-gnu")
[INFO] [stderr]   TARGET = Some("x86_64-unknown-linux-gnu")
[INFO] [stderr]   TARGET = Some("x86_64-unknown-linux-gnu")
[INFO] [stderr]   HOST = Some("x86_64-unknown-linux-gnu")
[INFO] [stderr]   CC_x86_64-unknown-linux-gnu = None
[INFO] [stderr]   CC_x86_64_unknown_linux_gnu = None
[INFO] [stderr]   HOST_CC = None
[INFO] [stderr]   CC = None
[INFO] [stderr]   HOST = Some("x86_64-unknown-linux-gnu")
[INFO] [stderr]   TARGET = Some("x86_64-unknown-linux-gnu")
[INFO] [stderr]   HOST = Some("x86_64-unknown-linux-gnu")
[INFO] [stderr]   CFLAGS_x86_64-unknown-linux-gnu = None
[INFO] [stderr]   CFLAGS_x86_64_unknown_linux_gnu = None
[INFO] [stderr]   HOST_CFLAGS = None
[INFO] [stderr]   CFLAGS = None
[INFO] [stderr]   DEBUG = Some("true")
[INFO] [stderr]   running: "cc" "-O0" "-ffunction-sections" "-fdata-sections" "-fPIC" "-g" "-fno-omit-frame-pointer" "-m64" "-Wall" "-Wextra" "-E" "/opt/rustwide/target/debug/build/openssl-sys-c4318467a4c620a1/out/expando.c"
[INFO] [stderr]   cargo:warning=/opt/rustwide/target/debug/build/openssl-sys-c4318467a4c620a1/out/expando.c:4:24: error: pasting "RUST_VERSION_OPENSSL_" and "(" does not give a valid preprocessing token
[INFO] [stderr]   cargo:warning=    4 | #define VERSION2(n, v) RUST_VERSION_ ## n ## _ ## v
[INFO] [stderr]   cargo:warning=      |                        ^~~~~~~~~~~~~
[INFO] [stderr]   cargo:warning=/opt/rustwide/target/debug/build/openssl-sys-c4318467a4c620a1/out/expando.c:5:23: note: in expansion of macro 'VERSION2'
[INFO] [stderr]   cargo:warning=    5 | #define VERSION(n, v) VERSION2(n, v)
[INFO] [stderr]   cargo:warning=      |                       ^~~~~~~~
[INFO] [stderr]   cargo:warning=/opt/rustwide/target/debug/build/openssl-sys-c4318467a4c620a1/out/expando.c:7:1: note: in expansion of macro 'VERSION'
[INFO] [stderr]   cargo:warning=    7 | VERSION(OPENSSL, OPENSSL_VERSION_NUMBER)
[INFO] [stderr]   cargo:warning=      | ^~~~~~~
[INFO] [stderr]   exit status: 1
[INFO] [stderr] 
[INFO] [stderr]   --- stderr
[INFO] [stderr]   thread 'main' panicked at /opt/rustwide/cargo-home/registry/src/index.crates.io-6f17d22bba15001f/openssl-sys-0.9.35/build/main.rs:428:13:
[INFO] [stderr] 
[INFO] [stderr]   Header expansion error:
[INFO] [stderr]   Error { kind: ToolExecError, message: "Command \"cc\" \"-O0\" \"-ffunction-sections\" \"-fdata-sections\" \"-fPIC\" \"-g\" \"-fno-omit-frame-pointer\" \"-m64\" \"-Wall\" \"-Wextra\" \"-E\" \"/opt/rustwide/target/debug/build/openssl-sys-c4318467a4c620a1/out/expando.c\" with args \"cc\" did not execute successfully (status code exit status: 1)." }
[INFO] [stderr] 
[INFO] [stderr]   Failed to find OpenSSL development headers.
[INFO] [stderr] 
[INFO] [stderr]   You can try fixing this setting the `OPENSSL_DIR` environment variable
[INFO] [stderr]   pointing to your OpenSSL installation or installing OpenSSL headers package
[INFO] [stderr]   specific to your distribution:
[INFO] [stderr] 
[INFO] [stderr]       # On Ubuntu
[INFO] [stderr]       sudo apt-get install libssl-dev
[INFO] [stderr]       # On Arch Linux
[INFO] [stderr]       sudo pacman -S openssl
[INFO] [stderr]       # On Fedora
[INFO] [stderr]       sudo dnf install openssl-devel
[INFO] [stderr] 
[INFO] [stderr]   See rust-openssl README for more information:
[INFO] [stderr] 
[INFO] [stderr]       https://github.com/sfackler/rust-openssl#linux
[INFO] [stderr] 
[INFO] [stderr]   stack backtrace:
[INFO] [stderr]      0:     0x56525a09fc96 - std::backtrace_rs::backtrace::libunwind::trace::h261606ad26a499c1
[INFO] [stderr]                                  at /rustc/0e09125c6c3c2fd70d7de961bcf0e51575235fad/library/std/src/../../backtrace/src/backtrace/libunwind.rs:104:5
[INFO] [stderr]      1:     0x56525a09fc96 - std::backtrace_rs::backtrace::trace_unsynchronized::hd183f0625477fb28
[INFO] [stderr]                                  at /rustc/0e09125c6c3c2fd70d7de961bcf0e51575235fad/library/std/src/../../backtrace/src/backtrace/mod.rs:66:5
[INFO] [stderr]      2:     0x56525a09fc96 - std::sys_common::backtrace::_print_fmt::hd7f8fef21b4eda67
[INFO] [stderr]                                  at /rustc/0e09125c6c3c2fd70d7de961bcf0e51575235fad/library/std/src/sys_common/backtrace.rs:68:5
[INFO] [stderr]      3:     0x56525a09fc96 - <std::sys_common::backtrace::_print::DisplayBacktrace as core::fmt::Display>::fmt::h623d9b51f2f453f1
[INFO] [stderr]                                  at /rustc/0e09125c6c3c2fd70d7de961bcf0e51575235fad/library/std/src/sys_common/backtrace.rs:44:22
[INFO] [stderr]      4:     0x56525a0c51b0 - core::fmt::rt::Argument::fmt::h9f417ac76a86f368
[INFO] [stderr]                                  at /rustc/0e09125c6c3c2fd70d7de961bcf0e51575235fad/library/core/src/fmt/rt.rs:142:9
[INFO] [stderr]      5:     0x56525a0c51b0 - core::fmt::write::hc9b6faf4ac2aeff7
[INFO] [stderr]                                  at /rustc/0e09125c6c3c2fd70d7de961bcf0e51575235fad/library/core/src/fmt/mod.rs:1120:17
[INFO] [stderr]      6:     0x56525a09d6ff - std::io::Write::write_fmt::hfead1eee52c2e65e
[INFO] [stderr]                                  at /rustc/0e09125c6c3c2fd70d7de961bcf0e51575235fad/library/std/src/io/mod.rs:1810:15
[INFO] [stderr]      7:     0x56525a09fa74 - std::sys_common::backtrace::_print::hd5d66399c7df88a2
[INFO] [stderr]                                  at /rustc/0e09125c6c3c2fd70d7de961bcf0e51575235fad/library/std/src/sys_common/backtrace.rs:47:5
[INFO] [stderr]      8:     0x56525a09fa74 - std::sys_common::backtrace::print::he81ed2da642d37e5
[INFO] [stderr]                                  at /rustc/0e09125c6c3c2fd70d7de961bcf0e51575235fad/library/std/src/sys_common/backtrace.rs:34:9
[INFO] [stderr]      9:     0x56525a0a1357 - std::panicking::default_hook::{{closure}}::h85773f4fa117163d
[INFO] [stderr]     10:     0x56525a0a10b9 - std::panicking::default_hook::h6a1694a91d09b278
[INFO] [stderr]                                  at /rustc/0e09125c6c3c2fd70d7de961bcf0e51575235fad/library/std/src/panicking.rs:292:9
[INFO] [stderr]     11:     0x56525a0a17e8 - std::panicking::rust_panic_with_hook::h0a7ad96e90f7145b
[INFO] [stderr]                                  at /rustc/0e09125c6c3c2fd70d7de961bcf0e51575235fad/library/std/src/panicking.rs:779:13
[INFO] [stderr]     12:     0x56525a0a16c2 - std::panicking::begin_panic_handler::{{closure}}::h7919090525c6485e
[INFO] [stderr]                                  at /rustc/0e09125c6c3c2fd70d7de961bcf0e51575235fad/library/std/src/panicking.rs:657:13
[INFO] [stderr]     13:     0x56525a0a0196 - std::sys_common::backtrace::__rust_end_short_backtrace::hf3289479464f7dfe
[INFO] [stderr]                                  at /rustc/0e09125c6c3c2fd70d7de961bcf0e51575235fad/library/std/src/sys_common/backtrace.rs:171:18
[INFO] [stderr]     14:     0x56525a0a1420 - rust_begin_unwind
[INFO] [stderr]                                  at /rustc/0e09125c6c3c2fd70d7de961bcf0e51575235fad/library/std/src/panicking.rs:645:5
[INFO] [stderr]     15:     0x56525a021685 - core::panicking::panic_fmt::hcc9f77c5c132af55
[INFO] [stderr]                                  at /rustc/0e09125c6c3c2fd70d7de961bcf0e51575235fad/library/core/src/panicking.rs:72:14
[INFO] [stderr]     16:     0x56525a0285f7 - build_script_main::validate_headers::h75e4951523dc63ce
[INFO] [stderr]     17:     0x56525a02e995 - build_script_main::imp::try_pkg_config::he1b4c4c2c7cfdc18
[INFO] [stderr]     18:     0x56525a02d844 - build_script_main::imp::find_openssl_dir::h491a551f55cb180c
[INFO] [stderr]     19:     0x56525a02d6e2 - build_script_main::imp::get_openssl::{{closure}}::ha5e0072a371ca18d
[INFO] [stderr]     20:     0x56525a022e9f - core::option::Option<T>::unwrap_or_else::h3459d3d05208fa14
[INFO] [stderr]     21:     0x56525a02d4df - build_script_main::imp::get_openssl::hbf44196abe885c9c
[INFO] [stderr]     22:     0x56525a026150 - build_script_main::main::hdb64dac9fbd7c045
[INFO] [stderr]     23:     0x56525a02a993 - core::ops::function::FnOnce::call_once::ha548a9608aa4c15d
[INFO] [stderr]     24:     0x56525a029b16 - std::sys_common::backtrace::__rust_begin_short_backtrace::he0a1c52dfc22a5cf
[INFO] [stderr]     25:     0x56525a02a109 - std::rt::lang_start::{{closure}}::h68e0f1f341451ca6
[INFO] [stderr]     26:     0x56525a0999f1 - core::ops::function::impls::<impl core::ops::function::FnOnce<A> for &F>::call_once::h4eb4c5e1620f29b0
[INFO] [stderr]                                  at /rustc/0e09125c6c3c2fd70d7de961bcf0e51575235fad/library/core/src/ops/function.rs:284:13
[INFO] [stderr]     27:     0x56525a0999f1 - std::panicking::try::do_call::h73fd26535faffcdf
[INFO] [stderr]                                  at /rustc/0e09125c6c3c2fd70d7de961bcf0e51575235fad/library/std/src/panicking.rs:552:40
[INFO] [stderr]     28:     0x56525a0999f1 - std::panicking::try::h77ff1d98f0fb9f39
[INFO] [stderr]                                  at /rustc/0e09125c6c3c2fd70d7de961bcf0e51575235fad/library/std/src/panicking.rs:516:19
[INFO] [stderr]     29:     0x56525a0999f1 - std::panic::catch_unwind::hab3caf2448b95e37
[INFO] [stderr]                                  at /rustc/0e09125c6c3c2fd70d7de961bcf0e51575235fad/library/std/src/panic.rs:142:14
[INFO] [stderr]     30:     0x56525a0999f1 - std::rt::lang_start_internal::{{closure}}::h8086711f9c783f78
[INFO] [stderr]                                  at /rustc/0e09125c6c3c2fd70d7de961bcf0e51575235fad/library/std/src/rt.rs:148:48
[INFO] [stderr]     31:     0x56525a0999f1 - std::panicking::try::do_call::hf920d4dc291cd6ca
[INFO] [stderr]                                  at /rustc/0e09125c6c3c2fd70d7de961bcf0e51575235fad/library/std/src/panicking.rs:552:40
[INFO] [stderr]     32:     0x56525a0999f1 - std::panicking::try::h2b806ccc0a85db74
[INFO] [stderr]                                  at /rustc/0e09125c6c3c2fd70d7de961bcf0e51575235fad/library/std/src/panicking.rs:516:19
[INFO] [stderr]     33:     0x56525a0999f1 - std::panic::catch_unwind::h038489539c507df2
[INFO] [stderr]                                  at /rustc/0e09125c6c3c2fd70d7de961bcf0e51575235fad/library/std/src/panic.rs:142:14
[INFO] [stderr]     34:     0x56525a0999f1 - std::rt::lang_start_internal::h28503b88912e8a5c
[INFO] [stderr]                                  at /rustc/0e09125c6c3c2fd70d7de961bcf0e51575235fad/library/std/src/rt.rs:148:20
[INFO] [stderr]     35:     0x56525a02a0e7 - std::rt::lang_start::hd740c48bb016f3ed
[INFO] [stderr]     36:     0x56525a029515 - main
[INFO] [stderr]     37:     0x7f5f2999ad90 - <unknown>
[INFO] [stderr]     38:     0x7f5f2999ae40 - __libc_start_main
[INFO] [stderr]     39:     0x56525a021ea5 - _start
[INFO] [stderr]     40:                0x0 - <unknown>
[INFO] [stderr] warning: build failed, waiting for other jobs to finish...
[INFO] running `Command { std: "docker" "inspect" "53102dbf10fa580e3a1571b8a4f45dc0f0d0fd9a7f8002bf5aa05c4bafd0a7b9", kill_on_drop: false }`
[INFO] running `Command { std: "docker" "rm" "-f" "53102dbf10fa580e3a1571b8a4f45dc0f0d0fd9a7f8002bf5aa05c4bafd0a7b9", kill_on_drop: false }`
[INFO] [stdout] 53102dbf10fa580e3a1571b8a4f45dc0f0d0fd9a7f8002bf5aa05c4bafd0a7b9
