[INFO] cloning repository https://github.com/NothingToHide-SeniorProject/PayMo
[INFO] running `Command { std: "git" "-c" "credential.helper=" "-c" "credential.helper=/workspace/cargo-home/bin/git-credential-null" "clone" "--bare" "https://github.com/NothingToHide-SeniorProject/PayMo" "/workspace/cache/git-repos/https%3A%2F%2Fgithub.com%2FNothingToHide-SeniorProject%2FPayMo", kill_on_drop: false }`
[INFO] [stderr] Cloning into bare repository '/workspace/cache/git-repos/https%3A%2F%2Fgithub.com%2FNothingToHide-SeniorProject%2FPayMo'...
[INFO] running `Command { std: "git" "rev-parse" "HEAD", kill_on_drop: false }`
[INFO] [stdout] 1014741ee28b1790f6bac4552d78a89725aa5739
[INFO] documenting NothingToHide-SeniorProject/PayMo against 1.75.0 for beta-1.76-rustdoc-1
[INFO] running `Command { std: "git" "clone" "/workspace/cache/git-repos/https%3A%2F%2Fgithub.com%2FNothingToHide-SeniorProject%2FPayMo" "/workspace/builds/worker-6-tc1/source", kill_on_drop: false }`
[INFO] [stderr] Cloning into '/workspace/builds/worker-6-tc1/source'...
[INFO] [stderr] done.
[INFO] validating manifest of git repo https://github.com/NothingToHide-SeniorProject/PayMo on toolchain 1.75.0
[INFO] running `Command { std: CARGO_HOME="/workspace/cargo-home" RUSTUP_HOME="/workspace/rustup-home" "/workspace/cargo-home/bin/cargo" "+1.75.0" "metadata" "--manifest-path" "Cargo.toml" "--no-deps", kill_on_drop: false }`
[INFO] started tweaking git repo https://github.com/NothingToHide-SeniorProject/PayMo
[INFO] finished tweaking git repo https://github.com/NothingToHide-SeniorProject/PayMo
[INFO] tweaked toml for git repo https://github.com/NothingToHide-SeniorProject/PayMo written to /workspace/builds/worker-6-tc1/source/Cargo.toml
[INFO] crate git repo https://github.com/NothingToHide-SeniorProject/PayMo already has a lockfile, it will not be regenerated
[INFO] running `Command { std: CARGO_HOME="/workspace/cargo-home" RUSTUP_HOME="/workspace/rustup-home" "/workspace/cargo-home/bin/cargo" "+1.75.0" "fetch" "--manifest-path" "Cargo.toml", kill_on_drop: false }`
[INFO] [stderr]     Updating crates.io index
[INFO] [stderr]     Updating git repository `https://github.com/LeoNero/serai`
[INFO] [stderr]  Downloading crates ...
[INFO] [stderr]   Downloaded jwalk v0.6.2
[INFO] [stderr]   Downloaded dircpy v0.3.14
[INFO] [stderr]   Downloaded digest_auth v0.3.0
[INFO] [stderr]   Downloaded base58-monero v1.0.0
[INFO] [stderr]   Downloaded clap_complete v4.1.2
[INFO] [stderr]   Downloaded zeromq-src v0.2.4+4.3.4
[INFO] [stderr]   Downloaded monero-epee-bin-serde v1.0.1
[INFO] [stderr]   Downloaded monero-rpc v0.3.2
[INFO] [stderr]   Downloaded monero v0.17.3
[INFO] [stderr]   Downloaded monero v0.18.2
[INFO] running `Command { std: "docker" "create" "-v" "/var/lib/crater-agent-workspace/builds/worker-6-tc1/target:/opt/rustwide/target:rw,Z" "-v" "/var/lib/crater-agent-workspace/builds/worker-6-tc1/source:/opt/rustwide/workdir:ro,Z" "-v" "/var/lib/crater-agent-workspace/cargo-home:/opt/rustwide/cargo-home:ro,Z" "-v" "/var/lib/crater-agent-workspace/rustup-home:/opt/rustwide/rustup-home:ro,Z" "-e" "SOURCE_DIR=/opt/rustwide/workdir" "-e" "CARGO_TARGET_DIR=/opt/rustwide/target" "-e" "CARGO_HOME=/opt/rustwide/cargo-home" "-e" "RUSTUP_HOME=/opt/rustwide/rustup-home" "-w" "/opt/rustwide/workdir" "-m" "1610612736" "--user" "0:0" "--network" "none" "ghcr.io/rust-lang/crates-build-env/linux@sha256:2788e3201cd34a07e3172128adcd8b3090168a8e3bcc40d7c032b9dda1df7d1c" "/opt/rustwide/cargo-home/bin/cargo" "+1.75.0" "metadata" "--no-deps" "--format-version=1", kill_on_drop: false }`
[INFO] [stdout] 00eda3af6b5e6bc2b6673b2a582e366e853a26fb6efce76f3e95b28f8932703c
[INFO] running `Command { std: "docker" "start" "-a" "00eda3af6b5e6bc2b6673b2a582e366e853a26fb6efce76f3e95b28f8932703c", kill_on_drop: false }`
[INFO] running `Command { std: "docker" "inspect" "00eda3af6b5e6bc2b6673b2a582e366e853a26fb6efce76f3e95b28f8932703c", kill_on_drop: false }`
[INFO] running `Command { std: "docker" "rm" "-f" "00eda3af6b5e6bc2b6673b2a582e366e853a26fb6efce76f3e95b28f8932703c", kill_on_drop: false }`
[INFO] [stdout] 00eda3af6b5e6bc2b6673b2a582e366e853a26fb6efce76f3e95b28f8932703c
[INFO] running `Command { std: "docker" "create" "-v" "/var/lib/crater-agent-workspace/builds/worker-6-tc1/target:/opt/rustwide/target:rw,Z" "-v" "/var/lib/crater-agent-workspace/builds/worker-6-tc1/source:/opt/rustwide/workdir:ro,Z" "-v" "/var/lib/crater-agent-workspace/cargo-home:/opt/rustwide/cargo-home:ro,Z" "-v" "/var/lib/crater-agent-workspace/rustup-home:/opt/rustwide/rustup-home:ro,Z" "-e" "SOURCE_DIR=/opt/rustwide/workdir" "-e" "CARGO_TARGET_DIR=/opt/rustwide/target" "-e" "CARGO_INCREMENTAL=0" "-e" "RUST_BACKTRACE=full" "-e" "RUSTFLAGS=--cap-lints=warn" "-e" "RUSTDOCFLAGS=--cap-lints=warn" "-e" "CARGO_HOME=/opt/rustwide/cargo-home" "-e" "RUSTUP_HOME=/opt/rustwide/rustup-home" "-w" "/opt/rustwide/workdir" "-m" "1610612736" "--user" "0:0" "--network" "none" "ghcr.io/rust-lang/crates-build-env/linux@sha256:2788e3201cd34a07e3172128adcd8b3090168a8e3bcc40d7c032b9dda1df7d1c" "/opt/rustwide/cargo-home/bin/cargo" "+1.75.0" "doc" "--frozen" "--no-deps" "--document-private-items" "--message-format=json", kill_on_drop: false }`
[INFO] [stdout] bfb0955973b5c5c0f140ede48a7345b1b2402a6e23675f16c0523ed50b7d339d
[INFO] running `Command { std: "docker" "start" "-a" "bfb0955973b5c5c0f140ede48a7345b1b2402a6e23675f16c0523ed50b7d339d", kill_on_drop: false }`
[INFO] [stderr]    Compiling proc-macro2 v1.0.51
[INFO] [stderr]    Compiling quote v1.0.23
[INFO] [stderr]    Compiling unicode-ident v1.0.6
[INFO] [stderr]    Compiling syn v1.0.107
[INFO] [stderr]    Compiling autocfg v1.1.0
[INFO] [stderr]    Compiling libc v0.2.139
[INFO] [stderr]    Compiling version_check v0.9.4
[INFO] [stderr]     Checking cfg-if v1.0.0
[INFO] [stderr]    Compiling typenum v1.16.0
[INFO] [stderr]    Compiling memchr v2.5.0
[INFO] [stderr]    Compiling serde_derive v1.0.152
[INFO] [stderr]     Checking once_cell v1.17.1
[INFO] [stderr]    Compiling generic-array v0.14.6
[INFO] [stderr]    Compiling serde v1.0.152
[INFO] [stderr]    Compiling either v1.8.1
[INFO] [stderr]    Compiling log v0.4.17
[INFO] [stderr]    Compiling pkg-config v0.3.26
[INFO] [stderr]    Compiling crossbeam-utils v0.8.14
[INFO] [stderr]    Compiling jobserver v0.1.25
[INFO] [stderr]    Compiling thiserror v1.0.38
[INFO] [stderr]    Compiling unicode-xid v0.2.4
[INFO] [stderr]    Compiling cc v1.0.79
[INFO] [stderr]    Compiling radium v0.7.0
[INFO] [stderr]    Compiling getrandom v0.1.16
[INFO] [stderr]     Checking getrandom v0.2.8
[INFO] [stderr]     Checking pin-project-lite v0.2.9
[INFO] [stderr]     Checking rand_core v0.6.4
[INFO] [stderr]    Compiling memoffset v0.7.1
[INFO] [stderr]    Compiling futures-core v0.3.26
[INFO] [stderr]    Compiling crossbeam-epoch v0.9.13
[INFO] [stderr]     Checking bitflags v1.3.2
[INFO] [stderr]    Compiling ahash v0.7.6
[INFO] [stderr]    Compiling slab v0.4.8
[INFO] [stderr]    Compiling lock_api v0.4.9
[INFO] [stderr]    Compiling indexmap v1.9.2
[INFO] [stderr]    Compiling parking_lot_core v0.9.7
[INFO] [stderr]     Checking futures-sink v0.3.26
[INFO] [stderr]    Compiling futures-channel v0.3.26
[INFO] [stderr]    Compiling scopeguard v1.1.0
[INFO] [stderr]    Compiling futures-task v0.3.26
[INFO] [stderr]     Checking bytes v1.4.0
[INFO] [stderr]    Compiling heck v0.4.1
[INFO] [stderr]     Checking smallvec v1.10.0
[INFO] [stderr]    Compiling futures-util v0.3.26
[INFO] [stderr]     Checking itoa v1.0.5
[INFO] [stderr]    Compiling crossbeam-deque v0.8.2
[INFO] [stderr]    Compiling openssl-sys v0.9.80
[INFO] [stderr]    Compiling crossbeam-channel v0.5.6
[INFO] [stderr]    Compiling tokio v1.25.0
[INFO] [stderr]     Checking futures-io v0.3.26
[INFO] [stderr]     Checking subtle v2.4.1
[INFO] [stderr]    Compiling anyhow v1.0.69
[INFO] [stderr]     Checking pin-utils v0.1.0
[INFO] [stderr]    Compiling crossbeam-queue v0.3.8
[INFO] [stderr]    Compiling rayon-core v1.10.2
[INFO] [stderr]     Checking parking_lot v0.12.1
[INFO] [stderr]     Checking hashbrown v0.12.3
[INFO] [stderr]     Checking digest v0.9.0
[INFO] [stderr]     Checking mio v0.8.6
[INFO] [stderr]     Checking socket2 v0.4.7
[INFO] [stderr]     Checking num_cpus v1.15.0
[INFO] [stderr]     Checking signal-hook-registry v1.4.1
[INFO] [stderr]    Compiling rustversion v1.0.12
[INFO] [stderr]     Checking ppv-lite86 v0.2.17
[INFO] [stderr]     Checking byteorder v1.4.3
[INFO] [stderr]    Compiling tap v1.0.1
[INFO] [stderr]     Checking rand_chacha v0.3.1
[INFO] [stderr]    Compiling wyz v0.5.1
[INFO] [stderr]    Compiling crossbeam v0.8.2
[INFO] [stderr]     Checking rand v0.8.5
[INFO] [stderr]    Compiling rayon v1.6.1
[INFO] [stderr]     Checking tracing-core v0.1.30
[INFO] [stderr]    Compiling funty v2.0.0
[INFO] [stderr]    Compiling synstructure v0.12.6
[INFO] [stderr]    Compiling lazy_static v1.4.0
[INFO] [stderr]     Checking foreign-types-shared v0.1.1
[INFO] [stderr]    Compiling libm v0.2.6
[INFO] [stderr]     Checking fnv v1.0.7
[INFO] [stderr]    Compiling same-file v1.0.6
[INFO] [stderr]    Compiling openssl v0.10.45
[INFO] [stderr]    Compiling crunchy v0.2.2
[INFO] [stderr]    Compiling walkdir v2.3.2
[INFO] [stderr]    Compiling bitvec v1.0.1
[INFO] [stderr]     Checking http v0.2.9
[INFO] [stderr]     Checking foreign-types v0.3.2
[INFO] [stderr]     Checking rand_core v0.5.1
[INFO] [stderr]    Compiling block-buffer v0.10.3
[INFO] [stderr]    Compiling crypto-common v0.1.6
[INFO] [stderr]    Compiling itertools v0.10.5
[INFO] [stderr]    Compiling num-traits v0.2.15
[INFO] [stderr]    Compiling native-tls v0.2.11
[INFO] [stderr]     Checking tinyvec_macros v0.1.1
[INFO] [stderr]    Compiling jwalk v0.6.2
[INFO] [stderr]    Compiling tiny-keccak v2.0.2
[INFO] [stderr]    Compiling httparse v1.8.0
[INFO] [stderr]    Compiling serde_json v1.0.93
[INFO] [stderr]    Compiling glob v0.3.1
[INFO] [stderr]     Checking ryu v1.0.12
[INFO] [stderr]    Compiling cfg-expr v0.11.0
[INFO] [stderr]    Compiling dircpy v0.3.14
[INFO] [stderr]    Compiling clang-sys v1.6.1
[INFO] [stderr]    Compiling ff v0.13.0
[INFO] [stderr]     Checking tinyvec v1.6.0
[INFO] [stderr]    Compiling thiserror-impl v1.0.38
[INFO] [stderr]    Compiling zeroize_derive v1.3.3
[INFO] [stderr]    Compiling futures-macro v0.3.26
[INFO] [stderr]    Compiling tokio-macros v1.8.2
[INFO] [stderr]    Compiling tracing-attributes v0.1.23
[INFO] [stderr]    Compiling openssl-macros v0.1.0
[INFO] [stderr]     Checking zeroize v1.6.0
[INFO] [stderr]    Compiling toml v0.5.11
[INFO] [stderr]    Compiling prost-derive v0.11.6
[INFO] [stderr]    Compiling digest v0.10.6
[INFO] [stderr]     Checking tracing v0.1.37
[INFO] [stderr]    Compiling block-buffer v0.9.0
[INFO] [stderr]    Compiling proc-macro-error-attr v1.0.4
[INFO] [stderr]    Compiling io-lifetimes v1.0.5
[INFO] [stderr]    Compiling ucd-trie v0.1.5
[INFO] [stderr]     Checking try-lock v0.2.4
[INFO] [stderr]    Compiling cpufeatures v0.2.5
[INFO] [stderr]     Checking percent-encoding v2.2.0
[INFO] [stderr]    Compiling opaque-debug v0.3.0
[INFO] [stderr]     Checking openssl-probe v0.1.5
[INFO] [stderr]    Compiling version-compare v0.1.1
[INFO] [stderr]    Compiling sha2 v0.9.9
[INFO] [stderr]     Checking form_urlencoded v1.1.0
[INFO] [stderr]    Compiling system-deps v6.0.3
[INFO] [stderr]    Compiling curve25519-dalek v3.2.0
[INFO] [stderr]     Checking want v0.3.0
[INFO] [stderr]    Compiling pest v2.5.5
[INFO] [stderr]     Checking unicode-normalization v0.1.22
[INFO] [stderr]    Compiling group v0.13.0
[INFO] [stderr]    Compiling zeromq-src v0.2.4+4.3.4
[INFO] [stderr]     Checking http-body v0.4.5
[INFO] [stderr]     Checking tokio-util v0.7.7
[INFO] [stderr]    Compiling crypto-bigint v0.5.1
[INFO] [stderr]    Compiling proc-macro-error v1.0.4
[INFO] [stderr]    Compiling rustix v0.36.8
[INFO] [stderr]    Compiling regex-syntax v0.6.28
[INFO] [stderr]     Checking h2 v0.3.15
[INFO] [stderr]     Checking httpdate v1.0.2
[INFO] [stderr]    Compiling keccak v0.1.3
[INFO] [stderr]     Checking rustc-hex v2.1.0
[INFO] [stderr]    Compiling prettyplease v0.1.23
[INFO] [stderr]     Checking tower-service v0.3.2
[INFO] [stderr]    Compiling minimal-lexical v0.2.1
[INFO] [stderr]     Checking unicode-bidi v0.3.10
[INFO] [stderr]     Checking static_assertions v1.1.0
[INFO] [stderr]    Compiling unicode-segmentation v1.10.1
[INFO] [stderr]     Checking hex v0.4.3
[INFO] [stderr]     Checking idna v0.3.0
[INFO] [stderr]    Compiling nom v7.1.3
[INFO] [stderr]    Compiling heck v0.3.3
[INFO] [stderr]    Compiling prost v0.11.6
[INFO] [stderr]    Compiling dalek-ff-group v0.3.0 (https://github.com/LeoNero/serai?branch=develop#a7a8c333)
[INFO] [stderr]    Compiling sha3 v0.10.6
[INFO] [stderr]    Compiling regex v1.7.1
[INFO] [stderr]    Compiling pest_meta v2.5.5
[INFO] [stderr]     Checking tokio-native-tls v0.3.1
[INFO] [stderr]    Compiling zmq-sys v0.12.0
[INFO] [stderr]     Checking hyper v0.14.24
[INFO] [stderr]     Checking base58-monero v1.0.0
[INFO] [stderr]     Checking futures-executor v0.3.26
[INFO] [stderr]    Compiling which v4.4.0
[INFO] [stderr]    Compiling num-integer v0.1.45
[INFO] [stderr]    Compiling libloading v0.7.4
[INFO] [stderr]    Compiling bindgen v0.64.0
[INFO] [stderr]    Compiling fixedbitset v0.4.2
[INFO] [stderr]     Checking termcolor v1.2.0
[INFO] [stderr]     Checking linux-raw-sys v0.1.4
[INFO] [stderr]    Compiling fastrand v1.9.0
[INFO] [stderr]    Compiling remove_dir_all v0.5.3
[INFO] [stderr]    Compiling petgraph v0.6.3
[INFO] [stderr]     Checking tokio-socks v0.5.1
[INFO] [stderr]    Compiling tempfile v3.3.0
[INFO] [stderr]    Compiling cexpr v0.6.0
[INFO] [stderr]    Compiling pest_generator v2.5.5
[INFO] [stderr]     Checking serde_urlencoded v0.7.1
[INFO] [stderr]     Checking futures v0.3.26
[INFO] [stderr]    Compiling prost-types v0.11.6
[INFO] [stderr]     Checking hyper-tls v0.5.0
[INFO] [stderr]    Compiling monero-generators v0.3.0 (https://github.com/LeoNero/serai?branch=develop#a7a8c333)
[INFO] [stderr]    Compiling sealed v0.4.0
[INFO] [stderr]     Checking url v2.3.1
[INFO] [stderr]     Checking atty v0.2.14
[INFO] [stderr]     Checking aho-corasick v0.7.20
[INFO] [stderr]     Checking encoding_rs v0.8.32
[INFO] [stderr]    Compiling rustc-hash v1.1.0
[INFO] [stderr]    Compiling hex-literal v0.3.4
[INFO] [stderr]     Checking ipnet v2.7.1
[INFO] [stderr]     Checking mime v0.3.16
[INFO] [stderr]     Checking dlv-list v0.3.0
[INFO] [stderr]    Compiling lazycell v1.3.0
[INFO] [stderr]    Compiling multimap v0.8.3
[INFO] [stderr]     Checking base64 v0.21.0
[INFO] [stderr]    Compiling peeking_take_while v0.1.2
[INFO] [stderr]    Compiling shlex v1.1.0
[INFO] [stderr]     Checking os_str_bytes v6.4.1
[INFO] [stderr]     Checking quick-error v1.2.3
[INFO] [stderr]    Compiling async-trait v0.1.64
[INFO] [stderr]     Checking clap_lex v0.3.1
[INFO] [stderr]     Checking humantime v1.3.0
[INFO] [stderr]    Compiling prost-build v0.11.6
[INFO] [stderr]     Checking ordered-multimap v0.4.3
[INFO] [stderr]     Checking reqwest v0.11.14
[INFO] [stderr]     Checking is-terminal v0.4.3
[INFO] [stderr]    Compiling monero-serai v0.1.4-alpha (https://github.com/LeoNero/serai?branch=develop#a7a8c333)
[INFO] [stderr]    Compiling pest_derive v2.5.5
[INFO] [stderr]    Compiling clap_derive v4.1.0
[INFO] [stderr]     Checking serde-big-array v0.4.1
[INFO] [stderr]     Checking fixed-hash v0.8.0
[INFO] [stderr]     Checking fixed-hash v0.7.0
[INFO] [stderr]     Checking md-5 v0.9.1
[INFO] [stderr]    Compiling zmq v0.10.0
[INFO] [stderr]     Checking linked-hash-map v0.5.6
[INFO] [stderr]     Checking base64 v0.13.1
[INFO] [stderr]     Checking strsim v0.10.0
[INFO] [stderr]     Checking crc-catalog v2.2.0
[INFO] [stderr]     Checking yaml-rust v0.4.5
[INFO] [stderr]     Checking crc v3.0.1
[INFO] [stderr]     Checking ron v0.7.1
[INFO] [stderr]     Checking json5 v0.4.1
[INFO] [stderr]     Checking digest_auth v0.3.0
[INFO] [stderr]     Checking monero v0.17.3
[INFO] [stderr]     Checking chrono v0.4.24
[INFO] [stderr]     Checking env_logger v0.7.1
[INFO] [stderr]     Checking rust-ini v0.18.0
[INFO] [stderr]     Checking jsonrpc-core v18.0.0
[INFO] [stderr]     Checking monero-epee-bin-serde v1.0.1
[INFO] [stderr]     Checking multiexp v0.3.1 (https://github.com/LeoNero/serai?branch=develop#a7a8c333)
[INFO] [stderr]     Checking rand_distr v0.4.3
[INFO] [stderr]     Checking clap v4.1.6
[INFO] [stderr]     Checking uuid v1.3.1
[INFO] [stderr]     Checking pathdiff v0.2.1
[INFO] [stderr]     Checking pretty_env_logger v0.4.0
[INFO] [stderr]     Checking monero v0.18.2
[INFO] [stderr]     Checking monero-rpc v0.3.2
[INFO] [stderr]     Checking colored v2.0.0
[INFO] [stderr]     Checking cty v0.2.2
[INFO] [stderr]     Checking config v0.13.3
[INFO] [stderr]     Checking clap_complete v4.1.2
[INFO] [stderr]    Compiling paymo v0.1.0 (/opt/rustwide/workdir)
[INFO] [stderr] The following warnings were emitted during compilation:
[INFO] [stderr] 
[INFO] [stderr] warning: paymo@0.1.0: cc1: fatal error: ./liblhtlp/src/lhp.c: No such file or directory
[INFO] [stderr] warning: paymo@0.1.0: compilation terminated.
[INFO] [stderr] warning: paymo@0.1.0: cc1: fatal error: ./liblhtlp/src/params.c: No such file or directory
[INFO] [stderr] warning: paymo@0.1.0: compilation terminated.
[INFO] [stderr] 
[INFO] [stderr] error: failed to run custom build command for `paymo v0.1.0 (/opt/rustwide/workdir)`
[INFO] [stderr] note: To improve backtraces for build dependencies, set the CARGO_PROFILE_DEV_BUILD_OVERRIDE_DEBUG=true environment variable to enable debug information generation.
[INFO] [stderr] 
[INFO] [stderr] Caused by:
[INFO] [stderr]   process didn't exit successfully: `/opt/rustwide/target/debug/build/paymo-3c9a856162dab73e/build-script-build` (exit status: 1)
[INFO] [stderr]   --- stdout
[INFO] [stderr]   cargo:rerun-if-changed=./proto/
[INFO] [stderr]   cargo:rerun-if-changed=wrapper.h
[INFO] [stderr]   cargo:rustc-link-lib=gmp
[INFO] [stderr]   TARGET = Some("x86_64-unknown-linux-gnu")
[INFO] [stderr]   OPT_LEVEL = Some("0")
[INFO] [stderr]   HOST = Some("x86_64-unknown-linux-gnu")
[INFO] [stderr]   cargo:rerun-if-env-changed=CC_x86_64-unknown-linux-gnu
[INFO] [stderr]   CC_x86_64-unknown-linux-gnu = None
[INFO] [stderr]   cargo:rerun-if-env-changed=CC_x86_64_unknown_linux_gnu
[INFO] [stderr]   CC_x86_64_unknown_linux_gnu = None
[INFO] [stderr]   cargo:rerun-if-env-changed=HOST_CC
[INFO] [stderr]   HOST_CC = None
[INFO] [stderr]   cargo:rerun-if-env-changed=CC
[INFO] [stderr]   CC = None
[INFO] [stderr]   cargo:rerun-if-env-changed=CFLAGS_x86_64-unknown-linux-gnu
[INFO] [stderr]   CFLAGS_x86_64-unknown-linux-gnu = None
[INFO] [stderr]   cargo:rerun-if-env-changed=CFLAGS_x86_64_unknown_linux_gnu
[INFO] [stderr]   CFLAGS_x86_64_unknown_linux_gnu = None
[INFO] [stderr]   cargo:rerun-if-env-changed=HOST_CFLAGS
[INFO] [stderr]   HOST_CFLAGS = None
[INFO] [stderr]   cargo:rerun-if-env-changed=CFLAGS
[INFO] [stderr]   CFLAGS = None
[INFO] [stderr]   cargo:rerun-if-env-changed=CRATE_CC_NO_DEFAULTS
[INFO] [stderr]   CRATE_CC_NO_DEFAULTS = None
[INFO] [stderr]   DEBUG = Some("true")
[INFO] [stderr]   CARGO_CFG_TARGET_FEATURE = Some("fxsr,sse,sse2")
[INFO] [stderr]   running: "cc" "-O0" "-ffunction-sections" "-fdata-sections" "-fPIC" "-gdwarf-4" "-fno-omit-frame-pointer" "-m64" "-I" "./liblhtlp/include" "-o" "/opt/rustwide/target/debug/build/paymo-a8aafba382a45644/out/./liblhtlp/src/lhp.o" "-c" "./liblhtlp/src/lhp.c"
[INFO] [stderr]   cargo:warning=cc1: fatal error: ./liblhtlp/src/lhp.c: No such file or directory
[INFO] [stderr]   cargo:warning=compilation terminated.
[INFO] [stderr]   exit status: 1
[INFO] [stderr]   running: "cc" "-O0" "-ffunction-sections" "-fdata-sections" "-fPIC" "-gdwarf-4" "-fno-omit-frame-pointer" "-m64" "-I" "./liblhtlp/include" "-o" "/opt/rustwide/target/debug/build/paymo-a8aafba382a45644/out/./liblhtlp/src/params.o" "-c" "./liblhtlp/src/params.c"
[INFO] [stderr]   cargo:warning=cc1: fatal error: ./liblhtlp/src/params.c: No such file or directory
[INFO] [stderr]   cargo:warning=compilation terminated.
[INFO] [stderr]   exit status: 1
[INFO] [stderr] 
[INFO] [stderr]   --- stderr
[INFO] [stderr] 
[INFO] [stderr] 
[INFO] [stderr]   error occurred: Command "cc" "-O0" "-ffunction-sections" "-fdata-sections" "-fPIC" "-gdwarf-4" "-fno-omit-frame-pointer" "-m64" "-I" "./liblhtlp/include" "-o" "/opt/rustwide/target/debug/build/paymo-a8aafba382a45644/out/./liblhtlp/src/lhp.o" "-c" "./liblhtlp/src/lhp.c" with args "cc" did not execute successfully (status code exit status: 1).
[INFO] [stderr] 
[INFO] [stderr] 
[INFO] [stderr] warning: build failed, waiting for other jobs to finish...
[INFO] running `Command { std: "docker" "inspect" "bfb0955973b5c5c0f140ede48a7345b1b2402a6e23675f16c0523ed50b7d339d", kill_on_drop: false }`
[INFO] running `Command { std: "docker" "rm" "-f" "bfb0955973b5c5c0f140ede48a7345b1b2402a6e23675f16c0523ed50b7d339d", kill_on_drop: false }`
[INFO] [stdout] bfb0955973b5c5c0f140ede48a7345b1b2402a6e23675f16c0523ed50b7d339d
[INFO] documenting NothingToHide-SeniorProject/PayMo against beta-2023-12-22 for beta-1.76-rustdoc-1
[INFO] running `Command { std: "git" "clone" "/workspace/cache/git-repos/https%3A%2F%2Fgithub.com%2FNothingToHide-SeniorProject%2FPayMo" "/workspace/builds/worker-6-tc2/source", kill_on_drop: false }`
[INFO] [stderr] Cloning into '/workspace/builds/worker-6-tc2/source'...
[INFO] [stderr] done.
[INFO] validating manifest of git repo https://github.com/NothingToHide-SeniorProject/PayMo on toolchain beta-2023-12-22
[INFO] running `Command { std: CARGO_HOME="/workspace/cargo-home" RUSTUP_HOME="/workspace/rustup-home" "/workspace/cargo-home/bin/cargo" "+beta-2023-12-22" "metadata" "--manifest-path" "Cargo.toml" "--no-deps", kill_on_drop: false }`
[INFO] started tweaking git repo https://github.com/NothingToHide-SeniorProject/PayMo
[INFO] finished tweaking git repo https://github.com/NothingToHide-SeniorProject/PayMo
[INFO] tweaked toml for git repo https://github.com/NothingToHide-SeniorProject/PayMo written to /workspace/builds/worker-6-tc2/source/Cargo.toml
[INFO] crate git repo https://github.com/NothingToHide-SeniorProject/PayMo already has a lockfile, it will not be regenerated
[INFO] running `Command { std: CARGO_HOME="/workspace/cargo-home" RUSTUP_HOME="/workspace/rustup-home" "/workspace/cargo-home/bin/cargo" "+beta-2023-12-22" "fetch" "--manifest-path" "Cargo.toml", kill_on_drop: false }`
[INFO] running `Command { std: "docker" "create" "-v" "/var/lib/crater-agent-workspace/builds/worker-6-tc2/target:/opt/rustwide/target:rw,Z" "-v" "/var/lib/crater-agent-workspace/builds/worker-6-tc2/source:/opt/rustwide/workdir:ro,Z" "-v" "/var/lib/crater-agent-workspace/cargo-home:/opt/rustwide/cargo-home:ro,Z" "-v" "/var/lib/crater-agent-workspace/rustup-home:/opt/rustwide/rustup-home:ro,Z" "-e" "SOURCE_DIR=/opt/rustwide/workdir" "-e" "CARGO_TARGET_DIR=/opt/rustwide/target" "-e" "CARGO_HOME=/opt/rustwide/cargo-home" "-e" "RUSTUP_HOME=/opt/rustwide/rustup-home" "-w" "/opt/rustwide/workdir" "-m" "1610612736" "--user" "0:0" "--network" "none" "ghcr.io/rust-lang/crates-build-env/linux@sha256:2788e3201cd34a07e3172128adcd8b3090168a8e3bcc40d7c032b9dda1df7d1c" "/opt/rustwide/cargo-home/bin/cargo" "+beta-2023-12-22" "metadata" "--no-deps" "--format-version=1", kill_on_drop: false }`
[INFO] [stdout] 783a6e5188a55a094766268f4f255388c6935723eaabf58e581a49e68ec7604d
[INFO] running `Command { std: "docker" "start" "-a" "783a6e5188a55a094766268f4f255388c6935723eaabf58e581a49e68ec7604d", kill_on_drop: false }`
[INFO] running `Command { std: "docker" "inspect" "783a6e5188a55a094766268f4f255388c6935723eaabf58e581a49e68ec7604d", kill_on_drop: false }`
[INFO] running `Command { std: "docker" "rm" "-f" "783a6e5188a55a094766268f4f255388c6935723eaabf58e581a49e68ec7604d", kill_on_drop: false }`
[INFO] [stdout] 783a6e5188a55a094766268f4f255388c6935723eaabf58e581a49e68ec7604d
[INFO] running `Command { std: "docker" "create" "-v" "/var/lib/crater-agent-workspace/builds/worker-6-tc2/target:/opt/rustwide/target:rw,Z" "-v" "/var/lib/crater-agent-workspace/builds/worker-6-tc2/source:/opt/rustwide/workdir:ro,Z" "-v" "/var/lib/crater-agent-workspace/cargo-home:/opt/rustwide/cargo-home:ro,Z" "-v" "/var/lib/crater-agent-workspace/rustup-home:/opt/rustwide/rustup-home:ro,Z" "-e" "SOURCE_DIR=/opt/rustwide/workdir" "-e" "CARGO_TARGET_DIR=/opt/rustwide/target" "-e" "CARGO_INCREMENTAL=0" "-e" "RUST_BACKTRACE=full" "-e" "RUSTFLAGS=--cap-lints=warn" "-e" "RUSTDOCFLAGS=--cap-lints=warn" "-e" "CARGO_HOME=/opt/rustwide/cargo-home" "-e" "RUSTUP_HOME=/opt/rustwide/rustup-home" "-w" "/opt/rustwide/workdir" "-m" "1610612736" "--user" "0:0" "--network" "none" "ghcr.io/rust-lang/crates-build-env/linux@sha256:2788e3201cd34a07e3172128adcd8b3090168a8e3bcc40d7c032b9dda1df7d1c" "/opt/rustwide/cargo-home/bin/cargo" "+beta-2023-12-22" "doc" "--frozen" "--no-deps" "--document-private-items" "--message-format=json", kill_on_drop: false }`
[INFO] [stdout] db824054a3da388c2362d958b19d99f781c2b83460010fd69aa6d13bb63faa65
[INFO] running `Command { std: "docker" "start" "-a" "db824054a3da388c2362d958b19d99f781c2b83460010fd69aa6d13bb63faa65", kill_on_drop: false }`
[INFO] [stderr]    Compiling proc-macro2 v1.0.51
[INFO] [stderr]    Compiling quote v1.0.23
[INFO] [stderr]    Compiling unicode-ident v1.0.6
[INFO] [stderr]    Compiling syn v1.0.107
[INFO] [stderr]    Compiling autocfg v1.1.0
[INFO] [stderr]    Compiling libc v0.2.139
[INFO] [stderr]    Compiling version_check v0.9.4
[INFO] [stderr]     Checking cfg-if v1.0.0
[INFO] [stderr]    Compiling typenum v1.16.0
[INFO] [stderr]    Compiling memchr v2.5.0
[INFO] [stderr]    Compiling generic-array v0.14.6
[INFO] [stderr]    Compiling serde_derive v1.0.152
[INFO] [stderr]     Checking once_cell v1.17.1
[INFO] [stderr]    Compiling serde v1.0.152
[INFO] [stderr]    Compiling either v1.8.1
[INFO] [stderr]    Compiling pkg-config v0.3.26
[INFO] [stderr]    Compiling log v0.4.17
[INFO] [stderr]    Compiling crossbeam-utils v0.8.14
[INFO] [stderr]    Compiling jobserver v0.1.25
[INFO] [stderr]    Compiling getrandom v0.1.16
[INFO] [stderr]    Compiling unicode-xid v0.2.4
[INFO] [stderr]    Compiling thiserror v1.0.38
[INFO] [stderr]    Compiling cc v1.0.79
[INFO] [stderr]    Compiling radium v0.7.0
[INFO] [stderr]     Checking pin-project-lite v0.2.9
[INFO] [stderr]    Compiling memoffset v0.7.1
[INFO] [stderr]    Compiling futures-core v0.3.26
[INFO] [stderr]     Checking getrandom v0.2.8
[INFO] [stderr]     Checking rand_core v0.6.4
[INFO] [stderr]    Compiling crossbeam-epoch v0.9.13
[INFO] [stderr]     Checking bitflags v1.3.2
[INFO] [stderr]    Compiling lock_api v0.4.9
[INFO] [stderr]    Compiling slab v0.4.8
[INFO] [stderr]    Compiling indexmap v1.9.2
[INFO] [stderr]    Compiling ahash v0.7.6
[INFO] [stderr]    Compiling scopeguard v1.1.0
[INFO] [stderr]     Checking futures-sink v0.3.26
[INFO] [stderr]    Compiling futures-task v0.3.26
[INFO] [stderr]    Compiling futures-channel v0.3.26
[INFO] [stderr]     Checking bytes v1.4.0
[INFO] [stderr]    Compiling parking_lot_core v0.9.7
[INFO] [stderr]     Checking itoa v1.0.5
[INFO] [stderr]    Compiling heck v0.4.1
[INFO] [stderr]     Checking smallvec v1.10.0
[INFO] [stderr]    Compiling futures-util v0.3.26
[INFO] [stderr]    Compiling crossbeam-deque v0.8.2
[INFO] [stderr]    Compiling openssl-sys v0.9.80
[INFO] [stderr]    Compiling crossbeam-channel v0.5.6
[INFO] [stderr]    Compiling tokio v1.25.0
[INFO] [stderr]    Compiling rayon-core v1.10.2
[INFO] [stderr]     Checking pin-utils v0.1.0
[INFO] [stderr]    Compiling crossbeam-queue v0.3.8
[INFO] [stderr]    Compiling anyhow v1.0.69
[INFO] [stderr]     Checking futures-io v0.3.26
[INFO] [stderr]     Checking subtle v2.4.1
[INFO] [stderr]     Checking hashbrown v0.12.3
[INFO] [stderr]     Checking parking_lot v0.12.1
[INFO] [stderr]     Checking digest v0.9.0
[INFO] [stderr]     Checking num_cpus v1.15.0
[INFO] [stderr]     Checking mio v0.8.6
[INFO] [stderr]     Checking signal-hook-registry v1.4.1
[INFO] [stderr]     Checking socket2 v0.4.7
[INFO] [stderr]    Compiling rustversion v1.0.12
[INFO] [stderr]     Checking byteorder v1.4.3
[INFO] [stderr]     Checking ppv-lite86 v0.2.17
[INFO] [stderr]    Compiling tap v1.0.1
[INFO] [stderr]     Checking rand_chacha v0.3.1
[INFO] [stderr]    Compiling wyz v0.5.1
[INFO] [stderr]    Compiling crossbeam v0.8.2
[INFO] [stderr]     Checking rand v0.8.5
[INFO] [stderr]     Checking tracing-core v0.1.30
[INFO] [stderr]     Checking fnv v1.0.7
[INFO] [stderr]     Checking foreign-types-shared v0.1.1
[INFO] [stderr]    Compiling lazy_static v1.4.0
[INFO] [stderr]    Compiling same-file v1.0.6
[INFO] [stderr]    Compiling rayon v1.6.1
[INFO] [stderr]    Compiling crunchy v0.2.2
[INFO] [stderr]    Compiling libm v0.2.6
[INFO] [stderr]    Compiling funty v2.0.0
[INFO] [stderr]    Compiling openssl v0.10.45
[INFO] [stderr]    Compiling walkdir v2.3.2
[INFO] [stderr]     Checking foreign-types v0.3.2
[INFO] [stderr]     Checking http v0.2.9
[INFO] [stderr]     Checking rand_core v0.5.1
[INFO] [stderr]    Compiling synstructure v0.12.6
[INFO] [stderr]    Compiling bitvec v1.0.1
[INFO] [stderr]    Compiling crypto-common v0.1.6
[INFO] [stderr]    Compiling block-buffer v0.10.3
[INFO] [stderr]    Compiling itertools v0.10.5
[INFO] [stderr]    Compiling num-traits v0.2.15
[INFO] [stderr]    Compiling httparse v1.8.0
[INFO] [stderr]    Compiling glob v0.3.1
[INFO] [stderr]    Compiling serde_json v1.0.93
[INFO] [stderr]     Checking ryu v1.0.12
[INFO] [stderr]    Compiling jwalk v0.6.2
[INFO] [stderr]    Compiling tiny-keccak v2.0.2
[INFO] [stderr]    Compiling native-tls v0.2.11
[INFO] [stderr]     Checking tinyvec_macros v0.1.1
[INFO] [stderr]    Compiling dircpy v0.3.14
[INFO] [stderr]     Checking tinyvec v1.6.0
[INFO] [stderr]    Compiling cfg-expr v0.11.0
[INFO] [stderr]    Compiling clang-sys v1.6.1
[INFO] [stderr]    Compiling ff v0.13.0
[INFO] [stderr]    Compiling digest v0.10.6
[INFO] [stderr]    Compiling block-buffer v0.9.0
[INFO] [stderr]    Compiling proc-macro-error-attr v1.0.4
[INFO] [stderr]     Checking openssl-probe v0.1.5
[INFO] [stderr]    Compiling opaque-debug v0.3.0
[INFO] [stderr]    Compiling ucd-trie v0.1.5
[INFO] [stderr]    Compiling io-lifetimes v1.0.5
[INFO] [stderr]     Checking percent-encoding v2.2.0
[INFO] [stderr]     Checking try-lock v0.2.4
[INFO] [stderr]    Compiling cpufeatures v0.2.5
[INFO] [stderr]    Compiling version-compare v0.1.1
[INFO] [stderr]    Compiling toml v0.5.11
[INFO] [stderr]    Compiling sha2 v0.9.9
[INFO] [stderr]     Checking want v0.3.0
[INFO] [stderr]    Compiling thiserror-impl v1.0.38
[INFO] [stderr]    Compiling zeroize_derive v1.3.3
[INFO] [stderr]    Compiling futures-macro v0.3.26
[INFO] [stderr]    Compiling tokio-macros v1.8.2
[INFO] [stderr]    Compiling tracing-attributes v0.1.23
[INFO] [stderr]    Compiling openssl-macros v0.1.0
[INFO] [stderr]     Checking zeroize v1.6.0
[INFO] [stderr]    Compiling prost-derive v0.11.6
[INFO] [stderr]    Compiling curve25519-dalek v3.2.0
[INFO] [stderr]    Compiling pest v2.5.5
[INFO] [stderr]     Checking tracing v0.1.37
[INFO] [stderr]    Compiling system-deps v6.0.3
[INFO] [stderr]     Checking form_urlencoded v1.1.0
[INFO] [stderr]    Compiling group v0.13.0
[INFO] [stderr]     Checking unicode-normalization v0.1.22
[INFO] [stderr]    Compiling zeromq-src v0.2.4+4.3.4
[INFO] [stderr]     Checking http-body v0.4.5
[INFO] [stderr]    Compiling crypto-bigint v0.5.1
[INFO] [stderr]    Compiling proc-macro-error v1.0.4
[INFO] [stderr]     Checking tower-service v0.3.2
[INFO] [stderr]    Compiling unicode-segmentation v1.10.1
[INFO] [stderr]     Checking rustc-hex v2.1.0
[INFO] [stderr]     Checking httpdate v1.0.2
[INFO] [stderr]    Compiling regex-syntax v0.6.28
[INFO] [stderr]     Checking unicode-bidi v0.3.10
[INFO] [stderr]     Checking hex v0.4.3
[INFO] [stderr]    Compiling rustix v0.36.8
[INFO] [stderr]    Compiling prettyplease v0.1.23
[INFO] [stderr]    Compiling keccak v0.1.3
[INFO] [stderr]    Compiling minimal-lexical v0.2.1
[INFO] [stderr]     Checking static_assertions v1.1.0
[INFO] [stderr]    Compiling sha3 v0.10.6
[INFO] [stderr]    Compiling nom v7.1.3
[INFO] [stderr]     Checking tokio-util v0.7.7
[INFO] [stderr]     Checking tokio-native-tls v0.3.1
[INFO] [stderr]     Checking idna v0.3.0
[INFO] [stderr]    Compiling dalek-ff-group v0.3.0 (https://github.com/LeoNero/serai?branch=develop#a7a8c333)
[INFO] [stderr]    Compiling pest_meta v2.5.5
[INFO] [stderr]     Checking h2 v0.3.15
[INFO] [stderr]    Compiling prost v0.11.6
[INFO] [stderr]    Compiling heck v0.3.3
[INFO] [stderr]     Checking futures-executor v0.3.26
[INFO] [stderr]    Compiling zmq-sys v0.12.0
[INFO] [stderr]     Checking base58-monero v1.0.0
[INFO] [stderr]    Compiling regex v1.7.1
[INFO] [stderr]    Compiling which v4.4.0
[INFO] [stderr]    Compiling num-integer v0.1.45
[INFO] [stderr]    Compiling libloading v0.7.4
[INFO] [stderr]     Checking termcolor v1.2.0
[INFO] [stderr]    Compiling bindgen v0.64.0
[INFO] [stderr]    Compiling fixedbitset v0.4.2
[INFO] [stderr]    Compiling remove_dir_all v0.5.3
[INFO] [stderr]    Compiling fastrand v1.9.0
[INFO] [stderr]     Checking linux-raw-sys v0.1.4
[INFO] [stderr]    Compiling tempfile v3.3.0
[INFO] [stderr]     Checking tokio-socks v0.5.1
[INFO] [stderr]    Compiling petgraph v0.6.3
[INFO] [stderr]    Compiling cexpr v0.6.0
[INFO] [stderr]     Checking serde_urlencoded v0.7.1
[INFO] [stderr]     Checking hyper v0.14.24
[INFO] [stderr]     Checking futures v0.3.26
[INFO] [stderr]    Compiling prost-types v0.11.6
[INFO] [stderr]    Compiling pest_generator v2.5.5
[INFO] [stderr]    Compiling sealed v0.4.0
[INFO] [stderr]    Compiling monero-generators v0.3.0 (https://github.com/LeoNero/serai?branch=develop#a7a8c333)
[INFO] [stderr]     Checking url v2.3.1
[INFO] [stderr]     Checking atty v0.2.14
[INFO] [stderr]     Checking aho-corasick v0.7.20
[INFO] [stderr]     Checking encoding_rs v0.8.32
[INFO] [stderr]     Checking os_str_bytes v6.4.1
[INFO] [stderr]     Checking mime v0.3.16
[INFO] [stderr]     Checking quick-error v1.2.3
[INFO] [stderr]     Checking dlv-list v0.3.0
[INFO] [stderr]     Checking ipnet v2.7.1
[INFO] [stderr]    Compiling async-trait v0.1.64
[INFO] [stderr]     Checking base64 v0.21.0
[INFO] [stderr]    Compiling hex-literal v0.3.4
[INFO] [stderr]     Checking hyper-tls v0.5.0
[INFO] [stderr]    Compiling shlex v1.1.0
[INFO] [stderr]    Compiling rustc-hash v1.1.0
[INFO] [stderr]    Compiling lazycell v1.3.0
[INFO] [stderr]    Compiling multimap v0.8.3
[INFO] [stderr]    Compiling peeking_take_while v0.1.2
[INFO] [stderr]    Compiling prost-build v0.11.6
[INFO] [stderr]     Checking ordered-multimap v0.4.3
[INFO] [stderr]     Checking reqwest v0.11.14
[INFO] [stderr]     Checking humantime v1.3.0
[INFO] [stderr]     Checking clap_lex v0.3.1
[INFO] [stderr]    Compiling pest_derive v2.5.5
[INFO] [stderr]     Checking is-terminal v0.4.3
[INFO] [stderr]    Compiling monero-serai v0.1.4-alpha (https://github.com/LeoNero/serai?branch=develop#a7a8c333)
[INFO] [stderr]    Compiling clap_derive v4.1.0
[INFO] [stderr]     Checking serde-big-array v0.4.1
[INFO] [stderr]     Checking fixed-hash v0.8.0
[INFO] [stderr]     Checking fixed-hash v0.7.0
[INFO] [stderr]     Checking md-5 v0.9.1
[INFO] [stderr]     Checking linked-hash-map v0.5.6
[INFO] [stderr]    Compiling zmq v0.10.0
[INFO] [stderr]     Checking crc-catalog v2.2.0
[INFO] [stderr]     Checking base64 v0.13.1
[INFO] [stderr]     Checking strsim v0.10.0
[INFO] [stderr]     Checking yaml-rust v0.4.5
[INFO] [stderr]     Checking ron v0.7.1
[INFO] [stderr]     Checking crc v3.0.1
[INFO] [stderr]     Checking digest_auth v0.3.0
[INFO] [stderr]     Checking chrono v0.4.24
[INFO] [stderr]     Checking monero v0.17.3
[INFO] [stderr]     Checking env_logger v0.7.1
[INFO] [stderr]     Checking json5 v0.4.1
[INFO] [stderr]     Checking rust-ini v0.18.0
[INFO] [stderr]     Checking jsonrpc-core v18.0.0
[INFO] [stderr]     Checking monero-epee-bin-serde v1.0.1
[INFO] [stderr]     Checking multiexp v0.3.1 (https://github.com/LeoNero/serai?branch=develop#a7a8c333)
[INFO] [stderr]     Checking rand_distr v0.4.3
[INFO] [stderr]     Checking uuid v1.3.1
[INFO] [stderr]     Checking pathdiff v0.2.1
[INFO] [stderr]     Checking clap v4.1.6
[INFO] [stderr]     Checking pretty_env_logger v0.4.0
[INFO] [stderr]     Checking monero-rpc v0.3.2
[INFO] [stderr]     Checking monero v0.18.2
[INFO] [stderr]     Checking colored v2.0.0
[INFO] [stderr]     Checking cty v0.2.2
[INFO] [stderr]     Checking config v0.13.3
[INFO] [stderr]     Checking clap_complete v4.1.2
[INFO] [stderr]    Compiling paymo v0.1.0 (/opt/rustwide/workdir)
[INFO] [stderr] The following warnings were emitted during compilation:
[INFO] [stderr] 
[INFO] [stderr] warning: paymo@0.1.0: cc1: fatal error: ./liblhtlp/src/lhp.c: No such file or directory
[INFO] [stderr] warning: paymo@0.1.0: compilation terminated.
[INFO] [stderr] warning: paymo@0.1.0: cc1: fatal error: ./liblhtlp/src/params.c: No such file or directory
[INFO] [stderr] warning: paymo@0.1.0: compilation terminated.
[INFO] [stderr] 
[INFO] [stderr] error: failed to run custom build command for `paymo v0.1.0 (/opt/rustwide/workdir)`
[INFO] [stderr] note: To improve backtraces for build dependencies, set the CARGO_PROFILE_DEV_BUILD_OVERRIDE_DEBUG=true environment variable to enable debug information generation.
[INFO] [stderr] 
[INFO] [stderr] Caused by:
[INFO] [stderr]   process didn't exit successfully: `/opt/rustwide/target/debug/build/paymo-9d0b9b206cdd8641/build-script-build` (exit status: 1)
[INFO] [stderr]   --- stdout
[INFO] [stderr]   cargo:rerun-if-changed=./proto/
[INFO] [stderr]   cargo:rerun-if-changed=wrapper.h
[INFO] [stderr]   cargo:rustc-link-lib=gmp
[INFO] [stderr]   TARGET = Some("x86_64-unknown-linux-gnu")
[INFO] [stderr]   OPT_LEVEL = Some("0")
[INFO] [stderr]   HOST = Some("x86_64-unknown-linux-gnu")
[INFO] [stderr]   cargo:rerun-if-env-changed=CC_x86_64-unknown-linux-gnu
[INFO] [stderr]   CC_x86_64-unknown-linux-gnu = None
[INFO] [stderr]   cargo:rerun-if-env-changed=CC_x86_64_unknown_linux_gnu
[INFO] [stderr]   CC_x86_64_unknown_linux_gnu = None
[INFO] [stderr]   cargo:rerun-if-env-changed=HOST_CC
[INFO] [stderr]   HOST_CC = None
[INFO] [stderr]   cargo:rerun-if-env-changed=CC
[INFO] [stderr]   CC = None
[INFO] [stderr]   cargo:rerun-if-env-changed=CFLAGS_x86_64-unknown-linux-gnu
[INFO] [stderr]   CFLAGS_x86_64-unknown-linux-gnu = None
[INFO] [stderr]   cargo:rerun-if-env-changed=CFLAGS_x86_64_unknown_linux_gnu
[INFO] [stderr]   CFLAGS_x86_64_unknown_linux_gnu = None
[INFO] [stderr]   cargo:rerun-if-env-changed=HOST_CFLAGS
[INFO] [stderr]   HOST_CFLAGS = None
[INFO] [stderr]   cargo:rerun-if-env-changed=CFLAGS
[INFO] [stderr]   CFLAGS = None
[INFO] [stderr]   cargo:rerun-if-env-changed=CRATE_CC_NO_DEFAULTS
[INFO] [stderr]   CRATE_CC_NO_DEFAULTS = None
[INFO] [stderr]   DEBUG = Some("true")
[INFO] [stderr]   CARGO_CFG_TARGET_FEATURE = Some("fxsr,sse,sse2")
[INFO] [stderr]   running: "cc" "-O0" "-ffunction-sections" "-fdata-sections" "-fPIC" "-gdwarf-4" "-fno-omit-frame-pointer" "-m64" "-I" "./liblhtlp/include" "-o" "/opt/rustwide/target/debug/build/paymo-e4b411f1e43237da/out/./liblhtlp/src/lhp.o" "-c" "./liblhtlp/src/lhp.c"
[INFO] [stderr]   cargo:warning=cc1: fatal error: ./liblhtlp/src/lhp.c: No such file or directory
[INFO] [stderr]   cargo:warning=compilation terminated.
[INFO] [stderr]   exit status: 1
[INFO] [stderr]   running: "cc" "-O0" "-ffunction-sections" "-fdata-sections" "-fPIC" "-gdwarf-4" "-fno-omit-frame-pointer" "-m64" "-I" "./liblhtlp/include" "-o" "/opt/rustwide/target/debug/build/paymo-e4b411f1e43237da/out/./liblhtlp/src/params.o" "-c" "./liblhtlp/src/params.c"
[INFO] [stderr]   cargo:warning=cc1: fatal error: ./liblhtlp/src/params.c: No such file or directory
[INFO] [stderr]   cargo:warning=compilation terminated.
[INFO] [stderr]   exit status: 1
[INFO] [stderr] 
[INFO] [stderr]   --- stderr
[INFO] [stderr] 
[INFO] [stderr] 
[INFO] [stderr]   error occurred: Command "cc" "-O0" "-ffunction-sections" "-fdata-sections" "-fPIC" "-gdwarf-4" "-fno-omit-frame-pointer" "-m64" "-I" "./liblhtlp/include" "-o" "/opt/rustwide/target/debug/build/paymo-e4b411f1e43237da/out/./liblhtlp/src/lhp.o" "-c" "./liblhtlp/src/lhp.c" with args "cc" did not execute successfully (status code exit status: 1).
[INFO] [stderr] 
[INFO] [stderr] 
[INFO] [stderr] warning: build failed, waiting for other jobs to finish...
[INFO] running `Command { std: "docker" "inspect" "db824054a3da388c2362d958b19d99f781c2b83460010fd69aa6d13bb63faa65", kill_on_drop: false }`
[INFO] running `Command { std: "docker" "rm" "-f" "db824054a3da388c2362d958b19d99f781c2b83460010fd69aa6d13bb63faa65", kill_on_drop: false }`
[INFO] [stdout] db824054a3da388c2362d958b19d99f781c2b83460010fd69aa6d13bb63faa65
