[INFO] cloning repository https://github.com/NotAF0e/Oxidiser-Rs
[INFO] running `Command { std: "git" "-c" "credential.helper=" "-c" "credential.helper=/workspace/cargo-home/bin/git-credential-null" "clone" "--bare" "https://github.com/NotAF0e/Oxidiser-Rs" "/workspace/cache/git-repos/https%3A%2F%2Fgithub.com%2FNotAF0e%2FOxidiser-Rs", kill_on_drop: false }`
[INFO] [stderr] Cloning into bare repository '/workspace/cache/git-repos/https%3A%2F%2Fgithub.com%2FNotAF0e%2FOxidiser-Rs'...
[INFO] running `Command { std: "git" "rev-parse" "HEAD", kill_on_drop: false }`
[INFO] [stdout] 696f23b69bb751e1aa254dc48833eab4e6a98acd
[INFO] documenting NotAF0e/Oxidiser-Rs against 1.75.0 for beta-1.76-rustdoc-1
[INFO] running `Command { std: "git" "clone" "/workspace/cache/git-repos/https%3A%2F%2Fgithub.com%2FNotAF0e%2FOxidiser-Rs" "/workspace/builds/worker-1-tc1/source", kill_on_drop: false }`
[INFO] [stderr] Cloning into '/workspace/builds/worker-1-tc1/source'...
[INFO] [stderr] done.
[INFO] validating manifest of git repo https://github.com/NotAF0e/Oxidiser-Rs on toolchain 1.75.0
[INFO] running `Command { std: CARGO_HOME="/workspace/cargo-home" RUSTUP_HOME="/workspace/rustup-home" "/workspace/cargo-home/bin/cargo" "+1.75.0" "metadata" "--manifest-path" "Cargo.toml" "--no-deps", kill_on_drop: false }`
[INFO] started tweaking git repo https://github.com/NotAF0e/Oxidiser-Rs
[INFO] finished tweaking git repo https://github.com/NotAF0e/Oxidiser-Rs
[INFO] tweaked toml for git repo https://github.com/NotAF0e/Oxidiser-Rs written to /workspace/builds/worker-1-tc1/source/Cargo.toml
[INFO] crate git repo https://github.com/NotAF0e/Oxidiser-Rs already has a lockfile, it will not be regenerated
[INFO] running `Command { std: CARGO_HOME="/workspace/cargo-home" RUSTUP_HOME="/workspace/rustup-home" "/workspace/cargo-home/bin/cargo" "+1.75.0" "fetch" "--manifest-path" "Cargo.toml", kill_on_drop: false }`
[INFO] running `Command { std: "docker" "create" "-v" "/var/lib/crater-agent-workspace/builds/worker-1-tc1/target:/opt/rustwide/target:rw,Z" "-v" "/var/lib/crater-agent-workspace/builds/worker-1-tc1/source:/opt/rustwide/workdir:ro,Z" "-v" "/var/lib/crater-agent-workspace/cargo-home:/opt/rustwide/cargo-home:ro,Z" "-v" "/var/lib/crater-agent-workspace/rustup-home:/opt/rustwide/rustup-home:ro,Z" "-e" "SOURCE_DIR=/opt/rustwide/workdir" "-e" "CARGO_TARGET_DIR=/opt/rustwide/target" "-e" "CARGO_HOME=/opt/rustwide/cargo-home" "-e" "RUSTUP_HOME=/opt/rustwide/rustup-home" "-w" "/opt/rustwide/workdir" "-m" "1610612736" "--user" "0:0" "--network" "none" "ghcr.io/rust-lang/crates-build-env/linux@sha256:2788e3201cd34a07e3172128adcd8b3090168a8e3bcc40d7c032b9dda1df7d1c" "/opt/rustwide/cargo-home/bin/cargo" "+1.75.0" "metadata" "--no-deps" "--format-version=1", kill_on_drop: false }`
[INFO] [stdout] 761b906f15a74759cda24669d6b4cdd2201267f5494f5a83794dc62b40333fa8
[INFO] running `Command { std: "docker" "start" "-a" "761b906f15a74759cda24669d6b4cdd2201267f5494f5a83794dc62b40333fa8", kill_on_drop: false }`
[INFO] running `Command { std: "docker" "inspect" "761b906f15a74759cda24669d6b4cdd2201267f5494f5a83794dc62b40333fa8", kill_on_drop: false }`
[INFO] running `Command { std: "docker" "rm" "-f" "761b906f15a74759cda24669d6b4cdd2201267f5494f5a83794dc62b40333fa8", kill_on_drop: false }`
[INFO] [stdout] 761b906f15a74759cda24669d6b4cdd2201267f5494f5a83794dc62b40333fa8
[INFO] running `Command { std: "docker" "create" "-v" "/var/lib/crater-agent-workspace/builds/worker-1-tc1/target:/opt/rustwide/target:rw,Z" "-v" "/var/lib/crater-agent-workspace/builds/worker-1-tc1/source:/opt/rustwide/workdir:ro,Z" "-v" "/var/lib/crater-agent-workspace/cargo-home:/opt/rustwide/cargo-home:ro,Z" "-v" "/var/lib/crater-agent-workspace/rustup-home:/opt/rustwide/rustup-home:ro,Z" "-e" "SOURCE_DIR=/opt/rustwide/workdir" "-e" "CARGO_TARGET_DIR=/opt/rustwide/target" "-e" "CARGO_INCREMENTAL=0" "-e" "RUST_BACKTRACE=full" "-e" "RUSTFLAGS=--cap-lints=warn" "-e" "RUSTDOCFLAGS=--cap-lints=warn" "-e" "CARGO_HOME=/opt/rustwide/cargo-home" "-e" "RUSTUP_HOME=/opt/rustwide/rustup-home" "-w" "/opt/rustwide/workdir" "-m" "1610612736" "--user" "0:0" "--network" "none" "ghcr.io/rust-lang/crates-build-env/linux@sha256:2788e3201cd34a07e3172128adcd8b3090168a8e3bcc40d7c032b9dda1df7d1c" "/opt/rustwide/cargo-home/bin/cargo" "+1.75.0" "doc" "--frozen" "--no-deps" "--document-private-items" "--message-format=json", kill_on_drop: false }`
[INFO] [stdout] 906c3c13d22c47a0f2a39f542d882b569cb616906dd8bf441a4dff023acca264
[INFO] running `Command { std: "docker" "start" "-a" "906c3c13d22c47a0f2a39f542d882b569cb616906dd8bf441a4dff023acca264", kill_on_drop: false }`
[INFO] [stderr]    Compiling proc-macro2 v1.0.49
[INFO] [stderr]    Compiling quote v1.0.23
[INFO] [stderr]    Compiling unicode-ident v1.0.6
[INFO] [stderr]    Compiling libc v0.2.139
[INFO] [stderr]    Compiling pkg-config v0.3.26
[INFO] [stderr]    Compiling syn v1.0.107
[INFO] [stderr]    Compiling log v0.4.17
[INFO] [stderr]     Checking once_cell v1.17.0
[INFO] [stderr]    Compiling cc v1.0.78
[INFO] [stderr]     Checking smallvec v1.10.0
[INFO] [stderr]    Compiling memoffset v0.6.5
[INFO] [stderr]     Checking libloading v0.7.4
[INFO] [stderr]    Compiling typenum v1.16.0
[INFO] [stderr]    Compiling generic-array v0.14.6
[INFO] [stderr]    Compiling memchr v2.5.0
[INFO] [stderr]    Compiling lock_api v0.4.9
[INFO] [stderr]    Compiling ident_case v1.0.1
[INFO] [stderr]     Checking dlib v0.5.0
[INFO] [stderr]    Compiling fnv v1.0.7
[INFO] [stderr]    Compiling khronos_api v3.1.0
[INFO] [stderr]    Compiling parking_lot_core v0.9.6
[INFO] [stderr]    Compiling thiserror v1.0.38
[INFO] [stderr]    Compiling slotmap v1.0.6
[INFO] [stderr]    Compiling crc32fast v1.3.2
[INFO] [stderr]     Checking minimal-lexical v0.2.1
[INFO] [stderr]    Compiling cfg-if v1.0.0
[INFO] [stderr]     Checking scoped-tls v1.0.1
[INFO] [stderr]     Checking adler v1.0.2
[INFO] [stderr]     Checking vec_map v0.8.2
[INFO] [stderr]     Checking miniz_oxide v0.6.2
[INFO] [stderr]    Compiling ahash v0.8.2
[INFO] [stderr]    Compiling cmake v0.1.49
[INFO] [stderr]     Checking arrayvec v0.7.2
[INFO] [stderr]     Checking ttf-parser v0.18.1
[INFO] [stderr]     Checking cty v0.2.2
[INFO] [stderr]    Compiling wayland-sys v0.29.5
[INFO] [stderr]    Compiling servo-fontconfig-sys v5.1.0
[INFO] [stderr]    Compiling smithay-client-toolkit v0.16.0
[INFO] [stderr]    Compiling x11-dl v2.20.1
[INFO] [stderr]     Checking nom v7.1.2
[INFO] [stderr]    Compiling gl_generator v0.14.0
[INFO] [stderr]    Compiling crossfont v0.5.1
[INFO] [stderr]     Checking percent-encoding v2.2.0
[INFO] [stderr]     Checking arrayref v0.3.6
[INFO] [stderr]     Checking foreign-types-shared v0.3.1
[INFO] [stderr]     Checking flate2 v1.0.25
[INFO] [stderr]     Checking tinyvec_macros v0.1.0
[INFO] [stderr]     Checking kurbo v0.8.3
[INFO] [stderr]     Checking tinyvec v1.6.0
[INFO] [stderr]     Checking ab_glyph_rasterizer v0.1.8
[INFO] [stderr]     Checking arrayvec v0.5.2
[INFO] [stderr]     Checking block-padding v0.2.1
[INFO] [stderr]    Compiling wayland-scanner v0.29.5
[INFO] [stderr]     Checking raw-window-handle v0.5.0
[INFO] [stderr]     Checking tracing-core v0.1.30
[INFO] [stderr]     Checking png v0.17.7
[INFO] [stderr]     Checking opaque-debug v0.3.0
[INFO] [stderr]     Checking nohash-hasher v0.2.0
[INFO] [stderr]     Checking unicode-bidi v0.3.8
[INFO] [stderr]     Checking pin-project-lite v0.2.9
[INFO] [stderr]    Compiling freetype-sys v0.13.1
[INFO] [stderr]    Compiling expat-sys v2.1.6
[INFO] [stderr]     Checking form_urlencoded v1.1.0
[INFO] [stderr]     Checking raw-window-handle v0.4.3
[INFO] [stderr]    Compiling wayland-sys v0.30.1
[INFO] [stderr]     Checking tracing v0.1.37
[INFO] [stderr]     Checking instant v0.1.12
[INFO] [stderr]    Compiling cfg_aliases v0.1.1
[INFO] [stderr]     Checking byteorder v1.4.3
[INFO] [stderr]    Compiling winapi v0.3.9
[INFO] [stderr]     Checking cpufeatures v0.2.5
[INFO] [stderr]    Compiling glutin v0.30.3
[INFO] [stderr]     Checking glow v0.11.2
[INFO] [stderr]    Compiling glutin_glx_sys v0.3.0
[INFO] [stderr]     Checking nix v0.24.3
[INFO] [stderr]     Checking nix v0.25.1
[INFO] [stderr]     Checking memmap2 v0.5.8
[INFO] [stderr]     Checking freetype-rs v0.26.0
[INFO] [stderr]     Checking parking_lot v0.12.1
[INFO] [stderr]     Checking unicode-normalization v0.1.22
[INFO] [stderr]     Checking digest v0.9.0
[INFO] [stderr]     Checking cipher v0.3.0
[INFO] [stderr]     Checking block-buffer v0.9.0
[INFO] [stderr]     Checking servo-fontconfig v0.5.1
[INFO] [stderr]     Checking gethostname v0.2.3
[INFO] [stderr]     Checking dirs-sys v0.3.7
[INFO] [stderr]     Checking mio v0.8.5
[INFO] [stderr]    Compiling glutin_egl_sys v0.3.1
[INFO] [stderr]     Checking dirs v4.0.0
[INFO] [stderr]     Checking debug-helper v0.3.13
[INFO] [stderr]     Checking block-modes v0.8.1
[INFO] [stderr]     Checking crc-any v2.4.3
[INFO] [stderr]     Checking des v0.7.0
[INFO] [stderr]     Checking aes v0.7.5
[INFO] [stderr]     Checking md-5 v0.9.1
[INFO] [stderr]     Checking xcursor v0.3.4
[INFO] [stderr]     Checking sha2 v0.9.9
[INFO] [stderr]    Compiling wayland-client v0.29.5
[INFO] [stderr]    Compiling wayland-protocols v0.29.5
[INFO] [stderr]     Checking owned_ttf_parser v0.18.0
[INFO] [stderr]     Checking idna v0.3.0
[INFO] [stderr]     Checking tiger v0.1.0
[INFO] [stderr]     Checking base64 v0.13.1
[INFO] [stderr]     Checking wfd v0.1.7
[INFO] [stderr]     Checking ab_glyph v0.2.19
[INFO] [stderr]     Checking lz4_flex v0.9.5
[INFO] [stdout] error[E0433]: failed to resolve: could not find `windows` in `os`
[INFO] [stdout]  --> /opt/rustwide/cargo-home/registry/src/index.crates.io-6f17d22bba15001f/wfd-0.1.7/src/lib.rs:8:14
[INFO] [stdout]   |
[INFO] [stdout] 8 | use std::os::windows::ffi::OsStringExt;
[INFO] [stdout]   |              ^^^^^^^ could not find `windows` in `os`
[INFO] [stdout] 
[INFO] [stdout] 
[INFO] [stdout] error[E0432]: unresolved import `crate::winapi::Interface`
[INFO] [stdout]  --> /opt/rustwide/cargo-home/registry/src/index.crates.io-6f17d22bba15001f/wfd-0.1.7/src/lib.rs:5:5
[INFO] [stdout]   |
[INFO] [stdout] 5 | use crate::winapi::Interface;
[INFO] [stdout]   |     ^^^^^^^^^^^^^^^^^^^^^^^^ no `Interface` in the root
[INFO] [stdout] 
[INFO] [stdout] 
[INFO] [stdout] error[E0433]: failed to resolve: could not find `shared` in `winapi`
[INFO] [stdout]   --> /opt/rustwide/cargo-home/registry/src/index.crates.io-6f17d22bba15001f/wfd-0.1.7/src/lib.rs:16:5
[INFO] [stdout]    |
[INFO] [stdout] 16 |     shared::{
[INFO] [stdout]    |     ^^^^^^ could not find `shared` in `winapi`
[INFO] [stdout] 
[INFO] [stdout] 
[INFO] [stdout] error[E0433]: failed to resolve: could not find `um` in `winapi`
[INFO] [stdout]   --> /opt/rustwide/cargo-home/registry/src/index.crates.io-6f17d22bba15001f/wfd-0.1.7/src/lib.rs:21:5
[INFO] [stdout]    |
[INFO] [stdout] 21 |     um:: {
[INFO] [stdout]    |     ^^ could not find `um` in `winapi`
[INFO] [stdout] 
[INFO] [stdout] 
[INFO] [stdout] error[E0433]: failed to resolve: could not find `um` in `winapi`
[INFO] [stdout]   --> /opt/rustwide/cargo-home/registry/src/index.crates.io-6f17d22bba15001f/wfd-0.1.7/src/lib.rs:31:17
[INFO] [stdout]    |
[INFO] [stdout] 31 | pub use winapi::um::shobjidl::{
[INFO] [stdout]    |                 ^^ could not find `um` in `winapi`
[INFO] [stdout] 
[INFO] [stdout] 
[INFO] [stdout] error[E0433]: failed to resolve: could not find `shared` in `winapi`
[INFO] [stdout]   --> /opt/rustwide/cargo-home/registry/src/index.crates.io-6f17d22bba15001f/wfd-0.1.7/src/lib.rs:39:17
[INFO] [stdout]    |
[INFO] [stdout] 39 | pub use winapi::shared::windef::HWND;
[INFO] [stdout]    |                 ^^^^^^ could not find `shared` in `winapi`
[INFO] [stdout] 
[INFO] [stdout] 
[INFO] [stdout] error[E0432]: unresolved import `winapi::ctypes`
[INFO] [stdout]   --> /opt/rustwide/cargo-home/registry/src/index.crates.io-6f17d22bba15001f/wfd-0.1.7/src/lib.rs:15:5
[INFO] [stdout]    |
[INFO] [stdout] 15 |     ctypes::c_void,
[INFO] [stdout]    |     ^^^^^^ could not find `ctypes` in `winapi`
[INFO] [stdout] 
[INFO] [stdout] 
[INFO] [stdout] error[E0599]: no function or associated item named `from_wide` found for struct `OsString` in the current scope
[INFO] [stdout]    --> /opt/rustwide/cargo-home/registry/src/index.crates.io-6f17d22bba15001f/wfd-0.1.7/src/lib.rs:515:28
[INFO] [stdout]     |
[INFO] [stdout] 515 |     let result = OsString::from_wide(slice);
[INFO] [stdout]     |                            ^^^^^^^^^ function or associated item not found in `OsString`
[INFO] [stdout]     |
[INFO] [stdout] note: if you're trying to build a new `OsString` consider using one of the following associated functions:
[INFO] [stdout]       OsString::new
[INFO] [stdout]       OsString::from_encoded_bytes_unchecked
[INFO] [stdout]       OsString::with_capacity
[INFO] [stdout]    --> /rustc/82e1608dfa6e0b5569232559e3d385fea5a93112/library/std/src/ffi/os_str.rs:140:5
[INFO] [stdout] 
[INFO] [stdout] 
[INFO] [stdout] error: aborting due to 8 previous errors
[INFO] [stdout] 
[INFO] [stdout] 
[INFO] [stdout] Some errors have detailed explanations: E0432, E0433, E0599.
[INFO] [stdout] 
[INFO] [stdout] For more information about an error, try `rustc --explain E0432`.
[INFO] [stdout] 
[INFO] [stderr]     Checking magic-crypt v3.1.12
[INFO] [stderr] error: could not compile `wfd` (lib) due to 9 previous errors
[INFO] [stderr] warning: build failed, waiting for other jobs to finish...
[INFO] running `Command { std: "docker" "inspect" "906c3c13d22c47a0f2a39f542d882b569cb616906dd8bf441a4dff023acca264", kill_on_drop: false }`
[INFO] running `Command { std: "docker" "rm" "-f" "906c3c13d22c47a0f2a39f542d882b569cb616906dd8bf441a4dff023acca264", kill_on_drop: false }`
[INFO] [stdout] 906c3c13d22c47a0f2a39f542d882b569cb616906dd8bf441a4dff023acca264
[INFO] documenting NotAF0e/Oxidiser-Rs against beta-2023-12-22 for beta-1.76-rustdoc-1
[INFO] running `Command { std: "git" "clone" "/workspace/cache/git-repos/https%3A%2F%2Fgithub.com%2FNotAF0e%2FOxidiser-Rs" "/workspace/builds/worker-1-tc2/source", kill_on_drop: false }`
[INFO] [stderr] Cloning into '/workspace/builds/worker-1-tc2/source'...
[INFO] [stderr] done.
[INFO] validating manifest of git repo https://github.com/NotAF0e/Oxidiser-Rs on toolchain beta-2023-12-22
[INFO] running `Command { std: CARGO_HOME="/workspace/cargo-home" RUSTUP_HOME="/workspace/rustup-home" "/workspace/cargo-home/bin/cargo" "+beta-2023-12-22" "metadata" "--manifest-path" "Cargo.toml" "--no-deps", kill_on_drop: false }`
[INFO] started tweaking git repo https://github.com/NotAF0e/Oxidiser-Rs
[INFO] finished tweaking git repo https://github.com/NotAF0e/Oxidiser-Rs
[INFO] tweaked toml for git repo https://github.com/NotAF0e/Oxidiser-Rs written to /workspace/builds/worker-1-tc2/source/Cargo.toml
[INFO] crate git repo https://github.com/NotAF0e/Oxidiser-Rs already has a lockfile, it will not be regenerated
[INFO] running `Command { std: CARGO_HOME="/workspace/cargo-home" RUSTUP_HOME="/workspace/rustup-home" "/workspace/cargo-home/bin/cargo" "+beta-2023-12-22" "fetch" "--manifest-path" "Cargo.toml", kill_on_drop: false }`
[INFO] running `Command { std: "docker" "create" "-v" "/var/lib/crater-agent-workspace/builds/worker-1-tc2/target:/opt/rustwide/target:rw,Z" "-v" "/var/lib/crater-agent-workspace/builds/worker-1-tc2/source:/opt/rustwide/workdir:ro,Z" "-v" "/var/lib/crater-agent-workspace/cargo-home:/opt/rustwide/cargo-home:ro,Z" "-v" "/var/lib/crater-agent-workspace/rustup-home:/opt/rustwide/rustup-home:ro,Z" "-e" "SOURCE_DIR=/opt/rustwide/workdir" "-e" "CARGO_TARGET_DIR=/opt/rustwide/target" "-e" "CARGO_HOME=/opt/rustwide/cargo-home" "-e" "RUSTUP_HOME=/opt/rustwide/rustup-home" "-w" "/opt/rustwide/workdir" "-m" "1610612736" "--user" "0:0" "--network" "none" "ghcr.io/rust-lang/crates-build-env/linux@sha256:2788e3201cd34a07e3172128adcd8b3090168a8e3bcc40d7c032b9dda1df7d1c" "/opt/rustwide/cargo-home/bin/cargo" "+beta-2023-12-22" "metadata" "--no-deps" "--format-version=1", kill_on_drop: false }`
[INFO] [stdout] cdc9118e9b96be898c8723deefae06ffd8728d2afe7cd8aad8e658848724a237
[INFO] running `Command { std: "docker" "start" "-a" "cdc9118e9b96be898c8723deefae06ffd8728d2afe7cd8aad8e658848724a237", kill_on_drop: false }`
[INFO] running `Command { std: "docker" "inspect" "cdc9118e9b96be898c8723deefae06ffd8728d2afe7cd8aad8e658848724a237", kill_on_drop: false }`
[INFO] running `Command { std: "docker" "rm" "-f" "cdc9118e9b96be898c8723deefae06ffd8728d2afe7cd8aad8e658848724a237", kill_on_drop: false }`
[INFO] [stdout] cdc9118e9b96be898c8723deefae06ffd8728d2afe7cd8aad8e658848724a237
[INFO] running `Command { std: "docker" "create" "-v" "/var/lib/crater-agent-workspace/builds/worker-1-tc2/target:/opt/rustwide/target:rw,Z" "-v" "/var/lib/crater-agent-workspace/builds/worker-1-tc2/source:/opt/rustwide/workdir:ro,Z" "-v" "/var/lib/crater-agent-workspace/cargo-home:/opt/rustwide/cargo-home:ro,Z" "-v" "/var/lib/crater-agent-workspace/rustup-home:/opt/rustwide/rustup-home:ro,Z" "-e" "SOURCE_DIR=/opt/rustwide/workdir" "-e" "CARGO_TARGET_DIR=/opt/rustwide/target" "-e" "CARGO_INCREMENTAL=0" "-e" "RUST_BACKTRACE=full" "-e" "RUSTFLAGS=--cap-lints=warn" "-e" "RUSTDOCFLAGS=--cap-lints=warn" "-e" "CARGO_HOME=/opt/rustwide/cargo-home" "-e" "RUSTUP_HOME=/opt/rustwide/rustup-home" "-w" "/opt/rustwide/workdir" "-m" "1610612736" "--user" "0:0" "--network" "none" "ghcr.io/rust-lang/crates-build-env/linux@sha256:2788e3201cd34a07e3172128adcd8b3090168a8e3bcc40d7c032b9dda1df7d1c" "/opt/rustwide/cargo-home/bin/cargo" "+beta-2023-12-22" "doc" "--frozen" "--no-deps" "--document-private-items" "--message-format=json", kill_on_drop: false }`
[INFO] [stdout] eaab93bcc97b294049e1cf280be2e22fb2106d4883d08165903333cc5f30457e
[INFO] running `Command { std: "docker" "start" "-a" "eaab93bcc97b294049e1cf280be2e22fb2106d4883d08165903333cc5f30457e", kill_on_drop: false }`
[INFO] [stderr]    Compiling proc-macro2 v1.0.49
[INFO] [stderr]    Compiling unicode-ident v1.0.6
[INFO] [stderr]    Compiling quote v1.0.23
[INFO] [stderr]    Compiling libc v0.2.139
[INFO] [stderr]    Compiling pkg-config v0.3.26
[INFO] [stderr]    Compiling syn v1.0.107
[INFO] [stderr]    Compiling log v0.4.17
[INFO] [stderr]     Checking once_cell v1.17.0
[INFO] [stderr]     Checking smallvec v1.10.0
[INFO] [stderr]    Compiling cc v1.0.78
[INFO] [stderr]    Compiling memoffset v0.6.5
[INFO] [stderr]     Checking libloading v0.7.4
[INFO] [stderr]    Compiling typenum v1.16.0
[INFO] [stderr]    Compiling generic-array v0.14.6
[INFO] [stderr]    Compiling memchr v2.5.0
[INFO] [stderr]    Compiling lock_api v0.4.9
[INFO] [stderr]    Compiling fnv v1.0.7
[INFO] [stderr]     Checking dlib v0.5.0
[INFO] [stderr]    Compiling parking_lot_core v0.9.6
[INFO] [stderr]    Compiling ident_case v1.0.1
[INFO] [stderr]    Compiling khronos_api v3.1.0
[INFO] [stderr]    Compiling thiserror v1.0.38
[INFO] [stderr]    Compiling slotmap v1.0.6
[INFO] [stderr]    Compiling crc32fast v1.3.2
[INFO] [stderr]     Checking scoped-tls v1.0.1
[INFO] [stderr]     Checking minimal-lexical v0.2.1
[INFO] [stderr]    Compiling cfg-if v1.0.0
[INFO] [stderr]     Checking adler v1.0.2
[INFO] [stderr]     Checking vec_map v0.8.2
[INFO] [stderr]    Compiling ahash v0.8.2
[INFO] [stderr]    Compiling cmake v0.1.49
[INFO] [stderr]     Checking miniz_oxide v0.6.2
[INFO] [stderr]     Checking tinyvec_macros v0.1.0
[INFO] [stderr]     Checking cty v0.2.2
[INFO] [stderr]    Compiling wayland-sys v0.29.5
[INFO] [stderr]    Compiling servo-fontconfig-sys v5.1.0
[INFO] [stderr]    Compiling smithay-client-toolkit v0.16.0
[INFO] [stderr]    Compiling x11-dl v2.20.1
[INFO] [stderr]    Compiling crossfont v0.5.1
[INFO] [stderr]    Compiling gl_generator v0.14.0
[INFO] [stderr]     Checking percent-encoding v2.2.0
[INFO] [stderr]     Checking nom v7.1.2
[INFO] [stderr]     Checking foreign-types-shared v0.3.1
[INFO] [stderr]     Checking arrayvec v0.7.2
[INFO] [stderr]     Checking arrayref v0.3.6
[INFO] [stderr]     Checking ttf-parser v0.18.1
[INFO] [stderr]     Checking tinyvec v1.6.0
[INFO] [stderr]     Checking flate2 v1.0.25
[INFO] [stderr]     Checking ab_glyph_rasterizer v0.1.8
[INFO] [stderr]     Checking arrayvec v0.5.2
[INFO] [stderr]     Checking block-padding v0.2.1
[INFO] [stderr]     Checking raw-window-handle v0.5.0
[INFO] [stderr]     Checking kurbo v0.8.3
[INFO] [stderr]     Checking tracing-core v0.1.30
[INFO] [stderr]     Checking unicode-bidi v0.3.8
[INFO] [stderr]     Checking pin-project-lite v0.2.9
[INFO] [stderr]    Compiling wayland-scanner v0.29.5
[INFO] [stderr]     Checking opaque-debug v0.3.0
[INFO] [stderr]     Checking nohash-hasher v0.2.0
[INFO] [stderr]     Checking form_urlencoded v1.1.0
[INFO] [stderr]    Compiling freetype-sys v0.13.1
[INFO] [stderr]    Compiling expat-sys v2.1.6
[INFO] [stderr]     Checking png v0.17.7
[INFO] [stderr]     Checking raw-window-handle v0.4.3
[INFO] [stderr]    Compiling wayland-sys v0.30.1
[INFO] [stderr]     Checking instant v0.1.12
[INFO] [stderr]    Compiling cfg_aliases v0.1.1
[INFO] [stderr]     Checking byteorder v1.4.3
[INFO] [stderr]    Compiling glutin_egl_sys v0.3.1
[INFO] [stderr]     Checking nix v0.24.3
[INFO] [stderr]     Checking nix v0.25.1
[INFO] [stderr]     Checking memmap2 v0.5.8
[INFO] [stderr]     Checking block-buffer v0.9.0
[INFO] [stderr]     Checking cipher v0.3.0
[INFO] [stderr]     Checking digest v0.9.0
[INFO] [stderr]     Checking unicode-normalization v0.1.22
[INFO] [stderr]     Checking tracing v0.1.37
[INFO] [stderr]     Checking gethostname v0.2.3
[INFO] [stderr]     Checking parking_lot v0.12.1
[INFO] [stderr]     Checking dirs-sys v0.3.7
[INFO] [stderr]     Checking mio v0.8.5
[INFO] [stderr]    Compiling glutin_glx_sys v0.3.0
[INFO] [stderr]    Compiling glutin v0.30.3
[INFO] [stderr]     Checking dirs v4.0.0
[INFO] [stderr]     Checking freetype-rs v0.26.0
[INFO] [stderr]     Checking cpufeatures v0.2.5
[INFO] [stderr]    Compiling winapi v0.3.9
[INFO] [stderr]     Checking servo-fontconfig v0.5.1
[INFO] [stderr]     Checking glow v0.11.2
[INFO] [stderr]     Checking debug-helper v0.3.13
[INFO] [stderr]     Checking sha2 v0.9.9
[INFO] [stderr]     Checking crc-any v2.4.3
[INFO] [stderr]     Checking aes v0.7.5
[INFO] [stderr]     Checking idna v0.3.0
[INFO] [stderr]     Checking xcursor v0.3.4
[INFO] [stderr]     Checking block-modes v0.8.1
[INFO] [stderr]     Checking des v0.7.0
[INFO] [stderr]     Checking md-5 v0.9.1
[INFO] [stderr]     Checking tiger v0.1.0
[INFO] [stderr]     Checking base64 v0.13.1
[INFO] [stderr]    Compiling wayland-client v0.29.5
[INFO] [stderr]    Compiling wayland-protocols v0.29.5
[INFO] [stderr]     Checking lz4_flex v0.9.5
[INFO] [stderr]     Checking wfd v0.1.7
[INFO] [stderr]     Checking owned_ttf_parser v0.18.0
[INFO] [stderr]     Checking magic-crypt v3.1.12
[INFO] [stdout] error[E0433]: failed to resolve: could not find `windows` in `os`
[INFO] [stdout]  --> /opt/rustwide/cargo-home/registry/src/index.crates.io-6f17d22bba15001f/wfd-0.1.7/src/lib.rs:8:14
[INFO] [stdout]   |
[INFO] [stdout] 8 | use std::os::windows::ffi::OsStringExt;
[INFO] [stdout]   |              ^^^^^^^ could not find `windows` in `os`
[INFO] [stdout] 
[INFO] [stdout] 
[INFO] [stdout] error[E0432]: unresolved import `crate::winapi::Interface`
[INFO] [stdout]  --> /opt/rustwide/cargo-home/registry/src/index.crates.io-6f17d22bba15001f/wfd-0.1.7/src/lib.rs:5:5
[INFO] [stdout]   |
[INFO] [stdout] 5 | use crate::winapi::Interface;
[INFO] [stdout]   |     ^^^^^^^^^^^^^^^^^^^^^^^^ no `Interface` in the root
[INFO] [stdout] 
[INFO] [stdout] 
[INFO] [stdout] error[E0433]: failed to resolve: could not find `shared` in `winapi`
[INFO] [stdout]   --> /opt/rustwide/cargo-home/registry/src/index.crates.io-6f17d22bba15001f/wfd-0.1.7/src/lib.rs:16:5
[INFO] [stdout]    |
[INFO] [stdout] 16 |     shared::{
[INFO] [stdout]    |     ^^^^^^ could not find `shared` in `winapi`
[INFO] [stdout] 
[INFO] [stdout] 
[INFO] [stdout] error[E0433]: failed to resolve: could not find `um` in `winapi`
[INFO] [stdout]   --> /opt/rustwide/cargo-home/registry/src/index.crates.io-6f17d22bba15001f/wfd-0.1.7/src/lib.rs:21:5
[INFO] [stdout]    |
[INFO] [stdout] 21 |     um:: {
[INFO] [stdout]    |     ^^ could not find `um` in `winapi`
[INFO] [stdout] 
[INFO] [stdout] 
[INFO] [stdout] error[E0433]: failed to resolve: could not find `um` in `winapi`
[INFO] [stdout]   --> /opt/rustwide/cargo-home/registry/src/index.crates.io-6f17d22bba15001f/wfd-0.1.7/src/lib.rs:31:17
[INFO] [stdout]    |
[INFO] [stdout] 31 | pub use winapi::um::shobjidl::{
[INFO] [stdout]    |                 ^^ could not find `um` in `winapi`
[INFO] [stdout] 
[INFO] [stdout] 
[INFO] [stdout] error[E0433]: failed to resolve: could not find `shared` in `winapi`
[INFO] [stdout]   --> /opt/rustwide/cargo-home/registry/src/index.crates.io-6f17d22bba15001f/wfd-0.1.7/src/lib.rs:39:17
[INFO] [stdout]    |
[INFO] [stdout] 39 | pub use winapi::shared::windef::HWND;
[INFO] [stdout]    |                 ^^^^^^ could not find `shared` in `winapi`
[INFO] [stdout] 
[INFO] [stdout] 
[INFO] [stdout] error[E0432]: unresolved import `winapi::ctypes`
[INFO] [stdout]   --> /opt/rustwide/cargo-home/registry/src/index.crates.io-6f17d22bba15001f/wfd-0.1.7/src/lib.rs:15:5
[INFO] [stdout]    |
[INFO] [stdout] 15 |     ctypes::c_void,
[INFO] [stdout]    |     ^^^^^^ could not find `ctypes` in `winapi`
[INFO] [stdout] 
[INFO] [stdout] 
[INFO] [stderr]     Checking url v2.3.1
[INFO] [stdout] error[E0599]: no function or associated item named `from_wide` found for struct `OsString` in the current scope
[INFO] [stdout]    --> /opt/rustwide/cargo-home/registry/src/index.crates.io-6f17d22bba15001f/wfd-0.1.7/src/lib.rs:515:28
[INFO] [stdout]     |
[INFO] [stdout] 515 |     let result = OsString::from_wide(slice);
[INFO] [stdout]     |                            ^^^^^^^^^ function or associated item not found in `OsString`
[INFO] [stdout]     |
[INFO] [stdout] note: if you're trying to build a new `OsString` consider using one of the following associated functions:
[INFO] [stdout]       OsString::new
[INFO] [stdout]       OsString::from_encoded_bytes_unchecked
[INFO] [stdout]       OsString::with_capacity
[INFO] [stdout]    --> /rustc/0e09125c6c3c2fd70d7de961bcf0e51575235fad/library/std/src/ffi/os_str.rs:141:5
[INFO] [stdout] 
[INFO] [stdout] 
[INFO] [stdout] error: aborting due to 8 previous errors
[INFO] [stdout] 
[INFO] [stdout] 
[INFO] [stderr]     Checking ab_glyph v0.2.19
[INFO] [stdout] Some errors have detailed explanations: E0432, E0433, E0599.
[INFO] [stdout] 
[INFO] [stdout] For more information about an error, try `rustc --explain E0432`.
[INFO] [stdout] 
[INFO] [stderr] error: could not compile `wfd` (lib) due to 9 previous errors
[INFO] [stderr] warning: build failed, waiting for other jobs to finish...
[INFO] running `Command { std: "docker" "inspect" "eaab93bcc97b294049e1cf280be2e22fb2106d4883d08165903333cc5f30457e", kill_on_drop: false }`
[INFO] running `Command { std: "docker" "rm" "-f" "eaab93bcc97b294049e1cf280be2e22fb2106d4883d08165903333cc5f30457e", kill_on_drop: false }`
[INFO] [stdout] eaab93bcc97b294049e1cf280be2e22fb2106d4883d08165903333cc5f30457e
