[INFO] cloning repository https://github.com/Noskcaj19/slide
[INFO] running `Command { std: "git" "-c" "credential.helper=" "-c" "credential.helper=/workspace/cargo-home/bin/git-credential-null" "clone" "--bare" "https://github.com/Noskcaj19/slide" "/workspace/cache/git-repos/https%3A%2F%2Fgithub.com%2FNoskcaj19%2Fslide", kill_on_drop: false }`
[INFO] [stderr] Cloning into bare repository '/workspace/cache/git-repos/https%3A%2F%2Fgithub.com%2FNoskcaj19%2Fslide'...
[INFO] running `Command { std: "git" "rev-parse" "HEAD", kill_on_drop: false }`
[INFO] [stdout] 94dd18eadea7c25f957d3503d97db773ae07228f
[INFO] documenting Noskcaj19/slide against 1.75.0 for beta-1.76-rustdoc-1
[INFO] running `Command { std: "git" "clone" "/workspace/cache/git-repos/https%3A%2F%2Fgithub.com%2FNoskcaj19%2Fslide" "/workspace/builds/worker-5-tc1/source", kill_on_drop: false }`
[INFO] [stderr] Cloning into '/workspace/builds/worker-5-tc1/source'...
[INFO] [stderr] done.
[INFO] validating manifest of git repo https://github.com/Noskcaj19/slide on toolchain 1.75.0
[INFO] running `Command { std: CARGO_HOME="/workspace/cargo-home" RUSTUP_HOME="/workspace/rustup-home" "/workspace/cargo-home/bin/cargo" "+1.75.0" "metadata" "--manifest-path" "Cargo.toml" "--no-deps", kill_on_drop: false }`
[INFO] started tweaking git repo https://github.com/Noskcaj19/slide
[INFO] finished tweaking git repo https://github.com/Noskcaj19/slide
[INFO] tweaked toml for git repo https://github.com/Noskcaj19/slide written to /workspace/builds/worker-5-tc1/source/Cargo.toml
[INFO] crate git repo https://github.com/Noskcaj19/slide already has a lockfile, it will not be regenerated
[INFO] running `Command { std: CARGO_HOME="/workspace/cargo-home" RUSTUP_HOME="/workspace/rustup-home" "/workspace/cargo-home/bin/cargo" "+1.75.0" "fetch" "--manifest-path" "Cargo.toml", kill_on_drop: false }`
[INFO] [stderr]  Downloading crates ...
[INFO] [stderr]   Downloaded lalrpop-util v0.16.1
[INFO] [stderr]   Downloaded opaque-debug v0.2.1
[INFO] [stderr]   Downloaded pest_derive v2.0.1
[INFO] [stderr]   Downloaded byte-tools v0.3.0
[INFO] [stderr]   Downloaded block-padding v0.1.2
[INFO] [stderr]   Downloaded ucd-trie v0.1.1
[INFO] [stderr]   Downloaded string_cache_codegen v0.4.2
[INFO] [stderr]   Downloaded memchr v2.1.1
[INFO] [stderr]   Downloaded pest_generator v2.0.0
[INFO] [stderr]   Downloaded bit-vec v0.5.0
[INFO] [stderr]   Downloaded bit-set v0.5.0
[INFO] [stderr]   Downloaded ena v0.10.1
[INFO] [stderr]   Downloaded docopt v1.0.2
[INFO] [stderr]   Downloaded redox_syscall v0.1.42
[INFO] [stderr]   Downloaded pest_meta v2.0.3
[INFO] [stderr]   Downloaded pest v2.0.2
[INFO] [stderr]   Downloaded syn v0.15.21
[INFO] [stderr]   Downloaded lalrpop v0.16.1
[INFO] [stderr]   Downloaded regex-syntax v0.6.3
[INFO] [stderr]   Downloaded rustyline v2.1.0
[INFO] [stderr]   Downloaded itertools v0.7.9
[INFO] [stderr]   Downloaded rug v1.2.2
[INFO] [stderr]   Downloaded gmp-mpfr-sys v1.1.9
[INFO] running `Command { std: "docker" "create" "-v" "/var/lib/crater-agent-workspace/builds/worker-5-tc1/target:/opt/rustwide/target:rw,Z" "-v" "/var/lib/crater-agent-workspace/builds/worker-5-tc1/source:/opt/rustwide/workdir:ro,Z" "-v" "/var/lib/crater-agent-workspace/cargo-home:/opt/rustwide/cargo-home:ro,Z" "-v" "/var/lib/crater-agent-workspace/rustup-home:/opt/rustwide/rustup-home:ro,Z" "-e" "SOURCE_DIR=/opt/rustwide/workdir" "-e" "CARGO_TARGET_DIR=/opt/rustwide/target" "-e" "CARGO_HOME=/opt/rustwide/cargo-home" "-e" "RUSTUP_HOME=/opt/rustwide/rustup-home" "-w" "/opt/rustwide/workdir" "-m" "1610612736" "--user" "0:0" "--network" "none" "ghcr.io/rust-lang/crates-build-env/linux@sha256:2788e3201cd34a07e3172128adcd8b3090168a8e3bcc40d7c032b9dda1df7d1c" "/opt/rustwide/cargo-home/bin/cargo" "+1.75.0" "metadata" "--no-deps" "--format-version=1", kill_on_drop: false }`
[INFO] [stdout] a3dbb43e292134b531dc1f3c19d6fc053b81de00af16417490a86cbb68159c5c
[INFO] running `Command { std: "docker" "start" "-a" "a3dbb43e292134b531dc1f3c19d6fc053b81de00af16417490a86cbb68159c5c", kill_on_drop: false }`
[INFO] running `Command { std: "docker" "inspect" "a3dbb43e292134b531dc1f3c19d6fc053b81de00af16417490a86cbb68159c5c", kill_on_drop: false }`
[INFO] running `Command { std: "docker" "rm" "-f" "a3dbb43e292134b531dc1f3c19d6fc053b81de00af16417490a86cbb68159c5c", kill_on_drop: false }`
[INFO] [stdout] a3dbb43e292134b531dc1f3c19d6fc053b81de00af16417490a86cbb68159c5c
[INFO] running `Command { std: "docker" "create" "-v" "/var/lib/crater-agent-workspace/builds/worker-5-tc1/target:/opt/rustwide/target:rw,Z" "-v" "/var/lib/crater-agent-workspace/builds/worker-5-tc1/source:/opt/rustwide/workdir:ro,Z" "-v" "/var/lib/crater-agent-workspace/cargo-home:/opt/rustwide/cargo-home:ro,Z" "-v" "/var/lib/crater-agent-workspace/rustup-home:/opt/rustwide/rustup-home:ro,Z" "-e" "SOURCE_DIR=/opt/rustwide/workdir" "-e" "CARGO_TARGET_DIR=/opt/rustwide/target" "-e" "CARGO_INCREMENTAL=0" "-e" "RUST_BACKTRACE=full" "-e" "RUSTFLAGS=--cap-lints=warn" "-e" "RUSTDOCFLAGS=--cap-lints=warn" "-e" "CARGO_HOME=/opt/rustwide/cargo-home" "-e" "RUSTUP_HOME=/opt/rustwide/rustup-home" "-w" "/opt/rustwide/workdir" "-m" "1610612736" "--user" "0:0" "--network" "none" "ghcr.io/rust-lang/crates-build-env/linux@sha256:2788e3201cd34a07e3172128adcd8b3090168a8e3bcc40d7c032b9dda1df7d1c" "/opt/rustwide/cargo-home/bin/cargo" "+1.75.0" "doc" "--frozen" "--no-deps" "--document-private-items" "--message-format=json", kill_on_drop: false }`
[INFO] [stdout] badd43e5553ad67d1574180f70ce4b811528f6f4fb7ca58b658003b3fbfa3e8b
[INFO] running `Command { std: "docker" "start" "-a" "badd43e5553ad67d1574180f70ce4b811528f6f4fb7ca58b658003b3fbfa3e8b", kill_on_drop: false }`
[INFO] [stderr]    Compiling proc-macro2 v0.4.24
[INFO] [stderr]    Compiling libc v0.2.43
[INFO] [stderr]    Compiling version_check v0.1.5
[INFO] [stderr]    Compiling rand_core v0.3.0
[INFO] [stderr]    Compiling cfg-if v0.1.6
[INFO] [stderr]    Compiling siphasher v0.2.3
[INFO] [stderr]    Compiling string_cache_shared v0.3.0
[INFO] [stderr]    Compiling serde v1.0.80
[INFO] [stderr]    Compiling lazy_static v1.2.0
[INFO] [stderr]    Compiling regex v1.0.6
[INFO] [stderr]    Compiling void v1.0.2
[INFO] [stderr]    Compiling ucd-util v0.1.3
[INFO] [stderr]    Compiling byte-tools v0.3.0
[INFO] [stderr]    Compiling typenum v1.10.0
[INFO] [stderr]    Compiling utf8-ranges v1.0.2
[INFO] [stderr]    Compiling block-padding v0.1.2
[INFO] [stderr]    Compiling unreachable v1.0.0
[INFO] [stderr]    Compiling thread_local v0.3.6
[INFO] [stderr]    Compiling byteorder v1.2.7
[INFO] [stderr]    Compiling log v0.4.6
[INFO] [stderr]    Compiling regex-syntax v0.6.3
[INFO] [stderr]    Compiling phf_shared v0.7.23
[INFO] [stderr]    Compiling rand_core v0.2.2
[INFO] [stderr]    Compiling new_debug_unreachable v1.0.1
[INFO] [stderr]    Compiling ucd-trie v0.1.1
[INFO] [stderr]    Compiling opaque-debug v0.2.1
[INFO] [stderr]    Compiling gmp-mpfr-sys v1.1.9
[INFO] [stderr]    Compiling fake-simd v0.1.2
[INFO] [stderr]    Compiling term v0.4.6
[INFO] [stderr]    Compiling either v1.5.0
[INFO] [stderr]    Compiling ordermap v0.3.5
[INFO] [stderr]    Compiling precomputed-hash v0.1.1
[INFO] [stderr]    Compiling fixedbitset v0.1.9
[INFO] [stderr]    Compiling memchr v2.1.1
[INFO] [stderr]    Compiling strsim v0.7.0
[INFO] [stderr]    Compiling bit-vec v0.5.0
[INFO] [stderr]    Compiling itertools v0.7.9
[INFO] [stderr]    Compiling pest v2.0.2
[INFO] [stderr]    Compiling bit-set v0.5.0
[INFO] [stderr]    Compiling rand v0.5.5
[INFO] [stderr]    Compiling atty v0.2.11
[INFO] [stderr]    Compiling ena v0.10.1
[INFO] [stderr]    Compiling diff v0.1.11
[INFO] [stderr]    Compiling ascii-canvas v1.0.0
[INFO] [stderr]    Compiling maplit v1.0.1
[INFO] [stderr]    Compiling petgraph v0.4.13
[INFO] [stderr]    Compiling lalrpop-util v0.16.1
[INFO] [stderr]    Compiling rug v1.2.2
[INFO] [stderr]    Compiling quote v0.6.10
[INFO] [stderr]    Compiling aho-corasick v0.6.9
[INFO] [stderr]    Compiling nix v0.11.0
[INFO] [stderr]    Compiling generic-array v0.12.0
[INFO] [stderr]    Compiling syn v0.15.21
[INFO] [stderr]    Compiling syn v0.14.9
[INFO] [stderr]    Compiling digest v0.8.0
[INFO] [stderr]    Compiling block-buffer v0.7.0
[INFO] [stderr]     Checking bitflags v1.0.4
[INFO] [stderr]    Compiling sha2 v0.8.0
[INFO] [stderr]    Compiling pest_meta v2.0.3
[INFO] [stderr]     Checking dirs v1.0.4
[INFO] [stderr]     Checking unicode-width v0.1.5
[INFO] [stderr]     Checking utf8parse v0.1.1
[INFO] [stderr]     Checking unicode-segmentation v1.2.1
[INFO] [stderr]    Compiling phf_generator v0.7.23
[INFO] [stderr]    Compiling string_cache_codegen v0.4.2
[INFO] [stderr]    Compiling string_cache v0.7.3
[INFO] [stderr]    Compiling pest_generator v2.0.0
[INFO] [stderr]    Compiling pest_derive v2.0.1
[INFO] [stderr]     Checking rustyline v2.1.0
[INFO] [stdout] error[E0283]: type annotations needed
[INFO] [stdout]    --> /opt/rustwide/cargo-home/registry/src/index.crates.io-6f17d22bba15001f/rustyline-2.1.0/src/history.rs:150:18
[INFO] [stdout]     |
[INFO] [stdout] 150 |             self.add(try!(line).as_ref()); // TODO truncate to MAX_LINE
[INFO] [stdout]     |                  ^^^            ------ type must be known at this point
[INFO] [stdout]     |                  |
[INFO] [stdout]     |                  cannot infer type of the type parameter `S` declared on the method `add`
[INFO] [stdout]     |
[INFO] [stdout]     = note: multiple `impl`s satisfying `String: AsRef<_>` found in the following crates: `alloc`, `std`:
[INFO] [stdout]             - impl AsRef<OsStr> for String;
[INFO] [stdout]             - impl AsRef<Path> for String;
[INFO] [stdout]             - impl AsRef<[u8]> for String;
[INFO] [stdout]             - impl AsRef<str> for String;
[INFO] [stdout] help: consider specifying the generic argument
[INFO] [stdout]     |
[INFO] [stdout] 150 |             self.add::<&T>(try!(line).as_ref()); // TODO truncate to MAX_LINE
[INFO] [stdout]     |                     ++++++
[INFO] [stdout] 
[INFO] [stdout] 
[INFO] [stdout] error[E0283]: type annotations needed
[INFO] [stdout]    --> /opt/rustwide/cargo-home/registry/src/index.crates.io-6f17d22bba15001f/rustyline-2.1.0/src/history.rs:150:18
[INFO] [stdout]     |
[INFO] [stdout] 150 |             self.add(try!(line).as_ref()); // TODO truncate to MAX_LINE
[INFO] [stdout]     |                  ^^^ cannot infer type of the type parameter `S` declared on the method `add`
[INFO] [stdout]     |
[INFO] [stdout]     = note: multiple `impl`s satisfying `_: AsRef<str>` found in the following crates: `alloc`, `core`:
[INFO] [stdout]             - impl AsRef<str> for String;
[INFO] [stdout]             - impl AsRef<str> for str;
[INFO] [stdout]     = note: required for `&_` to implement `AsRef<str>`
[INFO] [stdout] note: required by a bound in `History::add`
[INFO] [stdout]    --> /opt/rustwide/cargo-home/registry/src/index.crates.io-6f17d22bba15001f/rustyline-2.1.0/src/history.rs:56:19
[INFO] [stdout]     |
[INFO] [stdout] 56  |     pub fn add<S: AsRef<str> + Into<String>>(&mut self, line: S) -> bool {
[INFO] [stdout]     |                   ^^^^^^^^^^ required by this bound in `History::add`
[INFO] [stdout] help: consider specifying the generic argument
[INFO] [stdout]     |
[INFO] [stdout] 150 |             self.add::<&T>(try!(line).as_ref()); // TODO truncate to MAX_LINE
[INFO] [stdout]     |                     ++++++
[INFO] [stdout] 
[INFO] [stdout] 
[INFO] [stdout] error[E0283]: type annotations needed
[INFO] [stdout]    --> /opt/rustwide/cargo-home/registry/src/index.crates.io-6f17d22bba15001f/rustyline-2.1.0/src/lib.rs:639:20
[INFO] [stdout]     |
[INFO] [stdout] 639 |             editor.add_history_entry(line.as_ref());
[INFO] [stdout]     |                    ^^^^^^^^^^^^^^^^^      ------ type must be known at this point
[INFO] [stdout]     |                    |
[INFO] [stdout]     |                    cannot infer type of the type parameter `S` declared on the method `add_history_entry`
[INFO] [stdout]     |
[INFO] [stdout]     = note: multiple `impl`s satisfying `String: AsRef<_>` found in the following crates: `alloc`, `std`:
[INFO] [stdout]             - impl AsRef<OsStr> for String;
[INFO] [stdout]             - impl AsRef<Path> for String;
[INFO] [stdout]             - impl AsRef<[u8]> for String;
[INFO] [stdout]             - impl AsRef<str> for String;
[INFO] [stdout] help: consider specifying the generic argument
[INFO] [stdout]     |
[INFO] [stdout] 639 |             editor.add_history_entry::<&T>(line.as_ref());
[INFO] [stdout]     |                                     ++++++
[INFO] [stdout] 
[INFO] [stdout] 
[INFO] [stdout] error[E0283]: type annotations needed
[INFO] [stdout]    --> /opt/rustwide/cargo-home/registry/src/index.crates.io-6f17d22bba15001f/rustyline-2.1.0/src/lib.rs:639:20
[INFO] [stdout]     |
[INFO] [stdout] 639 |             editor.add_history_entry(line.as_ref());
[INFO] [stdout]     |                    ^^^^^^^^^^^^^^^^^ cannot infer type of the type parameter `S` declared on the method `add_history_entry`
[INFO] [stdout]     |
[INFO] [stdout]     = note: multiple `impl`s satisfying `_: AsRef<str>` found in the following crates: `alloc`, `core`:
[INFO] [stdout]             - impl AsRef<str> for String;
[INFO] [stdout]             - impl AsRef<str> for str;
[INFO] [stdout]     = note: required for `&_` to implement `AsRef<str>`
[INFO] [stdout] note: required by a bound in `Editor::<H>::add_history_entry`
[INFO] [stdout]    --> /opt/rustwide/cargo-home/registry/src/index.crates.io-6f17d22bba15001f/rustyline-2.1.0/src/lib.rs:750:33
[INFO] [stdout]     |
[INFO] [stdout] 750 |     pub fn add_history_entry<S: AsRef<str> + Into<String>>(&mut self, line: S) -> bool {
[INFO] [stdout]     |                                 ^^^^^^^^^^ required by this bound in `Editor::<H>::add_history_entry`
[INFO] [stdout] help: consider specifying the generic argument
[INFO] [stdout]     |
[INFO] [stdout] 639 |             editor.add_history_entry::<&T>(line.as_ref());
[INFO] [stdout]     |                                     ++++++
[INFO] [stdout] 
[INFO] [stdout] 
[INFO] [stdout] error: aborting due to 4 previous errors
[INFO] [stdout] 
[INFO] [stdout] 
[INFO] [stdout] For more information about this error, try `rustc --explain E0283`.
[INFO] [stdout] 
[INFO] [stderr] error: could not compile `rustyline` (lib) due to 5 previous errors
[INFO] [stderr] warning: build failed, waiting for other jobs to finish...
[INFO] running `Command { std: "docker" "inspect" "badd43e5553ad67d1574180f70ce4b811528f6f4fb7ca58b658003b3fbfa3e8b", kill_on_drop: false }`
[INFO] running `Command { std: "docker" "rm" "-f" "badd43e5553ad67d1574180f70ce4b811528f6f4fb7ca58b658003b3fbfa3e8b", kill_on_drop: false }`
[INFO] [stdout] badd43e5553ad67d1574180f70ce4b811528f6f4fb7ca58b658003b3fbfa3e8b
[INFO] documenting Noskcaj19/slide against beta-2023-12-22 for beta-1.76-rustdoc-1
[INFO] running `Command { std: "git" "clone" "/workspace/cache/git-repos/https%3A%2F%2Fgithub.com%2FNoskcaj19%2Fslide" "/workspace/builds/worker-5-tc2/source", kill_on_drop: false }`
[INFO] [stderr] Cloning into '/workspace/builds/worker-5-tc2/source'...
[INFO] [stderr] done.
[INFO] validating manifest of git repo https://github.com/Noskcaj19/slide on toolchain beta-2023-12-22
[INFO] running `Command { std: CARGO_HOME="/workspace/cargo-home" RUSTUP_HOME="/workspace/rustup-home" "/workspace/cargo-home/bin/cargo" "+beta-2023-12-22" "metadata" "--manifest-path" "Cargo.toml" "--no-deps", kill_on_drop: false }`
[INFO] started tweaking git repo https://github.com/Noskcaj19/slide
[INFO] finished tweaking git repo https://github.com/Noskcaj19/slide
[INFO] tweaked toml for git repo https://github.com/Noskcaj19/slide written to /workspace/builds/worker-5-tc2/source/Cargo.toml
[INFO] crate git repo https://github.com/Noskcaj19/slide already has a lockfile, it will not be regenerated
[INFO] running `Command { std: CARGO_HOME="/workspace/cargo-home" RUSTUP_HOME="/workspace/rustup-home" "/workspace/cargo-home/bin/cargo" "+beta-2023-12-22" "fetch" "--manifest-path" "Cargo.toml", kill_on_drop: false }`
[INFO] running `Command { std: "docker" "create" "-v" "/var/lib/crater-agent-workspace/builds/worker-5-tc2/target:/opt/rustwide/target:rw,Z" "-v" "/var/lib/crater-agent-workspace/builds/worker-5-tc2/source:/opt/rustwide/workdir:ro,Z" "-v" "/var/lib/crater-agent-workspace/cargo-home:/opt/rustwide/cargo-home:ro,Z" "-v" "/var/lib/crater-agent-workspace/rustup-home:/opt/rustwide/rustup-home:ro,Z" "-e" "SOURCE_DIR=/opt/rustwide/workdir" "-e" "CARGO_TARGET_DIR=/opt/rustwide/target" "-e" "CARGO_HOME=/opt/rustwide/cargo-home" "-e" "RUSTUP_HOME=/opt/rustwide/rustup-home" "-w" "/opt/rustwide/workdir" "-m" "1610612736" "--user" "0:0" "--network" "none" "ghcr.io/rust-lang/crates-build-env/linux@sha256:2788e3201cd34a07e3172128adcd8b3090168a8e3bcc40d7c032b9dda1df7d1c" "/opt/rustwide/cargo-home/bin/cargo" "+beta-2023-12-22" "metadata" "--no-deps" "--format-version=1", kill_on_drop: false }`
[INFO] [stdout] 4a085832fccb7cad5446e0307056308c4f098ddd4d7c124a077295be4349abeb
[INFO] running `Command { std: "docker" "start" "-a" "4a085832fccb7cad5446e0307056308c4f098ddd4d7c124a077295be4349abeb", kill_on_drop: false }`
[INFO] running `Command { std: "docker" "inspect" "4a085832fccb7cad5446e0307056308c4f098ddd4d7c124a077295be4349abeb", kill_on_drop: false }`
[INFO] running `Command { std: "docker" "rm" "-f" "4a085832fccb7cad5446e0307056308c4f098ddd4d7c124a077295be4349abeb", kill_on_drop: false }`
[INFO] [stdout] 4a085832fccb7cad5446e0307056308c4f098ddd4d7c124a077295be4349abeb
[INFO] running `Command { std: "docker" "create" "-v" "/var/lib/crater-agent-workspace/builds/worker-5-tc2/target:/opt/rustwide/target:rw,Z" "-v" "/var/lib/crater-agent-workspace/builds/worker-5-tc2/source:/opt/rustwide/workdir:ro,Z" "-v" "/var/lib/crater-agent-workspace/cargo-home:/opt/rustwide/cargo-home:ro,Z" "-v" "/var/lib/crater-agent-workspace/rustup-home:/opt/rustwide/rustup-home:ro,Z" "-e" "SOURCE_DIR=/opt/rustwide/workdir" "-e" "CARGO_TARGET_DIR=/opt/rustwide/target" "-e" "CARGO_INCREMENTAL=0" "-e" "RUST_BACKTRACE=full" "-e" "RUSTFLAGS=--cap-lints=warn" "-e" "RUSTDOCFLAGS=--cap-lints=warn" "-e" "CARGO_HOME=/opt/rustwide/cargo-home" "-e" "RUSTUP_HOME=/opt/rustwide/rustup-home" "-w" "/opt/rustwide/workdir" "-m" "1610612736" "--user" "0:0" "--network" "none" "ghcr.io/rust-lang/crates-build-env/linux@sha256:2788e3201cd34a07e3172128adcd8b3090168a8e3bcc40d7c032b9dda1df7d1c" "/opt/rustwide/cargo-home/bin/cargo" "+beta-2023-12-22" "doc" "--frozen" "--no-deps" "--document-private-items" "--message-format=json", kill_on_drop: false }`
[INFO] [stdout] 6118d2a551502c000b82898d441a569b9ebb07ac5fba41835ba301f420860181
[INFO] running `Command { std: "docker" "start" "-a" "6118d2a551502c000b82898d441a569b9ebb07ac5fba41835ba301f420860181", kill_on_drop: false }`
[INFO] [stderr]    Compiling proc-macro2 v0.4.24
[INFO] [stderr]    Compiling libc v0.2.43
[INFO] [stderr]    Compiling version_check v0.1.5
[INFO] [stderr]    Compiling rand_core v0.3.0
[INFO] [stderr]    Compiling siphasher v0.2.3
[INFO] [stderr]    Compiling cfg-if v0.1.6
[INFO] [stderr]    Compiling regex v1.0.6
[INFO] [stderr]    Compiling string_cache_shared v0.3.0
[INFO] [stderr]    Compiling lazy_static v1.2.0
[INFO] [stderr]    Compiling serde v1.0.80
[INFO] [stderr]    Compiling void v1.0.2
[INFO] [stderr]    Compiling byte-tools v0.3.0
[INFO] [stderr]    Compiling typenum v1.10.0
[INFO] [stderr]    Compiling ucd-util v0.1.3
[INFO] [stderr]    Compiling block-padding v0.1.2
[INFO] [stderr]    Compiling thread_local v0.3.6
[INFO] [stderr]    Compiling utf8-ranges v1.0.2
[INFO] [stderr]    Compiling byteorder v1.2.7
[INFO] [stderr]    Compiling unreachable v1.0.0
[INFO] [stderr]    Compiling log v0.4.6
[INFO] [stderr]    Compiling phf_shared v0.7.23
[INFO] [stderr]    Compiling rand_core v0.2.2
[INFO] [stderr]    Compiling regex-syntax v0.6.3
[INFO] [stderr]    Compiling new_debug_unreachable v1.0.1
[INFO] [stderr]    Compiling strsim v0.7.0
[INFO] [stderr]    Compiling bit-vec v0.5.0
[INFO] [stderr]    Compiling either v1.5.0
[INFO] [stderr]    Compiling fake-simd v0.1.2
[INFO] [stderr]    Compiling ucd-trie v0.1.1
[INFO] [stderr]    Compiling fixedbitset v0.1.9
[INFO] [stderr]    Compiling gmp-mpfr-sys v1.1.9
[INFO] [stderr]    Compiling precomputed-hash v0.1.1
[INFO] [stderr]    Compiling memchr v2.1.1
[INFO] [stderr]    Compiling term v0.4.6
[INFO] [stderr]    Compiling opaque-debug v0.2.1
[INFO] [stderr]    Compiling ordermap v0.3.5
[INFO] [stderr]    Compiling pest v2.0.2
[INFO] [stderr]    Compiling bit-set v0.5.0
[INFO] [stderr]    Compiling itertools v0.7.9
[INFO] [stderr]    Compiling ena v0.10.1
[INFO] [stderr]    Compiling rand v0.5.5
[INFO] [stderr]    Compiling atty v0.2.11
[INFO] [stderr]    Compiling lalrpop-util v0.16.1
[INFO] [stderr]    Compiling diff v0.1.11
[INFO] [stderr]    Compiling maplit v1.0.1
[INFO] [stderr]    Compiling nix v0.11.0
[INFO] [stderr]    Compiling ascii-canvas v1.0.0
[INFO] [stderr]    Compiling rug v1.2.2
[INFO] [stderr]    Compiling petgraph v0.4.13
[INFO] [stderr]    Compiling generic-array v0.12.0
[INFO] [stderr]    Compiling aho-corasick v0.6.9
[INFO] [stderr]    Compiling quote v0.6.10
[INFO] [stderr]    Compiling syn v0.15.21
[INFO] [stderr]    Compiling syn v0.14.9
[INFO] [stderr]    Compiling block-buffer v0.7.0
[INFO] [stderr]    Compiling digest v0.8.0
[INFO] [stderr]     Checking bitflags v1.0.4
[INFO] [stderr]    Compiling pest_meta v2.0.3
[INFO] [stderr]    Compiling sha2 v0.8.0
[INFO] [stderr]     Checking dirs v1.0.4
[INFO] [stderr]     Checking unicode-segmentation v1.2.1
[INFO] [stderr]     Checking utf8parse v0.1.1
[INFO] [stderr]     Checking unicode-width v0.1.5
[INFO] [stderr]    Compiling phf_generator v0.7.23
[INFO] [stderr]    Compiling string_cache_codegen v0.4.2
[INFO] [stderr]    Compiling string_cache v0.7.3
[INFO] [stderr]    Compiling pest_generator v2.0.0
[INFO] [stderr]    Compiling pest_derive v2.0.1
[INFO] [stderr]     Checking rustyline v2.1.0
[INFO] [stdout] error[E0283]: type annotations needed
[INFO] [stdout]    --> /opt/rustwide/cargo-home/registry/src/index.crates.io-6f17d22bba15001f/rustyline-2.1.0/src/history.rs:150:18
[INFO] [stdout]     |
[INFO] [stdout] 150 |             self.add(try!(line).as_ref()); // TODO truncate to MAX_LINE
[INFO] [stdout]     |                  ^^^            ------ type must be known at this point
[INFO] [stdout]     |                  |
[INFO] [stdout]     |                  cannot infer type of the type parameter `S` declared on the method `add`
[INFO] [stdout]     |
[INFO] [stdout]     = note: multiple `impl`s satisfying `String: AsRef<_>` found in the following crates: `alloc`, `std`:
[INFO] [stdout]             - impl AsRef<OsStr> for String;
[INFO] [stdout]             - impl AsRef<Path> for String;
[INFO] [stdout]             - impl AsRef<[u8]> for String;
[INFO] [stdout]             - impl AsRef<str> for String;
[INFO] [stdout] help: consider specifying the generic argument
[INFO] [stdout]     |
[INFO] [stdout] 150 |             self.add::<&T>(try!(line).as_ref()); // TODO truncate to MAX_LINE
[INFO] [stdout]     |                     ++++++
[INFO] [stdout] 
[INFO] [stdout] 
[INFO] [stdout] error[E0283]: type annotations needed
[INFO] [stdout]    --> /opt/rustwide/cargo-home/registry/src/index.crates.io-6f17d22bba15001f/rustyline-2.1.0/src/history.rs:150:18
[INFO] [stdout]     |
[INFO] [stdout] 150 |             self.add(try!(line).as_ref()); // TODO truncate to MAX_LINE
[INFO] [stdout]     |                  ^^^ cannot infer type of the type parameter `S` declared on the method `add`
[INFO] [stdout]     |
[INFO] [stdout]     = note: multiple `impl`s satisfying `_: AsRef<str>` found in the following crates: `alloc`, `core`:
[INFO] [stdout]             - impl AsRef<str> for String;
[INFO] [stdout]             - impl AsRef<str> for str;
[INFO] [stdout]     = note: required for `&_` to implement `AsRef<str>`
[INFO] [stdout] note: required by a bound in `History::add`
[INFO] [stdout]    --> /opt/rustwide/cargo-home/registry/src/index.crates.io-6f17d22bba15001f/rustyline-2.1.0/src/history.rs:56:19
[INFO] [stdout]     |
[INFO] [stdout] 56  |     pub fn add<S: AsRef<str> + Into<String>>(&mut self, line: S) -> bool {
[INFO] [stdout]     |                   ^^^^^^^^^^ required by this bound in `History::add`
[INFO] [stdout] help: consider specifying the generic argument
[INFO] [stdout]     |
[INFO] [stdout] 150 |             self.add::<&T>(try!(line).as_ref()); // TODO truncate to MAX_LINE
[INFO] [stdout]     |                     ++++++
[INFO] [stdout] 
[INFO] [stdout] 
[INFO] [stderr]    Compiling serde_derive v1.0.80
[INFO] [stdout] error[E0283]: type annotations needed
[INFO] [stdout]    --> /opt/rustwide/cargo-home/registry/src/index.crates.io-6f17d22bba15001f/rustyline-2.1.0/src/lib.rs:639:20
[INFO] [stdout]     |
[INFO] [stdout] 639 |             editor.add_history_entry(line.as_ref());
[INFO] [stdout]     |                    ^^^^^^^^^^^^^^^^^      ------ type must be known at this point
[INFO] [stdout]     |                    |
[INFO] [stdout]     |                    cannot infer type of the type parameter `S` declared on the method `add_history_entry`
[INFO] [stdout]     |
[INFO] [stdout]     = note: multiple `impl`s satisfying `String: AsRef<_>` found in the following crates: `alloc`, `std`:
[INFO] [stdout]             - impl AsRef<OsStr> for String;
[INFO] [stdout]             - impl AsRef<Path> for String;
[INFO] [stdout]             - impl AsRef<[u8]> for String;
[INFO] [stdout]             - impl AsRef<str> for String;
[INFO] [stdout] help: consider specifying the generic argument
[INFO] [stdout]     |
[INFO] [stdout] 639 |             editor.add_history_entry::<&T>(line.as_ref());
[INFO] [stdout]     |                                     ++++++
[INFO] [stdout] 
[INFO] [stdout] 
[INFO] [stdout] error[E0283]: type annotations needed
[INFO] [stdout]    --> /opt/rustwide/cargo-home/registry/src/index.crates.io-6f17d22bba15001f/rustyline-2.1.0/src/lib.rs:639:20
[INFO] [stdout]     |
[INFO] [stdout] 639 |             editor.add_history_entry(line.as_ref());
[INFO] [stdout]     |                    ^^^^^^^^^^^^^^^^^ cannot infer type of the type parameter `S` declared on the method `add_history_entry`
[INFO] [stdout]     |
[INFO] [stdout]     = note: multiple `impl`s satisfying `_: AsRef<str>` found in the following crates: `alloc`, `core`:
[INFO] [stdout]             - impl AsRef<str> for String;
[INFO] [stdout]             - impl AsRef<str> for str;
[INFO] [stdout]     = note: required for `&_` to implement `AsRef<str>`
[INFO] [stdout] note: required by a bound in `Editor::<H>::add_history_entry`
[INFO] [stdout]    --> /opt/rustwide/cargo-home/registry/src/index.crates.io-6f17d22bba15001f/rustyline-2.1.0/src/lib.rs:750:33
[INFO] [stdout]     |
[INFO] [stdout] 750 |     pub fn add_history_entry<S: AsRef<str> + Into<String>>(&mut self, line: S) -> bool {
[INFO] [stdout]     |                                 ^^^^^^^^^^ required by this bound in `Editor::<H>::add_history_entry`
[INFO] [stdout] help: consider specifying the generic argument
[INFO] [stdout]     |
[INFO] [stdout] 639 |             editor.add_history_entry::<&T>(line.as_ref());
[INFO] [stdout]     |                                     ++++++
[INFO] [stdout] 
[INFO] [stdout] 
[INFO] [stdout] error: aborting due to 4 previous errors
[INFO] [stdout] 
[INFO] [stdout] 
[INFO] [stdout] For more information about this error, try `rustc --explain E0283`.
[INFO] [stdout] 
[INFO] [stderr] error: could not compile `rustyline` (lib) due to 5 previous errors
[INFO] [stderr] warning: build failed, waiting for other jobs to finish...
[INFO] running `Command { std: "docker" "inspect" "6118d2a551502c000b82898d441a569b9ebb07ac5fba41835ba301f420860181", kill_on_drop: false }`
[INFO] running `Command { std: "docker" "rm" "-f" "6118d2a551502c000b82898d441a569b9ebb07ac5fba41835ba301f420860181", kill_on_drop: false }`
[INFO] [stdout] 6118d2a551502c000b82898d441a569b9ebb07ac5fba41835ba301f420860181
