[INFO] cloning repository https://github.com/NoahShomette/space_commander_game
[INFO] running `Command { std: "git" "-c" "credential.helper=" "-c" "credential.helper=/workspace/cargo-home/bin/git-credential-null" "clone" "--bare" "https://github.com/NoahShomette/space_commander_game" "/workspace/cache/git-repos/https%3A%2F%2Fgithub.com%2FNoahShomette%2Fspace_commander_game", kill_on_drop: false }`
[INFO] [stderr] Cloning into bare repository '/workspace/cache/git-repos/https%3A%2F%2Fgithub.com%2FNoahShomette%2Fspace_commander_game'...
[INFO] running `Command { std: "git" "rev-parse" "HEAD", kill_on_drop: false }`
[INFO] [stdout] 77de1c272286a15c9843e826a7ca813a8c41449a
[INFO] documenting NoahShomette/space_commander_game against 1.75.0 for beta-1.76-rustdoc-1
[INFO] running `Command { std: "git" "clone" "/workspace/cache/git-repos/https%3A%2F%2Fgithub.com%2FNoahShomette%2Fspace_commander_game" "/workspace/builds/worker-4-tc1/source", kill_on_drop: false }`
[INFO] [stderr] Cloning into '/workspace/builds/worker-4-tc1/source'...
[INFO] [stderr] done.
[INFO] validating manifest of git repo https://github.com/NoahShomette/space_commander_game on toolchain 1.75.0
[INFO] running `Command { std: CARGO_HOME="/workspace/cargo-home" RUSTUP_HOME="/workspace/rustup-home" "/workspace/cargo-home/bin/cargo" "+1.75.0" "metadata" "--manifest-path" "Cargo.toml" "--no-deps", kill_on_drop: false }`
[INFO] started tweaking git repo https://github.com/NoahShomette/space_commander_game
[INFO] finished tweaking git repo https://github.com/NoahShomette/space_commander_game
[INFO] tweaked toml for git repo https://github.com/NoahShomette/space_commander_game written to /workspace/builds/worker-4-tc1/source/Cargo.toml
[INFO] crate git repo https://github.com/NoahShomette/space_commander_game already has a lockfile, it will not be regenerated
[INFO] running `Command { std: CARGO_HOME="/workspace/cargo-home" RUSTUP_HOME="/workspace/rustup-home" "/workspace/cargo-home/bin/cargo" "+1.75.0" "fetch" "--manifest-path" "Cargo.toml", kill_on_drop: false }`
[INFO] [stderr]     Updating crates.io index
[INFO] [stderr]  Downloading crates ...
[INFO] [stderr]   Downloaded bevy_asset_loader_derive v0.12.1
[INFO] [stderr]   Downloaded vswhom-sys v0.1.1
[INFO] [stderr]   Downloaded embed-resource v1.7.3
[INFO] [stderr]   Downloaded simba v0.7.2
[INFO] [stderr]   Downloaded alsa v0.6.1
[INFO] [stderr]   Downloaded owned_ttf_parser v0.17.0
[INFO] [stderr]   Downloaded parry2d v0.10.0
[INFO] [stderr]   Downloaded bevy_asset_loader v0.12.1
[INFO] [stderr]   Downloaded bevy_kira_audio v0.12.0
[INFO] [stderr]   Downloaded nalgebra v0.31.2
[INFO] [stderr]   Downloaded rapier2d v0.15.0
[INFO] [stderr]   Downloaded kira v0.6.1
[INFO] [stderr]   Downloaded bevy_rapier2d v0.17.0
[INFO] [stderr]   Downloaded bevy-web-resizer v3.0.0
[INFO] running `Command { std: "docker" "create" "-v" "/var/lib/crater-agent-workspace/builds/worker-4-tc1/target:/opt/rustwide/target:rw,Z" "-v" "/var/lib/crater-agent-workspace/builds/worker-4-tc1/source:/opt/rustwide/workdir:ro,Z" "-v" "/var/lib/crater-agent-workspace/cargo-home:/opt/rustwide/cargo-home:ro,Z" "-v" "/var/lib/crater-agent-workspace/rustup-home:/opt/rustwide/rustup-home:ro,Z" "-e" "SOURCE_DIR=/opt/rustwide/workdir" "-e" "CARGO_TARGET_DIR=/opt/rustwide/target" "-e" "CARGO_HOME=/opt/rustwide/cargo-home" "-e" "RUSTUP_HOME=/opt/rustwide/rustup-home" "-w" "/opt/rustwide/workdir" "-m" "1610612736" "--user" "0:0" "--network" "none" "ghcr.io/rust-lang/crates-build-env/linux@sha256:2788e3201cd34a07e3172128adcd8b3090168a8e3bcc40d7c032b9dda1df7d1c" "/opt/rustwide/cargo-home/bin/cargo" "+1.75.0" "metadata" "--no-deps" "--format-version=1", kill_on_drop: false }`
[INFO] [stdout] d2aed2a39bb72e2e378babf204c5c89d105a26fdf0bec272bbc33a6b06032b81
[INFO] running `Command { std: "docker" "start" "-a" "d2aed2a39bb72e2e378babf204c5c89d105a26fdf0bec272bbc33a6b06032b81", kill_on_drop: false }`
[INFO] running `Command { std: "docker" "inspect" "d2aed2a39bb72e2e378babf204c5c89d105a26fdf0bec272bbc33a6b06032b81", kill_on_drop: false }`
[INFO] running `Command { std: "docker" "rm" "-f" "d2aed2a39bb72e2e378babf204c5c89d105a26fdf0bec272bbc33a6b06032b81", kill_on_drop: false }`
[INFO] [stdout] d2aed2a39bb72e2e378babf204c5c89d105a26fdf0bec272bbc33a6b06032b81
[INFO] running `Command { std: "docker" "create" "-v" "/var/lib/crater-agent-workspace/builds/worker-4-tc1/target:/opt/rustwide/target:rw,Z" "-v" "/var/lib/crater-agent-workspace/builds/worker-4-tc1/source:/opt/rustwide/workdir:ro,Z" "-v" "/var/lib/crater-agent-workspace/cargo-home:/opt/rustwide/cargo-home:ro,Z" "-v" "/var/lib/crater-agent-workspace/rustup-home:/opt/rustwide/rustup-home:ro,Z" "-e" "SOURCE_DIR=/opt/rustwide/workdir" "-e" "CARGO_TARGET_DIR=/opt/rustwide/target" "-e" "CARGO_INCREMENTAL=0" "-e" "RUST_BACKTRACE=full" "-e" "RUSTFLAGS=--cap-lints=warn" "-e" "RUSTDOCFLAGS=--cap-lints=warn" "-e" "CARGO_HOME=/opt/rustwide/cargo-home" "-e" "RUSTUP_HOME=/opt/rustwide/rustup-home" "-w" "/opt/rustwide/workdir" "-m" "1610612736" "--user" "0:0" "--network" "none" "ghcr.io/rust-lang/crates-build-env/linux@sha256:2788e3201cd34a07e3172128adcd8b3090168a8e3bcc40d7c032b9dda1df7d1c" "/opt/rustwide/cargo-home/bin/cargo" "+1.75.0" "doc" "--frozen" "--no-deps" "--document-private-items" "--message-format=json", kill_on_drop: false }`
[INFO] [stdout] cf29f83ba15dce73e5f9ca2d698aee512488f588160052117031af77fb02e8a7
[INFO] running `Command { std: "docker" "start" "-a" "cf29f83ba15dce73e5f9ca2d698aee512488f588160052117031af77fb02e8a7", kill_on_drop: false }`
[INFO] [stderr]    Compiling proc-macro2 v1.0.47
[INFO] [stderr]    Compiling unicode-ident v1.0.5
[INFO] [stderr]    Compiling quote v1.0.21
[INFO] [stderr]    Compiling syn v1.0.103
[INFO] [stderr]    Compiling autocfg v1.1.0
[INFO] [stderr]     Checking cfg-if v1.0.0
[INFO] [stderr]    Compiling libc v0.2.136
[INFO] [stderr]    Compiling serde_derive v1.0.147
[INFO] [stderr]    Compiling serde v1.0.147
[INFO] [stderr]     Checking bitflags v1.3.2
[INFO] [stderr]     Checking once_cell v1.15.0
[INFO] [stderr]     Checking scopeguard v1.1.0
[INFO] [stderr]    Compiling version_check v0.9.4
[INFO] [stderr]    Compiling log v0.4.17
[INFO] [stderr]    Compiling libm v0.2.5
[INFO] [stderr]    Compiling thiserror v1.0.37
[INFO] [stderr]     Checking byteorder v1.4.3
[INFO] [stderr]    Compiling parking_lot_core v0.9.4
[INFO] [stderr]     Checking instant v0.1.12
[INFO] [stderr]    Compiling memchr v2.5.0
[INFO] [stderr]     Checking pin-project-lite v0.2.9
[INFO] [stderr]     Checking lazy_static v1.4.0
[INFO] [stderr]    Compiling futures-core v0.3.25
[INFO] [stderr]     Checking cache-padded v1.2.0
[INFO] [stderr]     Checking tracing-core v0.1.30
[INFO] [stderr]     Checking fixedbitset v0.4.2
[INFO] [stderr]     Checking concurrent-queue v1.2.4
[INFO] [stderr]     Checking fxhash v0.2.1
[INFO] [stderr]     Checking fastrand v1.8.0
[INFO] [stderr]     Checking waker-fn v1.1.0
[INFO] [stderr]     Checking futures-io v0.3.25
[INFO] [stderr]     Checking downcast-rs v1.2.0
[INFO] [stderr]    Compiling erased-serde v0.3.23
[INFO] [stderr]     Checking parking v2.0.0
[INFO] [stderr]     Checking async-task v4.3.0
[INFO] [stderr]     Checking event-listener v2.5.3
[INFO] [stderr]     Checking thread_local v1.1.4
[INFO] [stderr]     Checking bevy_ptr v0.8.1
[INFO] [stderr]     Checking arrayvec v0.7.2
[INFO] [stderr]    Compiling crossbeam-utils v0.8.12
[INFO] [stderr]    Compiling pkg-config v0.3.25
[INFO] [stderr]     Checking async-channel v1.7.1
[INFO] [stderr]     Checking regex-syntax v0.6.27
[INFO] [stderr]     Checking tracing v0.1.37
[INFO] [stderr]    Compiling crc32fast v1.3.2
[INFO] [stderr]     Checking overload v0.1.1
[INFO] [stderr]     Checking cty v0.2.2
[INFO] [stderr]     Checking tracing-log v0.1.3
[INFO] [stderr]     Checking nu-ansi-term v0.46.0
[INFO] [stderr]     Checking raw-window-handle v0.4.3
[INFO] [stderr]     Checking sharded-slab v0.1.4
[INFO] [stderr]     Checking rustc-hash v1.1.0
[INFO] [stderr]     Checking bit-vec v0.6.3
[INFO] [stderr]     Checking libloading v0.7.3
[INFO] [stderr]     Checking futures-lite v1.12.0
[INFO] [stderr]     Checking aho-corasick v0.7.19
[INFO] [stderr]     Checking unicode-width v0.1.10
[INFO] [stderr]    Compiling anyhow v1.0.66
[INFO] [stderr]    Compiling ahash v0.7.6
[INFO] [stderr]     Checking crossbeam-channel v0.5.6
[INFO] [stderr]    Compiling lock_api v0.4.9
[INFO] [stderr]    Compiling num-traits v0.2.15
[INFO] [stderr]    Compiling slab v0.4.7
[INFO] [stderr]    Compiling getrandom v0.2.8
[INFO] [stderr]    Compiling uuid v1.2.1
[INFO] [stderr]    Compiling num-integer v0.1.45
[INFO] [stderr]    Compiling indexmap v1.9.1
[INFO] [stderr]    Compiling num-rational v0.4.1
[INFO] [stderr]    Compiling memoffset v0.6.5
[INFO] [stderr]     Checking termcolor v1.1.3
[INFO] [stderr]    Compiling ash v0.37.0+1.3.209
[INFO] [stderr]     Checking async-executor v1.4.1
[INFO] [stderr]    Compiling khronos-egl v4.1.0
[INFO] [stderr]     Checking num_cpus v1.13.1
[INFO] [stderr]     Checking mio v0.8.5
[INFO] [stderr]     Checking inotify-sys v0.1.5
[INFO] [stderr]     Checking same-file v1.0.6
[INFO] [stderr]     Checking bevy_tasks v0.8.1
[INFO] [stderr]     Checking unicode-xid v0.2.4
[INFO] [stderr]     Checking inotify v0.9.6
[INFO] [stderr]     Checking walkdir v2.3.2
[INFO] [stderr]     Checking codespan-reporting v0.11.1
[INFO] [stderr]     Checking pp-rs v0.2.1
[INFO] [stderr]     Checking filetime v0.2.18
[INFO] [stderr]     Checking bit-set v0.5.3
[INFO] [stderr]     Checking gpu-descriptor-types v0.1.1
[INFO] [stderr]     Checking gpu-alloc-types v0.2.0
[INFO] [stderr]    Compiling cfg_aliases v0.1.1
[INFO] [stderr]     Checking adler v1.0.2
[INFO] [stderr]     Checking hexf-parse v0.2.1
[INFO] [stderr]    Compiling wgpu-core v0.13.2
[INFO] [stderr]     Checking gpu-alloc v0.5.3
[INFO] [stderr]     Checking miniz_oxide v0.5.4
[INFO] [stderr]     Checking notify v5.0.0-pre.15
[INFO] [stderr]     Checking wgpu-types v0.13.2
[INFO] [stderr]     Checking profiling v1.0.7
[INFO] [stderr]     Checking glow v0.11.2
[INFO] [stderr]     Checking inplace_it v0.3.5
[INFO] [stderr]     Checking color_quant v1.1.0
[INFO] [stderr]     Checking renderdoc-sys v0.7.1
[INFO] [stderr]     Checking regex-automata v0.1.10
[INFO] [stderr]     Checking regex v1.6.0
[INFO] [stderr]     Checking copyless v0.1.5
[INFO] [stderr]    Compiling parking_lot_core v0.8.5
[INFO] [stderr]     Checking scoped_threadpool v0.1.9
[INFO] [stderr]     Checking const_panic v0.2.6
[INFO] [stderr]     Checking nix v0.24.2
[INFO] [stderr]     Checking spirv v0.2.0+1.5.4
[INFO] [stderr]     Checking approx v0.5.1
[INFO] [stderr]     Checking flate2 v1.0.24
[INFO] [stderr]     Checking hex v0.4.3
[INFO] [stderr]     Checking euclid v0.22.7
[INFO] [stderr]    Compiling alsa-sys v0.3.1
[INFO] [stderr]    Compiling typenum v1.15.0
[INFO] [stderr]     Checking ttf-parser v0.17.1
[INFO] [stderr]     Checking radsort v0.1.0
[INFO] [stderr]     Checking ab_glyph_rasterizer v0.1.7
[INFO] [stderr]     Checking png v0.17.6
[INFO] [stderr]     Checking percent-encoding v2.2.0
[INFO] [stderr]    Compiling libudev-sys v0.1.4
[INFO] [stderr]    Compiling cpal v0.13.5
[INFO] [stderr]    Compiling serde_json v1.0.87
[INFO] [stderr]     Checking matchers v0.1.0
[INFO] [stderr]    Compiling x11-dl v2.20.0
[INFO] [stderr]     Checking nix v0.23.1
[INFO] [stderr]    Compiling inflections v1.1.1
[INFO] [stderr]    Compiling encoding_rs v0.8.31
[INFO] [stderr]     Checking alsa v0.6.1
[INFO] [stderr]     Checking svg_fmt v0.4.1
[INFO] [stderr]     Checking ryu v1.0.11
[INFO] [stderr]     Checking itoa v1.0.4
[INFO] [stderr]     Checking guillotiere v0.6.2
[INFO] [stderr]     Checking vec_map v0.8.2
[INFO] [stderr]     Checking xi-unicode v0.3.0
[INFO] [stderr]    Compiling winit v0.26.1
[INFO] [stderr]     Checking rectangle-pack v0.4.2
[INFO] [stderr]     Checking base64 v0.13.1
[INFO] [stderr]    Compiling toml v0.5.8
[INFO] [stderr]     Checking hash32 v0.2.1
[INFO] [stderr]     Checking fnv v1.0.7
[INFO] [stderr]     Checking hound v3.5.0
[INFO] [stderr]    Compiling crossbeam-epoch v0.9.11
[INFO] [stderr]    Compiling wasm-bindgen-shared v0.2.83
[INFO] [stderr]     Checking tinyvec_macros v0.1.0
[INFO] [stderr]    Compiling semver v1.0.14
[INFO] [stderr]     Checking adler32 v1.2.0
[INFO] [stderr]     Checking tinyvec v1.6.0
[INFO] [stderr]     Checking num-complex v0.4.2
[INFO] [stderr]    Compiling num-iter v0.1.43
[INFO] [stderr]    Compiling num-rational v0.3.2
[INFO] [stderr]    Compiling ahash v0.8.0
[INFO] [stderr]    Compiling paste v1.0.9
[INFO] [stderr]    Compiling encase_derive_impl v0.3.0
[INFO] [stderr]     Checking rawpointer v0.2.1
[INFO] [stderr]    Compiling crossbeam-queue v0.3.6
[INFO] [stderr]     Checking matrixmultiply v0.3.2
[INFO] [stderr]     Checking deflate v0.8.6
[INFO] [stderr]    Compiling bevy_macro_utils v0.8.1
[INFO] [stderr]     Checking owned_ttf_parser v0.17.0
[INFO] [stderr]     Checking unicode-normalization v0.1.22
[INFO] [stderr]     Checking miniz_oxide v0.3.7
[INFO] [stderr]     Checking unicode-bidi v0.3.8
[INFO] [stderr]     Checking ab_glyph v0.2.18
[INFO] [stderr]     Checking arrayvec v0.5.2
[INFO] [stderr]     Checking optional v0.5.0
[INFO] [stderr]     Checking robust v0.2.3
[INFO] [stderr]     Checking glyph_brush_layout v0.2.3
[INFO] [stderr]    Compiling bumpalo v3.11.1
[INFO] [stderr]     Checking crossbeam-deque v0.8.2
[INFO] [stderr]     Checking lyon_geom v0.17.7
[INFO] [stderr]    Compiling rustc_version v0.4.0
[INFO] [stderr]     Checking idna v0.3.0
[INFO] [stderr]     Checking png v0.16.8
[INFO] [stderr]    Compiling wasm-bindgen-backend v0.2.83
[INFO] [stderr]     Checking form_urlencoded v1.1.0
[INFO] [stderr]     Checking nix v0.22.3
[INFO] [stderr]     Checking gethostname v0.2.3
[INFO] [stderr]    Compiling cc v1.0.73
[INFO] [stderr]     Checking nohash-hasher v0.2.0
[INFO] [stderr]     Checking either v1.8.0
[INFO] [stderr]     Checking crossbeam v0.8.2
[INFO] [stderr]     Checking lyon_path v0.17.7
[INFO] [stderr]     Checking float_next_after v0.1.5
[INFO] [stderr]     Checking rand_core v0.6.4
[INFO] [stderr]     Checking url v2.3.1
[INFO] [stderr]     Checking ringbuf v0.2.8
[INFO] [stderr]     Checking siphasher v0.2.3
[INFO] [stderr]     Checking atomic-arena v0.1.1
[INFO] [stderr]    Compiling wasm-bindgen v0.2.83
[INFO] [stderr]     Checking ppv-lite86 v0.2.16
[INFO] [stderr]    Compiling embed-resource v1.7.3
[INFO] [stderr]     Checking float-cmp v0.5.3
[INFO] [stderr]     Checking lyon_tessellation v0.17.10
[INFO] [stderr]    Compiling wasm-bindgen-macro-support v0.2.83
[INFO] [stderr]     Checking rand_chacha v0.3.1
[INFO] [stderr]     Checking svgtypes v0.5.0
[INFO] [stderr]     Checking bevy-web-resizer v3.0.0
[INFO] [stderr]     Checking webbrowser v0.7.1
[INFO] [stderr]     Checking rand v0.8.5
[INFO] [stderr]     Checking x11rb v0.9.0
[INFO] [stderr]    Compiling space_commander_game v0.1.0 (/opt/rustwide/workdir)
[INFO] [stderr]    Compiling bytemuck_derive v1.2.1
[INFO] [stderr]    Compiling thiserror-impl v1.0.37
[INFO] [stderr]    Compiling bevy_reflect_derive v0.8.1
[INFO] [stderr]    Compiling bevy_ecs_macros v0.8.1
[INFO] [stderr]    Compiling bevy_derive v0.8.1
[INFO] [stderr]    Compiling encase_derive v0.3.0
[INFO] [stderr]    Compiling bevy_render_macros v0.8.1
[INFO] [stderr]    Compiling bevy_encase_derive v0.8.1
[INFO] [stderr]    Compiling gltf-derive v1.0.0
[INFO] [stderr]    Compiling hash32-derive v0.1.1
[INFO] [stderr]    Compiling nalgebra-macros v0.1.0
[INFO] [stderr]    Compiling num-derive v0.3.3
[INFO] [stderr]    Compiling bevy_asset_loader_derive v0.12.1
[INFO] [stderr]    Compiling wasm-bindgen-macro v0.2.83
[INFO] [stderr]     Checking taffy v0.1.0
[INFO] [stderr]     Checking bytemuck v1.12.1
[INFO] [stderr]     Checking image v0.24.4
[INFO] [stderr]     Checking symphonia-core v0.5.1
[INFO] [stderr]     Checking safe_arch v0.6.0
[INFO] [stderr]     Checking wide v0.7.5
[INFO] [stderr]     Checking emath v0.19.0
[INFO] [stderr]     Checking image v0.23.14
[INFO] [stderr]     Checking symphonia-metadata v0.5.1
[INFO] [stderr]     Checking symphonia-codec-pcm v0.5.1
[INFO] [stderr]     Checking symphonia-utils-xiph v0.5.1
[INFO] [stderr]     Checking symphonia-bundle-mp3 v0.5.1
[INFO] [stderr]     Checking symphonia-format-wav v0.5.1
[INFO] [stderr]     Checking symphonia-format-ogg v0.5.1
[INFO] [stderr]     Checking symphonia-codec-vorbis v0.5.1
[INFO] [stderr]     Checking simba v0.7.2
[INFO] [stderr]     Checking symphonia v0.5.1
[INFO] [stderr]     Checking smallvec v1.10.0
[INFO] [stderr]     Checking hashbrown v0.12.3
[INFO] [stderr]     Checking glam v0.21.3
[INFO] [stderr]     Checking ron v0.7.1
[INFO] [stderr]     Checking tracing-subscriber v0.3.16
[INFO] [stderr]     Checking spade v2.0.0
[INFO] [stderr]     Checking gilrs-core v0.4.1
[INFO] [stderr]     Checking parking_lot v0.11.2
[INFO] [stderr]     Checking parking_lot v0.12.1
[INFO] [stderr]     Checking bevy_utils v0.8.1
[INFO] [stderr]     Checking gpu-descriptor v0.2.3
[INFO] [stderr]     Checking gilrs v0.9.0
[INFO] [stderr]     Checking epaint v0.19.0
[INFO] [stderr]     Checking arboard v2.1.1
[INFO] [stdout] error[E0308]: mismatched types
[INFO] [stdout]    --> /opt/rustwide/cargo-home/registry/src/index.crates.io-6f17d22bba15001f/cpal-0.13.5/src/host/alsa/mod.rs:245:21
[INFO] [stdout]     |
[INFO] [stdout] 244 |         let handle = match handle_result {
[INFO] [stdout]     |                            ------------- this expression has type `std::result::Result<host::alsa::alsa::PCM, (host::alsa::alsa::Error, host::alsa::alsa::nix::errno::Errno)>`
[INFO] [stdout] 245 |             Err((_, nix::errno::Errno::EBUSY)) => return Err(BuildStreamError::DeviceNotAvailable),
[INFO] [stdout]     |                     ^^^^^^^^^^^^^^^^^^^^^^^^ expected `host::alsa::alsa::nix::errno::Errno`, found `nix::errno::Errno`
[INFO] [stdout]     |
[INFO] [stdout]     = note: `nix::errno::Errno` and `host::alsa::alsa::nix::errno::Errno` have similar names, but are actually distinct types
[INFO] [stdout] note: `nix::errno::Errno` is defined in crate `nix`
[INFO] [stdout]    --> /opt/rustwide/cargo-home/registry/src/index.crates.io-6f17d22bba15001f/nix-0.23.1/src/errno.rs:774:5
[INFO] [stdout]     |
[INFO] [stdout] 774 |     pub enum Errno {
[INFO] [stdout]     |     ^^^^^^^^^^^^^^
[INFO] [stdout] note: `host::alsa::alsa::nix::errno::Errno` is defined in crate `nix`
[INFO] [stdout]    --> /opt/rustwide/cargo-home/registry/src/index.crates.io-6f17d22bba15001f/nix-0.24.2/src/errno.rs:776:5
[INFO] [stdout]     |
[INFO] [stdout] 776 |     pub enum Errno {
[INFO] [stdout]     |     ^^^^^^^^^^^^^^
[INFO] [stdout]     = note: perhaps two different versions of crate `nix` are being used?
[INFO] [stdout] 
[INFO] [stdout] 
[INFO] [stdout] error[E0308]: mismatched types
[INFO] [stdout]    --> /opt/rustwide/cargo-home/registry/src/index.crates.io-6f17d22bba15001f/cpal-0.13.5/src/host/alsa/mod.rs:246:21
[INFO] [stdout]     |
[INFO] [stdout] 244 |         let handle = match handle_result {
[INFO] [stdout]     |                            ------------- this expression has type `std::result::Result<host::alsa::alsa::PCM, (host::alsa::alsa::Error, host::alsa::alsa::nix::errno::Errno)>`
[INFO] [stdout] 245 |             Err((_, nix::errno::Errno::EBUSY)) => return Err(BuildStreamError::DeviceNotAvailable),
[INFO] [stdout] 246 |             Err((_, nix::errno::Errno::EINVAL)) => return Err(BuildStreamError::InvalidArgument),
[INFO] [stdout]     |                     ^^^^^^^^^^^^^^^^^^^^^^^^^ expected `host::alsa::alsa::nix::errno::Errno`, found `nix::errno::Errno`
[INFO] [stdout]     |
[INFO] [stdout]     = note: `nix::errno::Errno` and `host::alsa::alsa::nix::errno::Errno` have similar names, but are actually distinct types
[INFO] [stdout] note: `nix::errno::Errno` is defined in crate `nix`
[INFO] [stdout]    --> /opt/rustwide/cargo-home/registry/src/index.crates.io-6f17d22bba15001f/nix-0.23.1/src/errno.rs:774:5
[INFO] [stdout]     |
[INFO] [stdout] 774 |     pub enum Errno {
[INFO] [stdout]     |     ^^^^^^^^^^^^^^
[INFO] [stdout] note: `host::alsa::alsa::nix::errno::Errno` is defined in crate `nix`
[INFO] [stdout]    --> /opt/rustwide/cargo-home/registry/src/index.crates.io-6f17d22bba15001f/nix-0.24.2/src/errno.rs:776:5
[INFO] [stdout]     |
[INFO] [stdout] 776 |     pub enum Errno {
[INFO] [stdout]     |     ^^^^^^^^^^^^^^
[INFO] [stdout]     = note: perhaps two different versions of crate `nix` are being used?
[INFO] [stdout] 
[INFO] [stdout] 
[INFO] [stdout] error[E0308]: mismatched types
[INFO] [stdout]    --> /opt/rustwide/cargo-home/registry/src/index.crates.io-6f17d22bba15001f/cpal-0.13.5/src/host/alsa/mod.rs:302:21
[INFO] [stdout]     |
[INFO] [stdout] 301 |         let handle = match handle_result {
[INFO] [stdout]     |                            ------------- this expression has type `std::result::Result<&mut host::alsa::alsa::PCM, (host::alsa::alsa::Error, host::alsa::alsa::nix::errno::Errno)>`
[INFO] [stdout] 302 |             Err((_, nix::errno::Errno::ENOENT)) | Err((_, nix::errno::Errno::EBUSY)) => {
[INFO] [stdout]     |                     ^^^^^^^^^^^^^^^^^^^^^^^^^ expected `host::alsa::alsa::nix::errno::Errno`, found `nix::errno::Errno`
[INFO] [stdout]     |
[INFO] [stdout]     = note: `nix::errno::Errno` and `host::alsa::alsa::nix::errno::Errno` have similar names, but are actually distinct types
[INFO] [stdout] note: `nix::errno::Errno` is defined in crate `nix`
[INFO] [stdout]    --> /opt/rustwide/cargo-home/registry/src/index.crates.io-6f17d22bba15001f/nix-0.23.1/src/errno.rs:774:5
[INFO] [stdout]     |
[INFO] [stdout] 774 |     pub enum Errno {
[INFO] [stdout]     |     ^^^^^^^^^^^^^^
[INFO] [stdout] note: `host::alsa::alsa::nix::errno::Errno` is defined in crate `nix`
[INFO] [stdout]    --> /opt/rustwide/cargo-home/registry/src/index.crates.io-6f17d22bba15001f/nix-0.24.2/src/errno.rs:776:5
[INFO] [stdout]     |
[INFO] [stdout] 776 |     pub enum Errno {
[INFO] [stdout]     |     ^^^^^^^^^^^^^^
[INFO] [stdout]     = note: perhaps two different versions of crate `nix` are being used?
[INFO] [stdout] 
[INFO] [stdout] 
[INFO] [stdout] error[E0308]: mismatched types
[INFO] [stdout]    --> /opt/rustwide/cargo-home/registry/src/index.crates.io-6f17d22bba15001f/cpal-0.13.5/src/host/alsa/mod.rs:302:59
[INFO] [stdout]     |
[INFO] [stdout] 301 |         let handle = match handle_result {
[INFO] [stdout]     |                            ------------- this expression has type `std::result::Result<&mut host::alsa::alsa::PCM, (host::alsa::alsa::Error, host::alsa::alsa::nix::errno::Errno)>`
[INFO] [stdout] 302 |             Err((_, nix::errno::Errno::ENOENT)) | Err((_, nix::errno::Errno::EBUSY)) => {
[INFO] [stdout]     |                                                           ^^^^^^^^^^^^^^^^^^^^^^^^ expected `host::alsa::alsa::nix::errno::Errno`, found `nix::errno::Errno`
[INFO] [stdout]     |
[INFO] [stdout]     = note: `nix::errno::Errno` and `host::alsa::alsa::nix::errno::Errno` have similar names, but are actually distinct types
[INFO] [stdout] note: `nix::errno::Errno` is defined in crate `nix`
[INFO] [stdout]    --> /opt/rustwide/cargo-home/registry/src/index.crates.io-6f17d22bba15001f/nix-0.23.1/src/errno.rs:774:5
[INFO] [stdout]     |
[INFO] [stdout] 774 |     pub enum Errno {
[INFO] [stdout]     |     ^^^^^^^^^^^^^^
[INFO] [stdout] note: `host::alsa::alsa::nix::errno::Errno` is defined in crate `nix`
[INFO] [stdout]    --> /opt/rustwide/cargo-home/registry/src/index.crates.io-6f17d22bba15001f/nix-0.24.2/src/errno.rs:776:5
[INFO] [stdout]     |
[INFO] [stdout] 776 |     pub enum Errno {
[INFO] [stdout]     |     ^^^^^^^^^^^^^^
[INFO] [stdout]     = note: perhaps two different versions of crate `nix` are being used?
[INFO] [stdout] 
[INFO] [stdout] 
[INFO] [stdout] error[E0308]: mismatched types
[INFO] [stdout]    --> /opt/rustwide/cargo-home/registry/src/index.crates.io-6f17d22bba15001f/cpal-0.13.5/src/host/alsa/mod.rs:305:21
[INFO] [stdout]     |
[INFO] [stdout] 301 |         let handle = match handle_result {
[INFO] [stdout]     |                            ------------- this expression has type `std::result::Result<&mut host::alsa::alsa::PCM, (host::alsa::alsa::Error, host::alsa::alsa::nix::errno::Errno)>`
[INFO] [stdout] ...
[INFO] [stdout] 305 |             Err((_, nix::errno::Errno::EINVAL)) => {
[INFO] [stdout]     |                     ^^^^^^^^^^^^^^^^^^^^^^^^^ expected `host::alsa::alsa::nix::errno::Errno`, found `nix::errno::Errno`
[INFO] [stdout]     |
[INFO] [stdout]     = note: `nix::errno::Errno` and `host::alsa::alsa::nix::errno::Errno` have similar names, but are actually distinct types
[INFO] [stdout] note: `nix::errno::Errno` is defined in crate `nix`
[INFO] [stdout]    --> /opt/rustwide/cargo-home/registry/src/index.crates.io-6f17d22bba15001f/nix-0.23.1/src/errno.rs:774:5
[INFO] [stdout]     |
[INFO] [stdout] 774 |     pub enum Errno {
[INFO] [stdout]     |     ^^^^^^^^^^^^^^
[INFO] [stdout] note: `host::alsa::alsa::nix::errno::Errno` is defined in crate `nix`
[INFO] [stdout]    --> /opt/rustwide/cargo-home/registry/src/index.crates.io-6f17d22bba15001f/nix-0.24.2/src/errno.rs:776:5
[INFO] [stdout]     |
[INFO] [stdout] 776 |     pub enum Errno {
[INFO] [stdout]     |     ^^^^^^^^^^^^^^
[INFO] [stdout]     = note: perhaps two different versions of crate `nix` are being used?
[INFO] [stdout] 
[INFO] [stdout] 
[INFO] [stdout] error[E0308]: mismatched types
[INFO] [stdout]    --> /opt/rustwide/cargo-home/registry/src/index.crates.io-6f17d22bba15001f/cpal-0.13.5/src/host/alsa/mod.rs:720:36
[INFO] [stdout]     |
[INFO] [stdout] 720 |         Err(err) if err.errno() == nix::errno::Errno::EPIPE => {
[INFO] [stdout]     |                     -----------    ^^^^^^^^^^^^^^^^^^^^^^^^ expected `host::alsa::alsa::nix::errno::Errno`, found `nix::errno::Errno`
[INFO] [stdout]     |                     |
[INFO] [stdout]     |                     expected because this is `host::alsa::alsa::nix::errno::Errno`
[INFO] [stdout]     |
[INFO] [stdout]     = note: `nix::errno::Errno` and `host::alsa::alsa::nix::errno::Errno` have similar names, but are actually distinct types
[INFO] [stdout] note: `nix::errno::Errno` is defined in crate `nix`
[INFO] [stdout]    --> /opt/rustwide/cargo-home/registry/src/index.crates.io-6f17d22bba15001f/nix-0.23.1/src/errno.rs:774:5
[INFO] [stdout]     |
[INFO] [stdout] 774 |     pub enum Errno {
[INFO] [stdout]     |     ^^^^^^^^^^^^^^
[INFO] [stdout] note: `host::alsa::alsa::nix::errno::Errno` is defined in crate `nix`
[INFO] [stdout]    --> /opt/rustwide/cargo-home/registry/src/index.crates.io-6f17d22bba15001f/nix-0.24.2/src/errno.rs:776:5
[INFO] [stdout]     |
[INFO] [stdout] 776 |     pub enum Errno {
[INFO] [stdout]     |     ^^^^^^^^^^^^^^
[INFO] [stdout]     = note: perhaps two different versions of crate `nix` are being used?
[INFO] [stdout] 
[INFO] [stdout] 
[INFO] [stdout] error[E0308]: mismatched types
[INFO] [stdout]    --> /opt/rustwide/cargo-home/registry/src/index.crates.io-6f17d22bba15001f/cpal-0.13.5/src/host/alsa/mod.rs:803:40
[INFO] [stdout]     |
[INFO] [stdout] 803 |             Err(err) if err.errno() == nix::errno::Errno::EPIPE => {
[INFO] [stdout]     |                         -----------    ^^^^^^^^^^^^^^^^^^^^^^^^ expected `host::alsa::alsa::nix::errno::Errno`, found `nix::errno::Errno`
[INFO] [stdout]     |                         |
[INFO] [stdout]     |                         expected because this is `host::alsa::alsa::nix::errno::Errno`
[INFO] [stdout]     |
[INFO] [stdout]     = note: `nix::errno::Errno` and `host::alsa::alsa::nix::errno::Errno` have similar names, but are actually distinct types
[INFO] [stdout] note: `nix::errno::Errno` is defined in crate `nix`
[INFO] [stdout]    --> /opt/rustwide/cargo-home/registry/src/index.crates.io-6f17d22bba15001f/nix-0.23.1/src/errno.rs:774:5
[INFO] [stdout]     |
[INFO] [stdout] 774 |     pub enum Errno {
[INFO] [stdout]     |     ^^^^^^^^^^^^^^
[INFO] [stdout] note: `host::alsa::alsa::nix::errno::Errno` is defined in crate `nix`
[INFO] [stdout]    --> /opt/rustwide/cargo-home/registry/src/index.crates.io-6f17d22bba15001f/nix-0.24.2/src/errno.rs:776:5
[INFO] [stdout]     |
[INFO] [stdout] 776 |     pub enum Errno {
[INFO] [stdout]     |     ^^^^^^^^^^^^^^
[INFO] [stdout]     = note: perhaps two different versions of crate `nix` are being used?
[INFO] [stdout] 
[INFO] [stdout] 
[INFO] [stdout] error: aborting due to 7 previous errors
[INFO] [stdout] 
[INFO] [stdout] 
[INFO] [stdout] For more information about this error, try `rustc --explain E0308`.
[INFO] [stdout] 
[INFO] [stderr] error: could not compile `cpal` (lib) due to 8 previous errors
[INFO] [stderr] warning: build failed, waiting for other jobs to finish...
[INFO] running `Command { std: "docker" "inspect" "cf29f83ba15dce73e5f9ca2d698aee512488f588160052117031af77fb02e8a7", kill_on_drop: false }`
[INFO] running `Command { std: "docker" "rm" "-f" "cf29f83ba15dce73e5f9ca2d698aee512488f588160052117031af77fb02e8a7", kill_on_drop: false }`
[INFO] [stdout] cf29f83ba15dce73e5f9ca2d698aee512488f588160052117031af77fb02e8a7
[INFO] documenting NoahShomette/space_commander_game against beta-2023-12-22 for beta-1.76-rustdoc-1
[INFO] running `Command { std: "git" "clone" "/workspace/cache/git-repos/https%3A%2F%2Fgithub.com%2FNoahShomette%2Fspace_commander_game" "/workspace/builds/worker-4-tc2/source", kill_on_drop: false }`
[INFO] [stderr] Cloning into '/workspace/builds/worker-4-tc2/source'...
[INFO] [stderr] done.
[INFO] validating manifest of git repo https://github.com/NoahShomette/space_commander_game on toolchain beta-2023-12-22
[INFO] running `Command { std: CARGO_HOME="/workspace/cargo-home" RUSTUP_HOME="/workspace/rustup-home" "/workspace/cargo-home/bin/cargo" "+beta-2023-12-22" "metadata" "--manifest-path" "Cargo.toml" "--no-deps", kill_on_drop: false }`
[INFO] started tweaking git repo https://github.com/NoahShomette/space_commander_game
[INFO] finished tweaking git repo https://github.com/NoahShomette/space_commander_game
[INFO] tweaked toml for git repo https://github.com/NoahShomette/space_commander_game written to /workspace/builds/worker-4-tc2/source/Cargo.toml
[INFO] crate git repo https://github.com/NoahShomette/space_commander_game already has a lockfile, it will not be regenerated
[INFO] running `Command { std: CARGO_HOME="/workspace/cargo-home" RUSTUP_HOME="/workspace/rustup-home" "/workspace/cargo-home/bin/cargo" "+beta-2023-12-22" "fetch" "--manifest-path" "Cargo.toml", kill_on_drop: false }`
[INFO] running `Command { std: "docker" "create" "-v" "/var/lib/crater-agent-workspace/builds/worker-4-tc2/target:/opt/rustwide/target:rw,Z" "-v" "/var/lib/crater-agent-workspace/builds/worker-4-tc2/source:/opt/rustwide/workdir:ro,Z" "-v" "/var/lib/crater-agent-workspace/cargo-home:/opt/rustwide/cargo-home:ro,Z" "-v" "/var/lib/crater-agent-workspace/rustup-home:/opt/rustwide/rustup-home:ro,Z" "-e" "SOURCE_DIR=/opt/rustwide/workdir" "-e" "CARGO_TARGET_DIR=/opt/rustwide/target" "-e" "CARGO_HOME=/opt/rustwide/cargo-home" "-e" "RUSTUP_HOME=/opt/rustwide/rustup-home" "-w" "/opt/rustwide/workdir" "-m" "1610612736" "--user" "0:0" "--network" "none" "ghcr.io/rust-lang/crates-build-env/linux@sha256:2788e3201cd34a07e3172128adcd8b3090168a8e3bcc40d7c032b9dda1df7d1c" "/opt/rustwide/cargo-home/bin/cargo" "+beta-2023-12-22" "metadata" "--no-deps" "--format-version=1", kill_on_drop: false }`
[INFO] [stdout] e93ed903113cd6deec1926be4342fa0482ff363b8bcb3f8d8aed85005567a2bb
[INFO] running `Command { std: "docker" "start" "-a" "e93ed903113cd6deec1926be4342fa0482ff363b8bcb3f8d8aed85005567a2bb", kill_on_drop: false }`
[INFO] running `Command { std: "docker" "inspect" "e93ed903113cd6deec1926be4342fa0482ff363b8bcb3f8d8aed85005567a2bb", kill_on_drop: false }`
[INFO] running `Command { std: "docker" "rm" "-f" "e93ed903113cd6deec1926be4342fa0482ff363b8bcb3f8d8aed85005567a2bb", kill_on_drop: false }`
[INFO] [stdout] e93ed903113cd6deec1926be4342fa0482ff363b8bcb3f8d8aed85005567a2bb
[INFO] running `Command { std: "docker" "create" "-v" "/var/lib/crater-agent-workspace/builds/worker-4-tc2/target:/opt/rustwide/target:rw,Z" "-v" "/var/lib/crater-agent-workspace/builds/worker-4-tc2/source:/opt/rustwide/workdir:ro,Z" "-v" "/var/lib/crater-agent-workspace/cargo-home:/opt/rustwide/cargo-home:ro,Z" "-v" "/var/lib/crater-agent-workspace/rustup-home:/opt/rustwide/rustup-home:ro,Z" "-e" "SOURCE_DIR=/opt/rustwide/workdir" "-e" "CARGO_TARGET_DIR=/opt/rustwide/target" "-e" "CARGO_INCREMENTAL=0" "-e" "RUST_BACKTRACE=full" "-e" "RUSTFLAGS=--cap-lints=warn" "-e" "RUSTDOCFLAGS=--cap-lints=warn" "-e" "CARGO_HOME=/opt/rustwide/cargo-home" "-e" "RUSTUP_HOME=/opt/rustwide/rustup-home" "-w" "/opt/rustwide/workdir" "-m" "1610612736" "--user" "0:0" "--network" "none" "ghcr.io/rust-lang/crates-build-env/linux@sha256:2788e3201cd34a07e3172128adcd8b3090168a8e3bcc40d7c032b9dda1df7d1c" "/opt/rustwide/cargo-home/bin/cargo" "+beta-2023-12-22" "doc" "--frozen" "--no-deps" "--document-private-items" "--message-format=json", kill_on_drop: false }`
[INFO] [stdout] 485f7c2a31d8d4d0e8a759272e13b216ac95119970f14cf2212081b914784d54
[INFO] running `Command { std: "docker" "start" "-a" "485f7c2a31d8d4d0e8a759272e13b216ac95119970f14cf2212081b914784d54", kill_on_drop: false }`
[INFO] [stderr]    Compiling proc-macro2 v1.0.47
[INFO] [stderr]    Compiling quote v1.0.21
[INFO] [stderr]    Compiling unicode-ident v1.0.5
[INFO] [stderr]    Compiling syn v1.0.103
[INFO] [stderr]    Compiling autocfg v1.1.0
[INFO] [stderr]     Checking cfg-if v1.0.0
[INFO] [stderr]    Compiling libc v0.2.136
[INFO] [stderr]    Compiling serde_derive v1.0.147
[INFO] [stderr]    Compiling serde v1.0.147
[INFO] [stderr]     Checking bitflags v1.3.2
[INFO] [stderr]     Checking once_cell v1.15.0
[INFO] [stderr]     Checking scopeguard v1.1.0
[INFO] [stderr]    Compiling version_check v0.9.4
[INFO] [stderr]    Compiling libm v0.2.5
[INFO] [stderr]    Compiling log v0.4.17
[INFO] [stderr]     Checking byteorder v1.4.3
[INFO] [stderr]    Compiling thiserror v1.0.37
[INFO] [stderr]    Compiling parking_lot_core v0.9.4
[INFO] [stderr]     Checking instant v0.1.12
[INFO] [stderr]    Compiling memchr v2.5.0
[INFO] [stderr]     Checking pin-project-lite v0.2.9
[INFO] [stderr]     Checking lazy_static v1.4.0
[INFO] [stderr]     Checking cache-padded v1.2.0
[INFO] [stderr]    Compiling futures-core v0.3.25
[INFO] [stderr]     Checking tracing-core v0.1.30
[INFO] [stderr]     Checking fixedbitset v0.4.2
[INFO] [stderr]     Checking concurrent-queue v1.2.4
[INFO] [stderr]     Checking fxhash v0.2.1
[INFO] [stderr]     Checking fastrand v1.8.0
[INFO] [stderr]     Checking parking v2.0.0
[INFO] [stderr]    Compiling erased-serde v0.3.23
[INFO] [stderr]     Checking waker-fn v1.1.0
[INFO] [stderr]     Checking futures-io v0.3.25
[INFO] [stderr]     Checking downcast-rs v1.2.0
[INFO] [stderr]     Checking async-task v4.3.0
[INFO] [stderr]     Checking event-listener v2.5.3
[INFO] [stderr]     Checking thread_local v1.1.4
[INFO] [stderr]     Checking bevy_ptr v0.8.1
[INFO] [stderr]     Checking arrayvec v0.7.2
[INFO] [stderr]    Compiling crossbeam-utils v0.8.12
[INFO] [stderr]    Compiling pkg-config v0.3.25
[INFO] [stderr]     Checking async-channel v1.7.1
[INFO] [stderr]     Checking regex-syntax v0.6.27
[INFO] [stderr]    Compiling crc32fast v1.3.2
[INFO] [stderr]     Checking tracing v0.1.37
[INFO] [stderr]     Checking overload v0.1.1
[INFO] [stderr]     Checking cty v0.2.2
[INFO] [stderr]     Checking nu-ansi-term v0.46.0
[INFO] [stderr]     Checking tracing-log v0.1.3
[INFO] [stderr]     Checking raw-window-handle v0.4.3
[INFO] [stderr]     Checking sharded-slab v0.1.4
[INFO] [stderr]     Checking rustc-hash v1.1.0
[INFO] [stderr]     Checking bit-vec v0.6.3
[INFO] [stderr]     Checking libloading v0.7.3
[INFO] [stderr]     Checking futures-lite v1.12.0
[INFO] [stderr]     Checking aho-corasick v0.7.19
[INFO] [stderr]     Checking unicode-width v0.1.10
[INFO] [stderr]    Compiling anyhow v1.0.66
[INFO] [stderr]    Compiling lock_api v0.4.9
[INFO] [stderr]    Compiling num-traits v0.2.15
[INFO] [stderr]    Compiling slab v0.4.7
[INFO] [stderr]    Compiling ahash v0.7.6
[INFO] [stderr]    Compiling getrandom v0.2.8
[INFO] [stderr]    Compiling num-integer v0.1.45
[INFO] [stderr]    Compiling uuid v1.2.1
[INFO] [stderr]     Checking crossbeam-channel v0.5.6
[INFO] [stderr]    Compiling indexmap v1.9.1
[INFO] [stderr]     Checking num_cpus v1.13.1
[INFO] [stderr]     Checking async-executor v1.4.1
[INFO] [stderr]     Checking mio v0.8.5
[INFO] [stderr]    Compiling num-rational v0.4.1
[INFO] [stderr]    Compiling memoffset v0.6.5
[INFO] [stderr]     Checking inotify-sys v0.1.5
[INFO] [stderr]    Compiling ash v0.37.0+1.3.209
[INFO] [stderr]     Checking bevy_tasks v0.8.1
[INFO] [stderr]    Compiling khronos-egl v4.1.0
[INFO] [stderr]     Checking termcolor v1.1.3
[INFO] [stderr]     Checking same-file v1.0.6
[INFO] [stderr]     Checking unicode-xid v0.2.4
[INFO] [stderr]     Checking inotify v0.9.6
[INFO] [stderr]     Checking filetime v0.2.18
[INFO] [stderr]     Checking walkdir v2.3.2
[INFO] [stderr]     Checking pp-rs v0.2.1
[INFO] [stderr]     Checking bit-set v0.5.3
[INFO] [stderr]     Checking gpu-alloc-types v0.2.0
[INFO] [stderr]     Checking gpu-descriptor-types v0.1.1
[INFO] [stderr]    Compiling cfg_aliases v0.1.1
[INFO] [stderr]     Checking adler v1.0.2
[INFO] [stderr]     Checking hexf-parse v0.2.1
[INFO] [stderr]    Compiling wgpu-core v0.13.2
[INFO] [stderr]     Checking codespan-reporting v0.11.1
[INFO] [stderr]     Checking miniz_oxide v0.5.4
[INFO] [stderr]     Checking gpu-alloc v0.5.3
[INFO] [stderr]     Checking wgpu-types v0.13.2
[INFO] [stderr]     Checking notify v5.0.0-pre.15
[INFO] [stderr]     Checking renderdoc-sys v0.7.1
[INFO] [stderr]     Checking inplace_it v0.3.5
[INFO] [stderr]     Checking spirv v0.2.0+1.5.4
[INFO] [stderr]     Checking regex-automata v0.1.10
[INFO] [stderr]     Checking regex v1.6.0
[INFO] [stderr]     Checking color_quant v1.1.0
[INFO] [stderr]     Checking profiling v1.0.7
[INFO] [stderr]     Checking glow v0.11.2
[INFO] [stderr]     Checking copyless v0.1.5
[INFO] [stderr]     Checking const_panic v0.2.6
[INFO] [stderr]     Checking scoped_threadpool v0.1.9
[INFO] [stderr]    Compiling parking_lot_core v0.8.5
[INFO] [stderr]     Checking approx v0.5.1
[INFO] [stderr]     Checking flate2 v1.0.24
[INFO] [stderr]     Checking nix v0.24.2
[INFO] [stderr]     Checking hex v0.4.3
[INFO] [stderr]    Compiling alsa-sys v0.3.1
[INFO] [stderr]     Checking euclid v0.22.7
[INFO] [stderr]    Compiling typenum v1.15.0
[INFO] [stderr]     Checking ttf-parser v0.17.1
[INFO] [stderr]     Checking png v0.17.6
[INFO] [stderr]     Checking ab_glyph_rasterizer v0.1.7
[INFO] [stderr]     Checking radsort v0.1.0
[INFO] [stderr]     Checking percent-encoding v2.2.0
[INFO] [stderr]    Compiling libudev-sys v0.1.4
[INFO] [stderr]    Compiling serde_json v1.0.87
[INFO] [stderr]    Compiling cpal v0.13.5
[INFO] [stderr]     Checking matchers v0.1.0
[INFO] [stderr]    Compiling x11-dl v2.20.0
[INFO] [stderr]     Checking nix v0.23.1
[INFO] [stderr]     Checking alsa v0.6.1
[INFO] [stderr]    Compiling encoding_rs v0.8.31
[INFO] [stderr]     Checking itoa v1.0.4
[INFO] [stderr]    Compiling inflections v1.1.1
[INFO] [stderr]     Checking ryu v1.0.11
[INFO] [stderr]     Checking svg_fmt v0.4.1
[INFO] [stderr]     Checking base64 v0.13.1
[INFO] [stderr]     Checking rectangle-pack v0.4.2
[INFO] [stderr]     Checking xi-unicode v0.3.0
[INFO] [stderr]     Checking vec_map v0.8.2
[INFO] [stderr]     Checking guillotiere v0.6.2
[INFO] [stderr]    Compiling winit v0.26.1
[INFO] [stderr]     Checking hash32 v0.2.1
[INFO] [stderr]    Compiling toml v0.5.8
[INFO] [stderr]     Checking fnv v1.0.7
[INFO] [stderr]     Checking hound v3.5.0
[INFO] [stderr]    Compiling crossbeam-epoch v0.9.11
[INFO] [stderr]     Checking tinyvec_macros v0.1.0
[INFO] [stderr]    Compiling semver v1.0.14
[INFO] [stderr]    Compiling wasm-bindgen-shared v0.2.83
[INFO] [stderr]     Checking adler32 v1.2.0
[INFO] [stderr]     Checking tinyvec v1.6.0
[INFO] [stderr]     Checking num-complex v0.4.2
[INFO] [stderr]    Compiling ahash v0.8.0
[INFO] [stderr]    Compiling num-rational v0.3.2
[INFO] [stderr]    Compiling num-iter v0.1.43
[INFO] [stderr]    Compiling paste v1.0.9
[INFO] [stderr]    Compiling encase_derive_impl v0.3.0
[INFO] [stderr]     Checking rawpointer v0.2.1
[INFO] [stderr]    Compiling crossbeam-queue v0.3.6
[INFO] [stderr]     Checking matrixmultiply v0.3.2
[INFO] [stderr]    Compiling bevy_macro_utils v0.8.1
[INFO] [stderr]     Checking unicode-normalization v0.1.22
[INFO] [stderr]     Checking owned_ttf_parser v0.17.0
[INFO] [stderr]     Checking miniz_oxide v0.3.7
[INFO] [stderr]     Checking ab_glyph v0.2.18
[INFO] [stderr]     Checking deflate v0.8.6
[INFO] [stderr]    Compiling bumpalo v3.11.1
[INFO] [stderr]     Checking optional v0.5.0
[INFO] [stderr]     Checking unicode-bidi v0.3.8
[INFO] [stderr]     Checking glyph_brush_layout v0.2.3
[INFO] [stderr]     Checking robust v0.2.3
[INFO] [stderr]     Checking arrayvec v0.5.2
[INFO] [stderr]     Checking idna v0.3.0
[INFO] [stderr]    Compiling wasm-bindgen-backend v0.2.83
[INFO] [stderr]     Checking crossbeam-deque v0.8.2
[INFO] [stderr]    Compiling rustc_version v0.4.0
[INFO] [stderr]     Checking png v0.16.8
[INFO] [stderr]     Checking form_urlencoded v1.1.0
[INFO] [stderr]     Checking nix v0.22.3
[INFO] [stderr]     Checking lyon_geom v0.17.7
[INFO] [stderr]     Checking gethostname v0.2.3
[INFO] [stderr]    Compiling cc v1.0.73
[INFO] [stderr]     Checking nohash-hasher v0.2.0
[INFO] [stderr]     Checking either v1.8.0
[INFO] [stderr]     Checking url v2.3.1
[INFO] [stderr]     Checking crossbeam v0.8.2
[INFO] [stderr]     Checking float_next_after v0.1.5
[INFO] [stderr]     Checking rand_core v0.6.4
[INFO] [stderr]     Checking ringbuf v0.2.8
[INFO] [stderr]     Checking atomic-arena v0.1.1
[INFO] [stderr]     Checking float-cmp v0.5.3
[INFO] [stderr]     Checking lyon_path v0.17.7
[INFO] [stderr]     Checking ppv-lite86 v0.2.16
[INFO] [stderr]     Checking siphasher v0.2.3
[INFO] [stderr]    Compiling wasm-bindgen v0.2.83
[INFO] [stderr]    Compiling wasm-bindgen-macro-support v0.2.83
[INFO] [stderr]    Compiling embed-resource v1.7.3
[INFO] [stderr]     Checking svgtypes v0.5.0
[INFO] [stderr]     Checking webbrowser v0.7.1
[INFO] [stderr]     Checking bevy-web-resizer v3.0.0
[INFO] [stderr]     Checking rand_chacha v0.3.1
[INFO] [stderr]     Checking lyon_tessellation v0.17.10
[INFO] [stderr]     Checking rand v0.8.5
[INFO] [stderr]    Compiling space_commander_game v0.1.0 (/opt/rustwide/workdir)
[INFO] [stderr]     Checking x11rb v0.9.0
[INFO] [stderr]    Compiling bytemuck_derive v1.2.1
[INFO] [stderr]    Compiling thiserror-impl v1.0.37
[INFO] [stderr]    Compiling bevy_reflect_derive v0.8.1
[INFO] [stderr]    Compiling bevy_ecs_macros v0.8.1
[INFO] [stderr]    Compiling bevy_derive v0.8.1
[INFO] [stderr]    Compiling encase_derive v0.3.0
[INFO] [stderr]    Compiling bevy_render_macros v0.8.1
[INFO] [stderr]    Compiling bevy_encase_derive v0.8.1
[INFO] [stderr]    Compiling gltf-derive v1.0.0
[INFO] [stderr]    Compiling hash32-derive v0.1.1
[INFO] [stderr]    Compiling nalgebra-macros v0.1.0
[INFO] [stderr]    Compiling num-derive v0.3.3
[INFO] [stderr]    Compiling bevy_asset_loader_derive v0.12.1
[INFO] [stderr]    Compiling wasm-bindgen-macro v0.2.83
[INFO] [stderr]     Checking taffy v0.1.0
[INFO] [stderr]     Checking bytemuck v1.12.1
[INFO] [stderr]     Checking image v0.24.4
[INFO] [stderr]     Checking symphonia-core v0.5.1
[INFO] [stderr]     Checking safe_arch v0.6.0
[INFO] [stderr]     Checking wide v0.7.5
[INFO] [stderr]     Checking symphonia-metadata v0.5.1
[INFO] [stderr]     Checking symphonia-codec-pcm v0.5.1
[INFO] [stderr]     Checking emath v0.19.0
[INFO] [stderr]     Checking image v0.23.14
[INFO] [stderr]     Checking symphonia-utils-xiph v0.5.1
[INFO] [stderr]     Checking symphonia-format-wav v0.5.1
[INFO] [stderr]     Checking symphonia-bundle-mp3 v0.5.1
[INFO] [stderr]     Checking symphonia-format-ogg v0.5.1
[INFO] [stderr]     Checking symphonia-codec-vorbis v0.5.1
[INFO] [stderr]     Checking simba v0.7.2
[INFO] [stderr]     Checking symphonia v0.5.1
[INFO] [stderr]     Checking smallvec v1.10.0
[INFO] [stderr]     Checking hashbrown v0.12.3
[INFO] [stderr]     Checking glam v0.21.3
[INFO] [stderr]     Checking ron v0.7.1
[INFO] [stderr]     Checking tracing-subscriber v0.3.16
[INFO] [stderr]     Checking spade v2.0.0
[INFO] [stderr]     Checking gilrs-core v0.4.1
[INFO] [stderr]     Checking parking_lot v0.11.2
[INFO] [stderr]     Checking parking_lot v0.12.1
[INFO] [stderr]     Checking bevy_utils v0.8.1
[INFO] [stderr]     Checking gpu-descriptor v0.2.3
[INFO] [stderr]     Checking gilrs v0.9.0
[INFO] [stderr]     Checking epaint v0.19.0
[INFO] [stderr]     Checking arboard v2.1.1
[INFO] [stdout] error[E0308]: mismatched types
[INFO] [stdout]    --> /opt/rustwide/cargo-home/registry/src/index.crates.io-6f17d22bba15001f/cpal-0.13.5/src/host/alsa/mod.rs:245:21
[INFO] [stdout]     |
[INFO] [stdout] 244 |         let handle = match handle_result {
[INFO] [stdout]     |                            ------------- this expression has type `std::result::Result<host::alsa::alsa::PCM, (host::alsa::alsa::Error, host::alsa::alsa::nix::errno::Errno)>`
[INFO] [stdout] 245 |             Err((_, nix::errno::Errno::EBUSY)) => return Err(BuildStreamError::DeviceNotAvailable),
[INFO] [stdout]     |                     ^^^^^^^^^^^^^^^^^^^^^^^^ expected `host::alsa::alsa::nix::errno::Errno`, found `nix::errno::Errno`
[INFO] [stdout]     |
[INFO] [stdout]     = note: `nix::errno::Errno` and `host::alsa::alsa::nix::errno::Errno` have similar names, but are actually distinct types
[INFO] [stdout] note: `nix::errno::Errno` is defined in crate `nix`
[INFO] [stdout]    --> /opt/rustwide/cargo-home/registry/src/index.crates.io-6f17d22bba15001f/nix-0.23.1/src/errno.rs:774:5
[INFO] [stdout]     |
[INFO] [stdout] 774 |     pub enum Errno {
[INFO] [stdout]     |     ^^^^^^^^^^^^^^
[INFO] [stdout] note: `host::alsa::alsa::nix::errno::Errno` is defined in crate `nix`
[INFO] [stdout]    --> /opt/rustwide/cargo-home/registry/src/index.crates.io-6f17d22bba15001f/nix-0.24.2/src/errno.rs:776:5
[INFO] [stdout]     |
[INFO] [stdout] 776 |     pub enum Errno {
[INFO] [stdout]     |     ^^^^^^^^^^^^^^
[INFO] [stdout]     = note: perhaps two different versions of crate `nix` are being used?
[INFO] [stdout] 
[INFO] [stdout] 
[INFO] [stdout] error[E0308]: mismatched types
[INFO] [stdout]    --> /opt/rustwide/cargo-home/registry/src/index.crates.io-6f17d22bba15001f/cpal-0.13.5/src/host/alsa/mod.rs:246:21
[INFO] [stdout]     |
[INFO] [stdout] 244 |         let handle = match handle_result {
[INFO] [stdout]     |                            ------------- this expression has type `std::result::Result<host::alsa::alsa::PCM, (host::alsa::alsa::Error, host::alsa::alsa::nix::errno::Errno)>`
[INFO] [stdout] 245 |             Err((_, nix::errno::Errno::EBUSY)) => return Err(BuildStreamError::DeviceNotAvailable),
[INFO] [stdout] 246 |             Err((_, nix::errno::Errno::EINVAL)) => return Err(BuildStreamError::InvalidArgument),
[INFO] [stdout]     |                     ^^^^^^^^^^^^^^^^^^^^^^^^^ expected `host::alsa::alsa::nix::errno::Errno`, found `nix::errno::Errno`
[INFO] [stdout]     |
[INFO] [stdout]     = note: `nix::errno::Errno` and `host::alsa::alsa::nix::errno::Errno` have similar names, but are actually distinct types
[INFO] [stdout] note: `nix::errno::Errno` is defined in crate `nix`
[INFO] [stdout]    --> /opt/rustwide/cargo-home/registry/src/index.crates.io-6f17d22bba15001f/nix-0.23.1/src/errno.rs:774:5
[INFO] [stdout]     |
[INFO] [stdout] 774 |     pub enum Errno {
[INFO] [stdout]     |     ^^^^^^^^^^^^^^
[INFO] [stdout] note: `host::alsa::alsa::nix::errno::Errno` is defined in crate `nix`
[INFO] [stdout]    --> /opt/rustwide/cargo-home/registry/src/index.crates.io-6f17d22bba15001f/nix-0.24.2/src/errno.rs:776:5
[INFO] [stdout]     |
[INFO] [stdout] 776 |     pub enum Errno {
[INFO] [stdout]     |     ^^^^^^^^^^^^^^
[INFO] [stdout]     = note: perhaps two different versions of crate `nix` are being used?
[INFO] [stdout] 
[INFO] [stdout] 
[INFO] [stdout] error[E0308]: mismatched types
[INFO] [stdout]    --> /opt/rustwide/cargo-home/registry/src/index.crates.io-6f17d22bba15001f/cpal-0.13.5/src/host/alsa/mod.rs:302:21
[INFO] [stdout]     |
[INFO] [stdout] 301 |         let handle = match handle_result {
[INFO] [stdout]     |                            ------------- this expression has type `std::result::Result<&mut host::alsa::alsa::PCM, (host::alsa::alsa::Error, host::alsa::alsa::nix::errno::Errno)>`
[INFO] [stdout] 302 |             Err((_, nix::errno::Errno::ENOENT)) | Err((_, nix::errno::Errno::EBUSY)) => {
[INFO] [stdout]     |                     ^^^^^^^^^^^^^^^^^^^^^^^^^ expected `host::alsa::alsa::nix::errno::Errno`, found `nix::errno::Errno`
[INFO] [stdout]     |
[INFO] [stdout]     = note: `nix::errno::Errno` and `host::alsa::alsa::nix::errno::Errno` have similar names, but are actually distinct types
[INFO] [stdout] note: `nix::errno::Errno` is defined in crate `nix`
[INFO] [stdout]    --> /opt/rustwide/cargo-home/registry/src/index.crates.io-6f17d22bba15001f/nix-0.23.1/src/errno.rs:774:5
[INFO] [stdout]     |
[INFO] [stdout] 774 |     pub enum Errno {
[INFO] [stdout]     |     ^^^^^^^^^^^^^^
[INFO] [stdout] note: `host::alsa::alsa::nix::errno::Errno` is defined in crate `nix`
[INFO] [stdout]    --> /opt/rustwide/cargo-home/registry/src/index.crates.io-6f17d22bba15001f/nix-0.24.2/src/errno.rs:776:5
[INFO] [stdout]     |
[INFO] [stdout] 776 |     pub enum Errno {
[INFO] [stdout]     |     ^^^^^^^^^^^^^^
[INFO] [stdout]     = note: perhaps two different versions of crate `nix` are being used?
[INFO] [stdout] 
[INFO] [stdout] 
[INFO] [stdout] error[E0308]: mismatched types
[INFO] [stdout]    --> /opt/rustwide/cargo-home/registry/src/index.crates.io-6f17d22bba15001f/cpal-0.13.5/src/host/alsa/mod.rs:302:59
[INFO] [stdout]     |
[INFO] [stdout] 301 |         let handle = match handle_result {
[INFO] [stdout]     |                            ------------- this expression has type `std::result::Result<&mut host::alsa::alsa::PCM, (host::alsa::alsa::Error, host::alsa::alsa::nix::errno::Errno)>`
[INFO] [stdout] 302 |             Err((_, nix::errno::Errno::ENOENT)) | Err((_, nix::errno::Errno::EBUSY)) => {
[INFO] [stdout]     |                                                           ^^^^^^^^^^^^^^^^^^^^^^^^ expected `host::alsa::alsa::nix::errno::Errno`, found `nix::errno::Errno`
[INFO] [stdout]     |
[INFO] [stdout]     = note: `nix::errno::Errno` and `host::alsa::alsa::nix::errno::Errno` have similar names, but are actually distinct types
[INFO] [stdout] note: `nix::errno::Errno` is defined in crate `nix`
[INFO] [stdout]    --> /opt/rustwide/cargo-home/registry/src/index.crates.io-6f17d22bba15001f/nix-0.23.1/src/errno.rs:774:5
[INFO] [stdout]     |
[INFO] [stdout] 774 |     pub enum Errno {
[INFO] [stdout]     |     ^^^^^^^^^^^^^^
[INFO] [stdout] note: `host::alsa::alsa::nix::errno::Errno` is defined in crate `nix`
[INFO] [stdout]    --> /opt/rustwide/cargo-home/registry/src/index.crates.io-6f17d22bba15001f/nix-0.24.2/src/errno.rs:776:5
[INFO] [stdout]     |
[INFO] [stdout] 776 |     pub enum Errno {
[INFO] [stdout]     |     ^^^^^^^^^^^^^^
[INFO] [stdout]     = note: perhaps two different versions of crate `nix` are being used?
[INFO] [stdout] 
[INFO] [stdout] 
[INFO] [stdout] error[E0308]: mismatched types
[INFO] [stdout]    --> /opt/rustwide/cargo-home/registry/src/index.crates.io-6f17d22bba15001f/cpal-0.13.5/src/host/alsa/mod.rs:305:21
[INFO] [stdout]     |
[INFO] [stdout] 301 |         let handle = match handle_result {
[INFO] [stdout]     |                            ------------- this expression has type `std::result::Result<&mut host::alsa::alsa::PCM, (host::alsa::alsa::Error, host::alsa::alsa::nix::errno::Errno)>`
[INFO] [stdout] ...
[INFO] [stdout] 305 |             Err((_, nix::errno::Errno::EINVAL)) => {
[INFO] [stdout]     |                     ^^^^^^^^^^^^^^^^^^^^^^^^^ expected `host::alsa::alsa::nix::errno::Errno`, found `nix::errno::Errno`
[INFO] [stdout]     |
[INFO] [stdout]     = note: `nix::errno::Errno` and `host::alsa::alsa::nix::errno::Errno` have similar names, but are actually distinct types
[INFO] [stdout] note: `nix::errno::Errno` is defined in crate `nix`
[INFO] [stdout]    --> /opt/rustwide/cargo-home/registry/src/index.crates.io-6f17d22bba15001f/nix-0.23.1/src/errno.rs:774:5
[INFO] [stdout]     |
[INFO] [stdout] 774 |     pub enum Errno {
[INFO] [stdout]     |     ^^^^^^^^^^^^^^
[INFO] [stdout] note: `host::alsa::alsa::nix::errno::Errno` is defined in crate `nix`
[INFO] [stdout]    --> /opt/rustwide/cargo-home/registry/src/index.crates.io-6f17d22bba15001f/nix-0.24.2/src/errno.rs:776:5
[INFO] [stdout]     |
[INFO] [stdout] 776 |     pub enum Errno {
[INFO] [stdout]     |     ^^^^^^^^^^^^^^
[INFO] [stdout]     = note: perhaps two different versions of crate `nix` are being used?
[INFO] [stdout] 
[INFO] [stdout] 
[INFO] [stdout] error[E0308]: mismatched types
[INFO] [stdout]    --> /opt/rustwide/cargo-home/registry/src/index.crates.io-6f17d22bba15001f/cpal-0.13.5/src/host/alsa/mod.rs:720:36
[INFO] [stdout]     |
[INFO] [stdout] 720 |         Err(err) if err.errno() == nix::errno::Errno::EPIPE => {
[INFO] [stdout]     |                     -----------    ^^^^^^^^^^^^^^^^^^^^^^^^ expected `host::alsa::alsa::nix::errno::Errno`, found `nix::errno::Errno`
[INFO] [stdout]     |                     |
[INFO] [stdout]     |                     expected because this is `host::alsa::alsa::nix::errno::Errno`
[INFO] [stdout]     |
[INFO] [stdout]     = note: `nix::errno::Errno` and `host::alsa::alsa::nix::errno::Errno` have similar names, but are actually distinct types
[INFO] [stdout] note: `nix::errno::Errno` is defined in crate `nix`
[INFO] [stdout]    --> /opt/rustwide/cargo-home/registry/src/index.crates.io-6f17d22bba15001f/nix-0.23.1/src/errno.rs:774:5
[INFO] [stdout]     |
[INFO] [stdout] 774 |     pub enum Errno {
[INFO] [stdout]     |     ^^^^^^^^^^^^^^
[INFO] [stdout] note: `host::alsa::alsa::nix::errno::Errno` is defined in crate `nix`
[INFO] [stdout]    --> /opt/rustwide/cargo-home/registry/src/index.crates.io-6f17d22bba15001f/nix-0.24.2/src/errno.rs:776:5
[INFO] [stdout]     |
[INFO] [stdout] 776 |     pub enum Errno {
[INFO] [stdout]     |     ^^^^^^^^^^^^^^
[INFO] [stdout]     = note: perhaps two different versions of crate `nix` are being used?
[INFO] [stdout] 
[INFO] [stdout] 
[INFO] [stdout] error[E0308]: mismatched types
[INFO] [stdout]    --> /opt/rustwide/cargo-home/registry/src/index.crates.io-6f17d22bba15001f/cpal-0.13.5/src/host/alsa/mod.rs:803:40
[INFO] [stdout]     |
[INFO] [stdout] 803 |             Err(err) if err.errno() == nix::errno::Errno::EPIPE => {
[INFO] [stdout]     |                         -----------    ^^^^^^^^^^^^^^^^^^^^^^^^ expected `host::alsa::alsa::nix::errno::Errno`, found `nix::errno::Errno`
[INFO] [stdout]     |                         |
[INFO] [stdout]     |                         expected because this is `host::alsa::alsa::nix::errno::Errno`
[INFO] [stdout]     |
[INFO] [stdout]     = note: `nix::errno::Errno` and `host::alsa::alsa::nix::errno::Errno` have similar names, but are actually distinct types
[INFO] [stdout] note: `nix::errno::Errno` is defined in crate `nix`
[INFO] [stdout]    --> /opt/rustwide/cargo-home/registry/src/index.crates.io-6f17d22bba15001f/nix-0.23.1/src/errno.rs:774:5
[INFO] [stdout]     |
[INFO] [stdout] 774 |     pub enum Errno {
[INFO] [stdout]     |     ^^^^^^^^^^^^^^
[INFO] [stdout] note: `host::alsa::alsa::nix::errno::Errno` is defined in crate `nix`
[INFO] [stdout]    --> /opt/rustwide/cargo-home/registry/src/index.crates.io-6f17d22bba15001f/nix-0.24.2/src/errno.rs:776:5
[INFO] [stdout]     |
[INFO] [stdout] 776 |     pub enum Errno {
[INFO] [stdout]     |     ^^^^^^^^^^^^^^
[INFO] [stdout]     = note: perhaps two different versions of crate `nix` are being used?
[INFO] [stdout] 
[INFO] [stdout] 
[INFO] [stdout] error: aborting due to 7 previous errors
[INFO] [stdout] 
[INFO] [stdout] 
[INFO] [stdout] For more information about this error, try `rustc --explain E0308`.
[INFO] [stdout] 
[INFO] [stderr] error: could not compile `cpal` (lib) due to 8 previous errors
[INFO] [stderr] warning: build failed, waiting for other jobs to finish...
[INFO] running `Command { std: "docker" "inspect" "485f7c2a31d8d4d0e8a759272e13b216ac95119970f14cf2212081b914784d54", kill_on_drop: false }`
[INFO] running `Command { std: "docker" "rm" "-f" "485f7c2a31d8d4d0e8a759272e13b216ac95119970f14cf2212081b914784d54", kill_on_drop: false }`
[INFO] [stdout] 485f7c2a31d8d4d0e8a759272e13b216ac95119970f14cf2212081b914784d54
