[INFO] cloning repository https://github.com/Nnamdi-sys/finalytics-py
[INFO] running `Command { std: "git" "-c" "credential.helper=" "-c" "credential.helper=/workspace/cargo-home/bin/git-credential-null" "clone" "--bare" "https://github.com/Nnamdi-sys/finalytics-py" "/workspace/cache/git-repos/https%3A%2F%2Fgithub.com%2FNnamdi-sys%2Ffinalytics-py", kill_on_drop: false }`
[INFO] [stderr] Cloning into bare repository '/workspace/cache/git-repos/https%3A%2F%2Fgithub.com%2FNnamdi-sys%2Ffinalytics-py'...
[INFO] running `Command { std: "git" "rev-parse" "HEAD", kill_on_drop: false }`
[INFO] [stdout] cf87484b8c54e052015d297c2172266f6350c267
[INFO] documenting Nnamdi-sys/finalytics-py against 1.75.0 for beta-1.76-rustdoc-1
[INFO] running `Command { std: "git" "clone" "/workspace/cache/git-repos/https%3A%2F%2Fgithub.com%2FNnamdi-sys%2Ffinalytics-py" "/workspace/builds/worker-3-tc1/source", kill_on_drop: false }`
[INFO] [stderr] Cloning into '/workspace/builds/worker-3-tc1/source'...
[INFO] [stderr] done.
[INFO] validating manifest of git repo https://github.com/Nnamdi-sys/finalytics-py on toolchain 1.75.0
[INFO] running `Command { std: CARGO_HOME="/workspace/cargo-home" RUSTUP_HOME="/workspace/rustup-home" "/workspace/cargo-home/bin/cargo" "+1.75.0" "metadata" "--manifest-path" "Cargo.toml" "--no-deps", kill_on_drop: false }`
[INFO] started tweaking git repo https://github.com/Nnamdi-sys/finalytics-py
[INFO] finished tweaking git repo https://github.com/Nnamdi-sys/finalytics-py
[INFO] tweaked toml for git repo https://github.com/Nnamdi-sys/finalytics-py written to /workspace/builds/worker-3-tc1/source/Cargo.toml
[INFO] crate git repo https://github.com/Nnamdi-sys/finalytics-py already has a lockfile, it will not be regenerated
[INFO] running `Command { std: CARGO_HOME="/workspace/cargo-home" RUSTUP_HOME="/workspace/rustup-home" "/workspace/cargo-home/bin/cargo" "+1.75.0" "fetch" "--manifest-path" "Cargo.toml", kill_on_drop: false }`
[INFO] [stderr]     Updating crates.io index
[INFO] [stderr]  Downloading crates ...
[INFO] [stderr]   Downloaded plotly_derive v0.8.4
[INFO] [stderr]   Downloaded polars-row v0.33.2
[INFO] [stderr]   Downloaded polars v0.33.2
[INFO] [stderr]   Downloaded svgtypes v0.11.0
[INFO] [stderr]   Downloaded deno-proc-macro-rules v0.3.2
[INFO] [stderr]   Downloaded polars-time v0.33.2
[INFO] [stderr]   Downloaded deno_unsync v0.1.1
[INFO] [stderr]   Downloaded optimization v0.2.0
[INFO] [stderr]   Downloaded askama v0.12.1
[INFO] [stderr]   Downloaded r2d2_sqlite v0.22.0
[INFO] [stderr]   Downloaded usvg v0.35.0
[INFO] [stderr]   Downloaded askama_parser v0.1.1
[INFO] [stderr]   Downloaded basic-toml v0.1.7
[INFO] [stderr]   Downloaded polars-ops v0.33.2
[INFO] [stderr]   Downloaded deno_ops v0.87.0
[INFO] [stderr]   Downloaded arrow2 v0.18.0
[INFO] [stderr]   Downloaded polars-pipe v0.33.2
[INFO] [stderr]   Downloaded deno_core v0.209.0
[INFO] [stderr]   Downloaded polars-core v0.33.2
[INFO] [stderr]   Downloaded usvg-parser v0.35.0
[INFO] [stderr]   Downloaded resvg v0.35.0
[INFO] [stderr]   Downloaded rustybuzz v0.7.0
[INFO] [stderr]   Downloaded polars-lazy v0.33.2
[INFO] [stderr]   Downloaded polars-plan v0.33.2
[INFO] [stderr]   Downloaded plotly_kaleido v0.8.4
[INFO] [stderr]   Downloaded polars-arrow v0.33.2
[INFO] [stderr]   Downloaded sentiment v0.1.1
[INFO] [stderr]   Downloaded polars-utils v0.33.2
[INFO] [stderr]   Downloaded v8 v0.75.1
[INFO] [stderr]   Downloaded plotly-fork v0.8.4
[INFO] [stderr]   Downloaded smartcore v0.3.2
[INFO] [stderr]   Downloaded charming v0.2.5
[INFO] [stderr]   Downloaded serde_v8 v0.120.0
[INFO] [stderr]   Downloaded finalytics v0.3.3
[INFO] [stderr]   Downloaded polars-io v0.33.2
[INFO] [stderr]   Downloaded polars-sql v0.33.2
[INFO] [stderr]   Downloaded usvg-tree v0.35.0
[INFO] [stderr]   Downloaded deno-proc-macro-rules-macros v0.3.2
[INFO] [stderr]   Downloaded usvg-text-layout v0.35.0
[INFO] [stderr]   Downloaded polars-error v0.33.2
[INFO] [stderr]   Downloaded askama_derive v0.12.2
[INFO] [stderr]   Downloaded ta v0.5.0
[INFO] running `Command { std: "docker" "create" "-v" "/var/lib/crater-agent-workspace/builds/worker-3-tc1/target:/opt/rustwide/target:rw,Z" "-v" "/var/lib/crater-agent-workspace/builds/worker-3-tc1/source:/opt/rustwide/workdir:ro,Z" "-v" "/var/lib/crater-agent-workspace/cargo-home:/opt/rustwide/cargo-home:ro,Z" "-v" "/var/lib/crater-agent-workspace/rustup-home:/opt/rustwide/rustup-home:ro,Z" "-e" "SOURCE_DIR=/opt/rustwide/workdir" "-e" "CARGO_TARGET_DIR=/opt/rustwide/target" "-e" "CARGO_HOME=/opt/rustwide/cargo-home" "-e" "RUSTUP_HOME=/opt/rustwide/rustup-home" "-w" "/opt/rustwide/workdir" "-m" "1610612736" "--user" "0:0" "--network" "none" "ghcr.io/rust-lang/crates-build-env/linux@sha256:2788e3201cd34a07e3172128adcd8b3090168a8e3bcc40d7c032b9dda1df7d1c" "/opt/rustwide/cargo-home/bin/cargo" "+1.75.0" "metadata" "--no-deps" "--format-version=1", kill_on_drop: false }`
[INFO] [stdout] bb89f3b5a1f7ea5e2f5c8fcfd70d7374158e4b07094cb087c50e86f573588f9e
[INFO] running `Command { std: "docker" "start" "-a" "bb89f3b5a1f7ea5e2f5c8fcfd70d7374158e4b07094cb087c50e86f573588f9e", kill_on_drop: false }`
[INFO] running `Command { std: "docker" "inspect" "bb89f3b5a1f7ea5e2f5c8fcfd70d7374158e4b07094cb087c50e86f573588f9e", kill_on_drop: false }`
[INFO] running `Command { std: "docker" "rm" "-f" "bb89f3b5a1f7ea5e2f5c8fcfd70d7374158e4b07094cb087c50e86f573588f9e", kill_on_drop: false }`
[INFO] [stdout] bb89f3b5a1f7ea5e2f5c8fcfd70d7374158e4b07094cb087c50e86f573588f9e
[INFO] running `Command { std: "docker" "create" "-v" "/var/lib/crater-agent-workspace/builds/worker-3-tc1/target:/opt/rustwide/target:rw,Z" "-v" "/var/lib/crater-agent-workspace/builds/worker-3-tc1/source:/opt/rustwide/workdir:ro,Z" "-v" "/var/lib/crater-agent-workspace/cargo-home:/opt/rustwide/cargo-home:ro,Z" "-v" "/var/lib/crater-agent-workspace/rustup-home:/opt/rustwide/rustup-home:ro,Z" "-e" "SOURCE_DIR=/opt/rustwide/workdir" "-e" "CARGO_TARGET_DIR=/opt/rustwide/target" "-e" "CARGO_INCREMENTAL=0" "-e" "RUST_BACKTRACE=full" "-e" "RUSTFLAGS=--cap-lints=warn" "-e" "RUSTDOCFLAGS=--cap-lints=warn" "-e" "CARGO_HOME=/opt/rustwide/cargo-home" "-e" "RUSTUP_HOME=/opt/rustwide/rustup-home" "-w" "/opt/rustwide/workdir" "-m" "1610612736" "--user" "0:0" "--network" "none" "ghcr.io/rust-lang/crates-build-env/linux@sha256:2788e3201cd34a07e3172128adcd8b3090168a8e3bcc40d7c032b9dda1df7d1c" "/opt/rustwide/cargo-home/bin/cargo" "+1.75.0" "doc" "--frozen" "--no-deps" "--document-private-items" "--message-format=json", kill_on_drop: false }`
[INFO] [stdout] f49d12da2dc5881016fa51082e4d80a10569b83fd2e69ed6dcd9d53a9719c517
[INFO] running `Command { std: "docker" "start" "-a" "f49d12da2dc5881016fa51082e4d80a10569b83fd2e69ed6dcd9d53a9719c517", kill_on_drop: false }`
[INFO] [stderr]    Compiling libc v0.2.149
[INFO] [stderr]    Compiling proc-macro2 v1.0.69
[INFO] [stderr]    Compiling unicode-ident v1.0.12
[INFO] [stderr]     Checking smallvec v1.11.1
[INFO] [stderr]    Compiling libm v0.2.8
[INFO] [stderr]    Compiling syn v1.0.109
[INFO] [stderr]    Compiling crossbeam-utils v0.8.16
[INFO] [stderr]    Compiling rayon-core v1.12.0
[INFO] [stderr]    Compiling parking_lot_core v0.9.9
[INFO] [stderr]     Checking either v1.9.0
[INFO] [stderr]    Compiling num-traits v0.2.17
[INFO] [stderr]    Compiling memoffset v0.9.0
[INFO] [stderr]    Compiling lock_api v0.4.11
[INFO] [stderr]    Compiling crossbeam-epoch v0.9.15
[INFO] [stderr]    Compiling ahash v0.8.6
[INFO] [stderr]    Compiling thiserror v1.0.50
[INFO] [stderr]     Checking zerocopy v0.7.25
[INFO] [stderr]     Checking memchr v2.6.4
[INFO] [stderr]    Compiling serde v1.0.190
[INFO] [stderr]     Checking log v0.4.20
[INFO] [stderr]    Compiling siphasher v0.3.11
[INFO] [stderr]     Checking lexical-util v0.8.5
[INFO] [stderr]     Checking bitflags v2.4.1
[INFO] [stderr]    Compiling once_cell v1.18.0
[INFO] [stderr]     Checking bytes v1.5.0
[INFO] [stderr]    Compiling target-features v0.1.5
[INFO] [stderr]    Compiling semver v1.0.20
[INFO] [stderr]    Compiling vcpkg v0.2.15
[INFO] [stderr]     Checking pin-project-lite v0.2.13
[INFO] [stderr]    Compiling rustversion v1.0.14
[INFO] [stderr]    Compiling phf_shared v0.10.0
[INFO] [stderr]    Compiling num-integer v0.1.45
[INFO] [stderr]     Checking iana-time-zone v0.1.58
[INFO] [stderr]     Checking aho-corasick v1.1.2
[INFO] [stderr]     Checking regex-syntax v0.8.2
[INFO] [stderr]     Checking dyn-clone v1.0.16
[INFO] [stderr]    Compiling quote v1.0.33
[INFO] [stderr]     Checking lexical-write-integer v0.8.5
[INFO] [stderr]     Checking lexical-parse-integer v0.8.6
[INFO] [stderr]     Checking simd-adler32 v0.3.7
[INFO] [stderr]    Compiling futures-core v0.3.29
[INFO] [stderr]    Compiling syn v2.0.38
[INFO] [stderr]     Checking crossbeam-deque v0.8.3
[INFO] [stderr]    Compiling rustc_version v0.4.0
[INFO] [stderr]     Checking getrandom v0.2.10
[INFO] [stderr]    Compiling cc v1.0.83
[INFO] [stderr]     Checking lexical-parse-float v0.8.5
[INFO] [stderr]     Checking lexical-write-float v0.8.5
[INFO] [stderr]     Checking parking_lot v0.12.1
[INFO] [stderr]     Checking rand_core v0.6.4
[INFO] [stderr]    Compiling arrow2 v0.18.0
[INFO] [stderr]     Checking ethnum v1.5.0
[INFO] [stderr]     Checking simdutf8 v0.1.4
[INFO] [stderr]     Checking hash_hasher v2.0.3
[INFO] [stderr]     Checking rand_chacha v0.3.1
[INFO] [stderr]     Checking foreign_vec v0.1.0
[INFO] [stderr]     Checking rayon v1.8.0
[INFO] [stderr]     Checking chrono v0.4.31
[INFO] [stderr]     Checking strength_reduce v0.2.4
[INFO] [stderr]    Compiling slab v0.4.9
[INFO] [stderr]     Checking lexical-core v0.8.5
[INFO] [stderr]     Checking rand v0.8.5
[INFO] [stderr]    Compiling num-bigint v0.4.4
[INFO] [stderr]    Compiling smartstring v1.0.1
[INFO] [stderr]    Compiling futures-task v0.3.29
[INFO] [stderr]     Checking futures-sink v0.3.29
[INFO] [stderr]    Compiling futures-channel v0.3.29
[INFO] [stderr]     Checking miniz_oxide v0.7.1
[INFO] [stderr]    Compiling openssl-src v300.2.1+3.2.0
[INFO] [stderr]     Checking num_cpus v1.16.0
[INFO] [stderr]     Checking signal-hook-registry v1.4.1
[INFO] [stderr]     Checking mio v0.8.9
[INFO] [stderr]     Checking socket2 v0.5.5
[INFO] [stderr]    Compiling polars-utils v0.33.2
[INFO] [stderr]     Checking unicode-width v0.1.11
[INFO] [stderr]     Checking new_debug_unreachable v1.0.4
[INFO] [stderr]    Compiling target-lexicon v0.12.12
[INFO] [stderr]     Checking arrayvec v0.7.4
[INFO] [stderr]    Compiling serde_json v1.0.108
[INFO] [stderr]    Compiling futures-util v0.3.29
[INFO] [stderr]     Checking rand_distr v0.4.3
[INFO] [stderr]    Compiling phf_generator v0.10.0
[INFO] [stderr]     Checking regex-automata v0.4.3
[INFO] [stderr]    Compiling openssl-sys v0.9.98
[INFO] [stderr]    Compiling polars-arrow v0.33.2
[INFO] [stderr]     Checking float-cmp v0.9.0
[INFO] [stderr]    Compiling phf_codegen v0.10.0
[INFO] [stderr]     Checking futures-io v0.3.29
[INFO] [stderr]    Compiling rustix v0.38.21
[INFO] [stderr]    Compiling string_cache_codegen v0.5.2
[INFO] [stderr]     Checking flate2 v1.0.28
[INFO] [stderr]    Compiling bzip2-sys v0.1.11+1.0.8
[INFO] [stderr]     Checking strict-num v0.1.1
[INFO] [stderr]     Checking crossterm v0.27.0
[INFO] [stderr]    Compiling polars-core v0.33.2
[INFO] [stderr]    Compiling num-rational v0.4.1
[INFO] [stderr]    Compiling unicase v2.7.0
[INFO] [stderr]    Compiling getrandom v0.1.16
[INFO] [stderr]    Compiling python3-dll-a v0.2.9
[INFO] [stderr]     Checking strum v0.25.0
[INFO] [stderr]     Checking xmlparser v0.13.6
[INFO] [stderr]     Checking arrayref v0.3.7
[INFO] [stderr]     Checking precomputed-hash v0.1.1
[INFO] [stderr]    Compiling linux-raw-sys v0.4.10
[INFO] [stderr]     Checking mac v0.1.1
[INFO] [stderr]     Checking futf v0.1.5
[INFO] [stderr]    Compiling markup5ever v0.11.0
[INFO] [stderr]     Checking phf v0.10.1
[INFO] [stderr]     Checking kurbo v0.9.5
[INFO] [stderr]    Compiling pyo3-build-config v0.20.0
[INFO] [stderr]    Compiling polars-ops v0.33.2
[INFO] [stderr]    Compiling slotmap v1.0.6
[INFO] [stderr]     Checking roxmltree v0.18.1
[INFO] [stderr]    Compiling unicode-general-category v0.6.0
[INFO] [stderr]    Compiling adler v1.0.2
[INFO] [stderr]     Checking xxhash-rust v0.8.7
[INFO] [stderr]     Checking tendril v0.4.3
[INFO] [stderr]     Checking hashbrown v0.14.2
[INFO] [stderr]     Checking svgtypes v0.11.0
[INFO] [stderr]     Checking unicode-normalization v0.1.22
[INFO] [stderr]     Checking num-complex v0.4.4
[INFO] [stderr]     Checking argminmax v0.6.1
[INFO] [stderr]    Compiling fslock v0.1.8
[INFO] [stderr]    Compiling phf_shared v0.11.2
[INFO] [stderr]    Compiling crc32fast v1.3.2
[INFO] [stderr]     Checking tracing-core v0.1.32
[INFO] [stderr]    Compiling ucd-trie v0.1.6
[INFO] [stderr]     Checking foreign-types-shared v0.1.1
[INFO] [stderr]     Checking indexmap v2.1.0
[INFO] [stderr]     Checking rctree v0.5.0
[INFO] [stderr]    Compiling openssl v0.10.62
[INFO] [stderr]     Checking idna v0.4.0
[INFO] [stderr]     Checking foreign-types v0.3.2
[INFO] [stderr]     Checking tracing v0.1.40
[INFO] [stderr]     Checking regex v1.10.2
[INFO] [stderr]    Compiling darling_core v0.20.3
[INFO] [stderr]     Checking http v0.2.9
[INFO] [stderr]    Compiling phf_generator v0.11.2
[INFO] [stderr]    Compiling mime_guess v2.0.4
[INFO] [stderr]    Compiling bzip2 v0.4.4
[INFO] [stderr]     Checking rand_core v0.5.1
[INFO] [stderr]     Checking fontconfig-parser v0.5.3
[INFO] [stderr]     Checking now v0.1.3
[INFO] [stderr]     Checking uuid v1.5.0
[INFO] [stderr]     Checking atoi v2.0.0
[INFO] [stderr]    Compiling which v4.4.2
[INFO] [stderr]     Checking memmap2 v0.6.2
[INFO] [stderr]    Compiling dirs-sys v0.3.7
[INFO] [stderr]    Compiling time v0.1.45
[INFO] [stderr]     Checking fdeflate v0.3.1
[INFO] [stderr]    Compiling matrixmultiply v0.3.8
[INFO] [stderr]     Checking ttf-parser v0.18.1
[INFO] [stderr]     Checking unicode-bidi-mirroring v0.1.0
[INFO] [stderr]    Compiling native-tls v0.2.11
[INFO] [stderr]    Compiling minimal-lexical v0.2.1
[INFO] [stderr]     Checking unicode-script v0.5.5
[INFO] [stderr]    Compiling toml_datetime v0.6.5
[INFO] [stderr]     Checking ttf-parser v0.19.2
[INFO] [stderr]    Compiling v8 v0.75.1
[INFO] [stderr]    Compiling winnow v0.5.19
[INFO] [stderr]     Checking byteorder v1.5.0
[INFO] [stderr]     Checking unicode-ccc v0.1.2
[INFO] [stderr]     Checking weezl v0.1.7
[INFO] [stderr]    Compiling nom v7.1.3
[INFO] [stderr]     Checking png v0.17.10
[INFO] [stderr]    Compiling directories v4.0.1
[INFO] [stderr]    Compiling darling_core v0.14.4
[INFO] [stderr]     Checking jpeg-decoder v0.3.0
[INFO] [stderr]    Compiling libsqlite3-sys v0.26.0
[INFO] [stderr]     Checking lexical v6.1.1
[INFO] [stderr]     Checking approx v0.5.1
[INFO] [stderr]     Checking memmap2 v0.7.1
[INFO] [stderr]     Checking spin v0.9.8
[INFO] [stderr]     Checking simplecss v0.2.1
[INFO] [stderr]    Compiling num-iter v0.1.43
[INFO] [stderr]    Compiling polars-plan v0.33.2
[INFO] [stderr]    Compiling typenum v1.17.0
[INFO] [stderr]    Compiling mime v0.3.17
[INFO] [stderr]     Checking imagesize v0.12.0
[INFO] [stderr]     Checking rawpointer v0.2.1
[INFO] [stderr]     Checking try-lock v0.2.4
[INFO] [stderr]     Checking dtoa v1.0.9
[INFO] [stderr]     Checking openssl-probe v0.1.5
[INFO] [stderr]     Checking unicode-vo v0.1.0
[INFO] [stderr]     Checking fast-float v0.2.0
[INFO] [stderr]     Checking base64 v0.21.5
[INFO] [stderr]     Checking data-url v0.2.0
[INFO] [stderr]    Compiling anyhow v1.0.75
[INFO] [stderr]     Checking gif v0.12.0
[INFO] [stderr]     Checking dtoa-short v0.3.4
[INFO] [stderr]     Checking want v0.3.1
[INFO] [stderr]    Compiling bytemuck_derive v1.5.0
[INFO] [stderr]    Compiling thiserror-impl v1.0.50
[INFO] [stderr]    Compiling serde_derive v1.0.190
[INFO] [stderr]    Compiling strum_macros v0.25.3
[INFO] [stderr]    Compiling tokio-macros v2.1.0
[INFO] [stderr]    Compiling futures-macro v0.3.29
[INFO] [stderr]    Compiling openssl-macros v0.1.1
[INFO] [stderr]    Compiling toml_edit v0.19.15
[INFO] [stderr]    Compiling darling_macro v0.20.3
[INFO] [stderr]     Checking fontdb v0.14.1
[INFO] [stderr]    Compiling multiversion-macros v0.7.3
[INFO] [stderr]    Compiling html5ever v0.26.0
[INFO] [stderr]    Compiling derive_more v0.99.17
[INFO] [stderr]    Compiling phf_macros v0.11.2
[INFO] [stderr]    Compiling deno-proc-macro-rules-macros v0.3.2
[INFO] [stderr]     Checking tokio v1.33.0
[INFO] [stderr]    Compiling darling_macro v0.14.4
[INFO] [stderr]     Checking bytemuck v1.14.0
[INFO] [stderr]     Checking tiny-skia-path v0.10.0
[INFO] [stderr]    Compiling pest v2.7.5
[INFO] [stderr]    Compiling zip v0.5.13
[INFO] [stderr]     Checking usvg-tree v0.35.0
[INFO] [stderr]     Checking safe_arch v0.7.1
[INFO] [stderr]     Checking rustybuzz v0.7.0
[INFO] [stderr]     Checking usvg-parser v0.35.0
[INFO] [stderr]     Checking multiversion v0.7.3
[INFO] [stderr]     Checking comfy-table v7.1.0
[INFO] [stderr]    Compiling lazy-regex-proc_macros v2.4.1
[INFO] [stderr]     Checking wide v0.7.13
[INFO] [stderr]    Compiling plotly_kaleido v0.8.4
[INFO] [stderr]    Compiling deno-proc-macro-rules v0.3.2
[INFO] [stderr]     Checking phf v0.11.2
[INFO] [stderr]    Compiling proc-macro-crate v1.3.1
[INFO] [stderr]    Compiling darling v0.20.3
[INFO] [stderr]    Compiling pest_meta v2.7.5
[INFO] [stderr]    Compiling askama_parser v0.1.1
[INFO] [stderr]    Compiling cssparser-macros v0.6.1
[INFO] [stderr]    Compiling pin-project-internal v1.1.3
[INFO] [stderr]     Checking flume v0.11.0
[INFO] [stderr]    Compiling pyo3-ffi v0.20.0
[INFO] [stderr]    Compiling pest_generator v2.7.5
[INFO] [stderr]    Compiling lazy-regex v2.5.0
[INFO] [stderr]     Checking http-body v0.4.5
[INFO] [stderr]     Checking usvg-text-layout v0.35.0
[INFO] [stderr]     Checking rand_chacha v0.2.2
[INFO] [stderr]     Checking futures-executor v0.3.29
[INFO] [stderr]    Compiling pmutil v0.6.1
[INFO] [stderr]    Compiling selectors v0.25.0
[INFO] [stderr]     Checking socket2 v0.4.10
[INFO] [stderr]     Checking zune-inflate v0.2.54
[INFO] [stderr]    Compiling polars-lazy v0.33.2
[INFO] [stderr]     Checking unicode-id v0.3.4
[INFO] [stderr]     Checking xmlwriter v0.1.0
[INFO] [stderr]     Checking stable_deref_trait v1.2.0
[INFO] [stderr]     Checking lebe v0.5.2
[INFO] [stderr]     Checking ucd-util v0.1.10
[INFO] [stderr]     Checking bit_field v0.10.2
[INFO] [stderr]    Compiling regex v0.2.11
[INFO] [stderr]     Checking data-encoding v2.5.0
[INFO] [stderr]     Checking pico-args v0.5.0
[INFO] [stderr]     Checking tower-service v0.3.2
[INFO] [stderr]     Checking if_chain v1.0.2
[INFO] [stderr]     Checking httpdate v1.0.3
[INFO] [stderr]     Checking half v2.2.1
[INFO] [stderr]     Checking usvg v0.35.0
[INFO] [stderr]     Checking tokio-util v0.7.10
[INFO] [stderr]     Checking deno_unsync v0.1.1
[INFO] [stderr]     Checking regex-syntax v0.5.6
[INFO] [stderr]     Checking servo_arc v0.3.0
[INFO] [stderr]    Compiling deno_ops v0.87.0
[INFO] [stderr]     Checking futures v0.3.29
[INFO] [stderr]     Checking rand v0.7.3
[INFO] [stderr]     Checking exr v1.71.0
[INFO] [stderr]     Checking cssparser v0.31.2
[INFO] [stderr]     Checking pin-project v1.1.3
[INFO] [stderr]     Checking simba v0.6.0
[INFO] [stderr]    Compiling pest_derive v2.7.5
[INFO] [stderr]     Checking h2 v0.3.21
[INFO] [stderr]    Compiling serde_with_macros v2.3.3
[INFO] [stderr]    Compiling darling v0.14.4
[INFO] [stderr]     Checking tiny-skia v0.10.0
[INFO] [stderr]     Checking qoi v0.4.1
[INFO] [stderr]     Checking rgb v0.8.37
[INFO] [stderr]    Compiling nalgebra-macros v0.1.0
[INFO] [stderr]     Checking thread_local v0.3.6
[INFO] [stderr]     Checking tiff v0.9.0
[INFO] [stderr] error: could not compile `arrow2` (lib)
[INFO] [stderr] 
[INFO] [stderr] Caused by:
[INFO] [stderr]   process didn't exit successfully: `/opt/rustwide/rustup-home/toolchains/1.75.0-x86_64-unknown-linux-gnu/bin/rustc --crate-name arrow2 --edition=2021 /opt/rustwide/cargo-home/registry/src/index.crates.io-6f17d22bba15001f/arrow2-0.18.0/src/lib.rs --error-format=json --json=diagnostic-rendered-ansi,artifacts,future-incompat --crate-type lib --emit=dep-info,metadata -C embed-bitcode=no -C debuginfo=2 --cfg 'feature="compute_aggregate"' --cfg 'feature="compute_arithmetics"' --cfg 'feature="compute_arithmetics_decimal"' --cfg 'feature="compute_boolean"' --cfg 'feature="compute_boolean_kleene"' --cfg 'feature="compute_cast"' --cfg 'feature="compute_comparison"' --cfg 'feature="compute_concatenate"' --cfg 'feature="compute_filter"' --cfg 'feature="compute_if_then_else"' --cfg 'feature="compute_take"' --cfg 'feature="compute_temporal"' --cfg 'feature="lexical-core"' --cfg 'feature="multiversion"' --cfg 'feature="strength_reduce"' -C metadata=1b676c2f1e95d231 -C extra-filename=-1b676c2f1e95d231 --out-dir /opt/rustwide/target/debug/deps -L dependency=/opt/rustwide/target/debug/deps --extern ahash=/opt/rustwide/target/debug/deps/libahash-4f6569a8d830132d.rmeta --extern bytemuck=/opt/rustwide/target/debug/deps/libbytemuck-e6d23a4b35879f6c.rmeta --extern chrono=/opt/rustwide/target/debug/deps/libchrono-20fd132a8db5b8eb.rmeta --extern dyn_clone=/opt/rustwide/target/debug/deps/libdyn_clone-c6a1a0e308121df1.rmeta --extern either=/opt/rustwide/target/debug/deps/libeither-19ab30b8af571b4d.rmeta --extern ethnum=/opt/rustwide/target/debug/deps/libethnum-7767d2820fcb4570.rmeta --extern foreign_vec=/opt/rustwide/target/debug/deps/libforeign_vec-d6f1e457ecadc54a.rmeta --extern hash_hasher=/opt/rustwide/target/debug/deps/libhash_hasher-c9feaf21980f37be.rmeta --extern hashbrown=/opt/rustwide/target/debug/deps/libhashbrown-4234a473d4ea7a69.rmeta --extern lexical_core=/opt/rustwide/target/debug/deps/liblexical_core-7ecea9fcddf7cb63.rmeta --extern multiversion=/opt/rustwide/target/debug/deps/libmultiversion-38d020cb0729da50.rmeta --extern num_traits=/opt/rustwide/target/debug/deps/libnum_traits-fb4ac18f4071a033.rmeta --extern simdutf8=/opt/rustwide/target/debug/deps/libsimdutf8-fcb61791da552978.rmeta --extern strength_reduce=/opt/rustwide/target/debug/deps/libstrength_reduce-7e13239c04dfb29a.rmeta --cap-lints allow --cap-lints=warn` (signal: 9, SIGKILL: kill)
[INFO] [stderr] warning: build failed, waiting for other jobs to finish...
[INFO] [stderr] error: failed to run custom build command for `plotly_kaleido v0.8.4`
[INFO] [stderr] note: To improve backtraces for build dependencies, set the CARGO_PROFILE_DEV_BUILD_OVERRIDE_DEBUG=true environment variable to enable debug information generation.
[INFO] [stderr] 
[INFO] [stderr] Caused by:
[INFO] [stderr]   process didn't exit successfully: `/opt/rustwide/target/debug/build/plotly_kaleido-dd25d99bfa43fdf2/build-script-build` (exit status: 101)
[INFO] [stderr]   --- stderr
[INFO] [stderr]       Updating crates.io index
[INFO] [stderr]   warning: spurious network error (3 tries remaining): [6] Couldn't resolve host name (Could not resolve host: index.crates.io)
[INFO] [stderr]   warning: spurious network error (2 tries remaining): [6] Couldn't resolve host name (Could not resolve host: index.crates.io)
[INFO] [stderr]   warning: spurious network error (1 tries remaining): [6] Couldn't resolve host name (Could not resolve host: index.crates.io)
[INFO] [stderr]   error: failed to query replaced source registry `crates-io`
[INFO] [stderr] 
[INFO] [stderr]   Caused by:
[INFO] [stderr]     download of config.json failed
[INFO] [stderr] 
[INFO] [stderr]   Caused by:
[INFO] [stderr]     failed to download from `https://index.crates.io/config.json`
[INFO] [stderr] 
[INFO] [stderr]   Caused by:
[INFO] [stderr]     [6] Couldn't resolve host name (Could not resolve host: index.crates.io)
[INFO] [stderr]   thread 'main' panicked at /opt/rustwide/cargo-home/registry/src/index.crates.io-6f17d22bba15001f/plotly_kaleido-0.8.4/build.rs:119:10:
[INFO] [stderr]   called `Result::unwrap()` on an `Err` value: Os { code: 2, kind: NotFound, message: "No such file or directory" }
[INFO] [stderr]   stack backtrace:
[INFO] [stderr]      0:     0x55895f74742c - std::backtrace_rs::backtrace::libunwind::trace::ha637c64ce894333a
[INFO] [stderr]                                  at /rustc/82e1608dfa6e0b5569232559e3d385fea5a93112/library/std/src/../../backtrace/src/backtrace/libunwind.rs:104:5
[INFO] [stderr]      1:     0x55895f74742c - std::backtrace_rs::backtrace::trace_unsynchronized::h47f62dea28e0c88d
[INFO] [stderr]                                  at /rustc/82e1608dfa6e0b5569232559e3d385fea5a93112/library/std/src/../../backtrace/src/backtrace/mod.rs:66:5
[INFO] [stderr]      2:     0x55895f74742c - std::sys_common::backtrace::_print_fmt::h9eef0abe20ede486
[INFO] [stderr]                                  at /rustc/82e1608dfa6e0b5569232559e3d385fea5a93112/library/std/src/sys_common/backtrace.rs:67:5
[INFO] [stderr]      3:     0x55895f74742c - <std::sys_common::backtrace::_print::DisplayBacktrace as core::fmt::Display>::fmt::hed7f999df88cc644
[INFO] [stderr]                                  at /rustc/82e1608dfa6e0b5569232559e3d385fea5a93112/library/std/src/sys_common/backtrace.rs:44:22
[INFO] [stderr]      4:     0x55895f76b140 - core::fmt::rt::Argument::fmt::h1539a9308b8d058d
[INFO] [stderr]                                  at /rustc/82e1608dfa6e0b5569232559e3d385fea5a93112/library/core/src/fmt/rt.rs:142:9
[INFO] [stderr]      5:     0x55895f76b140 - core::fmt::write::h3a39390d8560d9c9
[INFO] [stderr]                                  at /rustc/82e1608dfa6e0b5569232559e3d385fea5a93112/library/core/src/fmt/mod.rs:1120:17
[INFO] [stderr]      6:     0x55895f74530f - std::io::Write::write_fmt::h5fc9997dfe05f882
[INFO] [stderr]                                  at /rustc/82e1608dfa6e0b5569232559e3d385fea5a93112/library/std/src/io/mod.rs:1762:15
[INFO] [stderr]      7:     0x55895f747214 - std::sys_common::backtrace::_print::h894006fb5c6f3d45
[INFO] [stderr]                                  at /rustc/82e1608dfa6e0b5569232559e3d385fea5a93112/library/std/src/sys_common/backtrace.rs:47:5
[INFO] [stderr]      8:     0x55895f747214 - std::sys_common::backtrace::print::h23a2d212c6fff936
[INFO] [stderr]                                  at /rustc/82e1608dfa6e0b5569232559e3d385fea5a93112/library/std/src/sys_common/backtrace.rs:34:9
[INFO] [stderr]      9:     0x55895f748727 - std::panicking::default_hook::{{closure}}::h8a1d2ee00185001a
[INFO] [stderr]     10:     0x55895f74848f - std::panicking::default_hook::h6038f2eba384e475
[INFO] [stderr]                                  at /rustc/82e1608dfa6e0b5569232559e3d385fea5a93112/library/std/src/panicking.rs:292:9
[INFO] [stderr]     11:     0x55895f748ba8 - std::panicking::rust_panic_with_hook::h2b5517d590cab22e
[INFO] [stderr]                                  at /rustc/82e1608dfa6e0b5569232559e3d385fea5a93112/library/std/src/panicking.rs:779:13
[INFO] [stderr]     12:     0x55895f748a8e - std::panicking::begin_panic_handler::{{closure}}::h233112c06e0ef43e
[INFO] [stderr]                                  at /rustc/82e1608dfa6e0b5569232559e3d385fea5a93112/library/std/src/panicking.rs:657:13
[INFO] [stderr]     13:     0x55895f7478f6 - std::sys_common::backtrace::__rust_end_short_backtrace::h6e893f24d7ebbff8
[INFO] [stderr]                                  at /rustc/82e1608dfa6e0b5569232559e3d385fea5a93112/library/std/src/sys_common/backtrace.rs:170:18
[INFO] [stderr]     14:     0x55895f7487f2 - rust_begin_unwind
[INFO] [stderr]                                  at /rustc/82e1608dfa6e0b5569232559e3d385fea5a93112/library/std/src/panicking.rs:645:5
[INFO] [stderr]     15:     0x55895f6e2915 - core::panicking::panic_fmt::hbf0e066aabfa482c
[INFO] [stderr]                                  at /rustc/82e1608dfa6e0b5569232559e3d385fea5a93112/library/core/src/panicking.rs:72:14
[INFO] [stderr]     16:     0x55895f6e2e63 - core::result::unwrap_failed::hddb4fea594200c52
[INFO] [stderr]                                  at /rustc/82e1608dfa6e0b5569232559e3d385fea5a93112/library/core/src/result.rs:1653:5
[INFO] [stderr]     17:     0x55895f6e5ae3 - core::result::Result<T,E>::unwrap::h2a4f629e723a5def
[INFO] [stderr]     18:     0x55895f6e9689 - build_script_build::main::h363843e214235a3c
[INFO] [stderr]     19:     0x55895f6edce3 - core::ops::function::FnOnce::call_once::hc81003c954fe631b
[INFO] [stderr]     20:     0x55895f6e3656 - std::sys_common::backtrace::__rust_begin_short_backtrace::hed8ec9845db06358
[INFO] [stderr]     21:     0x55895f6e3e29 - std::rt::lang_start::{{closure}}::h2ec024f68b605f30
[INFO] [stderr]     22:     0x55895f7413a7 - core::ops::function::impls::<impl core::ops::function::FnOnce<A> for &F>::call_once::hd95060ecd5e1ca24
[INFO] [stderr]                                  at /rustc/82e1608dfa6e0b5569232559e3d385fea5a93112/library/core/src/ops/function.rs:284:13
[INFO] [stderr]     23:     0x55895f7413a7 - std::panicking::try::do_call::h6e8cf51db32a6e4b
[INFO] [stderr]                                  at /rustc/82e1608dfa6e0b5569232559e3d385fea5a93112/library/std/src/panicking.rs:552:40
[INFO] [stderr]     24:     0x55895f7413a7 - std::panicking::try::h3a52eefe24fe3c29
[INFO] [stderr]                                  at /rustc/82e1608dfa6e0b5569232559e3d385fea5a93112/library/std/src/panicking.rs:516:19
[INFO] [stderr]     25:     0x55895f7413a7 - std::panic::catch_unwind::h24c28c23c02c3841
[INFO] [stderr]                                  at /rustc/82e1608dfa6e0b5569232559e3d385fea5a93112/library/std/src/panic.rs:142:14
[INFO] [stderr]     26:     0x55895f7413a7 - std::rt::lang_start_internal::{{closure}}::h705d3c9cbc06ef47
[INFO] [stderr]                                  at /rustc/82e1608dfa6e0b5569232559e3d385fea5a93112/library/std/src/rt.rs:148:48
[INFO] [stderr]     27:     0x55895f7413a7 - std::panicking::try::do_call::ha21f52ba13158470
[INFO] [stderr]                                  at /rustc/82e1608dfa6e0b5569232559e3d385fea5a93112/library/std/src/panicking.rs:552:40
[INFO] [stderr]     28:     0x55895f7413a7 - std::panicking::try::h5581346bf6aeb1f8
[INFO] [stderr]                                  at /rustc/82e1608dfa6e0b5569232559e3d385fea5a93112/library/std/src/panicking.rs:516:19
[INFO] [stderr]     29:     0x55895f7413a7 - std::panic::catch_unwind::h7919645a6b72e25b
[INFO] [stderr]                                  at /rustc/82e1608dfa6e0b5569232559e3d385fea5a93112/library/std/src/panic.rs:142:14
[INFO] [stderr]     30:     0x55895f7413a7 - std::rt::lang_start_internal::h12de51168669836e
[INFO] [stderr]                                  at /rustc/82e1608dfa6e0b5569232559e3d385fea5a93112/library/std/src/rt.rs:148:20
[INFO] [stderr]     31:     0x55895f6e3e07 - std::rt::lang_start::h36858724663e1fdc
[INFO] [stderr]     32:     0x55895f6e9985 - main
[INFO] [stderr]     33:     0x7f378cd6cd90 - <unknown>
[INFO] [stderr]     34:     0x7f378cd6ce40 - __libc_start_main
[INFO] [stderr]     35:     0x55895f6e3165 - _start
[INFO] [stderr]     36:                0x0 - <unknown>
[INFO] [stderr] error: failed to run custom build command for `v8 v0.75.1`
[INFO] [stderr] note: To improve backtraces for build dependencies, set the CARGO_PROFILE_DEV_BUILD_OVERRIDE_DEBUG=true environment variable to enable debug information generation.
[INFO] [stderr] 
[INFO] [stderr] Caused by:
[INFO] [stderr]   process didn't exit successfully: `/opt/rustwide/target/debug/build/v8-3462b09fb56657fc/build-script-build` (exit status: 101)
[INFO] [stderr]   --- stdout
[INFO] [stderr]   cargo:rerun-if-changed=.gn
[INFO] [stderr]   cargo:rerun-if-changed=BUILD.gn
[INFO] [stderr]   cargo:rerun-if-changed=src/binding.cc
[INFO] [stderr]   cargo:rerun-if-env-changed=CCACHE
[INFO] [stderr]   cargo:rerun-if-env-changed=CLANG_BASE_PATH
[INFO] [stderr]   cargo:rerun-if-env-changed=CXXSTDLIB
[INFO] [stderr]   cargo:rerun-if-env-changed=DENO_TRYBUILD
[INFO] [stderr]   cargo:rerun-if-env-changed=DOCS_RS
[INFO] [stderr]   cargo:rerun-if-env-changed=GN
[INFO] [stderr]   cargo:rerun-if-env-changed=GN_ARGS
[INFO] [stderr]   cargo:rerun-if-env-changed=HOST
[INFO] [stderr]   cargo:rerun-if-env-changed=NINJA
[INFO] [stderr]   cargo:rerun-if-env-changed=OUT_DIR
[INFO] [stderr]   cargo:rerun-if-env-changed=RUSTY_V8_ARCHIVE
[INFO] [stderr]   cargo:rerun-if-env-changed=RUSTY_V8_MIRROR
[INFO] [stderr]   cargo:rerun-if-env-changed=SCCACHE
[INFO] [stderr]   cargo:rerun-if-env-changed=V8_FORCE_DEBUG
[INFO] [stderr]   cargo:rerun-if-env-changed=V8_FROM_SOURCE
[INFO] [stderr]   cargo:rerun-if-env-changed=PYTHON
[INFO] [stderr]   cargo:rerun-if-env-changed=DISABLE_CLANG
[INFO] [stderr]   cargo:rerun-if-env-changed=EXTRA_GN_ARGS
[INFO] [stderr]   cargo:rerun-if-env-changed=NO_PRINT_GN_ARGS
[INFO] [stderr]   cargo:rustc-link-lib=static=rusty_v8
[INFO] [stderr]   download lockfile: "/opt/rustwide/target/debug/build/lib_download.fslock"
[INFO] [stderr]   static lib URL: https://github.com/denoland/rusty_v8/releases/download/v0.75.1/librusty_v8_release_x86_64-unknown-linux-gnu.a
[INFO] [stderr]   cargo:rustc-link-search=/opt/rustwide/target/debug/gn_out/obj
[INFO] [stderr]   Downloading https://github.com/denoland/rusty_v8/releases/download/v0.75.1/librusty_v8_release_x86_64-unknown-linux-gnu.a
[INFO] [stderr]   Downloading https://github.com/denoland/rusty_v8/releases/download/v0.75.1/librusty_v8_release_x86_64-unknown-linux-gnu.a...
[INFO] [stderr]   <urlopen error [Errno -3] Temporary failure in name resolution>
[INFO] [stderr]   Retrying in 5 s ...
[INFO] [stderr]   Downloading https://github.com/denoland/rusty_v8/releases/download/v0.75.1/librusty_v8_release_x86_64-unknown-linux-gnu.a...
[INFO] [stderr]   <urlopen error [Errno -3] Temporary failure in name resolution>
[INFO] [stderr]   Retrying in 10 s ...
[INFO] [stderr]   Downloading https://github.com/denoland/rusty_v8/releases/download/v0.75.1/librusty_v8_release_x86_64-unknown-linux-gnu.a...
[INFO] [stderr]   <urlopen error [Errno -3] Temporary failure in name resolution>
[INFO] [stderr]   Retrying in 20 s ...
[INFO] [stderr]   Downloading https://github.com/denoland/rusty_v8/releases/download/v0.75.1/librusty_v8_release_x86_64-unknown-linux-gnu.a...
[INFO] [stderr]   <urlopen error [Errno -3] Temporary failure in name resolution>
[INFO] [stderr]   Python downloader failed, trying with curl.
[INFO] [stderr] 
[INFO] [stderr]   --- stderr
[INFO] [stderr]   Traceback (most recent call last):
[INFO] [stderr]     File "/usr/lib/python3.10/urllib/request.py", line 1348, in do_open
[INFO] [stderr]       h.request(req.get_method(), req.selector, req.data, headers,
[INFO] [stderr]     File "/usr/lib/python3.10/http/client.py", line 1283, in request
[INFO] [stderr]       self._send_request(method, url, body, headers, encode_chunked)
[INFO] [stderr]     File "/usr/lib/python3.10/http/client.py", line 1329, in _send_request
[INFO] [stderr]       self.endheaders(body, encode_chunked=encode_chunked)
[INFO] [stderr]     File "/usr/lib/python3.10/http/client.py", line 1278, in endheaders
[INFO] [stderr]       self._send_output(message_body, encode_chunked=encode_chunked)
[INFO] [stderr]     File "/usr/lib/python3.10/http/client.py", line 1038, in _send_output
[INFO] [stderr]       self.send(msg)
[INFO] [stderr]     File "/usr/lib/python3.10/http/client.py", line 976, in send
[INFO] [stderr]       self.connect()
[INFO] [stderr]     File "/usr/lib/python3.10/http/client.py", line 1448, in connect
[INFO] [stderr]       super().connect()
[INFO] [stderr]     File "/usr/lib/python3.10/http/client.py", line 942, in connect
[INFO] [stderr]       self.sock = self._create_connection(
[INFO] [stderr]     File "/usr/lib/python3.10/socket.py", line 824, in create_connection
[INFO] [stderr]       for res in getaddrinfo(host, port, 0, SOCK_STREAM):
[INFO] [stderr]     File "/usr/lib/python3.10/socket.py", line 955, in getaddrinfo
[INFO] [stderr]       for res in _socket.getaddrinfo(host, port, family, type, proto, flags):
[INFO] [stderr]   socket.gaierror: [Errno -3] Temporary failure in name resolution
[INFO] [stderr] 
[INFO] [stderr]   During handling of the above exception, another exception occurred:
[INFO] [stderr] 
[INFO] [stderr]   Traceback (most recent call last):
[INFO] [stderr]     File "/opt/rustwide/cargo-home/registry/src/index.crates.io-6f17d22bba15001f/v8-0.75.1/./tools/download_file.py", line 64, in <module>
[INFO] [stderr]       sys.exit(main())
[INFO] [stderr]     File "/opt/rustwide/cargo-home/registry/src/index.crates.io-6f17d22bba15001f/v8-0.75.1/./tools/download_file.py", line 59, in main
[INFO] [stderr]       DownloadUrl(args.url, f)
[INFO] [stderr]     File "/opt/rustwide/cargo-home/registry/src/index.crates.io-6f17d22bba15001f/v8-0.75.1/./tools/download_file.py", line 45, in DownloadUrl
[INFO] [stderr]       raise e
[INFO] [stderr]     File "/opt/rustwide/cargo-home/registry/src/index.crates.io-6f17d22bba15001f/v8-0.75.1/./tools/download_file.py", line 29, in DownloadUrl
[INFO] [stderr]       response = urlopen(url)
[INFO] [stderr]     File "/usr/lib/python3.10/urllib/request.py", line 216, in urlopen
[INFO] [stderr]       return opener.open(url, data, timeout)
[INFO] [stderr]     File "/usr/lib/python3.10/urllib/request.py", line 519, in open
[INFO] [stderr]       response = self._open(req, data)
[INFO] [stderr]     File "/usr/lib/python3.10/urllib/request.py", line 536, in _open
[INFO] [stderr]       result = self._call_chain(self.handle_open, protocol, protocol +
[INFO] [stderr]     File "/usr/lib/python3.10/urllib/request.py", line 496, in _call_chain
[INFO] [stderr]       result = func(*args)
[INFO] [stderr]     File "/usr/lib/python3.10/urllib/request.py", line 1391, in https_open
[INFO] [stderr]       return self.do_open(http.client.HTTPSConnection, req,
[INFO] [stderr]     File "/usr/lib/python3.10/urllib/request.py", line 1351, in do_open
[INFO] [stderr]       raise URLError(err)
[INFO] [stderr]   urllib.error.URLError: <urlopen error [Errno -3] Temporary failure in name resolution>
[INFO] [stderr]   thread 'main' panicked at /opt/rustwide/cargo-home/registry/src/index.crates.io-6f17d22bba15001f/v8-0.75.1/build.rs:431:3:
[INFO] [stderr]   assertion failed: status.success()
[INFO] [stderr]   stack backtrace:
[INFO] [stderr]      0:     0x55c4940966dc - std::backtrace_rs::backtrace::libunwind::trace::ha637c64ce894333a
[INFO] [stderr]                                  at /rustc/82e1608dfa6e0b5569232559e3d385fea5a93112/library/std/src/../../backtrace/src/backtrace/libunwind.rs:104:5
[INFO] [stderr]      1:     0x55c4940966dc - std::backtrace_rs::backtrace::trace_unsynchronized::h47f62dea28e0c88d
[INFO] [stderr]                                  at /rustc/82e1608dfa6e0b5569232559e3d385fea5a93112/library/std/src/../../backtrace/src/backtrace/mod.rs:66:5
[INFO] [stderr]      2:     0x55c4940966dc - std::sys_common::backtrace::_print_fmt::h9eef0abe20ede486
[INFO] [stderr]                                  at /rustc/82e1608dfa6e0b5569232559e3d385fea5a93112/library/std/src/sys_common/backtrace.rs:67:5
[INFO] [stderr]      3:     0x55c4940966dc - <std::sys_common::backtrace::_print::DisplayBacktrace as core::fmt::Display>::fmt::hed7f999df88cc644
[INFO] [stderr]                                  at /rustc/82e1608dfa6e0b5569232559e3d385fea5a93112/library/std/src/sys_common/backtrace.rs:44:22
[INFO] [stderr]      4:     0x55c4940bad10 - core::fmt::rt::Argument::fmt::h1539a9308b8d058d
[INFO] [stderr]                                  at /rustc/82e1608dfa6e0b5569232559e3d385fea5a93112/library/core/src/fmt/rt.rs:142:9
[INFO] [stderr]      5:     0x55c4940bad10 - core::fmt::write::h3a39390d8560d9c9
[INFO] [stderr]                                  at /rustc/82e1608dfa6e0b5569232559e3d385fea5a93112/library/core/src/fmt/mod.rs:1120:17
[INFO] [stderr]      6:     0x55c49409405f - std::io::Write::write_fmt::h5fc9997dfe05f882
[INFO] [stderr]                                  at /rustc/82e1608dfa6e0b5569232559e3d385fea5a93112/library/std/src/io/mod.rs:1762:15
[INFO] [stderr]      7:     0x55c4940964c4 - std::sys_common::backtrace::_print::h894006fb5c6f3d45
[INFO] [stderr]                                  at /rustc/82e1608dfa6e0b5569232559e3d385fea5a93112/library/std/src/sys_common/backtrace.rs:47:5
[INFO] [stderr]      8:     0x55c4940964c4 - std::sys_common::backtrace::print::h23a2d212c6fff936
[INFO] [stderr]                                  at /rustc/82e1608dfa6e0b5569232559e3d385fea5a93112/library/std/src/sys_common/backtrace.rs:34:9
[INFO] [stderr]      9:     0x55c494097b67 - std::panicking::default_hook::{{closure}}::h8a1d2ee00185001a
[INFO] [stderr]     10:     0x55c4940978cf - std::panicking::default_hook::h6038f2eba384e475
[INFO] [stderr]                                  at /rustc/82e1608dfa6e0b5569232559e3d385fea5a93112/library/std/src/panicking.rs:292:9
[INFO] [stderr]     11:     0x55c494097fe8 - std::panicking::rust_panic_with_hook::h2b5517d590cab22e
[INFO] [stderr]                                  at /rustc/82e1608dfa6e0b5569232559e3d385fea5a93112/library/std/src/panicking.rs:779:13
[INFO] [stderr]     12:     0x55c494097e99 - std::panicking::begin_panic_handler::{{closure}}::h233112c06e0ef43e
[INFO] [stderr]                                  at /rustc/82e1608dfa6e0b5569232559e3d385fea5a93112/library/std/src/panicking.rs:649:13
[INFO] [stderr]     13:     0x55c494096ba6 - std::sys_common::backtrace::__rust_end_short_backtrace::h6e893f24d7ebbff8
[INFO] [stderr]                                  at /rustc/82e1608dfa6e0b5569232559e3d385fea5a93112/library/std/src/sys_common/backtrace.rs:170:18
[INFO] [stderr]     14:     0x55c494097c32 - rust_begin_unwind
[INFO] [stderr]                                  at /rustc/82e1608dfa6e0b5569232559e3d385fea5a93112/library/std/src/panicking.rs:645:5
[INFO] [stderr]     15:     0x55c4940468f5 - core::panicking::panic_fmt::hbf0e066aabfa482c
[INFO] [stderr]                                  at /rustc/82e1608dfa6e0b5569232559e3d385fea5a93112/library/core/src/panicking.rs:72:14
[INFO] [stderr]     16:     0x55c494046993 - core::panicking::panic::h195fc2a96298d4c3
[INFO] [stderr]                                  at /rustc/82e1608dfa6e0b5569232559e3d385fea5a93112/library/core/src/panicking.rs:127:5
[INFO] [stderr]     17:     0x55c494050624 - build_script_build::download_file::h05e8ca34e456027c
[INFO] [stderr]     18:     0x55c494050d97 - build_script_build::download_static_lib_binaries::h20b5d09e35eac43d
[INFO] [stderr]     19:     0x55c49404c38d - build_script_build::main::h7d6ffc7197f2bef8
[INFO] [stderr]     20:     0x55c49405aba3 - core::ops::function::FnOnce::call_once::h6be1d6e1f6ba3b61
[INFO] [stderr]     21:     0x55c494060d66 - std::sys_common::backtrace::__rust_begin_short_backtrace::h4b9c9de9b25c22b0
[INFO] [stderr]     22:     0x55c494067979 - std::rt::lang_start::{{closure}}::h12d1d8d1d8a746be
[INFO] [stderr]     23:     0x55c49408f457 - core::ops::function::impls::<impl core::ops::function::FnOnce<A> for &F>::call_once::hd95060ecd5e1ca24
[INFO] [stderr]                                  at /rustc/82e1608dfa6e0b5569232559e3d385fea5a93112/library/core/src/ops/function.rs:284:13
[INFO] [stderr]     24:     0x55c49408f457 - std::panicking::try::do_call::h6e8cf51db32a6e4b
[INFO] [stderr]                                  at /rustc/82e1608dfa6e0b5569232559e3d385fea5a93112/library/std/src/panicking.rs:552:40
[INFO] [stderr]     25:     0x55c49408f457 - std::panicking::try::h3a52eefe24fe3c29
[INFO] [stderr]                                  at /rustc/82e1608dfa6e0b5569232559e3d385fea5a93112/library/std/src/panicking.rs:516:19
[INFO] [stderr]     26:     0x55c49408f457 - std::panic::catch_unwind::h24c28c23c02c3841
[INFO] [stderr]                                  at /rustc/82e1608dfa6e0b5569232559e3d385fea5a93112/library/std/src/panic.rs:142:14
[INFO] [stderr]     27:     0x55c49408f457 - std::rt::lang_start_internal::{{closure}}::h705d3c9cbc06ef47
[INFO] [stderr]                                  at /rustc/82e1608dfa6e0b5569232559e3d385fea5a93112/library/std/src/rt.rs:148:48
[INFO] [stderr]     28:     0x55c49408f457 - std::panicking::try::do_call::ha21f52ba13158470
[INFO] [stderr]                                  at /rustc/82e1608dfa6e0b5569232559e3d385fea5a93112/library/std/src/panicking.rs:552:40
[INFO] [stderr]     29:     0x55c49408f457 - std::panicking::try::h5581346bf6aeb1f8
[INFO] [stderr]                                  at /rustc/82e1608dfa6e0b5569232559e3d385fea5a93112/library/std/src/panicking.rs:516:19
[INFO] [stderr]     30:     0x55c49408f457 - std::panic::catch_unwind::h7919645a6b72e25b
[INFO] [stderr]                                  at /rustc/82e1608dfa6e0b5569232559e3d385fea5a93112/library/std/src/panic.rs:142:14
[INFO] [stderr]     31:     0x55c49408f457 - std::rt::lang_start_internal::h12de51168669836e
[INFO] [stderr]                                  at /rustc/82e1608dfa6e0b5569232559e3d385fea5a93112/library/std/src/rt.rs:148:20
[INFO] [stderr]     32:     0x55c494067957 - std::rt::lang_start::h785141e15bba3816
[INFO] [stderr]     33:     0x55c494054eb5 - main
[INFO] [stderr]     34:     0x7f279a417d90 - <unknown>
[INFO] [stderr]     35:     0x7f279a417e40 - __libc_start_main
[INFO] [stderr]     36:     0x55c494047105 - _start
[INFO] [stderr]     37:                0x0 - <unknown>
[INFO] running `Command { std: "docker" "inspect" "f49d12da2dc5881016fa51082e4d80a10569b83fd2e69ed6dcd9d53a9719c517", kill_on_drop: false }`
[INFO] running `Command { std: "docker" "rm" "-f" "f49d12da2dc5881016fa51082e4d80a10569b83fd2e69ed6dcd9d53a9719c517", kill_on_drop: false }`
[INFO] [stdout] f49d12da2dc5881016fa51082e4d80a10569b83fd2e69ed6dcd9d53a9719c517
