[INFO] cloning repository https://github.com/NikVolf/ssph
[INFO] running `Command { std: "git" "-c" "credential.helper=" "-c" "credential.helper=/workspace/cargo-home/bin/git-credential-null" "clone" "--bare" "https://github.com/NikVolf/ssph" "/workspace/cache/git-repos/https%3A%2F%2Fgithub.com%2FNikVolf%2Fssph", kill_on_drop: false }`
[INFO] [stderr] Cloning into bare repository '/workspace/cache/git-repos/https%3A%2F%2Fgithub.com%2FNikVolf%2Fssph'...
[INFO] running `Command { std: "git" "rev-parse" "HEAD", kill_on_drop: false }`
[INFO] [stdout] d0773b9966d2eeea5bfa0310ac41d7521cb37b41
[INFO] documenting NikVolf/ssph against 1.75.0 for beta-1.76-rustdoc-1
[INFO] running `Command { std: "git" "clone" "/workspace/cache/git-repos/https%3A%2F%2Fgithub.com%2FNikVolf%2Fssph" "/workspace/builds/worker-1-tc1/source", kill_on_drop: false }`
[INFO] [stderr] Cloning into '/workspace/builds/worker-1-tc1/source'...
[INFO] [stderr] done.
[INFO] validating manifest of git repo https://github.com/NikVolf/ssph on toolchain 1.75.0
[INFO] running `Command { std: CARGO_HOME="/workspace/cargo-home" RUSTUP_HOME="/workspace/rustup-home" "/workspace/cargo-home/bin/cargo" "+1.75.0" "metadata" "--manifest-path" "Cargo.toml" "--no-deps", kill_on_drop: false }`
[INFO] started tweaking git repo https://github.com/NikVolf/ssph
[INFO] finished tweaking git repo https://github.com/NikVolf/ssph
[INFO] tweaked toml for git repo https://github.com/NikVolf/ssph written to /workspace/builds/worker-1-tc1/source/Cargo.toml
[INFO] crate git repo https://github.com/NikVolf/ssph already has a lockfile, it will not be regenerated
[INFO] running `Command { std: CARGO_HOME="/workspace/cargo-home" RUSTUP_HOME="/workspace/rustup-home" "/workspace/cargo-home/bin/cargo" "+1.75.0" "fetch" "--manifest-path" "Cargo.toml", kill_on_drop: false }`
[INFO] [stderr]     Updating crates.io index
[INFO] [stderr]  Downloading crates ...
[INFO] [stderr]   Downloaded num-traits v0.1.39
[INFO] [stderr]   Downloaded ncollide_math v0.7.0
[INFO] [stderr]   Downloaded freetype-sys v0.4.0
[INFO] [stderr]   Downloaded num-bigint v0.1.39
[INFO] [stderr]   Downloaded alga v0.5.1
[INFO] [stderr]   Downloaded gl v0.6.2
[INFO] [stderr]   Downloaded generic-array v0.2.1
[INFO] [stderr]   Downloaded num-integer v0.1.34
[INFO] [stderr]   Downloaded gl_generator v0.5.3
[INFO] [stderr]   Downloaded ncollide_procedural v0.7.0
[INFO] [stderr]   Downloaded num-complex v0.1.38
[INFO] [stderr]   Downloaded nalgebra v0.12.3
[INFO] [stderr]   Downloaded typenum v1.9.0
[INFO] [stderr]   Downloaded num v0.1.39
[INFO] [stderr]   Downloaded libc v0.2.23
[INFO] [stderr]   Downloaded png v0.4.3
[INFO] [stderr]   Downloaded glfw-sys v3.2.2
[INFO] [stderr]   Downloaded flate2 v0.2.19
[INFO] [stderr]   Downloaded num-rational v0.1.38
[INFO] [stderr]   Downloaded ncollide_utils v0.7.0
[INFO] [stderr]   Downloaded cmake v0.1.24
[INFO] [stderr]   Downloaded vcpkg v0.2.1
[INFO] [stderr]   Downloaded kiss3d v0.9.0
[INFO] [stderr]   Downloaded glfw v0.8.0
[INFO] [stderr]   Downloaded freetype-rs v0.9.0
[INFO] [stderr]   Downloaded libz-sys v1.0.14
[INFO] running `Command { std: "docker" "create" "-v" "/var/lib/crater-agent-workspace/builds/worker-1-tc1/target:/opt/rustwide/target:rw,Z" "-v" "/var/lib/crater-agent-workspace/builds/worker-1-tc1/source:/opt/rustwide/workdir:ro,Z" "-v" "/var/lib/crater-agent-workspace/cargo-home:/opt/rustwide/cargo-home:ro,Z" "-v" "/var/lib/crater-agent-workspace/rustup-home:/opt/rustwide/rustup-home:ro,Z" "-e" "SOURCE_DIR=/opt/rustwide/workdir" "-e" "CARGO_TARGET_DIR=/opt/rustwide/target" "-e" "CARGO_HOME=/opt/rustwide/cargo-home" "-e" "RUSTUP_HOME=/opt/rustwide/rustup-home" "-w" "/opt/rustwide/workdir" "-m" "1610612736" "--user" "0:0" "--network" "none" "ghcr.io/rust-lang/crates-build-env/linux@sha256:2788e3201cd34a07e3172128adcd8b3090168a8e3bcc40d7c032b9dda1df7d1c" "/opt/rustwide/cargo-home/bin/cargo" "+1.75.0" "metadata" "--no-deps" "--format-version=1", kill_on_drop: false }`
[INFO] [stdout] fa936a8af46ec3beba2283c8ab0707bb2674622aed9dd4c528dfe9a6a2d117a9
[INFO] running `Command { std: "docker" "start" "-a" "fa936a8af46ec3beba2283c8ab0707bb2674622aed9dd4c528dfe9a6a2d117a9", kill_on_drop: false }`
[INFO] running `Command { std: "docker" "inspect" "fa936a8af46ec3beba2283c8ab0707bb2674622aed9dd4c528dfe9a6a2d117a9", kill_on_drop: false }`
[INFO] running `Command { std: "docker" "rm" "-f" "fa936a8af46ec3beba2283c8ab0707bb2674622aed9dd4c528dfe9a6a2d117a9", kill_on_drop: false }`
[INFO] [stdout] fa936a8af46ec3beba2283c8ab0707bb2674622aed9dd4c528dfe9a6a2d117a9
[INFO] running `Command { std: "docker" "create" "-v" "/var/lib/crater-agent-workspace/builds/worker-1-tc1/target:/opt/rustwide/target:rw,Z" "-v" "/var/lib/crater-agent-workspace/builds/worker-1-tc1/source:/opt/rustwide/workdir:ro,Z" "-v" "/var/lib/crater-agent-workspace/cargo-home:/opt/rustwide/cargo-home:ro,Z" "-v" "/var/lib/crater-agent-workspace/rustup-home:/opt/rustwide/rustup-home:ro,Z" "-e" "SOURCE_DIR=/opt/rustwide/workdir" "-e" "CARGO_TARGET_DIR=/opt/rustwide/target" "-e" "CARGO_INCREMENTAL=0" "-e" "RUST_BACKTRACE=full" "-e" "RUSTFLAGS=--cap-lints=warn" "-e" "RUSTDOCFLAGS=--cap-lints=warn" "-e" "CARGO_HOME=/opt/rustwide/cargo-home" "-e" "RUSTUP_HOME=/opt/rustwide/rustup-home" "-w" "/opt/rustwide/workdir" "-m" "1610612736" "--user" "0:0" "--network" "none" "ghcr.io/rust-lang/crates-build-env/linux@sha256:2788e3201cd34a07e3172128adcd8b3090168a8e3bcc40d7c032b9dda1df7d1c" "/opt/rustwide/cargo-home/bin/cargo" "+1.75.0" "doc" "--frozen" "--no-deps" "--document-private-items" "--message-format=json", kill_on_drop: false }`
[INFO] [stdout] 531c29e8c291240936f0cd9707ef5eb21a3b383c893635f3eabc905609ff6ab3
[INFO] running `Command { std: "docker" "start" "-a" "531c29e8c291240936f0cd9707ef5eb21a3b383c893635f3eabc905609ff6ab3", kill_on_drop: false }`
[INFO] [stderr]    Compiling gcc v0.3.51
[INFO] [stderr]     Checking libc v0.2.23
[INFO] [stderr]     Checking num-traits v0.1.39
[INFO] [stderr]     Checking rustc-serialize v0.3.24
[INFO] [stderr]    Compiling pkg-config v0.3.9
[INFO] [stderr]    Compiling typenum v1.9.0
[INFO] [stderr]    Compiling bitflags v0.7.0
[INFO] [stderr]     Checking approx v0.1.1
[INFO] [stderr]    Compiling xml-rs v0.3.6
[INFO] [stderr]    Compiling khronos_api v1.0.1
[INFO] [stderr]     Checking rand v0.3.15
[INFO] [stderr]    Compiling cmake v0.1.24
[INFO] [stderr]     Checking num-integer v0.1.34
[INFO] [stderr]    Compiling log v0.3.8
[INFO] [stderr]     Checking num-iter v0.1.33
[INFO] [stderr]    Compiling gl_generator v0.5.3
[INFO] [stderr]    Compiling freetype-sys v0.4.0
[INFO] [stderr]     Checking enum_primitive v0.1.1
[INFO] [stderr]     Checking lzw v0.9.0
[INFO] [stderr]     Checking bitflags v0.3.3
[INFO] [stderr]    Compiling miniz-sys v0.1.9
[INFO] [stderr]    Compiling libz-sys v1.0.14
[INFO] [stderr]    Compiling glfw-sys v3.2.2
[INFO] [stderr]     Checking bitflags v0.6.0
[INFO] [stderr]     Checking inflate v0.1.1
[INFO] [stderr]     Checking nom v1.2.4
[INFO] [stderr]     Checking color_quant v1.0.0
[INFO] [stderr]     Checking generic-array v0.2.1
[INFO] [stderr]    Compiling gl v0.6.2
[INFO] [stderr]     Checking gif v0.7.0
[INFO] [stderr]     Checking num-complex v0.1.38
[INFO] [stderr]     Checking num-bigint v0.1.39
[INFO] [stderr]     Checking semver v0.2.3
[INFO] [stderr]     Checking flate2 v0.2.19
[INFO] [stderr]     Checking glob v0.2.11
[INFO] [stderr]     Checking byteorder v0.4.2
[INFO] [stderr]     Checking freetype-rs v0.9.0
[INFO] [stderr]     Checking num-rational v0.1.38
[INFO] [stderr]     Checking world v0.1.0 (/opt/rustwide/workdir/world)
[INFO] [stderr]     Checking alga v0.5.1
[INFO] [stderr]     Checking num v0.1.39
[INFO] [stderr]     Checking png v0.4.3
[INFO] [stderr]     Checking nalgebra v0.12.3
[INFO] [stderr]     Checking image v0.6.1
[INFO] [stdout] error[E0119]: conflicting implementations of trait `Mul<&_>` for type `translation::TranslationBase<_, _, _>`
[INFO] [stdout]    --> /opt/rustwide/cargo-home/registry/src/index.crates.io-6f17d22bba15001f/nalgebra-0.12.3/src/geometry/isometry_ops.rs:68:9
[INFO] [stdout]     |
[INFO] [stdout] 68  | /         impl<$($lives ,)* N, D: DimName, S, R> $Op<$Rhs> for $Lhs
[INFO] [stdout] 69  | |             where N: Real,
[INFO] [stdout] 70  | |                   S: OwnedStorage<N, D, U1>,
[INFO] [stdout] 71  | |                   R: Rotation<PointBase<N, D, S>>,
[INFO] [stdout] 72  | |                   S::Alloc: OwnedAllocator<N, D, U1, S> {
[INFO] [stdout]     | |                                                       ^
[INFO] [stdout]     | |                                                       |
[INFO] [stdout]     | |_______________________________________________________first implementation here
[INFO] [stdout]     |                                                         conflicting implementation for `translation::TranslationBase<_, _, _>`
[INFO] [stdout] ...
[INFO] [stdout] 286 | / isometry_binop_impl_all!(
[INFO] [stdout] 287 | |     Mul, mul;
[INFO] [stdout] 288 | |     self: TranslationBase<N, D, S>, right: R, Output = IsometryBase<N, D, S, R>;
[INFO] [stdout] 289 | |     [val val] => IsometryBase::from_parts(self, right);
[INFO] [stdout] ...   |
[INFO] [stdout] 292 | |     [ref ref] => IsometryBase::from_parts(self.clone(), right.clone());
[INFO] [stdout] 293 | | );
[INFO] [stdout]     | |_- in this macro invocation
[INFO] [stdout]     |
[INFO] [stdout]     = note: downstream crates may implement trait `alga::linear::Rotation<geometry::point::PointBase<_, _, _>>` for type `&_`
[INFO] [stdout]     = note: this error originates in the macro `isometry_binop_impl` which comes from the expansion of the macro `isometry_binop_impl_all` (in Nightly builds, run with -Z macro-backtrace for more info)
[INFO] [stdout] 
[INFO] [stdout] 
[INFO] [stdout] error[E0119]: conflicting implementations of trait `Mul<&_>` for type `&translation::TranslationBase<_, _, _>`
[INFO] [stdout]    --> /opt/rustwide/cargo-home/registry/src/index.crates.io-6f17d22bba15001f/nalgebra-0.12.3/src/geometry/isometry_ops.rs:68:9
[INFO] [stdout]     |
[INFO] [stdout] 68  | /         impl<$($lives ,)* N, D: DimName, S, R> $Op<$Rhs> for $Lhs
[INFO] [stdout] 69  | |             where N: Real,
[INFO] [stdout] 70  | |                   S: OwnedStorage<N, D, U1>,
[INFO] [stdout] 71  | |                   R: Rotation<PointBase<N, D, S>>,
[INFO] [stdout] 72  | |                   S::Alloc: OwnedAllocator<N, D, U1, S> {
[INFO] [stdout]     | |                                                       ^
[INFO] [stdout]     | |                                                       |
[INFO] [stdout]     | |_______________________________________________________first implementation here
[INFO] [stdout]     |                                                         conflicting implementation for `&translation::TranslationBase<_, _, _>`
[INFO] [stdout] ...
[INFO] [stdout] 286 | / isometry_binop_impl_all!(
[INFO] [stdout] 287 | |     Mul, mul;
[INFO] [stdout] 288 | |     self: TranslationBase<N, D, S>, right: R, Output = IsometryBase<N, D, S, R>;
[INFO] [stdout] 289 | |     [val val] => IsometryBase::from_parts(self, right);
[INFO] [stdout] ...   |
[INFO] [stdout] 292 | |     [ref ref] => IsometryBase::from_parts(self.clone(), right.clone());
[INFO] [stdout] 293 | | );
[INFO] [stdout]     | |_- in this macro invocation
[INFO] [stdout]     |
[INFO] [stdout]     = note: downstream crates may implement trait `alga::linear::Rotation<geometry::point::PointBase<_, _, _>>` for type `&_`
[INFO] [stdout]     = note: this error originates in the macro `isometry_binop_impl` which comes from the expansion of the macro `isometry_binop_impl_all` (in Nightly builds, run with -Z macro-backtrace for more info)
[INFO] [stdout] 
[INFO] [stdout] 
[INFO] [stdout] error: aborting due to 2 previous errors
[INFO] [stdout] 
[INFO] [stdout] 
[INFO] [stdout] For more information about this error, try `rustc --explain E0119`.
[INFO] [stdout] 
[INFO] [stderr] error: could not compile `nalgebra` (lib) due to 3 previous errors
[INFO] [stderr] warning: build failed, waiting for other jobs to finish...
[INFO] running `Command { std: "docker" "inspect" "531c29e8c291240936f0cd9707ef5eb21a3b383c893635f3eabc905609ff6ab3", kill_on_drop: false }`
[INFO] running `Command { std: "docker" "rm" "-f" "531c29e8c291240936f0cd9707ef5eb21a3b383c893635f3eabc905609ff6ab3", kill_on_drop: false }`
[INFO] [stdout] 531c29e8c291240936f0cd9707ef5eb21a3b383c893635f3eabc905609ff6ab3
[INFO] documenting NikVolf/ssph against beta-2023-12-22 for beta-1.76-rustdoc-1
[INFO] running `Command { std: "git" "clone" "/workspace/cache/git-repos/https%3A%2F%2Fgithub.com%2FNikVolf%2Fssph" "/workspace/builds/worker-1-tc2/source", kill_on_drop: false }`
[INFO] [stderr] Cloning into '/workspace/builds/worker-1-tc2/source'...
[INFO] [stderr] done.
[INFO] validating manifest of git repo https://github.com/NikVolf/ssph on toolchain beta-2023-12-22
[INFO] running `Command { std: CARGO_HOME="/workspace/cargo-home" RUSTUP_HOME="/workspace/rustup-home" "/workspace/cargo-home/bin/cargo" "+beta-2023-12-22" "metadata" "--manifest-path" "Cargo.toml" "--no-deps", kill_on_drop: false }`
[INFO] started tweaking git repo https://github.com/NikVolf/ssph
[INFO] finished tweaking git repo https://github.com/NikVolf/ssph
[INFO] tweaked toml for git repo https://github.com/NikVolf/ssph written to /workspace/builds/worker-1-tc2/source/Cargo.toml
[INFO] crate git repo https://github.com/NikVolf/ssph already has a lockfile, it will not be regenerated
[INFO] running `Command { std: CARGO_HOME="/workspace/cargo-home" RUSTUP_HOME="/workspace/rustup-home" "/workspace/cargo-home/bin/cargo" "+beta-2023-12-22" "fetch" "--manifest-path" "Cargo.toml", kill_on_drop: false }`
[INFO] running `Command { std: "docker" "create" "-v" "/var/lib/crater-agent-workspace/builds/worker-1-tc2/target:/opt/rustwide/target:rw,Z" "-v" "/var/lib/crater-agent-workspace/builds/worker-1-tc2/source:/opt/rustwide/workdir:ro,Z" "-v" "/var/lib/crater-agent-workspace/cargo-home:/opt/rustwide/cargo-home:ro,Z" "-v" "/var/lib/crater-agent-workspace/rustup-home:/opt/rustwide/rustup-home:ro,Z" "-e" "SOURCE_DIR=/opt/rustwide/workdir" "-e" "CARGO_TARGET_DIR=/opt/rustwide/target" "-e" "CARGO_HOME=/opt/rustwide/cargo-home" "-e" "RUSTUP_HOME=/opt/rustwide/rustup-home" "-w" "/opt/rustwide/workdir" "-m" "1610612736" "--user" "0:0" "--network" "none" "ghcr.io/rust-lang/crates-build-env/linux@sha256:2788e3201cd34a07e3172128adcd8b3090168a8e3bcc40d7c032b9dda1df7d1c" "/opt/rustwide/cargo-home/bin/cargo" "+beta-2023-12-22" "metadata" "--no-deps" "--format-version=1", kill_on_drop: false }`
[INFO] [stdout] 242fde9e0bd880cd348cc47a15a9c50068684319237b2658efb8054a36f0ad57
[INFO] running `Command { std: "docker" "start" "-a" "242fde9e0bd880cd348cc47a15a9c50068684319237b2658efb8054a36f0ad57", kill_on_drop: false }`
[INFO] running `Command { std: "docker" "inspect" "242fde9e0bd880cd348cc47a15a9c50068684319237b2658efb8054a36f0ad57", kill_on_drop: false }`
[INFO] running `Command { std: "docker" "rm" "-f" "242fde9e0bd880cd348cc47a15a9c50068684319237b2658efb8054a36f0ad57", kill_on_drop: false }`
[INFO] [stdout] 242fde9e0bd880cd348cc47a15a9c50068684319237b2658efb8054a36f0ad57
[INFO] running `Command { std: "docker" "create" "-v" "/var/lib/crater-agent-workspace/builds/worker-1-tc2/target:/opt/rustwide/target:rw,Z" "-v" "/var/lib/crater-agent-workspace/builds/worker-1-tc2/source:/opt/rustwide/workdir:ro,Z" "-v" "/var/lib/crater-agent-workspace/cargo-home:/opt/rustwide/cargo-home:ro,Z" "-v" "/var/lib/crater-agent-workspace/rustup-home:/opt/rustwide/rustup-home:ro,Z" "-e" "SOURCE_DIR=/opt/rustwide/workdir" "-e" "CARGO_TARGET_DIR=/opt/rustwide/target" "-e" "CARGO_INCREMENTAL=0" "-e" "RUST_BACKTRACE=full" "-e" "RUSTFLAGS=--cap-lints=warn" "-e" "RUSTDOCFLAGS=--cap-lints=warn" "-e" "CARGO_HOME=/opt/rustwide/cargo-home" "-e" "RUSTUP_HOME=/opt/rustwide/rustup-home" "-w" "/opt/rustwide/workdir" "-m" "1610612736" "--user" "0:0" "--network" "none" "ghcr.io/rust-lang/crates-build-env/linux@sha256:2788e3201cd34a07e3172128adcd8b3090168a8e3bcc40d7c032b9dda1df7d1c" "/opt/rustwide/cargo-home/bin/cargo" "+beta-2023-12-22" "doc" "--frozen" "--no-deps" "--document-private-items" "--message-format=json", kill_on_drop: false }`
[INFO] [stdout] 037a21a1083dbc2e3f709a9bd8c52f4f5eb9f43669020b39729ca90df4c3afa7
[INFO] running `Command { std: "docker" "start" "-a" "037a21a1083dbc2e3f709a9bd8c52f4f5eb9f43669020b39729ca90df4c3afa7", kill_on_drop: false }`
[INFO] [stderr]    Compiling gcc v0.3.51
[INFO] [stderr]     Checking libc v0.2.23
[INFO] [stderr]     Checking num-traits v0.1.39
[INFO] [stderr]     Checking rustc-serialize v0.3.24
[INFO] [stderr]    Compiling pkg-config v0.3.9
[INFO] [stderr]    Compiling typenum v1.9.0
[INFO] [stderr]     Checking approx v0.1.1
[INFO] [stderr]    Compiling bitflags v0.7.0
[INFO] [stderr]    Compiling xml-rs v0.3.6
[INFO] [stderr]    Compiling khronos_api v1.0.1
[INFO] [stderr]    Compiling log v0.3.8
[INFO] [stderr]     Checking rand v0.3.15
[INFO] [stdout] error[E0310]: the parameter type `T` may not live long enough
[INFO] [stdout]     --> /opt/rustwide/cargo-home/registry/src/index.crates.io-6f17d22bba15001f/rustc-serialize-0.3.24/src/serialize.rs:1155:5
[INFO] [stdout]      |
[INFO] [stdout] 1155 |     fn decode<D: Decoder>(d: &mut D) -> Result<Cow<'static, T>, D::Error> {
[INFO] [stdout]      |     ^^^^^^^^^^^^^^^^^^^^^^^^^^^^^^^^^^^^^^^^^^^^^^^^^^^^^^^^^^^^^^^^^^^^^
[INFO] [stdout]      |     |
[INFO] [stdout]      |     the parameter type `T` must be valid for the static lifetime...
[INFO] [stdout]      |     ...so that the type `T` will meet its required lifetime bounds...
[INFO] [stdout]      |
[INFO] [stdout] note: ...that is required by this bound
[INFO] [stdout]     --> /rustc/0e09125c6c3c2fd70d7de961bcf0e51575235fad/library/alloc/src/borrow.rs:180:30
[INFO] [stdout] help: consider adding an explicit lifetime bound
[INFO] [stdout]      |
[INFO] [stdout] 1151 | impl<'a, T: ?Sized + 'static> Decodable for Cow<'a, T>
[INFO] [stdout]      |                    +++++++++
[INFO] [stdout] 
[INFO] [stdout] 
[INFO] [stderr]    Compiling cmake v0.1.24
[INFO] [stderr]     Checking num-integer v0.1.34
[INFO] [stderr]    Compiling freetype-sys v0.4.0
[INFO] [stderr]     Checking num-iter v0.1.33
[INFO] [stderr]    Compiling gl_generator v0.5.3
[INFO] [stderr]     Checking enum_primitive v0.1.1
[INFO] [stderr]    Compiling miniz-sys v0.1.9
[INFO] [stderr]    Compiling libz-sys v1.0.14
[INFO] [stderr]    Compiling glfw-sys v3.2.2
[INFO] [stderr]     Checking bitflags v0.6.0
[INFO] [stderr]     Checking nom v1.2.4
[INFO] [stdout] error: aborting due to 1 previous error
[INFO] [stdout] 
[INFO] [stdout] 
[INFO] [stdout] For more information about this error, try `rustc --explain E0310`.
[INFO] [stdout] 
[INFO] [stderr] error: could not compile `rustc-serialize` (lib) due to 2 previous errors
[INFO] [stderr] warning: build failed, waiting for other jobs to finish...
[INFO] running `Command { std: "docker" "inspect" "037a21a1083dbc2e3f709a9bd8c52f4f5eb9f43669020b39729ca90df4c3afa7", kill_on_drop: false }`
[INFO] running `Command { std: "docker" "rm" "-f" "037a21a1083dbc2e3f709a9bd8c52f4f5eb9f43669020b39729ca90df4c3afa7", kill_on_drop: false }`
[INFO] [stdout] 037a21a1083dbc2e3f709a9bd8c52f4f5eb9f43669020b39729ca90df4c3afa7
