[INFO] cloning repository https://github.com/Niederb/bundesrat
[INFO] running `Command { std: "git" "-c" "credential.helper=" "-c" "credential.helper=/workspace/cargo-home/bin/git-credential-null" "clone" "--bare" "https://github.com/Niederb/bundesrat" "/workspace/cache/git-repos/https%3A%2F%2Fgithub.com%2FNiederb%2Fbundesrat", kill_on_drop: false }`
[INFO] [stderr] Cloning into bare repository '/workspace/cache/git-repos/https%3A%2F%2Fgithub.com%2FNiederb%2Fbundesrat'...
[INFO] running `Command { std: "git" "rev-parse" "HEAD", kill_on_drop: false }`
[INFO] [stdout] 7f623f76d0b950c4ce1ae7af8f5694bb64d25616
[INFO] documenting Niederb/bundesrat against 1.75.0 for beta-1.76-rustdoc-1
[INFO] running `Command { std: "git" "clone" "/workspace/cache/git-repos/https%3A%2F%2Fgithub.com%2FNiederb%2Fbundesrat" "/workspace/builds/worker-5-tc1/source", kill_on_drop: false }`
[INFO] [stderr] Cloning into '/workspace/builds/worker-5-tc1/source'...
[INFO] [stderr] done.
[INFO] validating manifest of git repo https://github.com/Niederb/bundesrat on toolchain 1.75.0
[INFO] running `Command { std: CARGO_HOME="/workspace/cargo-home" RUSTUP_HOME="/workspace/rustup-home" "/workspace/cargo-home/bin/cargo" "+1.75.0" "metadata" "--manifest-path" "Cargo.toml" "--no-deps", kill_on_drop: false }`
[INFO] started tweaking git repo https://github.com/Niederb/bundesrat
[INFO] finished tweaking git repo https://github.com/Niederb/bundesrat
[INFO] tweaked toml for git repo https://github.com/Niederb/bundesrat written to /workspace/builds/worker-5-tc1/source/Cargo.toml
[INFO] crate git repo https://github.com/Niederb/bundesrat already has a lockfile, it will not be regenerated
[INFO] running `Command { std: CARGO_HOME="/workspace/cargo-home" RUSTUP_HOME="/workspace/rustup-home" "/workspace/cargo-home/bin/cargo" "+1.75.0" "fetch" "--manifest-path" "Cargo.toml", kill_on_drop: false }`
[INFO] [stderr]     Updating crates.io index
[INFO] [stderr]  Downloading crates ...
[INFO] [stderr]   Downloaded unsafe_unwrap v0.1.0
[INFO] [stderr]   Downloaded plotly_derive v0.8.3
[INFO] [stderr]   Downloaded polars-arrow v0.12.1
[INFO] [stderr]   Downloaded flatbuffers v0.8.4
[INFO] [stderr]   Downloaded serde_with_macros v2.1.0
[INFO] [stderr]   Downloaded ahash v0.6.3
[INFO] [stderr]   Downloaded parquet-format v2.6.1
[INFO] [stderr]   Downloaded serde_with v2.1.0
[INFO] [stderr]   Downloaded parquet v3.0.0
[INFO] [stderr]   Downloaded plotly v0.8.3
[INFO] [stderr]   Downloaded arrow v3.0.0
[INFO] [stderr]   Downloaded comfy-table v1.6.0
[INFO] [stderr]   Downloaded polars v0.12.1
[INFO] [stderr]   Downloaded polars-lazy v0.12.1
[INFO] [stderr]   Downloaded polars-io v0.12.1
[INFO] [stderr]   Downloaded fast-float v0.1.0
[INFO] [stderr]   Downloaded polars-core v0.12.1
[INFO] running `Command { std: "docker" "create" "-v" "/var/lib/crater-agent-workspace/builds/worker-5-tc1/target:/opt/rustwide/target:rw,Z" "-v" "/var/lib/crater-agent-workspace/builds/worker-5-tc1/source:/opt/rustwide/workdir:ro,Z" "-v" "/var/lib/crater-agent-workspace/cargo-home:/opt/rustwide/cargo-home:ro,Z" "-v" "/var/lib/crater-agent-workspace/rustup-home:/opt/rustwide/rustup-home:ro,Z" "-e" "SOURCE_DIR=/opt/rustwide/workdir" "-e" "CARGO_TARGET_DIR=/opt/rustwide/target" "-e" "CARGO_HOME=/opt/rustwide/cargo-home" "-e" "RUSTUP_HOME=/opt/rustwide/rustup-home" "-w" "/opt/rustwide/workdir" "-m" "1610612736" "--user" "0:0" "--network" "none" "ghcr.io/rust-lang/crates-build-env/linux@sha256:2788e3201cd34a07e3172128adcd8b3090168a8e3bcc40d7c032b9dda1df7d1c" "/opt/rustwide/cargo-home/bin/cargo" "+1.75.0" "metadata" "--no-deps" "--format-version=1", kill_on_drop: false }`
[INFO] [stdout] 48141bc1cbd37a7f49772279d340759f8236056a27cfea2f6dae1c7fe97ee58c
[INFO] running `Command { std: "docker" "start" "-a" "48141bc1cbd37a7f49772279d340759f8236056a27cfea2f6dae1c7fe97ee58c", kill_on_drop: false }`
[INFO] running `Command { std: "docker" "inspect" "48141bc1cbd37a7f49772279d340759f8236056a27cfea2f6dae1c7fe97ee58c", kill_on_drop: false }`
[INFO] running `Command { std: "docker" "rm" "-f" "48141bc1cbd37a7f49772279d340759f8236056a27cfea2f6dae1c7fe97ee58c", kill_on_drop: false }`
[INFO] [stdout] 48141bc1cbd37a7f49772279d340759f8236056a27cfea2f6dae1c7fe97ee58c
[INFO] running `Command { std: "docker" "create" "-v" "/var/lib/crater-agent-workspace/builds/worker-5-tc1/target:/opt/rustwide/target:rw,Z" "-v" "/var/lib/crater-agent-workspace/builds/worker-5-tc1/source:/opt/rustwide/workdir:ro,Z" "-v" "/var/lib/crater-agent-workspace/cargo-home:/opt/rustwide/cargo-home:ro,Z" "-v" "/var/lib/crater-agent-workspace/rustup-home:/opt/rustwide/rustup-home:ro,Z" "-e" "SOURCE_DIR=/opt/rustwide/workdir" "-e" "CARGO_TARGET_DIR=/opt/rustwide/target" "-e" "CARGO_INCREMENTAL=0" "-e" "RUST_BACKTRACE=full" "-e" "RUSTFLAGS=--cap-lints=warn" "-e" "RUSTDOCFLAGS=--cap-lints=warn" "-e" "CARGO_HOME=/opt/rustwide/cargo-home" "-e" "RUSTUP_HOME=/opt/rustwide/rustup-home" "-w" "/opt/rustwide/workdir" "-m" "1610612736" "--user" "0:0" "--network" "none" "ghcr.io/rust-lang/crates-build-env/linux@sha256:2788e3201cd34a07e3172128adcd8b3090168a8e3bcc40d7c032b9dda1df7d1c" "/opt/rustwide/cargo-home/bin/cargo" "+1.75.0" "doc" "--frozen" "--no-deps" "--document-private-items" "--message-format=json", kill_on_drop: false }`
[INFO] [stdout] 1150f19a3469f43129e6c6c878f5b86d25a7d89fafb08497585afbc83773e612
[INFO] running `Command { std: "docker" "start" "-a" "1150f19a3469f43129e6c6c878f5b86d25a7d89fafb08497585afbc83773e612", kill_on_drop: false }`
[INFO] [stderr]    Compiling libc v0.2.138
[INFO] [stderr]    Compiling proc-macro2 v1.0.47
[INFO] [stderr]    Compiling quote v1.0.21
[INFO] [stderr]    Compiling unicode-ident v1.0.5
[INFO] [stderr]    Compiling syn v1.0.105
[INFO] [stderr]    Compiling serde_derive v1.0.150
[INFO] [stderr]    Compiling serde v1.0.150
[INFO] [stderr]     Checking ryu v1.0.11
[INFO] [stderr]    Compiling indexmap v1.9.2
[INFO] [stderr]    Compiling log v0.4.17
[INFO] [stderr]    Compiling unicase v2.6.0
[INFO] [stderr]    Compiling serde_json v1.0.89
[INFO] [stderr]    Compiling crossbeam-utils v0.8.14
[INFO] [stderr]     Checking num-integer v0.1.45
[INFO] [stderr]    Compiling num-bigint v0.3.3
[INFO] [stderr]    Compiling memoffset v0.7.1
[INFO] [stderr]     Checking itoa v1.0.4
[INFO] [stderr]    Compiling num-rational v0.3.2
[INFO] [stderr]    Compiling crossbeam-epoch v0.9.13
[INFO] [stderr]    Compiling num-iter v0.1.43
[INFO] [stderr]    Compiling thiserror v1.0.37
[INFO] [stderr]    Compiling libm v0.1.4
[INFO] [stderr]    Compiling lexical-core v0.7.6
[INFO] [stderr]     Checking arrayvec v0.5.2
[INFO] [stderr]     Checking regex-automata v0.1.10
[INFO] [stderr]    Compiling packed_simd_2 v0.3.8
[INFO] [stderr]    Compiling parking_lot_core v0.8.5
[INFO] [stderr]    Compiling mime_guess v2.0.4
[INFO] [stderr]     Checking csv-core v0.1.10
[INFO] [stderr]     Checking num-complex v0.3.1
[INFO] [stderr]    Compiling zstd-safe v3.0.1+zstd.1.4.9
[INFO] [stderr]    Compiling rayon-core v1.10.1
[INFO] [stderr]     Checking iana-time-zone v0.1.53
[INFO] [stderr]     Checking regex-syntax v0.6.28
[INFO] [stderr]     Checking alloc-no-stdlib v2.0.4
[INFO] [stderr]     Checking crossbeam-channel v0.5.6
[INFO] [stderr]     Checking ordered-float v1.1.1
[INFO] [stderr]     Checking alloc-stdlib v0.2.2
[INFO] [stderr]     Checking crossbeam-deque v0.8.2
[INFO] [stderr]    Compiling unicode-segmentation v1.10.0
[INFO] [stderr]     Checking integer-encoding v1.1.7
[INFO] [stderr]    Compiling snap v1.1.0
[INFO] [stderr]     Checking either v1.8.0
[INFO] [stderr]    Compiling jobserver v0.1.25
[INFO] [stderr]     Checking brotli-decompressor v2.3.2
[INFO] [stderr]     Checking num_cpus v1.14.0
[INFO] [stderr]     Checking getrandom v0.1.16
[INFO] [stderr]     Checking getrandom v0.2.8
[INFO] [stderr]     Checking time v0.1.45
[INFO] [stderr]     Checking threadpool v1.8.1
[INFO] [stderr]     Checking mio v0.7.14
[INFO] [stderr]    Compiling cc v1.0.77
[INFO] [stderr]     Checking rand_core v0.5.1
[INFO] [stderr]     Checking signal-hook-registry v1.4.0
[INFO] [stderr]     Checking thrift v0.13.0
[INFO] [stderr]    Compiling heck v0.3.3
[INFO] [stderr]     Checking rand_chacha v0.2.2
[INFO] [stderr]     Checking chrono v0.4.23
[INFO] [stderr]    Compiling memchr v2.5.0
[INFO] [stderr]    Compiling ahash v0.6.3
[INFO] [stderr]     Checking signal-hook v0.1.17
[INFO] [stderr]     Checking parking_lot v0.11.2
[INFO] [stderr]     Checking rand v0.7.3
[INFO] [stderr]     Checking once_cell v1.16.0
[INFO] [stderr]    Compiling anyhow v1.0.66
[INFO] [stderr]    Compiling parquet v3.0.0
[INFO] [stderr]     Checking crossterm v0.19.0
[INFO] [stderr]     Checking parquet-format v2.6.1
[INFO] [stderr]     Checking rayon v1.6.1
[INFO] [stderr]     Checking brotli v3.3.4
[INFO] [stderr]     Checking ahash v0.4.7
[INFO] [stderr]     Checking num v0.3.1
[INFO] [stderr]     Checking base64 v0.12.3
[INFO] [stderr]    Compiling minimal-lexical v0.2.1
[INFO] [stderr]    Compiling mime v0.3.16
[INFO] [stderr]     Checking strum v0.20.0
[INFO] [stderr]     Checking itertools v0.9.0
[INFO] [stderr]     Checking regex v1.7.0
[INFO] [stderr]    Compiling nom v7.1.1
[INFO] [stderr]     Checking unsafe_unwrap v0.1.0
[INFO] [stderr]    Compiling zstd-sys v1.4.20+zstd.1.4.9
[INFO] [stderr]    Compiling lz4-sys v1.9.4
[INFO] [stderr]    Compiling askama_escape v0.10.3
[INFO] [stderr]     Checking lexical v5.2.2
[INFO] [stderr]     Checking rand_core v0.6.4
[INFO] [stderr]     Checking memmap2 v0.2.3
[INFO] [stdout] error[E0554]: `#![feature]` may not be used on the stable release channel
[INFO] [stdout]    --> /opt/rustwide/cargo-home/registry/src/index.crates.io-6f17d22bba15001f/packed_simd_2-0.3.8/src/lib.rs:214:1
[INFO] [stdout]     |
[INFO] [stdout] 214 | / #![feature(
[INFO] [stdout] 215 | |     adt_const_params,
[INFO] [stdout] 216 | |     repr_simd,
[INFO] [stdout] 217 | |     rustc_attrs,
[INFO] [stdout] ...   |
[INFO] [stdout] 224 | |     custom_inner_attributes,
[INFO] [stdout] 225 | | )]
[INFO] [stdout]     | |__^
[INFO] [stdout] 
[INFO] [stdout] 
[INFO] [stderr]    Compiling erased-serde v0.3.23
[INFO] [stderr]     Checking fast-float v0.1.0
[INFO] [stderr]     Checking humansize v1.1.1
[INFO] [stderr]     Checking rand_chacha v0.3.1
[INFO] [stderr]     Checking dyn-clone v1.0.9
[INFO] [stderr]     Checking rand v0.8.5
[INFO] [stdout] error[E0554]: `#![feature]` may not be used on the stable release channel
[INFO] [stdout]    --> /opt/rustwide/cargo-home/registry/src/index.crates.io-6f17d22bba15001f/packed_simd_2-0.3.8/src/lib.rs:219:5
[INFO] [stdout]     |
[INFO] [stdout] 219 |     stdsimd,
[INFO] [stdout]     |     ^^^^^^^
[INFO] [stdout] 
[INFO] [stdout] 
[INFO] [stdout] error[E0554]: `#![feature]` may not be used on the stable release channel
[INFO] [stdout]    --> /opt/rustwide/cargo-home/registry/src/index.crates.io-6f17d22bba15001f/packed_simd_2-0.3.8/src/lib.rs:222:5
[INFO] [stdout]     |
[INFO] [stdout] 222 |     core_intrinsics,
[INFO] [stdout]     |     ^^^^^^^^^^^^^^^
[INFO] [stdout] 
[INFO] [stdout] 
[INFO] [stderr]     Checking hashbrown v0.9.1
[INFO] [stdout] error: unrecognized platform-specific intrinsic function: `simd_shuffle2`
[INFO] [stdout]   --> /opt/rustwide/cargo-home/registry/src/index.crates.io-6f17d22bba15001f/packed_simd_2-0.3.8/src/codegen/llvm.rs:10:5
[INFO] [stdout]    |
[INFO] [stdout] 10 |     pub fn simd_shuffle2<T, U>(x: T, y: T, idx: [u32; 2]) -> U;
[INFO] [stdout]    |     ^^^^^^^^^^^^^^^^^^^^^^^^^^^^^^^^^^^^^^^^^^^^^^^^^^^^^^^^^^^
[INFO] [stdout] 
[INFO] [stdout] 
[INFO] [stdout] error: unrecognized platform-specific intrinsic function: `simd_shuffle4`
[INFO] [stdout]   --> /opt/rustwide/cargo-home/registry/src/index.crates.io-6f17d22bba15001f/packed_simd_2-0.3.8/src/codegen/llvm.rs:11:5
[INFO] [stdout]    |
[INFO] [stdout] 11 |     pub fn simd_shuffle4<T, U>(x: T, y: T, idx: [u32; 4]) -> U;
[INFO] [stdout]    |     ^^^^^^^^^^^^^^^^^^^^^^^^^^^^^^^^^^^^^^^^^^^^^^^^^^^^^^^^^^^
[INFO] [stdout] 
[INFO] [stdout] 
[INFO] [stdout] error: unrecognized platform-specific intrinsic function: `simd_shuffle8`
[INFO] [stdout]   --> /opt/rustwide/cargo-home/registry/src/index.crates.io-6f17d22bba15001f/packed_simd_2-0.3.8/src/codegen/llvm.rs:12:5
[INFO] [stdout]    |
[INFO] [stdout] 12 |     pub fn simd_shuffle8<T, U>(x: T, y: T, idx: [u32; 8]) -> U;
[INFO] [stdout]    |     ^^^^^^^^^^^^^^^^^^^^^^^^^^^^^^^^^^^^^^^^^^^^^^^^^^^^^^^^^^^
[INFO] [stdout] 
[INFO] [stdout] 
[INFO] [stdout] error: unrecognized platform-specific intrinsic function: `simd_shuffle16`
[INFO] [stdout]   --> /opt/rustwide/cargo-home/registry/src/index.crates.io-6f17d22bba15001f/packed_simd_2-0.3.8/src/codegen/llvm.rs:13:5
[INFO] [stdout]    |
[INFO] [stdout] 13 |     pub fn simd_shuffle16<T, U>(x: T, y: T, idx: [u32; 16]) -> U;
[INFO] [stdout]    |     ^^^^^^^^^^^^^^^^^^^^^^^^^^^^^^^^^^^^^^^^^^^^^^^^^^^^^^^^^^^^^
[INFO] [stdout] 
[INFO] [stdout] 
[INFO] [stdout] error: unrecognized platform-specific intrinsic function: `simd_shuffle32`
[INFO] [stdout]   --> /opt/rustwide/cargo-home/registry/src/index.crates.io-6f17d22bba15001f/packed_simd_2-0.3.8/src/codegen/llvm.rs:14:5
[INFO] [stdout]    |
[INFO] [stdout] 14 |     pub fn simd_shuffle32<T, U>(x: T, y: T, idx: [u32; 32]) -> U;
[INFO] [stdout]    |     ^^^^^^^^^^^^^^^^^^^^^^^^^^^^^^^^^^^^^^^^^^^^^^^^^^^^^^^^^^^^^
[INFO] [stdout] 
[INFO] [stdout] 
[INFO] [stdout] error: unrecognized platform-specific intrinsic function: `simd_shuffle64`
[INFO] [stdout]   --> /opt/rustwide/cargo-home/registry/src/index.crates.io-6f17d22bba15001f/packed_simd_2-0.3.8/src/codegen/llvm.rs:15:5
[INFO] [stdout]    |
[INFO] [stdout] 15 |     pub fn simd_shuffle64<T, U>(x: T, y: T, idx: [u32; 64]) -> U;
[INFO] [stdout]    |     ^^^^^^^^^^^^^^^^^^^^^^^^^^^^^^^^^^^^^^^^^^^^^^^^^^^^^^^^^^^^^
[INFO] [stdout] 
[INFO] [stdout] 
[INFO] [stderr]    Compiling darling_core v0.14.2
[INFO] [stderr]    Compiling thiserror-impl v1.0.37
[INFO] [stderr]    Compiling darling_macro v0.14.2
[INFO] [stdout] error: aborting due to 9 previous errors
[INFO] [stdout] 
[INFO] [stdout] 
[INFO] [stdout] For more information about this error, try `rustc --explain E0554`.
[INFO] [stdout] 
[INFO] [stderr] error: could not compile `packed_simd_2` (lib) due to 10 previous errors
[INFO] [stderr] warning: build failed, waiting for other jobs to finish...
[INFO] running `Command { std: "docker" "inspect" "1150f19a3469f43129e6c6c878f5b86d25a7d89fafb08497585afbc83773e612", kill_on_drop: false }`
[INFO] running `Command { std: "docker" "rm" "-f" "1150f19a3469f43129e6c6c878f5b86d25a7d89fafb08497585afbc83773e612", kill_on_drop: false }`
[INFO] [stdout] 1150f19a3469f43129e6c6c878f5b86d25a7d89fafb08497585afbc83773e612
