[INFO] cloning repository https://github.com/Nhlest/shikataganai
[INFO] running `Command { std: "git" "-c" "credential.helper=" "-c" "credential.helper=/workspace/cargo-home/bin/git-credential-null" "clone" "--bare" "https://github.com/Nhlest/shikataganai" "/workspace/cache/git-repos/https%3A%2F%2Fgithub.com%2FNhlest%2Fshikataganai", kill_on_drop: false }`
[INFO] [stderr] Cloning into bare repository '/workspace/cache/git-repos/https%3A%2F%2Fgithub.com%2FNhlest%2Fshikataganai'...
[INFO] running `Command { std: "git" "rev-parse" "HEAD", kill_on_drop: false }`
[INFO] [stdout] a0f0e305f0a0194d84017d786b29593d5d8ce649
[INFO] documenting Nhlest/shikataganai against 1.75.0 for beta-1.76-rustdoc-1
[INFO] running `Command { std: "git" "clone" "/workspace/cache/git-repos/https%3A%2F%2Fgithub.com%2FNhlest%2Fshikataganai" "/workspace/builds/worker-2-tc1/source", kill_on_drop: false }`
[INFO] [stderr] Cloning into '/workspace/builds/worker-2-tc1/source'...
[INFO] [stderr] done.
[INFO] validating manifest of git repo https://github.com/Nhlest/shikataganai on toolchain 1.75.0
[INFO] running `Command { std: CARGO_HOME="/workspace/cargo-home" RUSTUP_HOME="/workspace/rustup-home" "/workspace/cargo-home/bin/cargo" "+1.75.0" "metadata" "--manifest-path" "Cargo.toml" "--no-deps", kill_on_drop: false }`
[INFO] removed /workspace/builds/worker-2-tc1/source/.cargo/config.toml
[INFO] started tweaking git repo https://github.com/Nhlest/shikataganai
[INFO] finished tweaking git repo https://github.com/Nhlest/shikataganai
[INFO] tweaked toml for git repo https://github.com/Nhlest/shikataganai written to /workspace/builds/worker-2-tc1/source/Cargo.toml
[INFO] running `Command { std: CARGO_HOME="/workspace/cargo-home" RUSTUP_HOME="/workspace/rustup-home" "/workspace/cargo-home/bin/cargo" "+1.75.0" "generate-lockfile" "--manifest-path" "Cargo.toml", kill_on_drop: false }`
[INFO] [stderr]     Updating crates.io index
[INFO] running `Command { std: CARGO_HOME="/workspace/cargo-home" RUSTUP_HOME="/workspace/rustup-home" "/workspace/cargo-home/bin/cargo" "+1.75.0" "fetch" "--manifest-path" "Cargo.toml", kill_on_drop: false }`
[INFO] [stderr]  Downloading crates ...
[INFO] [stderr]   Downloaded iyes_loopless v0.9.1
[INFO] [stderr]   Downloaded gltf-derive v1.4.0
[INFO] [stderr]   Downloaded ecolor v0.20.0
[INFO] [stderr]   Downloaded bevy_atmosphere_macros v0.1.0
[INFO] [stderr]   Downloaded rechannel v0.0.6
[INFO] [stderr]   Downloaded bevy_embedded_assets v0.6.2
[INFO] [stderr]   Downloaded emath v0.20.0
[INFO] [stderr]   Downloaded renetcode v0.0.6
[INFO] [stderr]   Downloaded bevy_atmosphere v0.5.0
[INFO] [stderr]   Downloaded bevy_rapier3d v0.19.0
[INFO] [stderr]   Downloaded loom v0.7.1
[INFO] [stderr]   Downloaded parry3d v0.11.1
[INFO] [stderr]   Downloaded epaint v0.20.0
[INFO] [stderr]   Downloaded spade v2.5.1
[INFO] [stderr]   Downloaded tracy-client-sys v0.22.1
[INFO] [stderr]   Downloaded egui v0.20.1
[INFO] [stderr]   Downloaded rapier3d v0.16.1
[INFO] [stderr]   Downloaded bevy_framepace v0.11.0
[INFO] [stderr]   Downloaded bevy_egui v0.19.0
[INFO] [stderr]   Downloaded gltf-json v1.4.0
[INFO] [stderr]   Downloaded gltf v1.4.0
[INFO] [stderr]   Downloaded spin_sleep v1.2.0
[INFO] [stderr]   Downloaded tracy-client v0.16.5
[INFO] [stderr]   Downloaded bevy_renet v0.0.6
[INFO] [stderr]   Downloaded tracing-tracy v0.10.5
[INFO] [stderr]   Downloaded renet v0.0.10
[INFO] running `Command { std: "docker" "create" "-v" "/var/lib/crater-agent-workspace/builds/worker-2-tc1/target:/opt/rustwide/target:rw,Z" "-v" "/var/lib/crater-agent-workspace/builds/worker-2-tc1/source:/opt/rustwide/workdir:ro,Z" "-v" "/var/lib/crater-agent-workspace/cargo-home:/opt/rustwide/cargo-home:ro,Z" "-v" "/var/lib/crater-agent-workspace/rustup-home:/opt/rustwide/rustup-home:ro,Z" "-e" "SOURCE_DIR=/opt/rustwide/workdir" "-e" "CARGO_TARGET_DIR=/opt/rustwide/target" "-e" "CARGO_HOME=/opt/rustwide/cargo-home" "-e" "RUSTUP_HOME=/opt/rustwide/rustup-home" "-w" "/opt/rustwide/workdir" "-m" "1610612736" "--user" "0:0" "--network" "none" "ghcr.io/rust-lang/crates-build-env/linux@sha256:2788e3201cd34a07e3172128adcd8b3090168a8e3bcc40d7c032b9dda1df7d1c" "/opt/rustwide/cargo-home/bin/cargo" "+1.75.0" "metadata" "--no-deps" "--format-version=1", kill_on_drop: false }`
[INFO] [stdout] 96a0a435be4e60dfe9111a3e25f4a8c5a446b34baaf2a419b655b2d1eac1f6fd
[INFO] running `Command { std: "docker" "start" "-a" "96a0a435be4e60dfe9111a3e25f4a8c5a446b34baaf2a419b655b2d1eac1f6fd", kill_on_drop: false }`
[INFO] running `Command { std: "docker" "inspect" "96a0a435be4e60dfe9111a3e25f4a8c5a446b34baaf2a419b655b2d1eac1f6fd", kill_on_drop: false }`
[INFO] running `Command { std: "docker" "rm" "-f" "96a0a435be4e60dfe9111a3e25f4a8c5a446b34baaf2a419b655b2d1eac1f6fd", kill_on_drop: false }`
[INFO] [stdout] 96a0a435be4e60dfe9111a3e25f4a8c5a446b34baaf2a419b655b2d1eac1f6fd
[INFO] running `Command { std: "docker" "create" "-v" "/var/lib/crater-agent-workspace/builds/worker-2-tc1/target:/opt/rustwide/target:rw,Z" "-v" "/var/lib/crater-agent-workspace/builds/worker-2-tc1/source:/opt/rustwide/workdir:ro,Z" "-v" "/var/lib/crater-agent-workspace/cargo-home:/opt/rustwide/cargo-home:ro,Z" "-v" "/var/lib/crater-agent-workspace/rustup-home:/opt/rustwide/rustup-home:ro,Z" "-e" "SOURCE_DIR=/opt/rustwide/workdir" "-e" "CARGO_TARGET_DIR=/opt/rustwide/target" "-e" "CARGO_INCREMENTAL=0" "-e" "RUST_BACKTRACE=full" "-e" "RUSTFLAGS=--cap-lints=warn" "-e" "RUSTDOCFLAGS=--cap-lints=warn" "-e" "CARGO_HOME=/opt/rustwide/cargo-home" "-e" "RUSTUP_HOME=/opt/rustwide/rustup-home" "-w" "/opt/rustwide/workdir" "-m" "1610612736" "--user" "0:0" "--network" "none" "ghcr.io/rust-lang/crates-build-env/linux@sha256:2788e3201cd34a07e3172128adcd8b3090168a8e3bcc40d7c032b9dda1df7d1c" "/opt/rustwide/cargo-home/bin/cargo" "+1.75.0" "doc" "--frozen" "--no-deps" "--document-private-items" "--message-format=json", kill_on_drop: false }`
[INFO] [stdout] 8cbe32aaf9197893b49c8fa010818fbb57878ac06efc9154466732f4148edca1
[INFO] running `Command { std: "docker" "start" "-a" "8cbe32aaf9197893b49c8fa010818fbb57878ac06efc9154466732f4148edca1", kill_on_drop: false }`
[INFO] [stderr]    Compiling proc-macro2 v1.0.76
[INFO] [stderr]    Compiling unicode-ident v1.0.12
[INFO] [stderr]     Checking cfg-if v1.0.0
[INFO] [stderr]    Compiling autocfg v1.1.0
[INFO] [stderr]    Compiling libc v0.2.151
[INFO] [stderr]    Compiling serde v1.0.195
[INFO] [stderr]    Compiling version_check v0.9.4
[INFO] [stderr]     Checking once_cell v1.19.0
[INFO] [stderr]    Compiling crossbeam-utils v0.8.18
[INFO] [stderr]    Compiling syn v1.0.109
[INFO] [stderr]     Checking bitflags v1.3.2
[INFO] [stderr]     Checking scopeguard v1.2.0
[INFO] [stderr]    Compiling thiserror v1.0.56
[INFO] [stderr]    Compiling pkg-config v0.3.28
[INFO] [stderr]    Compiling parking_lot_core v0.9.9
[INFO] [stderr]     Checking pin-project-lite v0.2.13
[INFO] [stderr]    Compiling libm v0.2.8
[INFO] [stderr]     Checking log v0.4.20
[INFO] [stderr]     Checking downcast-rs v1.2.0
[INFO] [stderr]     Checking byteorder v1.5.0
[INFO] [stderr]     Checking tracing-core v0.1.32
[INFO] [stderr]     Checking memchr v2.7.1
[INFO] [stderr]     Checking parking v2.2.0
[INFO] [stderr]     Checking futures-core v0.3.30
[INFO] [stderr]     Checking fixedbitset v0.4.2
[INFO] [stderr]     Checking fxhash v0.2.1
[INFO] [stderr]     Checking instant v0.1.12
[INFO] [stderr]    Compiling bit-vec v0.6.3
[INFO] [stderr]     Checking lazy_static v1.4.0
[INFO] [stderr]     Checking futures-lite v2.2.0
[INFO] [stderr]     Checking fastrand v1.9.0
[INFO] [stderr]     Checking fastrand v2.0.1
[INFO] [stderr]     Checking async-task v4.7.0
[INFO] [stderr]     Checking waker-fn v1.1.1
[INFO] [stderr]    Compiling bit-set v0.5.3
[INFO] [stderr]     Checking cache-padded v1.3.0
[INFO] [stderr]     Checking event-listener v2.5.3
[INFO] [stderr]     Checking futures-io v0.3.30
[INFO] [stderr]     Checking concurrent-queue v1.2.4
[INFO] [stderr]     Checking thread_local v1.1.7
[INFO] [stderr]     Checking bevy_ptr v0.9.1
[INFO] [stderr]    Compiling typenum v1.17.0
[INFO] [stderr]     Checking simd-adler32 v0.3.7
[INFO] [stderr]     Checking zerocopy v0.7.32
[INFO] [stderr]     Checking futures-lite v1.12.0
[INFO] [stderr]    Compiling crc32fast v1.3.2
[INFO] [stderr]     Checking adler v1.0.2
[INFO] [stderr]     Checking concurrent-queue v2.4.0
[INFO] [stderr]     Checking crossbeam-epoch v0.9.17
[INFO] [stderr]     Checking allocator-api2 v0.2.16
[INFO] [stderr]     Checking miniz_oxide v0.7.1
[INFO] [stderr]    Compiling rayon-core v1.12.0
[INFO] [stderr]    Compiling quote v1.0.35
[INFO] [stderr]    Compiling lock_api v0.4.11
[INFO] [stderr]    Compiling ahash v0.7.7
[INFO] [stderr]    Compiling num-traits v0.2.17
[INFO] [stderr]    Compiling slab v0.4.9
[INFO] [stderr]     Checking event-listener v4.0.3
[INFO] [stderr]    Compiling ahash v0.8.7
[INFO] [stderr]    Compiling syn v2.0.48
[INFO] [stderr]     Checking event-listener-strategy v0.4.0
[INFO] [stderr]    Compiling getrandom v0.2.11
[INFO] [stderr]     Checking async-lock v3.2.0
[INFO] [stderr]    Compiling cc v1.0.83
[INFO] [stderr]     Checking async-channel v1.9.0
[INFO] [stderr]    Compiling uuid v1.6.1
[INFO] [stderr]     Checking crossbeam-deque v0.8.4
[INFO] [stderr]    Compiling num-integer v0.1.45
[INFO] [stderr]     Checking flate2 v1.0.28
[INFO] [stderr]     Checking either v1.9.0
[INFO] [stderr]     Checking hashbrown v0.14.3
[INFO] [stderr]     Checking async-executor v1.8.0
[INFO] [stderr]    Compiling cmake v0.1.50
[INFO] [stderr]    Compiling num-rational v0.4.1
[INFO] [stderr]     Checking bevy_tasks v0.9.1
[INFO] [stderr]    Compiling memoffset v0.6.5
[INFO] [stderr]     Checking fdeflate v0.3.3
[INFO] [stderr]     Checking aho-corasick v1.1.2
[INFO] [stderr]     Checking regex-syntax v0.6.29
[INFO] [stderr]     Checking regex-syntax v0.8.2
[INFO] [stderr]     Checking overload v0.1.1
[INFO] [stderr]     Checking png v0.17.10
[INFO] [stderr]    Compiling xml-rs v0.8.19
[INFO] [stderr]     Checking nu-ansi-term v0.46.0
[INFO] [stderr]    Compiling indexmap v1.9.3
[INFO] [stderr]     Checking crossbeam-channel v0.5.10
[INFO] [stderr]     Checking sharded-slab v0.1.7
[INFO] [stderr]     Checking tracing-log v0.2.0
[INFO] [stderr]     Checking rustc-hash v1.1.0
[INFO] [stderr]     Checking equivalent v1.0.1
[INFO] [stderr]     Checking raw-window-handle v0.5.2
[INFO] [stderr]     Checking indexmap v2.1.0
[INFO] [stderr]     Checking rayon v1.8.0
[INFO] [stderr]    Compiling wayland-sys v0.29.5
[INFO] [stderr]     Checking spin v0.9.8
[INFO] [stderr]     Checking tracing-log v0.1.4
[INFO] [stderr]     Checking libloading v0.7.4
[INFO] [stderr]     Checking libloading v0.8.1
[INFO] [stderr]     Checking termcolor v1.4.0
[INFO] [stderr]    Compiling wayland-scanner v0.29.5
[INFO] [stderr]     Checking weezl v0.1.7
[INFO] [stderr]     Checking arrayvec v0.7.4
[INFO] [stderr]    Compiling ash v0.37.3+1.3.251
[INFO] [stderr]     Checking unicode-width v0.1.11
[INFO] [stderr]     Checking unicode-xid v0.2.4
[INFO] [stderr]    Compiling toml v0.5.11
[INFO] [stderr]    Compiling khronos-egl v4.1.0
[INFO] [stderr]     Checking pp-rs v0.2.1
[INFO] [stderr]     Checking codespan-reporting v0.11.1
[INFO] [stderr]     Checking petgraph v0.6.4
[INFO] [stderr]     Checking dlib v0.5.2
[INFO] [stderr]     Checking flume v0.11.0
[INFO] [stderr]     Checking spirv v0.2.0+1.5.4
[INFO] [stderr]     Checking zune-inflate v0.2.54
[INFO] [stderr]     Checking gpu-alloc-types v0.2.0
[INFO] [stderr]     Checking color_quant v1.1.0
[INFO] [stderr]     Checking hexf-parse v0.2.1
[INFO] [stderr]     Checking half v2.2.1
[INFO] [stderr]     Checking lebe v0.5.2
[INFO] [stderr]    Compiling cfg_aliases v0.1.1
[INFO] [stderr]     Checking bit_field v0.10.2
[INFO] [stderr]     Checking gif v0.12.0
[INFO] [stderr]    Compiling wgpu-core v0.14.2
[INFO] [stderr]     Checking regex-automata v0.4.3
[INFO] [stderr]     Checking gpu-alloc v0.5.4
[INFO] [stderr]     Checking regex-automata v0.1.10
[INFO] [stderr]     Checking nix v0.24.3
[INFO] [stderr]     Checking wgpu-types v0.14.1
[INFO] [stderr]     Checking profiling v1.0.13
[INFO] [stderr]     Checking glow v0.11.2
[INFO] [stderr]     Checking jpeg-decoder v0.3.0
[INFO] [stderr]     Checking matchers v0.1.0
[INFO] [stderr]     Checking renderdoc-sys v0.7.1
[INFO] [stderr]    Compiling anyhow v1.0.79
[INFO] [stderr]    Compiling servo-fontconfig-sys v5.1.0
[INFO] [stderr]    Compiling bevy_macro_utils v0.9.1
[INFO] [stderr]    Compiling encase_derive_impl v0.4.1
[INFO] [stderr]     Checking tiff v0.9.0
[INFO] [stderr]    Compiling slotmap v1.0.7
[INFO] [stderr]     Checking scoped-tls v1.0.1
[INFO] [stderr]     Checking vec_map v0.8.2
[INFO] [stderr]     Checking glam v0.23.0
[INFO] [stderr]     Checking const_panic v0.2.8
[INFO] [stderr]     Checking static_assertions v1.1.0
[INFO] [stderr]     Checking approx v0.5.1
[INFO] [stderr]     Checking nix v0.25.1
[INFO] [stderr]    Compiling crossfont v0.5.2
[INFO] [stderr]    Compiling smithay-client-toolkit v0.16.1
[INFO] [stderr]    Compiling generic-array v0.14.7
[INFO] [stderr]     Checking regex v1.10.2
[INFO] [stderr]     Checking hex v0.4.3
[INFO] [stderr]     Checking percent-encoding v2.2.0
[INFO] [stderr]     Checking arrayref v0.3.7
[INFO] [stderr]     Checking xcursor v0.3.5
[INFO] [stderr]     Checking foreign-types-shared v0.3.1
[INFO] [stderr]    Compiling freetype-sys v0.13.1
[INFO] [stderr]    Compiling expat-sys v2.1.6
[INFO] [stderr]    Compiling x11-dl v2.21.0
[INFO] [stderr]     Checking rand_core v0.6.4
[INFO] [stderr]     Checking memmap2 v0.5.10
[INFO] [stderr]     Checking arrayvec v0.5.2
[INFO] [stderr]     Checking radsort v0.1.0
[INFO] [stderr]     Checking cty v0.2.2
[INFO] [stderr]     Checking raw-window-handle v0.4.3
[INFO] [stderr]     Checking euclid v0.22.9
[INFO] [stderr]     Checking mio v0.8.10
[INFO] [stderr]     Checking svg_fmt v0.4.1
[INFO] [stderr]     Checking base64 v0.21.5
[INFO] [stderr]     Checking rectangle-pack v0.4.2
[INFO] [stderr]     Checking crypto-common v0.1.6
[INFO] [stderr]    Compiling getrandom v0.1.16
[INFO] [stderr]     Checking inout v0.1.3
[INFO] [stderr]     Checking subtle v2.5.0
[INFO] [stderr]     Checking hexasphere v8.1.0
[INFO] [stderr]     Checking cpufeatures v0.2.12
[INFO] [stderr]     Checking zeroize v1.7.0
[INFO] [stderr]     Checking universal-hash v0.5.1
[INFO] [stderr]     Checking opaque-debug v0.3.0
[INFO] [stderr]     Checking ppv-lite86 v0.2.17
[INFO] [stderr]     Checking aead v0.5.2
[INFO] [stderr]     Checking cipher v0.4.4
[INFO] [stderr]     Checking poly1305 v0.8.0
[INFO] [stderr]     Checking guillotiere v0.6.2
[INFO] [stderr]    Compiling memoffset v0.7.1
[INFO] [stderr]    Compiling wayland-client v0.29.5
[INFO] [stderr]    Compiling wayland-protocols v0.29.5
[INFO] [stderr]     Checking servo-fontconfig v0.5.1
[INFO] [stderr]     Checking freetype-rs v0.26.0
[INFO] [stderr]     Checking chacha20 v0.9.1
[INFO] [stderr]     Checking rand_core v0.5.1
[INFO] [stderr]    Compiling byte-tools v0.2.0
[INFO] [stderr]    Compiling paste v1.0.14
[INFO] [stderr]     Checking rand_chacha v0.2.2
[INFO] [stderr]    Compiling block-buffer v0.3.3
[INFO] [stderr]     Checking chacha20poly1305 v0.10.1
[INFO] [stderr]    Compiling matrixmultiply v0.3.8
[INFO] [stderr]     Checking tinyvec_macros v0.1.1
[INFO] [stderr]    Compiling rustix v0.38.28
[INFO] [stderr]     Checking renetcode v0.0.6
[INFO] [stderr]    Compiling fake-simd v0.1.2
[INFO] [stderr]     Checking rand v0.7.3
[INFO] [stderr]     Checking tinyvec v1.6.0
[INFO] [stderr]     Checking rand_xorshift v0.2.0
[INFO] [stderr]     Checking rand_chacha v0.3.1
[INFO] [stderr]     Checking num-complex v0.4.4
[INFO] [stderr]    Compiling generic-array v0.9.1
[INFO] [stderr]     Checking ttf-parser v0.20.0
[INFO] [stderr]    Compiling digest v0.7.6
[INFO] [stderr]    Compiling linux-raw-sys v0.4.12
[INFO] [stderr]    Compiling sha2 v0.7.1
[INFO] [stderr]    Compiling bitflags v2.4.1
[INFO] [stderr]     Checking rawpointer v0.2.1
[INFO] [stderr]     Checking unicode-normalization v0.1.22
[INFO] [stderr]     Checking noise v0.8.2
[INFO] [stderr]     Checking rand v0.8.5
[INFO] [stderr]     Checking nix v0.26.4
[INFO] [stderr] error: could not compile `syn` (lib)
[INFO] [stderr] 
[INFO] [stderr] Caused by:
[INFO] [stderr]   process didn't exit successfully: `/opt/rustwide/rustup-home/toolchains/1.75.0-x86_64-unknown-linux-gnu/bin/rustc --crate-name syn --edition=2021 /opt/rustwide/cargo-home/registry/src/index.crates.io-6f17d22bba15001f/syn-2.0.48/src/lib.rs --error-format=json --json=diagnostic-rendered-ansi,artifacts,future-incompat --crate-type lib --emit=dep-info,metadata,link -C opt-level=3 -C embed-bitcode=no -C debug-assertions=on -C overflow-checks=off --cfg 'feature="clone-impls"' --cfg 'feature="default"' --cfg 'feature="derive"' --cfg 'feature="extra-traits"' --cfg 'feature="full"' --cfg 'feature="parsing"' --cfg 'feature="printing"' --cfg 'feature="proc-macro"' --cfg 'feature="quote"' --cfg 'feature="visit-mut"' -C metadata=edd670fd9903ecb7 -C extra-filename=-edd670fd9903ecb7 --out-dir /opt/rustwide/target/debug/deps -L dependency=/opt/rustwide/target/debug/deps --extern proc_macro2=/opt/rustwide/target/debug/deps/libproc_macro2-848a99da62a9dbb3.rmeta --extern quote=/opt/rustwide/target/debug/deps/libquote-72f6c89fe3c36f9d.rmeta --extern unicode_ident=/opt/rustwide/target/debug/deps/libunicode_ident-eaa73e509b3309de.rmeta --cap-lints allow --cap-lints=warn` (signal: 9, SIGKILL: kill)
[INFO] [stderr] warning: build failed, waiting for other jobs to finish...
[INFO] [stderr] error: could not compile `ash` (lib)
[INFO] [stderr] 
[INFO] [stderr] Caused by:
[INFO] [stderr]   process didn't exit successfully: `/opt/rustwide/rustup-home/toolchains/1.75.0-x86_64-unknown-linux-gnu/bin/rustc --crate-name ash --edition=2021 /opt/rustwide/cargo-home/registry/src/index.crates.io-6f17d22bba15001f/ash-0.37.3+1.3.251/src/lib.rs --error-format=json --json=diagnostic-rendered-ansi,artifacts,future-incompat --crate-type lib --emit=dep-info,metadata -C opt-level=3 -C embed-bitcode=no -C debuginfo=2 -C debug-assertions=on -C overflow-checks=off --cfg 'feature="debug"' --cfg 'feature="default"' --cfg 'feature="libloading"' --cfg 'feature="loaded"' -C metadata=8f594625bef4b24e -C extra-filename=-8f594625bef4b24e --out-dir /opt/rustwide/target/debug/deps -L dependency=/opt/rustwide/target/debug/deps --extern libloading=/opt/rustwide/target/debug/deps/liblibloading-9a43fc5df5633d3f.rmeta --cap-lints allow --cap-lints=warn` (signal: 9, SIGKILL: kill)
[INFO] running `Command { std: "docker" "inspect" "8cbe32aaf9197893b49c8fa010818fbb57878ac06efc9154466732f4148edca1", kill_on_drop: false }`
[INFO] running `Command { std: "docker" "rm" "-f" "8cbe32aaf9197893b49c8fa010818fbb57878ac06efc9154466732f4148edca1", kill_on_drop: false }`
[INFO] [stdout] 8cbe32aaf9197893b49c8fa010818fbb57878ac06efc9154466732f4148edca1
[INFO] documenting Nhlest/shikataganai against beta-2023-12-22 for beta-1.76-rustdoc-1
[INFO] running `Command { std: "git" "clone" "/workspace/cache/git-repos/https%3A%2F%2Fgithub.com%2FNhlest%2Fshikataganai" "/workspace/builds/worker-2-tc2/source", kill_on_drop: false }`
[INFO] [stderr] Cloning into '/workspace/builds/worker-2-tc2/source'...
[INFO] [stderr] done.
[INFO] validating manifest of git repo https://github.com/Nhlest/shikataganai on toolchain beta-2023-12-22
[INFO] running `Command { std: CARGO_HOME="/workspace/cargo-home" RUSTUP_HOME="/workspace/rustup-home" "/workspace/cargo-home/bin/cargo" "+beta-2023-12-22" "metadata" "--manifest-path" "Cargo.toml" "--no-deps", kill_on_drop: false }`
[INFO] removed /workspace/builds/worker-2-tc2/source/.cargo/config.toml
[INFO] started tweaking git repo https://github.com/Nhlest/shikataganai
[INFO] finished tweaking git repo https://github.com/Nhlest/shikataganai
[INFO] tweaked toml for git repo https://github.com/Nhlest/shikataganai written to /workspace/builds/worker-2-tc2/source/Cargo.toml
[INFO] running `Command { std: CARGO_HOME="/workspace/cargo-home" RUSTUP_HOME="/workspace/rustup-home" "/workspace/cargo-home/bin/cargo" "+beta-2023-12-22" "generate-lockfile" "--manifest-path" "Cargo.toml", kill_on_drop: false }`
[INFO] [stderr]     Updating crates.io index
[INFO] running `Command { std: CARGO_HOME="/workspace/cargo-home" RUSTUP_HOME="/workspace/rustup-home" "/workspace/cargo-home/bin/cargo" "+beta-2023-12-22" "fetch" "--manifest-path" "Cargo.toml", kill_on_drop: false }`
[INFO] running `Command { std: "docker" "create" "-v" "/var/lib/crater-agent-workspace/builds/worker-2-tc2/target:/opt/rustwide/target:rw,Z" "-v" "/var/lib/crater-agent-workspace/builds/worker-2-tc2/source:/opt/rustwide/workdir:ro,Z" "-v" "/var/lib/crater-agent-workspace/cargo-home:/opt/rustwide/cargo-home:ro,Z" "-v" "/var/lib/crater-agent-workspace/rustup-home:/opt/rustwide/rustup-home:ro,Z" "-e" "SOURCE_DIR=/opt/rustwide/workdir" "-e" "CARGO_TARGET_DIR=/opt/rustwide/target" "-e" "CARGO_HOME=/opt/rustwide/cargo-home" "-e" "RUSTUP_HOME=/opt/rustwide/rustup-home" "-w" "/opt/rustwide/workdir" "-m" "1610612736" "--user" "0:0" "--network" "none" "ghcr.io/rust-lang/crates-build-env/linux@sha256:2788e3201cd34a07e3172128adcd8b3090168a8e3bcc40d7c032b9dda1df7d1c" "/opt/rustwide/cargo-home/bin/cargo" "+beta-2023-12-22" "metadata" "--no-deps" "--format-version=1", kill_on_drop: false }`
[INFO] [stdout] 99594243eb26c371fd65d92f7aed07f8e5b03dde60db354dbb4e4377a7234dd6
[INFO] running `Command { std: "docker" "start" "-a" "99594243eb26c371fd65d92f7aed07f8e5b03dde60db354dbb4e4377a7234dd6", kill_on_drop: false }`
[INFO] running `Command { std: "docker" "inspect" "99594243eb26c371fd65d92f7aed07f8e5b03dde60db354dbb4e4377a7234dd6", kill_on_drop: false }`
[INFO] running `Command { std: "docker" "rm" "-f" "99594243eb26c371fd65d92f7aed07f8e5b03dde60db354dbb4e4377a7234dd6", kill_on_drop: false }`
[INFO] [stdout] 99594243eb26c371fd65d92f7aed07f8e5b03dde60db354dbb4e4377a7234dd6
[INFO] running `Command { std: "docker" "create" "-v" "/var/lib/crater-agent-workspace/builds/worker-2-tc2/target:/opt/rustwide/target:rw,Z" "-v" "/var/lib/crater-agent-workspace/builds/worker-2-tc2/source:/opt/rustwide/workdir:ro,Z" "-v" "/var/lib/crater-agent-workspace/cargo-home:/opt/rustwide/cargo-home:ro,Z" "-v" "/var/lib/crater-agent-workspace/rustup-home:/opt/rustwide/rustup-home:ro,Z" "-e" "SOURCE_DIR=/opt/rustwide/workdir" "-e" "CARGO_TARGET_DIR=/opt/rustwide/target" "-e" "CARGO_INCREMENTAL=0" "-e" "RUST_BACKTRACE=full" "-e" "RUSTFLAGS=--cap-lints=warn" "-e" "RUSTDOCFLAGS=--cap-lints=warn" "-e" "CARGO_HOME=/opt/rustwide/cargo-home" "-e" "RUSTUP_HOME=/opt/rustwide/rustup-home" "-w" "/opt/rustwide/workdir" "-m" "1610612736" "--user" "0:0" "--network" "none" "ghcr.io/rust-lang/crates-build-env/linux@sha256:2788e3201cd34a07e3172128adcd8b3090168a8e3bcc40d7c032b9dda1df7d1c" "/opt/rustwide/cargo-home/bin/cargo" "+beta-2023-12-22" "doc" "--frozen" "--no-deps" "--document-private-items" "--message-format=json", kill_on_drop: false }`
[INFO] [stdout] 2ca2fefddb43fe6d871b47a0aa266a100c5df5a3a201ca68f3a19a6ff4ca5eb1
[INFO] running `Command { std: "docker" "start" "-a" "2ca2fefddb43fe6d871b47a0aa266a100c5df5a3a201ca68f3a19a6ff4ca5eb1", kill_on_drop: false }`
[INFO] [stderr]    Compiling proc-macro2 v1.0.76
[INFO] [stderr]    Compiling unicode-ident v1.0.12
[INFO] [stderr]     Checking cfg-if v1.0.0
[INFO] [stderr]    Compiling autocfg v1.1.0
[INFO] [stderr]    Compiling libc v0.2.151
[INFO] [stderr]    Compiling serde v1.0.195
[INFO] [stderr]    Compiling version_check v0.9.4
[INFO] [stderr]     Checking once_cell v1.19.0
[INFO] [stderr]    Compiling crossbeam-utils v0.8.18
[INFO] [stderr]    Compiling syn v1.0.109
[INFO] [stderr]     Checking bitflags v1.3.2
[INFO] [stderr]     Checking scopeguard v1.2.0
[INFO] [stderr]    Compiling thiserror v1.0.56
[INFO] [stderr]    Compiling parking_lot_core v0.9.9
[INFO] [stderr]     Checking pin-project-lite v0.2.13
[INFO] [stderr]    Compiling pkg-config v0.3.28
[INFO] [stderr]     Checking log v0.4.20
[INFO] [stderr]    Compiling libm v0.2.8
[INFO] [stderr]     Checking downcast-rs v1.2.0
[INFO] [stderr]     Checking byteorder v1.5.0
[INFO] [stderr]     Checking tracing-core v0.1.32
[INFO] [stderr]     Checking parking v2.2.0
[INFO] [stderr]     Checking memchr v2.7.1
[INFO] [stderr]     Checking fixedbitset v0.4.2
[INFO] [stderr]     Checking futures-core v0.3.30
[INFO] [stderr]     Checking fxhash v0.2.1
[INFO] [stderr]     Checking instant v0.1.12
[INFO] [stderr]    Compiling bit-vec v0.6.3
[INFO] [stderr]     Checking lazy_static v1.4.0
[INFO] [stderr]     Checking event-listener v2.5.3
[INFO] [stderr]     Checking fastrand v2.0.1
[INFO] [stderr]     Checking futures-lite v2.2.0
[INFO] [stderr]     Checking fastrand v1.9.0
[INFO] [stderr]     Checking waker-fn v1.1.1
[INFO] [stderr]     Checking futures-io v0.3.30
[INFO] [stderr]     Checking cache-padded v1.3.0
[INFO] [stderr]    Compiling bit-set v0.5.3
[INFO] [stderr]     Checking async-task v4.7.0
[INFO] [stderr]     Checking concurrent-queue v1.2.4
[INFO] [stderr]     Checking thread_local v1.1.7
[INFO] [stderr]     Checking bevy_ptr v0.9.1
[INFO] [stderr]     Checking futures-lite v1.12.0
[INFO] [stderr]    Compiling quote v1.0.35
[INFO] [stderr]     Checking simd-adler32 v0.3.7
[INFO] [stderr]    Compiling typenum v1.17.0
[INFO] [stderr]     Checking zerocopy v0.7.32
[INFO] [stderr]     Checking concurrent-queue v2.4.0
[INFO] [stderr]    Compiling crc32fast v1.3.2
[INFO] [stderr]     Checking adler v1.0.2
[INFO] [stderr]     Checking crossbeam-epoch v0.9.17
[INFO] [stderr]    Compiling syn v2.0.48
[INFO] [stderr]    Compiling ahash v0.7.7
[INFO] [stderr]     Checking event-listener v4.0.3
[INFO] [stderr]     Checking async-channel v1.9.0
[INFO] [stderr]    Compiling ahash v0.8.7
[INFO] [stderr]    Compiling lock_api v0.4.11
[INFO] [stderr]    Compiling num-traits v0.2.17
[INFO] [stderr]    Compiling slab v0.4.9
[INFO] [stderr]     Checking event-listener-strategy v0.4.0
[INFO] [stderr]     Checking async-lock v3.2.0
[INFO] [stderr]     Checking miniz_oxide v0.7.1
[INFO] [stderr]    Compiling getrandom v0.2.11
[INFO] [stderr]    Compiling cc v1.0.83
[INFO] [stderr]    Compiling uuid v1.6.1
[INFO] [stderr]     Checking allocator-api2 v0.2.16
[INFO] [stderr]     Checking crossbeam-deque v0.8.4
[INFO] [stderr]    Compiling num-integer v0.1.45
[INFO] [stderr]     Checking async-executor v1.8.0
[INFO] [stderr]     Checking flate2 v1.0.28
[INFO] [stderr]     Checking either v1.9.0
[INFO] [stderr]    Compiling rayon-core v1.12.0
[INFO] [stderr]     Checking bevy_tasks v0.9.1
[INFO] [stderr]    Compiling cmake v0.1.50
[INFO] [stderr]     Checking hashbrown v0.14.3
[INFO] [stderr]    Compiling num-rational v0.4.1
[INFO] [stderr]    Compiling memoffset v0.6.5
[INFO] [stderr]     Checking fdeflate v0.3.3
[INFO] [stderr]     Checking aho-corasick v1.1.2
[INFO] [stderr]     Checking regex-syntax v0.8.2
[INFO] [stderr]     Checking regex-syntax v0.6.29
[INFO] [stderr]    Compiling xml-rs v0.8.19
[INFO] [stderr]     Checking overload v0.1.1
[INFO] [stderr]     Checking png v0.17.10
[INFO] [stderr]     Checking nu-ansi-term v0.46.0
[INFO] [stderr]    Compiling indexmap v1.9.3
[INFO] [stderr]     Checking crossbeam-channel v0.5.10
[INFO] [stderr]     Checking tracing-log v0.2.0
[INFO] [stderr]     Checking sharded-slab v0.1.7
[INFO] [stderr]    Compiling wayland-scanner v0.29.5
[INFO] [stderr]     Checking equivalent v1.0.1
[INFO] [stderr]     Checking rustc-hash v1.1.0
[INFO] [stderr]     Checking raw-window-handle v0.5.2
[INFO] [stderr]     Checking indexmap v2.1.0
[INFO] [stderr]     Checking rayon v1.8.0
[INFO] [stderr]    Compiling toml v0.5.11
[INFO] [stderr]    Compiling wayland-sys v0.29.5
[INFO] [stderr]     Checking spin v0.9.8
[INFO] [stderr]     Checking tracing-log v0.1.4
[INFO] [stderr]     Checking libloading v0.8.1
[INFO] [stderr]     Checking libloading v0.7.4
[INFO] [stderr]     Checking unicode-xid v0.2.4
[INFO] [stderr]     Checking termcolor v1.4.0
[INFO] [stderr]     Checking arrayvec v0.7.4
[INFO] [stderr]     Checking unicode-width v0.1.11
[INFO] [stderr]     Checking weezl v0.1.7
[INFO] [stderr]    Compiling ash v0.37.3+1.3.251
[INFO] [stderr]    Compiling khronos-egl v4.1.0
[INFO] [stderr]     Checking codespan-reporting v0.11.1
[INFO] [stderr]     Checking petgraph v0.6.4
[INFO] [stderr]     Checking dlib v0.5.2
[INFO] [stderr]     Checking pp-rs v0.2.1
[INFO] [stderr]     Checking regex-automata v0.1.10
[INFO] [stderr]     Checking flume v0.11.0
[INFO] [stderr]     Checking spirv v0.2.0+1.5.4
[INFO] [stderr]     Checking zune-inflate v0.2.54
[INFO] [stderr]     Checking gpu-alloc-types v0.2.0
[INFO] [stderr]     Checking regex-automata v0.4.3
[INFO] [stderr]     Checking hexf-parse v0.2.1
[INFO] [stderr]    Compiling cfg_aliases v0.1.1
[INFO] [stderr]     Checking lebe v0.5.2
[INFO] [stderr]     Checking bit_field v0.10.2
[INFO] [stderr]     Checking half v2.2.1
[INFO] [stderr]     Checking color_quant v1.1.0
[INFO] [stderr]     Checking gpu-alloc v0.5.4
[INFO] [stderr]    Compiling bevy_macro_utils v0.9.1
[INFO] [stderr]    Compiling wgpu-core v0.14.2
[INFO] [stderr]     Checking gif v0.12.0
[INFO] [stderr]    Compiling encase_derive_impl v0.4.1
[INFO] [stderr]     Checking matchers v0.1.0
[INFO] [stderr]     Checking nix v0.24.3
[INFO] [stderr]     Checking jpeg-decoder v0.3.0
[INFO] [stderr]     Checking wgpu-types v0.14.1
[INFO] [stderr]     Checking renderdoc-sys v0.7.1
[INFO] [stderr]     Checking glow v0.11.2
[INFO] [stderr]     Checking profiling v1.0.13
[INFO] [stderr]    Compiling anyhow v1.0.79
[INFO] [stderr]    Compiling servo-fontconfig-sys v5.1.0
[INFO] [stderr]     Checking tiff v0.9.0
[INFO] [stderr]    Compiling slotmap v1.0.7
[INFO] [stderr]     Checking scoped-tls v1.0.1
[INFO] [stderr]     Checking glam v0.23.0
[INFO] [stderr]     Checking static_assertions v1.1.0
[INFO] [stderr]     Checking vec_map v0.8.2
[INFO] [stderr]     Checking const_panic v0.2.8
[INFO] [stderr]     Checking nix v0.25.1
[INFO] [stderr]     Checking regex v1.10.2
[INFO] [stderr]     Checking approx v0.5.1
[INFO] [stderr]    Compiling smithay-client-toolkit v0.16.1
[INFO] [stderr]    Compiling crossfont v0.5.2
[INFO] [stderr]    Compiling generic-array v0.14.7
[INFO] [stderr]    Compiling freetype-sys v0.13.1
[INFO] [stderr]    Compiling expat-sys v2.1.6
[INFO] [stderr]     Checking percent-encoding v2.2.0
[INFO] [stderr]     Checking arrayref v0.3.7
[INFO] [stderr]     Checking xcursor v0.3.5
[INFO] [stderr]     Checking foreign-types-shared v0.3.1
[INFO] [stderr]     Checking hex v0.4.3
[INFO] [stderr]    Compiling x11-dl v2.21.0
[INFO] [stderr]     Checking rand_core v0.6.4
[INFO] [stderr]     Checking memmap2 v0.5.10
[INFO] [stderr]     Checking arrayvec v0.5.2
[INFO] [stderr]     Checking cty v0.2.2
[INFO] [stderr]     Checking radsort v0.1.0
[INFO] [stderr]     Checking raw-window-handle v0.4.3
[INFO] [stderr]     Checking euclid v0.22.9
[INFO] [stderr]    Compiling wayland-client v0.29.5
[INFO] [stderr]    Compiling wayland-protocols v0.29.5
[INFO] [stderr]     Checking mio v0.8.10
[INFO] [stderr]     Checking svg_fmt v0.4.1
[INFO] [stderr]     Checking base64 v0.21.5
[INFO] [stderr]     Checking crypto-common v0.1.6
[INFO] [stderr]     Checking rectangle-pack v0.4.2
[INFO] [stderr]    Compiling getrandom v0.1.16
[INFO] [stderr]     Checking servo-fontconfig v0.5.1
[INFO] [stderr]     Checking hexasphere v8.1.0
[INFO] [stderr]     Checking freetype-rs v0.26.0
[INFO] [stderr]     Checking inout v0.1.3
[INFO] [stderr]     Checking guillotiere v0.6.2
[INFO] [stderr]     Checking subtle v2.5.0
[INFO] [stderr]     Checking zeroize v1.7.0
[INFO] [stderr]     Checking cpufeatures v0.2.12
[INFO] [stderr]     Checking universal-hash v0.5.1
[INFO] [stderr]     Checking cipher v0.4.4
[INFO] [stderr]     Checking ppv-lite86 v0.2.17
[INFO] [stderr]     Checking opaque-debug v0.3.0
[INFO] [stderr]     Checking aead v0.5.2
[INFO] [stderr]     Checking poly1305 v0.8.0
[INFO] [stderr]    Compiling memoffset v0.7.1
[INFO] [stderr]    Compiling paste v1.0.14
[INFO] [stderr]     Checking chacha20 v0.9.1
[INFO] [stderr]     Checking rand_core v0.5.1
[INFO] [stderr]    Compiling byte-tools v0.2.0
[INFO] [stderr]     Checking rand_chacha v0.2.2
[INFO] [stderr]     Checking chacha20poly1305 v0.10.1
[INFO] [stderr]    Compiling matrixmultiply v0.3.8
[INFO] [stderr]    Compiling block-buffer v0.3.3
[INFO] [stderr]     Checking renetcode v0.0.6
[INFO] [stderr]    Compiling fake-simd v0.1.2
[INFO] [stderr]     Checking tinyvec_macros v0.1.1
[INFO] [stderr]    Compiling rustix v0.38.28
[INFO] [stderr]     Checking rand v0.7.3
[INFO] [stderr]     Checking tinyvec v1.6.0
[INFO] [stderr]     Checking rand_chacha v0.3.1
[INFO] [stderr]     Checking rand_xorshift v0.2.0
[INFO] [stderr]    Compiling generic-array v0.9.1
[INFO] [stderr]     Checking num-complex v0.4.4
[INFO] [stderr]     Checking rawpointer v0.2.1
[INFO] [stderr]    Compiling bitflags v2.4.1
[INFO] [stderr]    Compiling digest v0.7.6
[INFO] [stderr]    Compiling linux-raw-sys v0.4.12
[INFO] [stderr]    Compiling sha2 v0.7.1
[INFO] [stderr]     Checking ttf-parser v0.20.0
[INFO] [stderr]     Checking unicode-normalization v0.1.22
[INFO] [stderr]     Checking noise v0.8.2
[INFO] [stderr]     Checking rand v0.8.5
[INFO] [stderr]     Checking nix v0.26.4
[INFO] [stderr]     Checking ab_glyph_rasterizer v0.1.8
[INFO] [stderr]     Checking robust v1.1.0
[INFO] [stderr]    Compiling glsl-to-spirv v0.1.7
[INFO] [stderr]     Checking unicode-bidi v0.3.14
[INFO] [stderr]    Compiling serde_json v1.0.111
[INFO] [stderr]    Compiling x11rb v0.12.0
[INFO] [stderr]    Compiling toml_datetime v0.6.5
[INFO] [stderr]    Compiling winnow v0.5.33
[INFO] [stderr]     Checking idna v0.3.0
[INFO] [stderr]     Checking form_urlencoded v1.1.0
[INFO] [stderr]     Checking gethostname v0.3.0
[INFO] [stderr]     Checking crossbeam-queue v0.3.10
[INFO] [stderr]    Compiling inflections v1.1.1
[INFO] [stderr]     Checking nohash-hasher v0.2.0
[INFO] [stderr]    Compiling cargo-emit v0.2.1
[INFO] [stderr]     Checking itoa v1.0.10
[INFO] [stderr]    Compiling rustversion v1.0.14
[INFO] [stderr]     Checking ryu v1.0.16
[INFO] [stderr]     Checking url v2.3.1
[INFO] [stderr]     Checking owned_ttf_parser v0.20.0
[INFO] [stderr]    Compiling bevy_embedded_assets v0.6.2
[INFO] [stderr]     Checking crossbeam v0.8.3
[INFO] [stderr]     Checking ab_glyph v0.2.23
[INFO] [stderr]     Checking x11rb-protocol v0.12.0
[INFO] [stderr]     Checking home v0.5.9
[INFO] [stderr]     Checking urlencoding v2.1.3
[INFO] [stderr]    Compiling heck v0.4.1
[INFO] [stderr]    Compiling tempfile v3.9.0
[INFO] [stderr]     Checking base64 v0.13.1
[INFO] [stderr]     Checking webbrowser v0.8.12
[INFO] [stderr]     Checking spin_sleep v1.2.0
[INFO] [stderr]     Checking itertools v0.10.5
[INFO] [stderr]     Checking strum v0.24.1
[INFO] [stderr] The following warnings were emitted during compilation:
[INFO] [stderr] 
[INFO] [stderr] warning: bevy_embedded_assets@0.6.2: Could not find asset folder from Cargo build directory
[INFO] [stderr] warning: bevy_embedded_assets@0.6.2: Could not find asset folder, please specify its path with $BEVY_ASSET_PATH
[INFO] [stderr] 
[INFO] [stderr] error: failed to run custom build command for `bevy_embedded_assets v0.6.2`
[INFO] [stderr] note: To improve backtraces for build dependencies, set the CARGO_PROFILE_DEV_BUILD_OVERRIDE_DEBUG=true environment variable to enable debug information generation.
[INFO] [stderr] 
[INFO] [stderr] Caused by:
[INFO] [stderr]   process didn't exit successfully: `/opt/rustwide/target/debug/build/bevy_embedded_assets-2b694541e0647a64/build-script-build` (exit status: 101)
[INFO] [stderr]   --- stdout
[INFO] [stderr]   cargo:rerun-if-env-changed={}
[INFO] [stderr]   cargo:rerun-if-env-changed=BEVY_ASSET_PATH
[INFO] [stderr]   cargo:warning=Could not find asset folder from Cargo build directory
[INFO] [stderr]   cargo:warning=Could not find asset folder, please specify its path with $BEVY_ASSET_PATH
[INFO] [stderr] 
[INFO] [stderr]   --- stderr
[INFO] [stderr]   thread 'main' panicked at /opt/rustwide/cargo-home/registry/src/index.crates.io-6f17d22bba15001f/bevy_embedded_assets-0.6.2/build.rs:111:9:
[INFO] [stderr]   No asset folder found
[INFO] [stderr]   stack backtrace:
[INFO] [stderr]      0:     0x558bd3fa0686 - std::backtrace_rs::backtrace::libunwind::trace::h261606ad26a499c1
[INFO] [stderr]                                  at /rustc/0e09125c6c3c2fd70d7de961bcf0e51575235fad/library/std/src/../../backtrace/src/backtrace/libunwind.rs:104:5
[INFO] [stderr]      1:     0x558bd3fa0686 - std::backtrace_rs::backtrace::trace_unsynchronized::hd183f0625477fb28
[INFO] [stderr]                                  at /rustc/0e09125c6c3c2fd70d7de961bcf0e51575235fad/library/std/src/../../backtrace/src/backtrace/mod.rs:66:5
[INFO] [stderr]      2:     0x558bd3fa0686 - std::sys_common::backtrace::_print_fmt::hd7f8fef21b4eda67
[INFO] [stderr]                                  at /rustc/0e09125c6c3c2fd70d7de961bcf0e51575235fad/library/std/src/sys_common/backtrace.rs:68:5
[INFO] [stderr]      3:     0x558bd3fa0686 - <std::sys_common::backtrace::_print::DisplayBacktrace as core::fmt::Display>::fmt::h623d9b51f2f453f1
[INFO] [stderr]                                  at /rustc/0e09125c6c3c2fd70d7de961bcf0e51575235fad/library/std/src/sys_common/backtrace.rs:44:22
[INFO] [stderr]      4:     0x558bd3fbfa70 - core::fmt::rt::Argument::fmt::h9f417ac76a86f368
[INFO] [stderr]                                  at /rustc/0e09125c6c3c2fd70d7de961bcf0e51575235fad/library/core/src/fmt/rt.rs:142:9
[INFO] [stderr]      5:     0x558bd3fbfa70 - core::fmt::write::hc9b6faf4ac2aeff7
[INFO] [stderr]                                  at /rustc/0e09125c6c3c2fd70d7de961bcf0e51575235fad/library/core/src/fmt/mod.rs:1120:17
[INFO] [stderr]      6:     0x558bd3f9e82f - std::io::Write::write_fmt::hfead1eee52c2e65e
[INFO] [stderr]                                  at /rustc/0e09125c6c3c2fd70d7de961bcf0e51575235fad/library/std/src/io/mod.rs:1810:15
[INFO] [stderr]      7:     0x558bd3fa0464 - std::sys_common::backtrace::_print::hd5d66399c7df88a2
[INFO] [stderr]                                  at /rustc/0e09125c6c3c2fd70d7de961bcf0e51575235fad/library/std/src/sys_common/backtrace.rs:47:5
[INFO] [stderr]      8:     0x558bd3fa0464 - std::sys_common::backtrace::print::he81ed2da642d37e5
[INFO] [stderr]                                  at /rustc/0e09125c6c3c2fd70d7de961bcf0e51575235fad/library/std/src/sys_common/backtrace.rs:34:9
[INFO] [stderr]      9:     0x558bd3fa19c7 - std::panicking::default_hook::{{closure}}::h85773f4fa117163d
[INFO] [stderr]     10:     0x558bd3fa1729 - std::panicking::default_hook::h6a1694a91d09b278
[INFO] [stderr]                                  at /rustc/0e09125c6c3c2fd70d7de961bcf0e51575235fad/library/std/src/panicking.rs:292:9
[INFO] [stderr]     11:     0x558bd3fa1e58 - std::panicking::rust_panic_with_hook::h0a7ad96e90f7145b
[INFO] [stderr]                                  at /rustc/0e09125c6c3c2fd70d7de961bcf0e51575235fad/library/std/src/panicking.rs:779:13
[INFO] [stderr]     12:     0x558bd3fa1cf9 - std::panicking::begin_panic_handler::{{closure}}::h7919090525c6485e
[INFO] [stderr]                                  at /rustc/0e09125c6c3c2fd70d7de961bcf0e51575235fad/library/std/src/panicking.rs:649:13
[INFO] [stderr]     13:     0x558bd3fa0b86 - std::sys_common::backtrace::__rust_end_short_backtrace::hf3289479464f7dfe
[INFO] [stderr]                                  at /rustc/0e09125c6c3c2fd70d7de961bcf0e51575235fad/library/std/src/sys_common/backtrace.rs:171:18
[INFO] [stderr]     14:     0x558bd3fa1a90 - rust_begin_unwind
[INFO] [stderr]                                  at /rustc/0e09125c6c3c2fd70d7de961bcf0e51575235fad/library/std/src/panicking.rs:645:5
[INFO] [stderr]     15:     0x558bd3f823d5 - core::panicking::panic_fmt::hcc9f77c5c132af55
[INFO] [stderr]                                  at /rustc/0e09125c6c3c2fd70d7de961bcf0e51575235fad/library/core/src/panicking.rs:72:14
[INFO] [stderr]     16:     0x558bd3f83e25 - build_script_build::main::h8c4709cc410ccdf3
[INFO] [stderr]     17:     0x558bd3f82bd3 - std::sys_common::backtrace::__rust_begin_short_backtrace::hb040ee77dcec2dc9
[INFO] [stderr]     18:     0x558bd3f82cd9 - std::rt::lang_start::{{closure}}::h87041f819f1514b8
[INFO] [stderr]     19:     0x558bd3f9bb21 - core::ops::function::impls::<impl core::ops::function::FnOnce<A> for &F>::call_once::h4eb4c5e1620f29b0
[INFO] [stderr]                                  at /rustc/0e09125c6c3c2fd70d7de961bcf0e51575235fad/library/core/src/ops/function.rs:284:13
[INFO] [stderr]     20:     0x558bd3f9bb21 - std::panicking::try::do_call::h73fd26535faffcdf
[INFO] [stderr]                                  at /rustc/0e09125c6c3c2fd70d7de961bcf0e51575235fad/library/std/src/panicking.rs:552:40
[INFO] [stderr]     21:     0x558bd3f9bb21 - std::panicking::try::h77ff1d98f0fb9f39
[INFO] [stderr]                                  at /rustc/0e09125c6c3c2fd70d7de961bcf0e51575235fad/library/std/src/panicking.rs:516:19
[INFO] [stderr]     22:     0x558bd3f9bb21 - std::panic::catch_unwind::hab3caf2448b95e37
[INFO] [stderr]                                  at /rustc/0e09125c6c3c2fd70d7de961bcf0e51575235fad/library/std/src/panic.rs:142:14
[INFO] [stderr]     23:     0x558bd3f9bb21 - std::rt::lang_start_internal::{{closure}}::h8086711f9c783f78
[INFO] [stderr]                                  at /rustc/0e09125c6c3c2fd70d7de961bcf0e51575235fad/library/std/src/rt.rs:148:48
[INFO] [stderr]     24:     0x558bd3f9bb21 - std::panicking::try::do_call::hf920d4dc291cd6ca
[INFO] [stderr]                                  at /rustc/0e09125c6c3c2fd70d7de961bcf0e51575235fad/library/std/src/panicking.rs:552:40
[INFO] [stderr]     25:     0x558bd3f9bb21 - std::panicking::try::h2b806ccc0a85db74
[INFO] [stderr]                                  at /rustc/0e09125c6c3c2fd70d7de961bcf0e51575235fad/library/std/src/panicking.rs:516:19
[INFO] [stderr]     26:     0x558bd3f9bb21 - std::panic::catch_unwind::h038489539c507df2
[INFO] [stderr]                                  at /rustc/0e09125c6c3c2fd70d7de961bcf0e51575235fad/library/std/src/panic.rs:142:14
[INFO] [stderr]     27:     0x558bd3f9bb21 - std::rt::lang_start_internal::h28503b88912e8a5c
[INFO] [stderr]                                  at /rustc/0e09125c6c3c2fd70d7de961bcf0e51575235fad/library/std/src/rt.rs:148:20
[INFO] [stderr]     28:     0x558bd3f84715 - main
[INFO] [stderr]     29:     0x7f7e3d00bd90 - <unknown>
[INFO] [stderr]     30:     0x7f7e3d00be40 - __libc_start_main
[INFO] [stderr]     31:     0x558bd3f82b05 - _start
[INFO] [stderr]     32:                0x0 - <unknown>
[INFO] [stderr] warning: build failed, waiting for other jobs to finish...
[INFO] [stderr] error: could not compile `ash` (lib)
[INFO] [stderr] 
[INFO] [stderr] Caused by:
[INFO] [stderr]   process didn't exit successfully: `/opt/rustwide/rustup-home/toolchains/beta-2023-12-22-x86_64-unknown-linux-gnu/bin/rustc --crate-name ash --edition=2021 /opt/rustwide/cargo-home/registry/src/index.crates.io-6f17d22bba15001f/ash-0.37.3+1.3.251/src/lib.rs --error-format=json --json=diagnostic-rendered-ansi,artifacts,future-incompat --crate-type lib --emit=dep-info,metadata -C opt-level=3 -C embed-bitcode=no -C debuginfo=2 -C debug-assertions=on -C overflow-checks=off --cfg 'feature="debug"' --cfg 'feature="default"' --cfg 'feature="libloading"' --cfg 'feature="loaded"' -C metadata=d960d4a2dcd214a0 -C extra-filename=-d960d4a2dcd214a0 --out-dir /opt/rustwide/target/debug/deps -L dependency=/opt/rustwide/target/debug/deps --extern libloading=/opt/rustwide/target/debug/deps/liblibloading-84d5f5186f12850f.rmeta --cap-lints allow --cap-lints=warn` (signal: 9, SIGKILL: kill)
[INFO] [stderr] error: could not compile `x11rb-protocol` (lib)
[INFO] [stderr] 
[INFO] [stderr] Caused by:
[INFO] [stderr]   process didn't exit successfully: `/opt/rustwide/rustup-home/toolchains/beta-2023-12-22-x86_64-unknown-linux-gnu/bin/rustc --crate-name x11rb_protocol --edition=2021 /opt/rustwide/cargo-home/registry/src/index.crates.io-6f17d22bba15001f/x11rb-protocol-0.12.0/src/lib.rs --error-format=json --json=diagnostic-rendered-ansi,artifacts,future-incompat --crate-type lib --emit=dep-info,metadata -C opt-level=3 -C embed-bitcode=no -C debuginfo=2 -C debug-assertions=on -C overflow-checks=off --cfg 'feature="default"' --cfg 'feature="nix"' --cfg 'feature="std"' -C metadata=34c099d3bb65103c -C extra-filename=-34c099d3bb65103c --out-dir /opt/rustwide/target/debug/deps -L dependency=/opt/rustwide/target/debug/deps --extern nix=/opt/rustwide/target/debug/deps/libnix-7cfea379c361ac2a.rmeta --cap-lints allow --cap-lints=warn` (signal: 9, SIGKILL: kill)
[INFO] [stderr] error: failed to run custom build command for `glsl-to-spirv v0.1.7`
[INFO] [stderr] note: To improve backtraces for build dependencies, set the CARGO_PROFILE_DEV_BUILD_OVERRIDE_DEBUG=true environment variable to enable debug information generation.
[INFO] [stderr] 
[INFO] [stderr] Caused by:
[INFO] [stderr]   process didn't exit successfully: `/opt/rustwide/target/debug/build/glsl-to-spirv-1b797cc624d3e3cd/build-script-build` (exit status: 101)
[INFO] [stderr]   --- stdout
[INFO] [stderr]   cargo:rerun-if-changed=build/glslangValidator.exe
[INFO] [stderr]   CMAKE_TOOLCHAIN_FILE_x86_64-unknown-linux-gnu = None
[INFO] [stderr]   CMAKE_TOOLCHAIN_FILE_x86_64_unknown_linux_gnu = None
[INFO] [stderr]   HOST_CMAKE_TOOLCHAIN_FILE = None
[INFO] [stderr]   CMAKE_TOOLCHAIN_FILE = None
[INFO] [stderr]   CMAKE_GENERATOR_x86_64-unknown-linux-gnu = None
[INFO] [stderr]   CMAKE_GENERATOR_x86_64_unknown_linux_gnu = None
[INFO] [stderr]   HOST_CMAKE_GENERATOR = None
[INFO] [stderr]   CMAKE_GENERATOR = None
[INFO] [stderr]   CMAKE_PREFIX_PATH_x86_64-unknown-linux-gnu = None
[INFO] [stderr]   CMAKE_PREFIX_PATH_x86_64_unknown_linux_gnu = None
[INFO] [stderr]   HOST_CMAKE_PREFIX_PATH = None
[INFO] [stderr]   CMAKE_PREFIX_PATH = None
[INFO] [stderr]   CMAKE_x86_64-unknown-linux-gnu = None
[INFO] [stderr]   CMAKE_x86_64_unknown_linux_gnu = None
[INFO] [stderr]   HOST_CMAKE = None
[INFO] [stderr]   CMAKE = None
[INFO] [stderr]   running: cd "/opt/rustwide/target/debug/build/glsl-to-spirv-b0ac04d609bf215b/out/build" && CMAKE_PREFIX_PATH="" "cmake" "/opt/rustwide/cargo-home/registry/src/index.crates.io-6f17d22bba15001f/glsl-to-spirv-0.1.7/glslang" "-DCMAKE_INSTALL_PREFIX=/opt/rustwide/target/debug/build/glsl-to-spirv-b0ac04d609bf215b/out" "-DCMAKE_C_FLAGS= -ffunction-sections -fdata-sections -fPIC -m64" "-DCMAKE_C_COMPILER=/usr/bin/cc" "-DCMAKE_CXX_FLAGS= -ffunction-sections -fdata-sections -fPIC -m64" "-DCMAKE_CXX_COMPILER=/usr/bin/c++" "-DCMAKE_ASM_FLAGS= -ffunction-sections -fdata-sections -fPIC -m64" "-DCMAKE_ASM_COMPILER=/usr/bin/cc" "-DCMAKE_BUILD_TYPE=Release"
[INFO] [stderr]   -- The C compiler identification is GNU 11.4.0
[INFO] [stderr]   -- The CXX compiler identification is GNU 11.4.0
[INFO] [stderr]   -- Detecting C compiler ABI info
[INFO] [stderr]   -- Detecting C compiler ABI info - done
[INFO] [stderr]   -- Check for working C compiler: /usr/bin/cc - skipped
[INFO] [stderr]   -- Detecting C compile features
[INFO] [stderr]   -- Detecting C compile features - done
[INFO] [stderr]   -- Detecting CXX compiler ABI info
[INFO] [stderr]   -- Detecting CXX compiler ABI info - done
[INFO] [stderr]   -- Check for working CXX compiler: /usr/bin/c++ - skipped
[INFO] [stderr]   -- Detecting CXX compile features
[INFO] [stderr]   -- Detecting CXX compile features - done
[INFO] [stderr]   -- Google Mock was not found - tests based on that will not build
[INFO] [stderr]   -- Configuring done
[INFO] [stderr]   -- Generating done
[INFO] [stderr]   -- Build files have been written to: /opt/rustwide/target/debug/build/glsl-to-spirv-b0ac04d609bf215b/out/build
[INFO] [stderr]   running: cd "/opt/rustwide/target/debug/build/glsl-to-spirv-b0ac04d609bf215b/out/build" && MAKEFLAGS="-j --jobserver-fds=7,8 --jobserver-auth=7,8" "cmake" "--build" "." "--target" "install" "--config" "Release"
[INFO] [stderr]   [  1%] Building CXX object hlsl/CMakeFiles/HLSL.dir/hlslAttributes.cpp.o
[INFO] [stderr]   [  3%] Building CXX object hlsl/CMakeFiles/HLSL.dir/hlslParseHelper.cpp.o
[INFO] [stderr]   [  5%] Building CXX object hlsl/CMakeFiles/HLSL.dir/hlslScanContext.cpp.o
[INFO] [stderr]   [  7%] Building CXX object hlsl/CMakeFiles/HLSL.dir/hlslOpMap.cpp.o
[INFO] [stderr]   [  8%] Building CXX object glslang/OSDependent/Unix/CMakeFiles/OSDependent.dir/ossource.cpp.o
[INFO] [stderr]   [ 10%] Building CXX object hlsl/CMakeFiles/HLSL.dir/hlslTokenStream.cpp.o
[INFO] [stderr]   [ 12%] Building CXX object OGLCompilersDLL/CMakeFiles/OGLCompiler.dir/InitializeDll.cpp.o
[INFO] [stderr]   [ 14%] Building CXX object hlsl/CMakeFiles/HLSL.dir/hlslGrammar.cpp.o
[INFO] [stderr]   [ 15%] Linking CXX static library libOSDependent.a
[INFO] [stderr]   [ 19%] Building CXX object hlsl/CMakeFiles/HLSL.dir/hlslParseables.cpp.o
[INFO] [stderr]   [ 19%] Building CXX object SPIRV/CMakeFiles/SPVRemapper.dir/SPVRemapper.cpp.o
[INFO] [stderr]   [ 19%] Built target OSDependent
[INFO] [stderr]   [ 21%] Building CXX object StandAlone/CMakeFiles/glslang-default-resource-limits.dir/ResourceLimits.cpp.o
[INFO] [stderr]   [ 22%] Building CXX object SPIRV/CMakeFiles/SPVRemapper.dir/doc.cpp.o
[INFO] [stderr]   [ 24%] Linking CXX static library libOGLCompiler.a
[INFO] [stderr]   [ 24%] Built target OGLCompiler
[INFO] [stderr]   [ 26%] Linking CXX static library libglslang-default-resource-limits.a
[INFO] [stderr]   [ 26%] Built target glslang-default-resource-limits
[INFO] [stderr]   [ 28%] Linking CXX static library libSPVRemapper.a
[INFO] [stderr]   [ 28%] Built target SPVRemapper
[INFO] [stderr]   [ 29%] Linking CXX static library libHLSL.a
[INFO] [stderr]   [ 29%] Built target HLSL
[INFO] [stderr]   [ 35%] Building CXX object glslang/CMakeFiles/glslang.dir/MachineIndependent/InfoSink.cpp.o
[INFO] [stderr]   [ 35%] Building CXX object glslang/CMakeFiles/glslang.dir/MachineIndependent/Constant.cpp.o
[INFO] [stderr]   [ 35%] Building CXX object glslang/CMakeFiles/glslang.dir/MachineIndependent/Initialize.cpp.o
[INFO] [stderr]   [ 36%] Building CXX object glslang/CMakeFiles/glslang.dir/MachineIndependent/IntermTraverse.cpp.o
[INFO] [stderr]   [ 38%] Building CXX object glslang/CMakeFiles/glslang.dir/MachineIndependent/iomapper.cpp.o
[INFO] [stderr]   [ 40%] Building CXX object glslang/CMakeFiles/glslang.dir/MachineIndependent/Intermediate.cpp.o
[INFO] [stderr]   [ 42%] Building CXX object glslang/CMakeFiles/glslang.dir/MachineIndependent/ParseContextBase.cpp.o
[INFO] [stderr]   [ 45%] Building CXX object glslang/CMakeFiles/glslang.dir/MachineIndependent/PoolAlloc.cpp.o
[INFO] [stderr]   [ 45%] Building CXX object glslang/CMakeFiles/glslang.dir/MachineIndependent/ParseHelper.cpp.o
[INFO] [stderr]   [ 49%] Building CXX object glslang/CMakeFiles/glslang.dir/MachineIndependent/Scan.cpp.o
[INFO] [stderr]   [ 47%] Building CXX object glslang/CMakeFiles/glslang.dir/MachineIndependent/RemoveTree.cpp.o
[INFO] [stderr]   [ 50%] Building CXX object glslang/CMakeFiles/glslang.dir/MachineIndependent/SymbolTable.cpp.o
[INFO] [stderr]   [ 52%] Building CXX object glslang/CMakeFiles/glslang.dir/MachineIndependent/glslang_tab.cpp.o
[INFO] [stderr]   [ 54%] Building CXX object glslang/CMakeFiles/glslang.dir/MachineIndependent/Versions.cpp.o
[INFO] [stderr]   [ 56%] Building CXX object glslang/CMakeFiles/glslang.dir/MachineIndependent/ShaderLang.cpp.o
[INFO] [stderr]   [ 57%] Building CXX object glslang/CMakeFiles/glslang.dir/MachineIndependent/intermOut.cpp.o
[INFO] [stderr]   [ 59%] Building CXX object glslang/CMakeFiles/glslang.dir/MachineIndependent/limits.cpp.o
[INFO] [stderr]   [ 61%] Building CXX object glslang/CMakeFiles/glslang.dir/MachineIndependent/linkValidate.cpp.o
[INFO] [stderr]   [ 63%] Building CXX object glslang/CMakeFiles/glslang.dir/MachineIndependent/parseConst.cpp.o
[INFO] [stderr] 
[INFO] [stderr]   --- stderr
[INFO] [stderr]   fatal: not a git repository (or any parent up to mount point /opt/rustwide)
[INFO] [stderr]   Stopping at filesystem boundary (GIT_DISCOVERY_ACROSS_FILESYSTEM not set).
[INFO] [stderr]   CMake Warning (dev) at /usr/share/cmake-3.22/Modules/GNUInstallDirs.cmake:239 (message):
[INFO] [stderr]     Unable to determine default CMAKE_INSTALL_LIBDIR directory because no
[INFO] [stderr]     target architecture is known.  Please enable at least one language before
[INFO] [stderr]     including GNUInstallDirs.
[INFO] [stderr]   Call Stack (most recent call first):
[INFO] [stderr]     CMakeLists.txt:7 (include)
[INFO] [stderr]   This warning is for project developers.  Use -Wno-dev to suppress it.
[INFO] [stderr] 
[INFO] [stderr]   CMake Warning:
[INFO] [stderr]     Manually-specified variables were not used by the project:
[INFO] [stderr] 
[INFO] [stderr]       CMAKE_ASM_COMPILER
[INFO] [stderr]       CMAKE_ASM_FLAGS
[INFO] [stderr] 
[INFO] [stderr] 
[INFO] [stderr]   c++: fatal error: Killed signal terminated program cc1plus
[INFO] [stderr]   compilation terminated.
[INFO] [stderr]   gmake[2]: *** [glslang/CMakeFiles/glslang.dir/build.make:76: glslang/CMakeFiles/glslang.dir/MachineIndependent/glslang_tab.cpp.o] Error 1
[INFO] [stderr]   gmake[2]: *** Waiting for unfinished jobs....
[INFO] [stderr]   c++: fatal error: Killed signal terminated program cc1plus
[INFO] [stderr]   compilation terminated.
[INFO] [stderr]   gmake[2]: *** [glslang/CMakeFiles/glslang.dir/build.make:244: glslang/CMakeFiles/glslang.dir/MachineIndependent/ShaderLang.cpp.o] Error 1
[INFO] [stderr]   c++: fatal error: Killed signal terminated program cc1plus
[INFO] [stderr]   compilation terminated.
[INFO] [stderr]   gmake[2]: *** [glslang/CMakeFiles/glslang.dir/build.make:188: glslang/CMakeFiles/glslang.dir/MachineIndependent/ParseHelper.cpp.o] Error 1
[INFO] [stderr]   c++: fatal error: Killed signal terminated program cc1plus
[INFO] [stderr]   compilation terminated.
[INFO] [stderr]   gmake[2]: *** [glslang/CMakeFiles/glslang.dir/build.make:230: glslang/CMakeFiles/glslang.dir/MachineIndependent/Scan.cpp.o] Error 1
[INFO] [stderr]   gmake[1]: *** [CMakeFiles/Makefile2:987: glslang/CMakeFiles/glslang.dir/all] Error 2
[INFO] [stderr]   gmake: *** [Makefile:146: all] Error 2
[INFO] [stderr]   thread 'main' panicked at /opt/rustwide/cargo-home/registry/src/index.crates.io-6f17d22bba15001f/cmake-0.1.50/src/lib.rs:1098:5:
[INFO] [stderr] 
[INFO] [stderr]   command did not execute successfully, got: exit status: 2
[INFO] [stderr] 
[INFO] [stderr]   build script failed, must exit now
[INFO] [stderr]   stack backtrace:
[INFO] [stderr]      0:     0x55dad87e35f6 - std::backtrace_rs::backtrace::libunwind::trace::h261606ad26a499c1
[INFO] [stderr]                                  at /rustc/0e09125c6c3c2fd70d7de961bcf0e51575235fad/library/std/src/../../backtrace/src/backtrace/libunwind.rs:104:5
[INFO] [stderr]      1:     0x55dad87e35f6 - std::backtrace_rs::backtrace::trace_unsynchronized::hd183f0625477fb28
[INFO] [stderr]                                  at /rustc/0e09125c6c3c2fd70d7de961bcf0e51575235fad/library/std/src/../../backtrace/src/backtrace/mod.rs:66:5
[INFO] [stderr]      2:     0x55dad87e35f6 - std::sys_common::backtrace::_print_fmt::hd7f8fef21b4eda67
[INFO] [stderr]                                  at /rustc/0e09125c6c3c2fd70d7de961bcf0e51575235fad/library/std/src/sys_common/backtrace.rs:68:5
[INFO] [stderr]      3:     0x55dad87e35f6 - <std::sys_common::backtrace::_print::DisplayBacktrace as core::fmt::Display>::fmt::h623d9b51f2f453f1
[INFO] [stderr]                                  at /rustc/0e09125c6c3c2fd70d7de961bcf0e51575235fad/library/std/src/sys_common/backtrace.rs:44:22
[INFO] [stderr]      4:     0x55dad8809750 - core::fmt::rt::Argument::fmt::h9f417ac76a86f368
[INFO] [stderr]                                  at /rustc/0e09125c6c3c2fd70d7de961bcf0e51575235fad/library/core/src/fmt/rt.rs:142:9
[INFO] [stderr]      5:     0x55dad8809750 - core::fmt::write::hc9b6faf4ac2aeff7
[INFO] [stderr]                                  at /rustc/0e09125c6c3c2fd70d7de961bcf0e51575235fad/library/core/src/fmt/mod.rs:1120:17
[INFO] [stderr]      6:     0x55dad87e0e2f - std::io::Write::write_fmt::hfead1eee52c2e65e
[INFO] [stderr]                                  at /rustc/0e09125c6c3c2fd70d7de961bcf0e51575235fad/library/std/src/io/mod.rs:1810:15
[INFO] [stderr]      7:     0x55dad87e33d4 - std::sys_common::backtrace::_print::hd5d66399c7df88a2
[INFO] [stderr]                                  at /rustc/0e09125c6c3c2fd70d7de961bcf0e51575235fad/library/std/src/sys_common/backtrace.rs:47:5
[INFO] [stderr]      8:     0x55dad87e33d4 - std::sys_common::backtrace::print::he81ed2da642d37e5
[INFO] [stderr]                                  at /rustc/0e09125c6c3c2fd70d7de961bcf0e51575235fad/library/std/src/sys_common/backtrace.rs:34:9
[INFO] [stderr]      9:     0x55dad87e4cb7 - std::panicking::default_hook::{{closure}}::h85773f4fa117163d
[INFO] [stderr]     10:     0x55dad87e4a19 - std::panicking::default_hook::h6a1694a91d09b278
[INFO] [stderr]                                  at /rustc/0e09125c6c3c2fd70d7de961bcf0e51575235fad/library/std/src/panicking.rs:292:9
[INFO] [stderr]     11:     0x55dad87e5148 - std::panicking::rust_panic_with_hook::h0a7ad96e90f7145b
[INFO] [stderr]                                  at /rustc/0e09125c6c3c2fd70d7de961bcf0e51575235fad/library/std/src/panicking.rs:779:13
[INFO] [stderr]     12:     0x55dad87e5022 - std::panicking::begin_panic_handler::{{closure}}::h7919090525c6485e
[INFO] [stderr]                                  at /rustc/0e09125c6c3c2fd70d7de961bcf0e51575235fad/library/std/src/panicking.rs:657:13
[INFO] [stderr]     13:     0x55dad87e3af6 - std::sys_common::backtrace::__rust_end_short_backtrace::hf3289479464f7dfe
[INFO] [stderr]                                  at /rustc/0e09125c6c3c2fd70d7de961bcf0e51575235fad/library/std/src/sys_common/backtrace.rs:171:18
[INFO] [stderr]     14:     0x55dad87e4d80 - rust_begin_unwind
[INFO] [stderr]                                  at /rustc/0e09125c6c3c2fd70d7de961bcf0e51575235fad/library/std/src/panicking.rs:645:5
[INFO] [stderr]     15:     0x55dad8795035 - core::panicking::panic_fmt::hcc9f77c5c132af55
[INFO] [stderr]                                  at /rustc/0e09125c6c3c2fd70d7de961bcf0e51575235fad/library/core/src/panicking.rs:72:14
[INFO] [stderr]     16:     0x55dad87a60c7 - cmake::fail::hea699ebfe16f0412
[INFO] [stderr]     17:     0x55dad87a5d4c - cmake::run::h33fc30a0a26bfdc6
[INFO] [stderr]     18:     0x55dad87a34aa - cmake::Config::build::h598d8b45cb9f45e7
[INFO] [stderr]     19:     0x55dad8798a0f - cmake::build::h59e7ebfe811bf816
[INFO] [stderr]     20:     0x55dad8795dcb - build_script_build::main::hc2abd2847323da1e
[INFO] [stderr]     21:     0x55dad8798ed3 - std::sys_common::backtrace::__rust_begin_short_backtrace::h0c867858051926c2
[INFO] [stderr]     22:     0x55dad8798ee9 - std::rt::lang_start::{{closure}}::hb260c5c5e99c5d09
[INFO] [stderr]     23:     0x55dad87dc3d1 - core::ops::function::impls::<impl core::ops::function::FnOnce<A> for &F>::call_once::h4eb4c5e1620f29b0
[INFO] [stderr]                                  at /rustc/0e09125c6c3c2fd70d7de961bcf0e51575235fad/library/core/src/ops/function.rs:284:13
[INFO] [stderr]     24:     0x55dad87dc3d1 - std::panicking::try::do_call::h73fd26535faffcdf
[INFO] [stderr]                                  at /rustc/0e09125c6c3c2fd70d7de961bcf0e51575235fad/library/std/src/panicking.rs:552:40
[INFO] [stderr]     25:     0x55dad87dc3d1 - std::panicking::try::h77ff1d98f0fb9f39
[INFO] [stderr]                                  at /rustc/0e09125c6c3c2fd70d7de961bcf0e51575235fad/library/std/src/panicking.rs:516:19
[INFO] [stderr]     26:     0x55dad87dc3d1 - std::panic::catch_unwind::hab3caf2448b95e37
[INFO] [stderr]                                  at /rustc/0e09125c6c3c2fd70d7de961bcf0e51575235fad/library/std/src/panic.rs:142:14
[INFO] [stderr]     27:     0x55dad87dc3d1 - std::rt::lang_start_internal::{{closure}}::h8086711f9c783f78
[INFO] [stderr]                                  at /rustc/0e09125c6c3c2fd70d7de961bcf0e51575235fad/library/std/src/rt.rs:148:48
[INFO] [stderr]     28:     0x55dad87dc3d1 - std::panicking::try::do_call::hf920d4dc291cd6ca
[INFO] [stderr]                                  at /rustc/0e09125c6c3c2fd70d7de961bcf0e51575235fad/library/std/src/panicking.rs:552:40
[INFO] [stderr]     29:     0x55dad87dc3d1 - std::panicking::try::h2b806ccc0a85db74
[INFO] [stderr]                                  at /rustc/0e09125c6c3c2fd70d7de961bcf0e51575235fad/library/std/src/panicking.rs:516:19
[INFO] [stderr]     30:     0x55dad87dc3d1 - std::panic::catch_unwind::h038489539c507df2
[INFO] [stderr]                                  at /rustc/0e09125c6c3c2fd70d7de961bcf0e51575235fad/library/std/src/panic.rs:142:14
[INFO] [stderr]     31:     0x55dad87dc3d1 - std::rt::lang_start_internal::h28503b88912e8a5c
[INFO] [stderr]                                  at /rustc/0e09125c6c3c2fd70d7de961bcf0e51575235fad/library/std/src/rt.rs:148:20
[INFO] [stderr]     32:     0x55dad8796945 - main
[INFO] [stderr]     33:     0x7f568fc98d90 - <unknown>
[INFO] [stderr]     34:     0x7f568fc98e40 - __libc_start_main
[INFO] [stderr]     35:     0x55dad8795765 - _start
[INFO] [stderr]     36:                0x0 - <unknown>
[INFO] running `Command { std: "docker" "inspect" "2ca2fefddb43fe6d871b47a0aa266a100c5df5a3a201ca68f3a19a6ff4ca5eb1", kill_on_drop: false }`
[INFO] running `Command { std: "docker" "rm" "-f" "2ca2fefddb43fe6d871b47a0aa266a100c5df5a3a201ca68f3a19a6ff4ca5eb1", kill_on_drop: false }`
[INFO] [stdout] 2ca2fefddb43fe6d871b47a0aa266a100c5df5a3a201ca68f3a19a6ff4ca5eb1
