[INFO] cloning repository https://github.com/Nhlest/rumigame
[INFO] running `Command { std: "git" "-c" "credential.helper=" "-c" "credential.helper=/workspace/cargo-home/bin/git-credential-null" "clone" "--bare" "https://github.com/Nhlest/rumigame" "/workspace/cache/git-repos/https%3A%2F%2Fgithub.com%2FNhlest%2Frumigame", kill_on_drop: false }`
[INFO] [stderr] Cloning into bare repository '/workspace/cache/git-repos/https%3A%2F%2Fgithub.com%2FNhlest%2Frumigame'...
[INFO] running `Command { std: "git" "rev-parse" "HEAD", kill_on_drop: false }`
[INFO] [stdout] 5d1890fc0906cca91d8b587617632c32c711f99f
[INFO] documenting Nhlest/rumigame against 1.75.0 for beta-1.76-rustdoc-1
[INFO] running `Command { std: "git" "clone" "/workspace/cache/git-repos/https%3A%2F%2Fgithub.com%2FNhlest%2Frumigame" "/workspace/builds/worker-1-tc1/source", kill_on_drop: false }`
[INFO] [stderr] Cloning into '/workspace/builds/worker-1-tc1/source'...
[INFO] [stderr] done.
[INFO] validating manifest of git repo https://github.com/Nhlest/rumigame on toolchain 1.75.0
[INFO] running `Command { std: CARGO_HOME="/workspace/cargo-home" RUSTUP_HOME="/workspace/rustup-home" "/workspace/cargo-home/bin/cargo" "+1.75.0" "metadata" "--manifest-path" "Cargo.toml" "--no-deps", kill_on_drop: false }`
[INFO] removed /workspace/builds/worker-1-tc1/source/.cargo/config.toml
[INFO] started tweaking git repo https://github.com/Nhlest/rumigame
[INFO] finished tweaking git repo https://github.com/Nhlest/rumigame
[INFO] tweaked toml for git repo https://github.com/Nhlest/rumigame written to /workspace/builds/worker-1-tc1/source/Cargo.toml
[INFO] crate git repo https://github.com/Nhlest/rumigame already has a lockfile, it will not be regenerated
[INFO] running `Command { std: CARGO_HOME="/workspace/cargo-home" RUSTUP_HOME="/workspace/rustup-home" "/workspace/cargo-home/bin/cargo" "+1.75.0" "fetch" "--manifest-path" "Cargo.toml", kill_on_drop: false }`
[INFO] [stderr]     Updating git repository `https://github.com/Nhlest/ruminative`
[INFO] [stderr]     Updating crates.io index
[INFO] [stderr]     Updating git repository `https://github.com/Nhlest/imgui-rs`
[INFO] [stderr]  Downloading crates ...
[INFO] [stderr]   Downloaded bevy_ptr v0.12.0
[INFO] [stderr]   Downloaded bevy_derive v0.12.0
[INFO] [stderr]   Downloaded chlorine v1.0.10
[INFO] [stderr]   Downloaded bevy_ecs_macros v0.12.0
[INFO] [stderr]   Downloaded bevy_macro_utils v0.12.0
[INFO] [stderr]   Downloaded texpresso v2.0.1
[INFO] [stderr]   Downloaded vulkano-shaders v0.34.0
[INFO] [stderr]   Downloaded bevy_tasks v0.12.0
[INFO] [stderr]   Downloaded hot-lib-reloader v0.6.5
[INFO] [stderr]   Downloaded bevy_reflect v0.12.0
[INFO] [stderr]   Downloaded bevy_ecs v0.12.0
[INFO] [stderr]   Downloaded vulkano v0.34.1
[INFO] [stderr]   Downloaded tracy-client-sys v0.22.0
[INFO] [stderr]   Downloaded vk-parse v0.12.0
[INFO] [stderr]   Downloaded bevy_reflect_derive v0.12.0
[INFO] [stderr]   Downloaded bevy_utils v0.12.0
[INFO] [stderr]   Downloaded tracy-client v0.16.4
[INFO] [stderr]   Downloaded bevy_app v0.12.0
[INFO] [stderr]   Downloaded vulkano-win v0.34.0
[INFO] [stderr]   Downloaded hot-lib-reloader-macro v0.6.5
[INFO] [stderr]   Downloaded vulkano-macros v0.34.0
[INFO] [stderr]   Downloaded bevy_utils_proc_macros v0.12.0
[INFO] running `Command { std: "docker" "create" "-v" "/var/lib/crater-agent-workspace/builds/worker-1-tc1/target:/opt/rustwide/target:rw,Z" "-v" "/var/lib/crater-agent-workspace/builds/worker-1-tc1/source:/opt/rustwide/workdir:ro,Z" "-v" "/var/lib/crater-agent-workspace/cargo-home:/opt/rustwide/cargo-home:ro,Z" "-v" "/var/lib/crater-agent-workspace/rustup-home:/opt/rustwide/rustup-home:ro,Z" "-e" "SOURCE_DIR=/opt/rustwide/workdir" "-e" "CARGO_TARGET_DIR=/opt/rustwide/target" "-e" "CARGO_HOME=/opt/rustwide/cargo-home" "-e" "RUSTUP_HOME=/opt/rustwide/rustup-home" "-w" "/opt/rustwide/workdir" "-m" "1610612736" "--user" "0:0" "--network" "none" "ghcr.io/rust-lang/crates-build-env/linux@sha256:2788e3201cd34a07e3172128adcd8b3090168a8e3bcc40d7c032b9dda1df7d1c" "/opt/rustwide/cargo-home/bin/cargo" "+1.75.0" "metadata" "--no-deps" "--format-version=1", kill_on_drop: false }`
[INFO] [stdout] cba3b9e27ef765086a7d0917dbe1a9bb53e1a231d6113883658a7d2675279690
[INFO] running `Command { std: "docker" "start" "-a" "cba3b9e27ef765086a7d0917dbe1a9bb53e1a231d6113883658a7d2675279690", kill_on_drop: false }`
[INFO] running `Command { std: "docker" "inspect" "cba3b9e27ef765086a7d0917dbe1a9bb53e1a231d6113883658a7d2675279690", kill_on_drop: false }`
[INFO] running `Command { std: "docker" "rm" "-f" "cba3b9e27ef765086a7d0917dbe1a9bb53e1a231d6113883658a7d2675279690", kill_on_drop: false }`
[INFO] [stdout] cba3b9e27ef765086a7d0917dbe1a9bb53e1a231d6113883658a7d2675279690
[INFO] running `Command { std: "docker" "create" "-v" "/var/lib/crater-agent-workspace/builds/worker-1-tc1/target:/opt/rustwide/target:rw,Z" "-v" "/var/lib/crater-agent-workspace/builds/worker-1-tc1/source:/opt/rustwide/workdir:ro,Z" "-v" "/var/lib/crater-agent-workspace/cargo-home:/opt/rustwide/cargo-home:ro,Z" "-v" "/var/lib/crater-agent-workspace/rustup-home:/opt/rustwide/rustup-home:ro,Z" "-e" "SOURCE_DIR=/opt/rustwide/workdir" "-e" "CARGO_TARGET_DIR=/opt/rustwide/target" "-e" "CARGO_INCREMENTAL=0" "-e" "RUST_BACKTRACE=full" "-e" "RUSTFLAGS=--cap-lints=warn" "-e" "RUSTDOCFLAGS=--cap-lints=warn" "-e" "CARGO_HOME=/opt/rustwide/cargo-home" "-e" "RUSTUP_HOME=/opt/rustwide/rustup-home" "-w" "/opt/rustwide/workdir" "-m" "1610612736" "--user" "0:0" "--network" "none" "ghcr.io/rust-lang/crates-build-env/linux@sha256:2788e3201cd34a07e3172128adcd8b3090168a8e3bcc40d7c032b9dda1df7d1c" "/opt/rustwide/cargo-home/bin/cargo" "+1.75.0" "doc" "--frozen" "--no-deps" "--document-private-items" "--message-format=json", kill_on_drop: false }`
[INFO] [stdout] 7eef71eff2a7d39fe36332a19ac2eb9d8e90e78fe9b2d50315d2216cc8346ae2
[INFO] running `Command { std: "docker" "start" "-a" "7eef71eff2a7d39fe36332a19ac2eb9d8e90e78fe9b2d50315d2216cc8346ae2", kill_on_drop: false }`
[INFO] [stderr]    Compiling proc-macro2 v1.0.69
[INFO] [stderr]    Compiling unicode-ident v1.0.12
[INFO] [stderr]    Compiling serde v1.0.193
[INFO] [stderr]    Compiling equivalent v1.0.1
[INFO] [stderr]    Compiling hashbrown v0.14.2
[INFO] [stderr]     Checking cfg-if v1.0.0
[INFO] [stderr]    Compiling libc v0.2.150
[INFO] [stderr]    Compiling pkg-config v0.3.27
[INFO] [stderr]    Compiling winnow v0.5.19
[INFO] [stderr]    Compiling heck v0.4.1
[INFO] [stderr]    Compiling autocfg v1.1.0
[INFO] [stderr]    Compiling smallvec v1.11.2
[INFO] [stderr]    Compiling indexmap v2.1.0
[INFO] [stderr]    Compiling target-lexicon v0.12.12
[INFO] [stderr]    Compiling quote v1.0.33
[INFO] [stderr]    Compiling syn v2.0.39
[INFO] [stderr]    Compiling version-compare v0.1.1
[INFO] [stderr]    Compiling cfg-expr v0.15.5
[INFO] [stderr]    Compiling version_check v0.9.4
[INFO] [stderr]    Compiling xml-rs v0.8.19
[INFO] [stderr]     Checking once_cell v1.18.0
[INFO] [stderr]    Compiling crossbeam-utils v0.8.16
[INFO] [stderr]     Checking bitflags v1.3.2
[INFO] [stderr]    Compiling getrandom v0.2.11
[INFO] [stderr]    Compiling cc v1.0.83
[INFO] [stderr]    Compiling memoffset v0.6.5
[INFO] [stderr]    Compiling thiserror v1.0.50
[INFO] [stderr]     Checking pin-project-lite v0.2.13
[INFO] [stderr]    Compiling wayland-scanner v0.29.5
[INFO] [stderr]     Checking libloading v0.8.1
[INFO] [stderr]    Compiling ahash v0.8.6
[INFO] [stderr]     Checking memchr v2.6.4
[INFO] [stderr]     Checking log v0.4.20
[INFO] [stderr]    Compiling wayland-sys v0.29.5
[INFO] [stderr]    Compiling slab v0.4.9
[INFO] [stderr]    Compiling lock_api v0.4.11
[INFO] [stderr]     Checking zerocopy v0.7.26
[INFO] [stderr]    Compiling serde_json v1.0.108
[INFO] [stderr]    Compiling aho-corasick v1.1.2
[INFO] [stderr]    Compiling parking_lot_core v0.9.9
[INFO] [stderr]     Checking downcast-rs v1.2.0
[INFO] [stderr]    Compiling regex-syntax v0.8.2
[INFO] [stderr]     Checking dlib v0.5.2
[INFO] [stderr]    Compiling crc32fast v1.3.2
[INFO] [stderr]    Compiling itoa v1.0.9
[INFO] [stderr]    Compiling regex-automata v0.4.3
[INFO] [stderr]     Checking lazy_static v1.4.0
[INFO] [stderr]    Compiling futures-core v0.3.29
[INFO] [stderr]    Compiling ryu v1.0.15
[INFO] [stderr]    Compiling wayland-client v0.29.5
[INFO] [stderr]     Checking nix v0.24.3
[INFO] [stderr]    Compiling vk-parse v0.12.0
[INFO] [stderr]     Checking concurrent-queue v2.3.0
[INFO] [stderr]     Checking simd-adler32 v0.3.7
[INFO] [stderr]     Checking parking v2.2.0
[INFO] [stderr]    Compiling slotmap v1.0.6
[INFO] [stderr]    Compiling regex v1.10.2
[INFO] [stderr]     Checking wayland-commons v0.29.5
[INFO] [stderr]     Checking scoped-tls v1.0.1
[INFO] [stderr]    Compiling crossbeam-queue v0.3.8
[INFO] [stderr]     Checking allocator-api2 v0.2.16
[INFO] [stderr]     Checking adler v1.0.2
[INFO] [stderr]    Compiling rustc-hash v1.1.0
[INFO] [stderr]    Compiling ash v0.37.3+1.3.251
[INFO] [stderr]     Checking minimal-lexical v0.2.1
[INFO] [stderr]    Compiling syn v1.0.109
[INFO] [stderr]     Checking nom v7.1.3
[INFO] [stderr]     Checking miniz_oxide v0.7.1
[INFO] [stderr]     Checking event-listener v3.1.0
[INFO] [stderr]    Compiling wayland-protocols v0.29.5
[INFO] [stderr]     Checking instant v0.1.12
[INFO] [stderr]    Compiling xmlparser v0.13.6
[INFO] [stderr]     Checking xcursor v0.3.4
[INFO] [stderr]    Compiling roxmltree v0.14.1
[INFO] [stderr]     Checking event-listener-strategy v0.3.0
[INFO] [stderr]     Checking flate2 v1.0.28
[INFO] [stderr]     Checking fdeflate v0.3.1
[INFO] [stderr]     Checking nix v0.25.1
[INFO] [stderr]    Compiling cmake v0.1.50
[INFO] [stderr]     Checking tracing-core v0.1.32
[INFO] [stderr]    Compiling smithay-client-toolkit v0.16.1
[INFO] [stderr]     Checking strict-num v0.1.1
[INFO] [stderr]     Checking fixedbitset v0.4.2
[INFO] [stderr]     Checking arrayref v0.3.7
[INFO] [stderr]     Checking ttf-parser v0.20.0
[INFO] [stderr]     Checking vec_map v0.8.2
[INFO] [stderr]     Checking scopeguard v1.2.0
[INFO] [stderr]     Checking petgraph v0.6.4
[INFO] [stderr]     Checking tracing v0.1.40
[INFO] [stderr]     Checking png v0.17.10
[INFO] [stderr]    Compiling shaderc-sys v0.8.2
[INFO] [stderr]     Checking async-lock v3.1.1
[INFO] [stderr]     Checking wayland-cursor v0.29.5
[INFO] [stderr]     Checking owned_ttf_parser v0.20.0
[INFO] [stderr]     Checking futures-lite v2.0.1
[INFO] [stderr]     Checking uuid v1.6.1
[INFO] [stderr]     Checking thread_local v1.1.7
[INFO] [stderr]     Checking memmap2 v0.5.10
[INFO] [stderr]    Compiling x11-dl v2.21.0
[INFO] [stderr]     Checking libloading v0.7.4
[INFO] [stderr]     Checking event-listener v2.5.3
[INFO] [stderr]     Checking cfg-if v0.1.10
[INFO] [stderr]     Checking nonmax v0.5.5
[INFO] [stderr]     Checking async-task v4.5.0
[INFO] [stderr]     Checking arrayvec v0.7.4
[INFO] [stderr]     Checking raw-window-handle v0.5.2
[INFO] [stderr]     Checking fastrand v2.0.1
[INFO] [stderr]     Checking fastrand v1.9.0
[INFO] [stderr]     Checking waker-fn v1.1.1
[INFO] [stderr]     Checking ab_glyph_rasterizer v0.1.8
[INFO] [stderr]     Checking futures-io v0.3.29
[INFO] [stderr]    Compiling cfg_aliases v0.1.1
[INFO] [stderr]     Checking ab_glyph v0.2.23
[INFO] [stderr]     Checking futures-lite v1.13.0
[INFO] [stderr]    Compiling winit v0.28.7
[INFO] [stderr]     Checking async-executor v1.7.2
[INFO] [stderr]     Checking net2 v0.2.39
[INFO] [stderr]     Checking async-channel v1.9.0
[INFO] [stderr]     Checking parking_lot v0.12.1
[INFO] [stderr]     Checking erased-serde v0.3.31
[INFO] [stderr]    Compiling imgui-sys v0.11.0 (https://github.com/Nhlest/imgui-rs?branch=main#50703bf5)
[INFO] [stderr]    Compiling tracy-client-sys v0.22.0
[INFO] [stderr]     Checking iovec v0.1.4
[INFO] [stderr]    Compiling libm v0.2.8
[INFO] [stderr]     Checking bevy_ptr v0.12.0
[INFO] [stderr]     Checking mio v0.6.23
[INFO] [stderr] error: could not compile `syn` (lib)
[INFO] [stderr] 
[INFO] [stderr] Caused by:
[INFO] [stderr]   process didn't exit successfully: `/opt/rustwide/rustup-home/toolchains/1.75.0-x86_64-unknown-linux-gnu/bin/rustc --crate-name syn --edition=2018 /opt/rustwide/cargo-home/registry/src/index.crates.io-6f17d22bba15001f/syn-1.0.109/src/lib.rs --error-format=json --json=diagnostic-rendered-ansi,artifacts,future-incompat --crate-type lib --emit=dep-info,metadata,link -C opt-level=3 -C embed-bitcode=no -C debug-assertions=on -C overflow-checks=off --cfg 'feature="clone-impls"' --cfg 'feature="default"' --cfg 'feature="derive"' --cfg 'feature="full"' --cfg 'feature="parsing"' --cfg 'feature="printing"' --cfg 'feature="proc-macro"' --cfg 'feature="quote"' -C metadata=96bbe239bf2b517b -C extra-filename=-96bbe239bf2b517b --out-dir /opt/rustwide/target/debug/deps -L dependency=/opt/rustwide/target/debug/deps --extern proc_macro2=/opt/rustwide/target/debug/deps/libproc_macro2-d5f21ba7bd22d70c.rmeta --extern quote=/opt/rustwide/target/debug/deps/libquote-13b1838f9a5912ba.rmeta --extern unicode_ident=/opt/rustwide/target/debug/deps/libunicode_ident-eaa73e509b3309de.rmeta --cap-lints allow --cap-lints=warn --cfg syn_disable_nightly_tests` (signal: 9, SIGKILL: kill)
[INFO] [stderr] warning: build failed, waiting for other jobs to finish...
[INFO] [stderr] error: could not compile `syn` (lib)
[INFO] [stderr] 
[INFO] [stderr] Caused by:
[INFO] [stderr]   process didn't exit successfully: `/opt/rustwide/rustup-home/toolchains/1.75.0-x86_64-unknown-linux-gnu/bin/rustc --crate-name syn --edition=2021 /opt/rustwide/cargo-home/registry/src/index.crates.io-6f17d22bba15001f/syn-2.0.39/src/lib.rs --error-format=json --json=diagnostic-rendered-ansi,artifacts,future-incompat --crate-type lib --emit=dep-info,metadata,link -C opt-level=3 -C embed-bitcode=no -C debug-assertions=on -C overflow-checks=off --cfg 'feature="clone-impls"' --cfg 'feature="default"' --cfg 'feature="derive"' --cfg 'feature="extra-traits"' --cfg 'feature="full"' --cfg 'feature="parsing"' --cfg 'feature="printing"' --cfg 'feature="proc-macro"' --cfg 'feature="quote"' -C metadata=c32d6268b20b44f8 -C extra-filename=-c32d6268b20b44f8 --out-dir /opt/rustwide/target/debug/deps -L dependency=/opt/rustwide/target/debug/deps --extern proc_macro2=/opt/rustwide/target/debug/deps/libproc_macro2-d5f21ba7bd22d70c.rmeta --extern quote=/opt/rustwide/target/debug/deps/libquote-13b1838f9a5912ba.rmeta --extern unicode_ident=/opt/rustwide/target/debug/deps/libunicode_ident-eaa73e509b3309de.rmeta --cap-lints allow --cap-lints=warn` (signal: 9, SIGKILL: kill)
[INFO] [stderr] error: could not compile `ash` (lib)
[INFO] [stderr] 
[INFO] [stderr] Caused by:
[INFO] [stderr]   process didn't exit successfully: `/opt/rustwide/rustup-home/toolchains/1.75.0-x86_64-unknown-linux-gnu/bin/rustc --crate-name ash --edition=2021 /opt/rustwide/cargo-home/registry/src/index.crates.io-6f17d22bba15001f/ash-0.37.3+1.3.251/src/lib.rs --error-format=json --json=diagnostic-rendered-ansi,artifacts,future-incompat --crate-type lib --emit=dep-info,metadata,link -C opt-level=3 -C embed-bitcode=no -C debug-assertions=on -C overflow-checks=off --cfg 'feature="debug"' --cfg 'feature="default"' --cfg 'feature="libloading"' --cfg 'feature="loaded"' -C metadata=8e2969d3b4197414 -C extra-filename=-8e2969d3b4197414 --out-dir /opt/rustwide/target/debug/deps -L dependency=/opt/rustwide/target/debug/deps --extern libloading=/opt/rustwide/target/debug/deps/liblibloading-c06a14cf682ee84a.rmeta --cap-lints allow --cap-lints=warn` (signal: 9, SIGKILL: kill)
[INFO] [stderr] The following warnings were emitted during compilation:
[INFO] [stderr] 
[INFO] [stderr] warning: shaderc-sys@0.8.2: shaderc: searching for native shaderc libraries on system;  use '--features build-from-source' to force building from source code
[INFO] [stderr] warning: shaderc-sys@0.8.2: shaderc: cannot find native shaderc library on system; falling back to build from source
[INFO] [stderr] 
[INFO] [stderr] error: failed to run custom build command for `shaderc-sys v0.8.2`
[INFO] [stderr] note: To improve backtraces for build dependencies, set the CARGO_PROFILE_DEV_BUILD_OVERRIDE_DEBUG=true environment variable to enable debug information generation.
[INFO] [stderr] 
[INFO] [stderr] Caused by:
[INFO] [stderr]   process didn't exit successfully: `/opt/rustwide/target/debug/build/shaderc-sys-c355edd21af399f0/build-script-build` (exit status: 101)
[INFO] [stderr]   --- stdout
[INFO] [stderr]   cargo:warning=shaderc: searching for native shaderc libraries on system;  use '--features build-from-source' to force building from source code
[INFO] [stderr]   cargo:warning=shaderc: cannot find native shaderc library on system; falling back to build from source
[INFO] [stderr]   CMAKE_TOOLCHAIN_FILE_x86_64-unknown-linux-gnu = None
[INFO] [stderr]   CMAKE_TOOLCHAIN_FILE_x86_64_unknown_linux_gnu = None
[INFO] [stderr]   HOST_CMAKE_TOOLCHAIN_FILE = None
[INFO] [stderr]   CMAKE_TOOLCHAIN_FILE = None
[INFO] [stderr]   CMAKE_PREFIX_PATH_x86_64-unknown-linux-gnu = None
[INFO] [stderr]   CMAKE_PREFIX_PATH_x86_64_unknown_linux_gnu = None
[INFO] [stderr]   HOST_CMAKE_PREFIX_PATH = None
[INFO] [stderr]   CMAKE_PREFIX_PATH = None
[INFO] [stderr]   CMAKE_x86_64-unknown-linux-gnu = None
[INFO] [stderr]   CMAKE_x86_64_unknown_linux_gnu = None
[INFO] [stderr]   HOST_CMAKE = None
[INFO] [stderr]   CMAKE = None
[INFO] [stderr]   running: cd "/opt/rustwide/target/debug/build/shaderc-sys-3e0e49cd8d75b3bd/out/build" && CMAKE_PREFIX_PATH="" "cmake" "/opt/rustwide/cargo-home/registry/src/index.crates.io-6f17d22bba15001f/shaderc-sys-0.8.2/build" "-G" "Ninja" "-DCMAKE_INSTALL_LIBDIR=lib" "-DCMAKE_POSITION_INDEPENDENT_CODE=ON" "-DENABLE_SPVREMAPPER=OFF" "-DENABLE_GLSLANG_BINARIES=OFF" "-DSHADERC_SKIP_TESTS=ON" "-DSPIRV_SKIP_EXECUTABLES=ON" "-DSPIRV_WERROR=OFF" "-DCMAKE_INSTALL_PREFIX=/opt/rustwide/target/debug/build/shaderc-sys-3e0e49cd8d75b3bd/out" "-DCMAKE_C_FLAGS= -ffunction-sections -fdata-sections -fPIC -m64" "-DCMAKE_C_COMPILER=/usr/bin/cc" "-DCMAKE_CXX_FLAGS= -ffunction-sections -fdata-sections -fPIC -m64" "-DCMAKE_CXX_COMPILER=/usr/bin/c++" "-DCMAKE_ASM_FLAGS= -ffunction-sections -fdata-sections -fPIC -m64" "-DCMAKE_ASM_COMPILER=/usr/bin/cc" "-DCMAKE_BUILD_TYPE=Release"
[INFO] [stderr]   -- The C compiler identification is GNU 11.4.0
[INFO] [stderr]   -- The CXX compiler identification is GNU 11.4.0
[INFO] [stderr]   -- Detecting C compiler ABI info
[INFO] [stderr]   -- Detecting C compiler ABI info - done
[INFO] [stderr]   -- Check for working C compiler: /usr/bin/cc - skipped
[INFO] [stderr]   -- Detecting C compile features
[INFO] [stderr]   -- Detecting C compile features - done
[INFO] [stderr]   -- Detecting CXX compiler ABI info
[INFO] [stderr]   -- Detecting CXX compiler ABI info - done
[INFO] [stderr]   -- Check for working CXX compiler: /usr/bin/c++ - skipped
[INFO] [stderr]   -- Detecting CXX compile features
[INFO] [stderr]   -- Detecting CXX compile features - done
[INFO] [stderr]   -- Building SPIRV-Header examples
[INFO] [stderr]   -- Installing SPIRV-Header
[INFO] [stderr]   -- Found PythonInterp: /usr/bin/python3 (found suitable version "3.10.12", minimum required is "3") 
[INFO] [stderr]   -- Google Mock was not found - tests based on that will not build
[INFO] [stderr]   -- optimizer enabled
[INFO] [stderr]   -- Looking for pthread.h
[INFO] [stderr]   -- Looking for pthread.h - found
[INFO] [stderr]   -- Performing Test CMAKE_HAVE_LIBC_PTHREAD
[INFO] [stderr]   -- Performing Test CMAKE_HAVE_LIBC_PTHREAD - Success
[INFO] [stderr]   -- Found Threads: TRUE  
[INFO] [stderr]   -- Shaderc: build type is "Release".
[INFO] [stderr]   -- Configuring Shaderc to avoid building tests.
[INFO] [stderr]   -- Configuring Shaderc to build examples.
[INFO] [stderr]   -- Configuring Shaderc to check copyrights.
[INFO] [stderr]   -- asciidoctor was not found - no documentation will be generated
[INFO] [stderr]   -- Performing Test COMPILER_SUPPORTS_FALLTHROUGH_WARNING
[INFO] [stderr]   -- Performing Test COMPILER_SUPPORTS_FALLTHROUGH_WARNING - Success
[INFO] [stderr]   -- Performing Test COMPILER_SUPPORTS_EXTRA_SEMI_WARNING
[INFO] [stderr]   -- Performing Test COMPILER_SUPPORTS_EXTRA_SEMI_WARNING - Success
[INFO] [stderr]   -- Performing Test COMPILER_SUPPORTS_PIC
[INFO] [stderr]   -- Performing Test COMPILER_SUPPORTS_PIC - Success
[INFO] [stderr]   -- Configuring done
[INFO] [stderr]   -- Generating done
[INFO] [stderr]   -- Build files have been written to: /opt/rustwide/target/debug/build/shaderc-sys-3e0e49cd8d75b3bd/out/build
[INFO] [stderr]   running: cd "/opt/rustwide/target/debug/build/shaderc-sys-3e0e49cd8d75b3bd/out/build" && "cmake" "--build" "." "--target" "install" "--config" "Release" "--parallel" "8"
[INFO] [stderr]   [1/409] cd /opt/rustwide/target/debug/build/shaderc-sys-3e0e49cd8d75b3bd/out/build/spirv-tools && /usr/bin/cmake -DCHANGES_FILE=/opt/rustwide/cargo-home/registry/src/index.crates.io-6f17d22bba15001f/shaderc-sys-0.8.2/build/spirv-tools/CHANGES -DTEMPLATE_FILE=/opt/rustwide/cargo-home/registry/src/index.crates.io-6f17d22bba15001f/shaderc-sys-0.8.2/build/spirv-tools/cmake/SPIRV-Tools-shared.pc.in -DOUT_FILE=/opt/rustwide/target/debug/build/shaderc-sys-3e0e49cd8d75b3bd/out/build/spirv-tools/SPIRV-Tools-shared.pc -DCMAKE_INSTALL_PREFIX=/opt/rustwide/target/debug/build/shaderc-sys-3e0e49cd8d75b3bd/out -DCMAKE_INSTALL_LIBDIR=lib -DCMAKE_INSTALL_INCLUDEDIR=include -DSPIRV_SHARED_LIBRARIES=-lSPIRV-Tools-shared -P /opt/rustwide/cargo-home/registry/src/index.crates.io-6f17d22bba15001f/shaderc-sys-0.8.2/build/spirv-tools/cmake/write_pkg_config.cmake
[INFO] [stderr]   [2/409] cd /opt/rustwide/target/debug/build/shaderc-sys-3e0e49cd8d75b3bd/out/build/spirv-tools && /usr/bin/cmake -DCHANGES_FILE=/opt/rustwide/cargo-home/registry/src/index.crates.io-6f17d22bba15001f/shaderc-sys-0.8.2/build/spirv-tools/CHANGES -DTEMPLATE_FILE=/opt/rustwide/cargo-home/registry/src/index.crates.io-6f17d22bba15001f/shaderc-sys-0.8.2/build/spirv-tools/cmake/SPIRV-Tools.pc.in -DOUT_FILE=/opt/rustwide/target/debug/build/shaderc-sys-3e0e49cd8d75b3bd/out/build/spirv-tools/SPIRV-Tools.pc -DCMAKE_INSTALL_PREFIX=/opt/rustwide/target/debug/build/shaderc-sys-3e0e49cd8d75b3bd/out -DCMAKE_INSTALL_LIBDIR=lib -DCMAKE_INSTALL_INCLUDEDIR=include -DSPIRV_LIBRARIES=-lSPIRV-Tools-opt\ -lSPIRV-Tools\ -lSPIRV-Tools-link -P /opt/rustwide/cargo-home/registry/src/index.crates.io-6f17d22bba15001f/shaderc-sys-0.8.2/build/spirv-tools/cmake/write_pkg_config.cmake
[INFO] [stderr]   [3/409] Building CXX object spirv-headers/example/CMakeFiles/SPIRV-Headers-example.dir/example.cpp.o
[INFO] [stderr]   [4/409] Generate extended instruction tables for debuginfo.
[INFO] [stderr]   [5/409] Generate language specific header for NonSemanticShaderDebugInfo100.
[INFO] [stderr]   [6/409] Generate extended instruction tables for spv-amd-shader-ballot.
[INFO] [stderr]   [7/409] Generate extended instruction tables for nonsemantic.shader.debuginfo.100.
[INFO] [stderr]   [8/409] Generate extended instruction tables for spv-amd-gcn-shader.
[INFO] [stderr]   [9/409] Generate extended instruction tables for spv-amd-shader-trinary-minmax.
[INFO] [stderr]   [10/409] Generate extended instruction tables for spv-amd-shader-explicit-vertex-parameter.
[INFO] [stderr]   [11/409] Generate extended instruction tables for opencl.debuginfo.100.
[INFO] [stderr]   [12/409] Generate extended instruction tables for nonsemantic.clspvreflection.
[INFO] [stderr]   [13/409] Generate language specific header for OpenCLDebugInfo100.
[INFO] [stderr]   [14/409] Linking CXX static library spirv-headers/example/libSPIRV-Headers-example.a
[INFO] [stderr]   [15/409] Generate language specific header for DebugInfo.
[INFO] [stderr]   [16/409] Generate tables based on the SPIR-V XML registry.
[INFO] [stderr]   [17/409] Generate info tables for GLSL extended instructions and operands vunified1.
[INFO] [stderr]   [18/409] Update build-version.inc in the SPIRV-Tools build directory (if necessary).
[INFO] [stderr]   [19/409] Generate enum-string mapping for SPIR-V vunified1.
[INFO] [stderr]   [20/409] Generate info tables for SPIR-V vunified1 core instructions and operands.
[INFO] [stderr]   [21/409] Generate info tables for OpenCL extended instructions and operands vunified1.
[INFO] [stderr]   [22/409] Building CXX object glslang/hlsl/CMakeFiles/HLSL.dir/stub.cpp.o
[INFO] [stderr]   [23/409] Building CXX object glslang/glslang/OSDependent/Unix/CMakeFiles/OSDependent.dir/ossource.cpp.o
[INFO] [stderr]   [24/409] Building CXX object glslang/OGLCompilersDLL/CMakeFiles/OGLCompiler.dir/InitializeDll.cpp.o
[INFO] [stderr]   [25/409] Building CXX object glslang/glslang/CMakeFiles/GenericCodeGen.dir/GenericCodeGen/Link.cpp.o
[INFO] [stderr]   [26/409] Building CXX object glslang/glslang/CMakeFiles/GenericCodeGen.dir/GenericCodeGen/CodeGen.cpp.o
[INFO] [stderr]   [27/409] Building CXX object spirv-tools/source/CMakeFiles/SPIRV-Tools-shared.dir/util/bit_vector.cpp.o
[INFO] [stderr]   [28/409] Building CXX object spirv-tools/source/CMakeFiles/SPIRV-Tools-shared.dir/util/string_utils.cpp.o
[INFO] [stderr]   [29/409] Building CXX object spirv-tools/source/CMakeFiles/SPIRV-Tools-shared.dir/assembly_grammar.cpp.o
[INFO] [stderr]   [30/409] Building CXX object spirv-tools/source/CMakeFiles/SPIRV-Tools-shared.dir/diagnostic.cpp.o
[INFO] [stderr]   [31/409] Building CXX object spirv-tools/source/CMakeFiles/SPIRV-Tools-shared.dir/ext_inst.cpp.o
[INFO] [stderr]   [32/409] Building CXX object spirv-tools/source/CMakeFiles/SPIRV-Tools-shared.dir/enum_string_mapping.cpp.o
[INFO] [stderr]   [33/409] Building CXX object spirv-tools/source/CMakeFiles/SPIRV-Tools-shared.dir/util/parse_number.cpp.o
[INFO] [stderr]   [34/409] Building CXX object spirv-tools/source/CMakeFiles/SPIRV-Tools-shared.dir/extensions.cpp.o
[INFO] [stderr]   [35/409] Building CXX object glslang/glslang/CMakeFiles/glslang.dir/CInterface/glslang_c_interface.cpp.o
[INFO] [stderr]   [36/409] Building CXX object spirv-tools/source/CMakeFiles/SPIRV-Tools-shared.dir/disassemble.cpp.o
[INFO] [stderr]   [37/409] Building CXX object spirv-tools/source/CMakeFiles/SPIRV-Tools-shared.dir/libspirv.cpp.o
[INFO] [stderr]   [38/409] Building CXX object spirv-tools/source/CMakeFiles/SPIRV-Tools-shared.dir/software_version.cpp.o
[INFO] [stderr]   [39/409] Building CXX object spirv-tools/source/CMakeFiles/SPIRV-Tools-shared.dir/spirv_endian.cpp.o
[INFO] [stderr]   [40/409] Building CXX object spirv-tools/source/CMakeFiles/SPIRV-Tools-shared.dir/print.cpp.o
[INFO] [stderr]   [41/409] Building CXX object spirv-tools/source/CMakeFiles/SPIRV-Tools-shared.dir/spirv_fuzzer_options.cpp.o
[INFO] [stderr]   [42/409] Building CXX object spirv-tools/source/CMakeFiles/SPIRV-Tools-shared.dir/spirv_optimizer_options.cpp.o
[INFO] [stderr]   [43/409] Building CXX object spirv-tools/source/CMakeFiles/SPIRV-Tools-shared.dir/spirv_reducer_options.cpp.o
[INFO] [stderr]   [44/409] Building CXX object spirv-tools/source/CMakeFiles/SPIRV-Tools-shared.dir/spirv_validator_options.cpp.o
[INFO] [stderr]   [45/409] Building CXX object spirv-tools/source/CMakeFiles/SPIRV-Tools-shared.dir/name_mapper.cpp.o
[INFO] [stderr]   [46/409] Building CXX object spirv-tools/source/CMakeFiles/SPIRV-Tools-shared.dir/opcode.cpp.o
[INFO] [stderr]   [47/409] Building CXX object spirv-tools/source/CMakeFiles/SPIRV-Tools-shared.dir/parsed_operand.cpp.o
[INFO] [stderr]   [48/409] Building CXX object spirv-tools/source/CMakeFiles/SPIRV-Tools-shared.dir/spirv_target_env.cpp.o
[INFO] [stderr]   [49/409] Building CXX object spirv-tools/source/CMakeFiles/SPIRV-Tools-shared.dir/table.cpp.o
[INFO] [stderr]   [50/409] Building CXX object spirv-tools/source/CMakeFiles/SPIRV-Tools-shared.dir/binary.cpp.o
[INFO] [stderr]   [51/409] Building CXX object spirv-tools/source/CMakeFiles/SPIRV-Tools-shared.dir/operand.cpp.o
[INFO] [stderr]   [52/409] Building CXX object glslang/glslang/CMakeFiles/MachineIndependent.dir/cmake_pch.hxx.gch
[INFO] [stderr]   [53/409] Building CXX object spirv-tools/source/CMakeFiles/SPIRV-Tools-shared.dir/text_handler.cpp.o
[INFO] [stderr]   [54/409] Building CXX object spirv-tools/source/CMakeFiles/SPIRV-Tools-shared.dir/val/validate.cpp.o
[INFO] [stderr]   FAILED: spirv-tools/source/CMakeFiles/SPIRV-Tools-shared.dir/val/validate.cpp.o 
[INFO] [stderr]   /usr/bin/c++ -DSPIRV_COLOR_TERMINAL -DSPIRV_LINUX -DSPIRV_TIMER_ENABLED -DSPIRV_TOOLS_IMPLEMENTATION -DSPIRV_TOOLS_SHAREDLIB -DSPIRV_Tools_shared_EXPORTS -I/opt/rustwide/cargo-home/registry/src/index.crates.io-6f17d22bba15001f/shaderc-sys-0.8.2/build/spirv-tools -I/opt/rustwide/cargo-home/registry/src/index.crates.io-6f17d22bba15001f/shaderc-sys-0.8.2/build/spirv-tools/include -I/opt/rustwide/target/debug/build/shaderc-sys-3e0e49cd8d75b3bd/out/build/spirv-tools -I/opt/rustwide/cargo-home/registry/src/index.crates.io-6f17d22bba15001f/shaderc-sys-0.8.2/build/spirv-headers/include -ffunction-sections -fdata-sections -fPIC -m64 -O3 -DNDEBUG -fPIC -fvisibility=hidden -Wall -Wextra -Wnon-virtual-dtor -Wno-missing-field-initializers -std=c++11 -fno-exceptions -Wno-long-long -Wshadow -Wundef -Wconversion -Wno-sign-conversion -std=gnu++11 -MD -MT spirv-tools/source/CMakeFiles/SPIRV-Tools-shared.dir/val/validate.cpp.o -MF spirv-tools/source/CMakeFiles/SPIRV-Tools-shared.dir/val/validate.cpp.o.d -o spirv-tools/source/CMakeFiles/SPIRV-Tools-shared.dir/val/validate.cpp.o -c /opt/rustwide/cargo-home/registry/src/index.crates.io-6f17d22bba15001f/shaderc-sys-0.8.2/build/spirv-tools/source/val/validate.cpp
[INFO] [stderr]   c++: fatal error: Killed signal terminated program cc1plus
[INFO] [stderr]   compilation terminated.
[INFO] [stderr]   [55/409] Building CXX object spirv-tools/source/CMakeFiles/SPIRV-Tools-shared.dir/val/validate_adjacency.cpp.o
[INFO] [stderr]   [56/409] Building CXX object spirv-tools/source/CMakeFiles/SPIRV-Tools-shared.dir/text.cpp.o
[INFO] [stderr]   [57/409] Building CXX object spirv-tools/source/CMakeFiles/SPIRV-Tools-shared.dir/val/validate_arithmetics.cpp.o
[INFO] [stderr]   [58/409] Building CXX object spirv-tools/source/CMakeFiles/SPIRV-Tools-shared.dir/val/validate_annotation.cpp.o
[INFO] [stderr]   [59/409] Building CXX object spirv-tools/source/CMakeFiles/SPIRV-Tools-shared.dir/val/validate_barriers.cpp.o
[INFO] [stderr]   [60/409] Building CXX object spirv-tools/source/CMakeFiles/SPIRV-Tools-shared.dir/val/validate_atomics.cpp.o
[INFO] [stderr]   [61/409] Building CXX object spirv-tools/source/CMakeFiles/SPIRV-Tools-shared.dir/val/validate_bitwise.cpp.o
[INFO] [stderr]   ninja: build stopped: subcommand failed.
[INFO] [stderr] 
[INFO] [stderr]   --- stderr
[INFO] [stderr]   CMake Warning:
[INFO] [stderr]     Manually-specified variables were not used by the project:
[INFO] [stderr] 
[INFO] [stderr]       CMAKE_ASM_COMPILER
[INFO] [stderr]       CMAKE_ASM_FLAGS
[INFO] [stderr] 
[INFO] [stderr] 
[INFO] [stderr]   thread 'main' panicked at /opt/rustwide/cargo-home/registry/src/index.crates.io-6f17d22bba15001f/cmake-0.1.50/src/lib.rs:1098:5:
[INFO] [stderr] 
[INFO] [stderr]   command did not execute successfully, got: exit status: 1
[INFO] [stderr] 
[INFO] [stderr]   build script failed, must exit now
[INFO] [stderr]   stack backtrace:
[INFO] [stderr]      0:     0x559421c3d3ac - std::backtrace_rs::backtrace::libunwind::trace::ha637c64ce894333a
[INFO] [stderr]                                  at /rustc/82e1608dfa6e0b5569232559e3d385fea5a93112/library/std/src/../../backtrace/src/backtrace/libunwind.rs:104:5
[INFO] [stderr]      1:     0x559421c3d3ac - std::backtrace_rs::backtrace::trace_unsynchronized::h47f62dea28e0c88d
[INFO] [stderr]                                  at /rustc/82e1608dfa6e0b5569232559e3d385fea5a93112/library/std/src/../../backtrace/src/backtrace/mod.rs:66:5
[INFO] [stderr]      2:     0x559421c3d3ac - std::sys_common::backtrace::_print_fmt::h9eef0abe20ede486
[INFO] [stderr]                                  at /rustc/82e1608dfa6e0b5569232559e3d385fea5a93112/library/std/src/sys_common/backtrace.rs:67:5
[INFO] [stderr]      3:     0x559421c3d3ac - <std::sys_common::backtrace::_print::DisplayBacktrace as core::fmt::Display>::fmt::hed7f999df88cc644
[INFO] [stderr]                                  at /rustc/82e1608dfa6e0b5569232559e3d385fea5a93112/library/std/src/sys_common/backtrace.rs:44:22
[INFO] [stderr]      4:     0x559421c63b00 - core::fmt::rt::Argument::fmt::h1539a9308b8d058d
[INFO] [stderr]                                  at /rustc/82e1608dfa6e0b5569232559e3d385fea5a93112/library/core/src/fmt/rt.rs:142:9
[INFO] [stderr]      5:     0x559421c63b00 - core::fmt::write::h3a39390d8560d9c9
[INFO] [stderr]                                  at /rustc/82e1608dfa6e0b5569232559e3d385fea5a93112/library/core/src/fmt/mod.rs:1120:17
[INFO] [stderr]      6:     0x559421c3a8af - std::io::Write::write_fmt::h5fc9997dfe05f882
[INFO] [stderr]                                  at /rustc/82e1608dfa6e0b5569232559e3d385fea5a93112/library/std/src/io/mod.rs:1762:15
[INFO] [stderr]      7:     0x559421c3d194 - std::sys_common::backtrace::_print::h894006fb5c6f3d45
[INFO] [stderr]                                  at /rustc/82e1608dfa6e0b5569232559e3d385fea5a93112/library/std/src/sys_common/backtrace.rs:47:5
[INFO] [stderr]      8:     0x559421c3d194 - std::sys_common::backtrace::print::h23a2d212c6fff936
[INFO] [stderr]                                  at /rustc/82e1608dfa6e0b5569232559e3d385fea5a93112/library/std/src/sys_common/backtrace.rs:34:9
[INFO] [stderr]      9:     0x559421c3e9a7 - std::panicking::default_hook::{{closure}}::h8a1d2ee00185001a
[INFO] [stderr]     10:     0x559421c3e70f - std::panicking::default_hook::h6038f2eba384e475
[INFO] [stderr]                                  at /rustc/82e1608dfa6e0b5569232559e3d385fea5a93112/library/std/src/panicking.rs:292:9
[INFO] [stderr]     11:     0x559421c3ee28 - std::panicking::rust_panic_with_hook::h2b5517d590cab22e
[INFO] [stderr]                                  at /rustc/82e1608dfa6e0b5569232559e3d385fea5a93112/library/std/src/panicking.rs:779:13
[INFO] [stderr]     12:     0x559421c3ed0e - std::panicking::begin_panic_handler::{{closure}}::h233112c06e0ef43e
[INFO] [stderr]                                  at /rustc/82e1608dfa6e0b5569232559e3d385fea5a93112/library/std/src/panicking.rs:657:13
[INFO] [stderr]     13:     0x559421c3d876 - std::sys_common::backtrace::__rust_end_short_backtrace::h6e893f24d7ebbff8
[INFO] [stderr]                                  at /rustc/82e1608dfa6e0b5569232559e3d385fea5a93112/library/std/src/sys_common/backtrace.rs:170:18
[INFO] [stderr]     14:     0x559421c3ea72 - rust_begin_unwind
[INFO] [stderr]                                  at /rustc/82e1608dfa6e0b5569232559e3d385fea5a93112/library/std/src/panicking.rs:645:5
[INFO] [stderr]     15:     0x559421bdf945 - core::panicking::panic_fmt::hbf0e066aabfa482c
[INFO] [stderr]                                  at /rustc/82e1608dfa6e0b5569232559e3d385fea5a93112/library/core/src/panicking.rs:72:14
[INFO] [stderr]     16:     0x559421c00327 - cmake::fail::hafe6254c15d5bef5
[INFO] [stderr]     17:     0x559421bfffac - cmake::run::h0aa0084ed54955ec
[INFO] [stderr]     18:     0x559421bfd673 - cmake::Config::build::h30c9e795b2e10b47
[INFO] [stderr]     19:     0x559421be452b - build_script_build::main::he247a07dd19936ba
[INFO] [stderr]     20:     0x559421be8103 - std::sys_common::backtrace::__rust_begin_short_backtrace::h739ec18930fa6343
[INFO] [stderr]     21:     0x559421be7bd9 - std::rt::lang_start::{{closure}}::h1d553382feb2df4e
[INFO] [stderr]     22:     0x559421c361b7 - core::ops::function::impls::<impl core::ops::function::FnOnce<A> for &F>::call_once::hd95060ecd5e1ca24
[INFO] [stderr]                                  at /rustc/82e1608dfa6e0b5569232559e3d385fea5a93112/library/core/src/ops/function.rs:284:13
[INFO] [stderr]     23:     0x559421c361b7 - std::panicking::try::do_call::h6e8cf51db32a6e4b
[INFO] [stderr]                                  at /rustc/82e1608dfa6e0b5569232559e3d385fea5a93112/library/std/src/panicking.rs:552:40
[INFO] [stderr]     24:     0x559421c361b7 - std::panicking::try::h3a52eefe24fe3c29
[INFO] [stderr]                                  at /rustc/82e1608dfa6e0b5569232559e3d385fea5a93112/library/std/src/panicking.rs:516:19
[INFO] [stderr]     25:     0x559421c361b7 - std::panic::catch_unwind::h24c28c23c02c3841
[INFO] [stderr]                                  at /rustc/82e1608dfa6e0b5569232559e3d385fea5a93112/library/std/src/panic.rs:142:14
[INFO] [stderr]     26:     0x559421c361b7 - std::rt::lang_start_internal::{{closure}}::h705d3c9cbc06ef47
[INFO] [stderr]                                  at /rustc/82e1608dfa6e0b5569232559e3d385fea5a93112/library/std/src/rt.rs:148:48
[INFO] [stderr]     27:     0x559421c361b7 - std::panicking::try::do_call::ha21f52ba13158470
[INFO] [stderr]                                  at /rustc/82e1608dfa6e0b5569232559e3d385fea5a93112/library/std/src/panicking.rs:552:40
[INFO] [stderr]     28:     0x559421c361b7 - std::panicking::try::h5581346bf6aeb1f8
[INFO] [stderr]                                  at /rustc/82e1608dfa6e0b5569232559e3d385fea5a93112/library/std/src/panicking.rs:516:19
[INFO] [stderr]     29:     0x559421c361b7 - std::panic::catch_unwind::h7919645a6b72e25b
[INFO] [stderr]                                  at /rustc/82e1608dfa6e0b5569232559e3d385fea5a93112/library/std/src/panic.rs:142:14
[INFO] [stderr]     30:     0x559421c361b7 - std::rt::lang_start_internal::h12de51168669836e
[INFO] [stderr]                                  at /rustc/82e1608dfa6e0b5569232559e3d385fea5a93112/library/std/src/rt.rs:148:20
[INFO] [stderr]     31:     0x559421be7bce - std::rt::lang_start::hadcad935d10b621e
[INFO] [stderr]     32:     0x7fa92d8b5d90 - <unknown>
[INFO] [stderr]     33:     0x7fa92d8b5e40 - __libc_start_main
[INFO] [stderr]     34:     0x559421be0065 - _start
[INFO] [stderr]     35:                0x0 - <unknown>
[INFO] running `Command { std: "docker" "inspect" "7eef71eff2a7d39fe36332a19ac2eb9d8e90e78fe9b2d50315d2216cc8346ae2", kill_on_drop: false }`
[INFO] running `Command { std: "docker" "rm" "-f" "7eef71eff2a7d39fe36332a19ac2eb9d8e90e78fe9b2d50315d2216cc8346ae2", kill_on_drop: false }`
[INFO] [stdout] 7eef71eff2a7d39fe36332a19ac2eb9d8e90e78fe9b2d50315d2216cc8346ae2
