[INFO] cloning repository https://github.com/Nevermore/exomem
[INFO] running `Command { std: "git" "-c" "credential.helper=" "-c" "credential.helper=/workspace/cargo-home/bin/git-credential-null" "clone" "--bare" "https://github.com/Nevermore/exomem" "/workspace/cache/git-repos/https%3A%2F%2Fgithub.com%2FNevermore%2Fexomem", kill_on_drop: false }`
[INFO] [stderr] Cloning into bare repository '/workspace/cache/git-repos/https%3A%2F%2Fgithub.com%2FNevermore%2Fexomem'...
[INFO] running `Command { std: "git" "rev-parse" "HEAD", kill_on_drop: false }`
[INFO] [stdout] a7311e40792e43e431e19587a9b7f1210dc24036
[INFO] documenting Nevermore/exomem against 1.75.0 for beta-1.76-rustdoc-1
[INFO] running `Command { std: "git" "clone" "/workspace/cache/git-repos/https%3A%2F%2Fgithub.com%2FNevermore%2Fexomem" "/workspace/builds/worker-1-tc1/source", kill_on_drop: false }`
[INFO] [stderr] Cloning into '/workspace/builds/worker-1-tc1/source'...
[INFO] [stderr] done.
[INFO] validating manifest of git repo https://github.com/Nevermore/exomem on toolchain 1.75.0
[INFO] running `Command { std: CARGO_HOME="/workspace/cargo-home" RUSTUP_HOME="/workspace/rustup-home" "/workspace/cargo-home/bin/cargo" "+1.75.0" "metadata" "--manifest-path" "Cargo.toml" "--no-deps", kill_on_drop: false }`
[INFO] started tweaking git repo https://github.com/Nevermore/exomem
[INFO] finished tweaking git repo https://github.com/Nevermore/exomem
[INFO] tweaked toml for git repo https://github.com/Nevermore/exomem written to /workspace/builds/worker-1-tc1/source/Cargo.toml
[INFO] crate git repo https://github.com/Nevermore/exomem already has a lockfile, it will not be regenerated
[INFO] running `Command { std: CARGO_HOME="/workspace/cargo-home" RUSTUP_HOME="/workspace/rustup-home" "/workspace/cargo-home/bin/cargo" "+1.75.0" "fetch" "--manifest-path" "Cargo.toml", kill_on_drop: false }`
[INFO] [stderr] warning: virtual workspace defaulting to `resolver = "1"` despite one or more workspace members being on edition 2021 which implies `resolver = "2"`
[INFO] [stderr] note: to keep the current resolver, specify `workspace.resolver = "1"` in the workspace root's manifest
[INFO] [stderr] note: to use the edition 2021 resolver, specify `workspace.resolver = "2"` in the workspace root's manifest
[INFO] [stderr] note: for more details see https://doc.rust-lang.org/cargo/reference/resolver.html#resolver-versions
[INFO] [stderr]  Downloading crates ...
[INFO] [stderr]   Downloaded capnp v0.16.0
[INFO] running `Command { std: "docker" "create" "-v" "/var/lib/crater-agent-workspace/builds/worker-1-tc1/target:/opt/rustwide/target:rw,Z" "-v" "/var/lib/crater-agent-workspace/builds/worker-1-tc1/source:/opt/rustwide/workdir:ro,Z" "-v" "/var/lib/crater-agent-workspace/cargo-home:/opt/rustwide/cargo-home:ro,Z" "-v" "/var/lib/crater-agent-workspace/rustup-home:/opt/rustwide/rustup-home:ro,Z" "-e" "SOURCE_DIR=/opt/rustwide/workdir" "-e" "CARGO_TARGET_DIR=/opt/rustwide/target" "-e" "CARGO_HOME=/opt/rustwide/cargo-home" "-e" "RUSTUP_HOME=/opt/rustwide/rustup-home" "-w" "/opt/rustwide/workdir" "-m" "1610612736" "--user" "0:0" "--network" "none" "ghcr.io/rust-lang/crates-build-env/linux@sha256:2788e3201cd34a07e3172128adcd8b3090168a8e3bcc40d7c032b9dda1df7d1c" "/opt/rustwide/cargo-home/bin/cargo" "+1.75.0" "metadata" "--no-deps" "--format-version=1", kill_on_drop: false }`
[INFO] [stdout] fc1737ed82a2bc86f82f6858485214d06c53acbbebf5aae086cc5455d7a64f16
[INFO] running `Command { std: "docker" "start" "-a" "fc1737ed82a2bc86f82f6858485214d06c53acbbebf5aae086cc5455d7a64f16", kill_on_drop: false }`
[INFO] running `Command { std: "docker" "inspect" "fc1737ed82a2bc86f82f6858485214d06c53acbbebf5aae086cc5455d7a64f16", kill_on_drop: false }`
[INFO] running `Command { std: "docker" "rm" "-f" "fc1737ed82a2bc86f82f6858485214d06c53acbbebf5aae086cc5455d7a64f16", kill_on_drop: false }`
[INFO] [stdout] fc1737ed82a2bc86f82f6858485214d06c53acbbebf5aae086cc5455d7a64f16
[INFO] running `Command { std: "docker" "create" "-v" "/var/lib/crater-agent-workspace/builds/worker-1-tc1/target:/opt/rustwide/target:rw,Z" "-v" "/var/lib/crater-agent-workspace/builds/worker-1-tc1/source:/opt/rustwide/workdir:ro,Z" "-v" "/var/lib/crater-agent-workspace/cargo-home:/opt/rustwide/cargo-home:ro,Z" "-v" "/var/lib/crater-agent-workspace/rustup-home:/opt/rustwide/rustup-home:ro,Z" "-e" "SOURCE_DIR=/opt/rustwide/workdir" "-e" "CARGO_TARGET_DIR=/opt/rustwide/target" "-e" "CARGO_INCREMENTAL=0" "-e" "RUST_BACKTRACE=full" "-e" "RUSTFLAGS=--cap-lints=warn" "-e" "RUSTDOCFLAGS=--cap-lints=warn" "-e" "CARGO_HOME=/opt/rustwide/cargo-home" "-e" "RUSTUP_HOME=/opt/rustwide/rustup-home" "-w" "/opt/rustwide/workdir" "-m" "1610612736" "--user" "0:0" "--network" "none" "ghcr.io/rust-lang/crates-build-env/linux@sha256:2788e3201cd34a07e3172128adcd8b3090168a8e3bcc40d7c032b9dda1df7d1c" "/opt/rustwide/cargo-home/bin/cargo" "+1.75.0" "doc" "--frozen" "--no-deps" "--document-private-items" "--message-format=json", kill_on_drop: false }`
[INFO] [stdout] 59b54b29459b5501739554560f66c3a3af998353eb181d954204ffca3416cbcb
[INFO] running `Command { std: "docker" "start" "-a" "59b54b29459b5501739554560f66c3a3af998353eb181d954204ffca3416cbcb", kill_on_drop: false }`
[INFO] [stderr] warning: virtual workspace defaulting to `resolver = "1"` despite one or more workspace members being on edition 2021 which implies `resolver = "2"`
[INFO] [stderr] note: to keep the current resolver, specify `workspace.resolver = "1"` in the workspace root's manifest
[INFO] [stderr] note: to use the edition 2021 resolver, specify `workspace.resolver = "2"` in the workspace root's manifest
[INFO] [stderr] note: for more details see https://doc.rust-lang.org/cargo/reference/resolver.html#resolver-versions
[INFO] [stderr]    Compiling typenum v1.16.0
[INFO] [stderr]    Compiling generic-array v0.14.6
[INFO] [stderr]    Compiling proc-macro2 v1.0.51
[INFO] [stderr]    Compiling quote v1.0.23
[INFO] [stderr]    Compiling cc v1.0.79
[INFO] [stderr]    Compiling unicode-ident v1.0.6
[INFO] [stderr]    Compiling libc v0.2.139
[INFO] [stderr]     Checking subtle v2.4.1
[INFO] [stderr]    Compiling proc-macro-error-attr v1.0.4
[INFO] [stderr]     Checking arrayref v0.3.6
[INFO] [stderr]    Compiling syn v1.0.107
[INFO] [stderr]     Checking arrayvec v0.7.2
[INFO] [stderr]    Compiling io-lifetimes v1.0.5
[INFO] [stderr]     Checking constant_time_eq v0.2.4
[INFO] [stderr]    Compiling proc-macro-error v1.0.4
[INFO] [stderr]    Compiling rustix v0.36.8
[INFO] [stderr]     Checking capnp v0.16.0
[INFO] [stderr]     Checking base64 v0.21.0
[INFO] [stderr]     Checking bytes v1.4.0
[INFO] [stderr]     Checking linux-raw-sys v0.1.4
[INFO] [stderr]     Checking os_str_bytes v6.4.1
[INFO] [stderr]     Checking termcolor v1.2.0
[INFO] [stderr]     Checking once_cell v1.17.0
[INFO] [stderr]     Checking clap_lex v0.3.1
[INFO] [stderr]    Compiling blake3 v1.3.3
[INFO] [stderr]     Checking crypto-common v0.1.6
[INFO] [stderr]     Checking block-buffer v0.10.3
[INFO] [stderr]     Checking digest v0.10.6
[INFO] [stderr]     Checking exomem-vault v0.0.0 (/opt/rustwide/workdir/vault)
[INFO] [stderr]  Documenting exomem-vault v0.0.0 (/opt/rustwide/workdir/vault)
[INFO] [stdout] error[E0583]: file not found for module `node`
[INFO] [stdout]   --> vault/src/lib.rs:22:1
[INFO] [stdout]    |
[INFO] [stdout] 22 | mod node;
[INFO] [stdout]    | ^^^^^^^^^
[INFO] [stdout]    |
[INFO] [stdout]    = help: to create the module `node`, create file "vault/src/node.rs" or "vault/src/node/mod.rs"
[INFO] [stdout]    = note: if there is a `mod node` elsewhere in the crate already, import it with `use crate::...` instead
[INFO] [stdout] 
[INFO] [stdout] 
[INFO] [stdout] error[E0583]: file not found for module `node`
[INFO] [stdout]   --> vault/src/lib.rs:22:1
[INFO] [stdout]    |
[INFO] [stdout] 22 | mod node;
[INFO] [stdout]    | ^^^^^^^^^
[INFO] [stdout]    |
[INFO] [stdout]    = help: to create the module `node`, create file "vault/src/node.rs" or "vault/src/node/mod.rs"
[INFO] [stdout]    = note: if there is a `mod node` elsewhere in the crate already, import it with `use crate::...` instead
[INFO] [stdout] 
[INFO] [stdout] 
[INFO] [stdout] warning: unused import: `node::*`
[INFO] [stdout]   --> vault/src/lib.rs:33:9
[INFO] [stdout]    |
[INFO] [stdout] 33 | pub use node::*;
[INFO] [stdout]    |         ^^^^^^^
[INFO] [stdout]    |
[INFO] [stdout]    = note: `#[warn(unused_imports)]` on by default
[INFO] [stdout] 
[INFO] [stdout] 
[INFO] [stdout] error: aborting due to previous error
[INFO] [stdout] 
[INFO] [stdout] 
[INFO] [stdout] For more information about this error, try `rustc --explain E0583`.
[INFO] [stdout] 
[INFO] [stderr] error: could not document `exomem-vault`
[INFO] [stderr] 
[INFO] [stderr] Caused by:
[INFO] [stderr]   process didn't exit successfully: `/opt/rustwide/rustup-home/toolchains/1.75.0-x86_64-unknown-linux-gnu/bin/rustdoc --edition=2021 --crate-type lib --crate-name exomem_vault vault/src/lib.rs -o /opt/rustwide/target/doc --error-format=json --json=diagnostic-rendered-ansi,artifacts,future-incompat --document-private-items -C metadata=db06b9c396ead1cf -L dependency=/opt/rustwide/target/debug/deps --extern base64=/opt/rustwide/target/debug/deps/libbase64-1f722c7dc05c32ae.rmeta --extern blake3=/opt/rustwide/target/debug/deps/libblake3-4db488330bbf39b3.rmeta --extern bytes=/opt/rustwide/target/debug/deps/libbytes-a147f7542d0a905a.rmeta --extern capnp=/opt/rustwide/target/debug/deps/libcapnp-2f19fab397f648cd.rmeta --cap-lints=warn --crate-version 0.0.0` (exit status: 1)
[INFO] [stderr] warning: build failed, waiting for other jobs to finish...
[INFO] [stdout] error: aborting due to previous error; 1 warning emitted
[INFO] [stdout] 
[INFO] [stdout] 
[INFO] [stdout] For more information about this error, try `rustc --explain E0583`.
[INFO] [stdout] 
[INFO] [stderr] error: could not compile `exomem-vault` (lib) due to 2 previous errors; 1 warning emitted
[INFO] running `Command { std: "docker" "inspect" "59b54b29459b5501739554560f66c3a3af998353eb181d954204ffca3416cbcb", kill_on_drop: false }`
[INFO] running `Command { std: "docker" "rm" "-f" "59b54b29459b5501739554560f66c3a3af998353eb181d954204ffca3416cbcb", kill_on_drop: false }`
[INFO] [stdout] 59b54b29459b5501739554560f66c3a3af998353eb181d954204ffca3416cbcb
[INFO] documenting Nevermore/exomem against beta-2023-12-22 for beta-1.76-rustdoc-1
[INFO] running `Command { std: "git" "clone" "/workspace/cache/git-repos/https%3A%2F%2Fgithub.com%2FNevermore%2Fexomem" "/workspace/builds/worker-1-tc2/source", kill_on_drop: false }`
[INFO] [stderr] Cloning into '/workspace/builds/worker-1-tc2/source'...
[INFO] [stderr] done.
[INFO] validating manifest of git repo https://github.com/Nevermore/exomem on toolchain beta-2023-12-22
[INFO] running `Command { std: CARGO_HOME="/workspace/cargo-home" RUSTUP_HOME="/workspace/rustup-home" "/workspace/cargo-home/bin/cargo" "+beta-2023-12-22" "metadata" "--manifest-path" "Cargo.toml" "--no-deps", kill_on_drop: false }`
[INFO] started tweaking git repo https://github.com/Nevermore/exomem
[INFO] finished tweaking git repo https://github.com/Nevermore/exomem
[INFO] tweaked toml for git repo https://github.com/Nevermore/exomem written to /workspace/builds/worker-1-tc2/source/Cargo.toml
[INFO] crate git repo https://github.com/Nevermore/exomem already has a lockfile, it will not be regenerated
[INFO] running `Command { std: CARGO_HOME="/workspace/cargo-home" RUSTUP_HOME="/workspace/rustup-home" "/workspace/cargo-home/bin/cargo" "+beta-2023-12-22" "fetch" "--manifest-path" "Cargo.toml", kill_on_drop: false }`
[INFO] [stderr] warning: virtual workspace defaulting to `resolver = "1"` despite one or more workspace members being on edition 2021 which implies `resolver = "2"`
[INFO] [stderr] note: to keep the current resolver, specify `workspace.resolver = "1"` in the workspace root's manifest
[INFO] [stderr] note: to use the edition 2021 resolver, specify `workspace.resolver = "2"` in the workspace root's manifest
[INFO] [stderr] note: for more details see https://doc.rust-lang.org/cargo/reference/resolver.html#resolver-versions
[INFO] running `Command { std: "docker" "create" "-v" "/var/lib/crater-agent-workspace/builds/worker-1-tc2/target:/opt/rustwide/target:rw,Z" "-v" "/var/lib/crater-agent-workspace/builds/worker-1-tc2/source:/opt/rustwide/workdir:ro,Z" "-v" "/var/lib/crater-agent-workspace/cargo-home:/opt/rustwide/cargo-home:ro,Z" "-v" "/var/lib/crater-agent-workspace/rustup-home:/opt/rustwide/rustup-home:ro,Z" "-e" "SOURCE_DIR=/opt/rustwide/workdir" "-e" "CARGO_TARGET_DIR=/opt/rustwide/target" "-e" "CARGO_HOME=/opt/rustwide/cargo-home" "-e" "RUSTUP_HOME=/opt/rustwide/rustup-home" "-w" "/opt/rustwide/workdir" "-m" "1610612736" "--user" "0:0" "--network" "none" "ghcr.io/rust-lang/crates-build-env/linux@sha256:2788e3201cd34a07e3172128adcd8b3090168a8e3bcc40d7c032b9dda1df7d1c" "/opt/rustwide/cargo-home/bin/cargo" "+beta-2023-12-22" "metadata" "--no-deps" "--format-version=1", kill_on_drop: false }`
[INFO] [stdout] 4c95e0cf357b4e451e35a9d050533301dc38f1985ed24d7b58483993aeffd040
[INFO] running `Command { std: "docker" "start" "-a" "4c95e0cf357b4e451e35a9d050533301dc38f1985ed24d7b58483993aeffd040", kill_on_drop: false }`
[INFO] running `Command { std: "docker" "inspect" "4c95e0cf357b4e451e35a9d050533301dc38f1985ed24d7b58483993aeffd040", kill_on_drop: false }`
[INFO] running `Command { std: "docker" "rm" "-f" "4c95e0cf357b4e451e35a9d050533301dc38f1985ed24d7b58483993aeffd040", kill_on_drop: false }`
[INFO] [stdout] 4c95e0cf357b4e451e35a9d050533301dc38f1985ed24d7b58483993aeffd040
[INFO] running `Command { std: "docker" "create" "-v" "/var/lib/crater-agent-workspace/builds/worker-1-tc2/target:/opt/rustwide/target:rw,Z" "-v" "/var/lib/crater-agent-workspace/builds/worker-1-tc2/source:/opt/rustwide/workdir:ro,Z" "-v" "/var/lib/crater-agent-workspace/cargo-home:/opt/rustwide/cargo-home:ro,Z" "-v" "/var/lib/crater-agent-workspace/rustup-home:/opt/rustwide/rustup-home:ro,Z" "-e" "SOURCE_DIR=/opt/rustwide/workdir" "-e" "CARGO_TARGET_DIR=/opt/rustwide/target" "-e" "CARGO_INCREMENTAL=0" "-e" "RUST_BACKTRACE=full" "-e" "RUSTFLAGS=--cap-lints=warn" "-e" "RUSTDOCFLAGS=--cap-lints=warn" "-e" "CARGO_HOME=/opt/rustwide/cargo-home" "-e" "RUSTUP_HOME=/opt/rustwide/rustup-home" "-w" "/opt/rustwide/workdir" "-m" "1610612736" "--user" "0:0" "--network" "none" "ghcr.io/rust-lang/crates-build-env/linux@sha256:2788e3201cd34a07e3172128adcd8b3090168a8e3bcc40d7c032b9dda1df7d1c" "/opt/rustwide/cargo-home/bin/cargo" "+beta-2023-12-22" "doc" "--frozen" "--no-deps" "--document-private-items" "--message-format=json", kill_on_drop: false }`
[INFO] [stdout] 53b7ce7d524d6d3c624101ab728f4c7d7dd69e5b6c72b9557bf63a8ebb82e134
[INFO] running `Command { std: "docker" "start" "-a" "53b7ce7d524d6d3c624101ab728f4c7d7dd69e5b6c72b9557bf63a8ebb82e134", kill_on_drop: false }`
[INFO] [stderr] warning: virtual workspace defaulting to `resolver = "1"` despite one or more workspace members being on edition 2021 which implies `resolver = "2"`
[INFO] [stderr] note: to keep the current resolver, specify `workspace.resolver = "1"` in the workspace root's manifest
[INFO] [stderr] note: to use the edition 2021 resolver, specify `workspace.resolver = "2"` in the workspace root's manifest
[INFO] [stderr] note: for more details see https://doc.rust-lang.org/cargo/reference/resolver.html#resolver-versions
[INFO] [stderr]    Compiling typenum v1.16.0
[INFO] [stderr]    Compiling generic-array v0.14.6
[INFO] [stderr]    Compiling proc-macro2 v1.0.51
[INFO] [stderr]    Compiling quote v1.0.23
[INFO] [stderr]    Compiling unicode-ident v1.0.6
[INFO] [stderr]    Compiling cc v1.0.79
[INFO] [stderr]     Checking subtle v2.4.1
[INFO] [stderr]    Compiling libc v0.2.139
[INFO] [stderr]    Compiling proc-macro-error-attr v1.0.4
[INFO] [stderr]    Compiling io-lifetimes v1.0.5
[INFO] [stderr]    Compiling syn v1.0.107
[INFO] [stderr]     Checking arrayvec v0.7.2
[INFO] [stderr]     Checking constant_time_eq v0.2.4
[INFO] [stderr]     Checking arrayref v0.3.6
[INFO] [stderr]    Compiling proc-macro-error v1.0.4
[INFO] [stderr]     Checking capnp v0.16.0
[INFO] [stderr]     Checking bytes v1.4.0
[INFO] [stderr]    Compiling rustix v0.36.8
[INFO] [stderr]     Checking base64 v0.21.0
[INFO] [stderr]     Checking linux-raw-sys v0.1.4
[INFO] [stderr]     Checking os_str_bytes v6.4.1
[INFO] [stderr]     Checking once_cell v1.17.0
[INFO] [stderr]     Checking termcolor v1.2.0
[INFO] [stderr]     Checking clap_lex v0.3.1
[INFO] [stderr]    Compiling blake3 v1.3.3
[INFO] [stderr]     Checking block-buffer v0.10.3
[INFO] [stderr]     Checking crypto-common v0.1.6
[INFO] [stderr]     Checking digest v0.10.6
[INFO] [stderr]     Checking exomem-vault v0.0.0 (/opt/rustwide/workdir/vault)
[INFO] [stderr]  Documenting exomem-vault v0.0.0 (/opt/rustwide/workdir/vault)
[INFO] [stdout] error[E0583]: file not found for module `node`
[INFO] [stdout]   --> vault/src/lib.rs:22:1
[INFO] [stdout]    |
[INFO] [stdout] 22 | mod node;
[INFO] [stdout]    | ^^^^^^^^^
[INFO] [stdout]    |
[INFO] [stdout]    = help: to create the module `node`, create file "vault/src/node.rs" or "vault/src/node/mod.rs"
[INFO] [stdout]    = note: if there is a `mod node` elsewhere in the crate already, import it with `use crate::...` instead
[INFO] [stdout] 
[INFO] [stdout] 
[INFO] [stdout] error[E0583]: file not found for module `node`
[INFO] [stdout]   --> vault/src/lib.rs:22:1
[INFO] [stdout]    |
[INFO] [stdout] 22 | mod node;
[INFO] [stdout]    | ^^^^^^^^^
[INFO] [stdout]    |
[INFO] [stdout]    = help: to create the module `node`, create file "vault/src/node.rs" or "vault/src/node/mod.rs"
[INFO] [stdout]    = note: if there is a `mod node` elsewhere in the crate already, import it with `use crate::...` instead
[INFO] [stdout] 
[INFO] [stdout] 
[INFO] [stdout] warning: unused import: `node::*`
[INFO] [stdout]   --> vault/src/lib.rs:33:9
[INFO] [stdout]    |
[INFO] [stdout] 33 | pub use node::*;
[INFO] [stdout]    |         ^^^^^^^
[INFO] [stdout]    |
[INFO] [stdout]    = note: `#[warn(unused_imports)]` on by default
[INFO] [stdout] 
[INFO] [stdout] 
[INFO] [stdout] error: aborting due to 1 previous error
[INFO] [stdout] 
[INFO] [stdout] 
[INFO] [stdout] For more information about this error, try `rustc --explain E0583`.
[INFO] [stdout] 
[INFO] [stderr] error: could not document `exomem-vault`
[INFO] [stderr] 
[INFO] [stderr] Caused by:
[INFO] [stderr]   process didn't exit successfully: `/opt/rustwide/rustup-home/toolchains/beta-2023-12-22-x86_64-unknown-linux-gnu/bin/rustdoc --edition=2021 --crate-type lib --crate-name exomem_vault vault/src/lib.rs -o /opt/rustwide/target/doc --error-format=json --json=diagnostic-rendered-ansi,artifacts,future-incompat --document-private-items -C metadata=8dd99bb8ddd202a3 -L dependency=/opt/rustwide/target/debug/deps --extern base64=/opt/rustwide/target/debug/deps/libbase64-f350dbc06ec41fd2.rmeta --extern blake3=/opt/rustwide/target/debug/deps/libblake3-bdf7f6a19c0e1009.rmeta --extern bytes=/opt/rustwide/target/debug/deps/libbytes-dd9fa1fea82c9d3d.rmeta --extern capnp=/opt/rustwide/target/debug/deps/libcapnp-b3f34c02134475cd.rmeta --cap-lints=warn --crate-version 0.0.0` (exit status: 1)
[INFO] [stderr] warning: build failed, waiting for other jobs to finish...
[INFO] [stdout] error: aborting due to 1 previous error; 1 warning emitted
[INFO] [stdout] 
[INFO] [stdout] 
[INFO] [stdout] For more information about this error, try `rustc --explain E0583`.
[INFO] [stdout] 
[INFO] [stderr] error: could not compile `exomem-vault` (lib) due to 2 previous errors; 1 warning emitted
[INFO] running `Command { std: "docker" "inspect" "53b7ce7d524d6d3c624101ab728f4c7d7dd69e5b6c72b9557bf63a8ebb82e134", kill_on_drop: false }`
[INFO] running `Command { std: "docker" "rm" "-f" "53b7ce7d524d6d3c624101ab728f4c7d7dd69e5b6c72b9557bf63a8ebb82e134", kill_on_drop: false }`
[INFO] [stdout] 53b7ce7d524d6d3c624101ab728f4c7d7dd69e5b6c72b9557bf63a8ebb82e134
