[INFO] cloning repository https://github.com/Nertsal/leaderboard_server
[INFO] running `Command { std: "git" "-c" "credential.helper=" "-c" "credential.helper=/workspace/cargo-home/bin/git-credential-null" "clone" "--bare" "https://github.com/Nertsal/leaderboard_server" "/workspace/cache/git-repos/https%3A%2F%2Fgithub.com%2FNertsal%2Fleaderboard_server", kill_on_drop: false }`
[INFO] [stderr] Cloning into bare repository '/workspace/cache/git-repos/https%3A%2F%2Fgithub.com%2FNertsal%2Fleaderboard_server'...
[INFO] running `Command { std: "git" "rev-parse" "HEAD", kill_on_drop: false }`
[INFO] [stdout] 500a7cadae66cfb21b7fdb2ab55f799e09ce63d0
[INFO] documenting Nertsal/leaderboard_server against 1.75.0 for beta-1.76-rustdoc-1
[INFO] running `Command { std: "git" "clone" "/workspace/cache/git-repos/https%3A%2F%2Fgithub.com%2FNertsal%2Fleaderboard_server" "/workspace/builds/worker-4-tc1/source", kill_on_drop: false }`
[INFO] [stderr] Cloning into '/workspace/builds/worker-4-tc1/source'...
[INFO] [stderr] done.
[INFO] validating manifest of git repo https://github.com/Nertsal/leaderboard_server on toolchain 1.75.0
[INFO] running `Command { std: CARGO_HOME="/workspace/cargo-home" RUSTUP_HOME="/workspace/rustup-home" "/workspace/cargo-home/bin/cargo" "+1.75.0" "metadata" "--manifest-path" "Cargo.toml" "--no-deps", kill_on_drop: false }`
[INFO] started tweaking git repo https://github.com/Nertsal/leaderboard_server
[INFO] finished tweaking git repo https://github.com/Nertsal/leaderboard_server
[INFO] tweaked toml for git repo https://github.com/Nertsal/leaderboard_server written to /workspace/builds/worker-4-tc1/source/Cargo.toml
[INFO] running `Command { std: CARGO_HOME="/workspace/cargo-home" RUSTUP_HOME="/workspace/rustup-home" "/workspace/cargo-home/bin/cargo" "+1.75.0" "generate-lockfile" "--manifest-path" "Cargo.toml", kill_on_drop: false }`
[INFO] [stderr]     Updating crates.io index
[INFO] running `Command { std: CARGO_HOME="/workspace/cargo-home" RUSTUP_HOME="/workspace/rustup-home" "/workspace/cargo-home/bin/cargo" "+1.75.0" "fetch" "--manifest-path" "Cargo.toml", kill_on_drop: false }`
[INFO] running `Command { std: "docker" "create" "-v" "/var/lib/crater-agent-workspace/builds/worker-4-tc1/target:/opt/rustwide/target:rw,Z" "-v" "/var/lib/crater-agent-workspace/builds/worker-4-tc1/source:/opt/rustwide/workdir:ro,Z" "-v" "/var/lib/crater-agent-workspace/cargo-home:/opt/rustwide/cargo-home:ro,Z" "-v" "/var/lib/crater-agent-workspace/rustup-home:/opt/rustwide/rustup-home:ro,Z" "-e" "SOURCE_DIR=/opt/rustwide/workdir" "-e" "CARGO_TARGET_DIR=/opt/rustwide/target" "-e" "CARGO_HOME=/opt/rustwide/cargo-home" "-e" "RUSTUP_HOME=/opt/rustwide/rustup-home" "-w" "/opt/rustwide/workdir" "-m" "1610612736" "--user" "0:0" "--network" "none" "ghcr.io/rust-lang/crates-build-env/linux@sha256:2788e3201cd34a07e3172128adcd8b3090168a8e3bcc40d7c032b9dda1df7d1c" "/opt/rustwide/cargo-home/bin/cargo" "+1.75.0" "metadata" "--no-deps" "--format-version=1", kill_on_drop: false }`
[INFO] [stdout] 7c6982caef73e759d71db4de3e6e7ab10ba37cb37ecdbbda56fc9f2e40f26de3
[INFO] running `Command { std: "docker" "start" "-a" "7c6982caef73e759d71db4de3e6e7ab10ba37cb37ecdbbda56fc9f2e40f26de3", kill_on_drop: false }`
[INFO] running `Command { std: "docker" "inspect" "7c6982caef73e759d71db4de3e6e7ab10ba37cb37ecdbbda56fc9f2e40f26de3", kill_on_drop: false }`
[INFO] running `Command { std: "docker" "rm" "-f" "7c6982caef73e759d71db4de3e6e7ab10ba37cb37ecdbbda56fc9f2e40f26de3", kill_on_drop: false }`
[INFO] [stdout] 7c6982caef73e759d71db4de3e6e7ab10ba37cb37ecdbbda56fc9f2e40f26de3
[INFO] running `Command { std: "docker" "create" "-v" "/var/lib/crater-agent-workspace/builds/worker-4-tc1/target:/opt/rustwide/target:rw,Z" "-v" "/var/lib/crater-agent-workspace/builds/worker-4-tc1/source:/opt/rustwide/workdir:ro,Z" "-v" "/var/lib/crater-agent-workspace/cargo-home:/opt/rustwide/cargo-home:ro,Z" "-v" "/var/lib/crater-agent-workspace/rustup-home:/opt/rustwide/rustup-home:ro,Z" "-e" "SOURCE_DIR=/opt/rustwide/workdir" "-e" "CARGO_TARGET_DIR=/opt/rustwide/target" "-e" "CARGO_INCREMENTAL=0" "-e" "RUST_BACKTRACE=full" "-e" "RUSTFLAGS=--cap-lints=warn" "-e" "RUSTDOCFLAGS=--cap-lints=warn" "-e" "CARGO_HOME=/opt/rustwide/cargo-home" "-e" "RUSTUP_HOME=/opt/rustwide/rustup-home" "-w" "/opt/rustwide/workdir" "-m" "1610612736" "--user" "0:0" "--network" "none" "ghcr.io/rust-lang/crates-build-env/linux@sha256:2788e3201cd34a07e3172128adcd8b3090168a8e3bcc40d7c032b9dda1df7d1c" "/opt/rustwide/cargo-home/bin/cargo" "+1.75.0" "doc" "--frozen" "--no-deps" "--document-private-items" "--message-format=json", kill_on_drop: false }`
[INFO] [stdout] 3576f4569219745cdde09a18b730c72ecd7693527103ae8ee87e68f7b91b117d
[INFO] running `Command { std: "docker" "start" "-a" "3576f4569219745cdde09a18b730c72ecd7693527103ae8ee87e68f7b91b117d", kill_on_drop: false }`
[INFO] [stderr]    Compiling proc-macro2 v1.0.76
[INFO] [stderr]    Compiling libc v0.2.151
[INFO] [stderr]    Compiling unicode-ident v1.0.12
[INFO] [stderr]    Compiling typenum v1.17.0
[INFO] [stderr]    Compiling serde v1.0.195
[INFO] [stderr]    Compiling cfg-if v1.0.0
[INFO] [stderr]    Compiling bitflags v2.4.1
[INFO] [stderr]    Compiling pkg-config v0.3.28
[INFO] [stderr]    Compiling vcpkg v0.2.15
[INFO] [stderr]    Compiling libm v0.2.8
[INFO] [stderr]    Compiling rustix v0.38.28
[INFO] [stderr]     Checking pin-project-lite v0.2.13
[INFO] [stderr]    Compiling generic-array v0.14.7
[INFO] [stderr]    Compiling slab v0.4.9
[INFO] [stderr]    Compiling num-traits v0.2.17
[INFO] [stderr]    Compiling lock_api v0.4.11
[INFO] [stderr]    Compiling once_cell v1.19.0
[INFO] [stderr]    Compiling memchr v2.7.1
[INFO] [stderr]    Compiling futures-core v0.3.30
[INFO] [stderr]    Compiling num-integer v0.1.45
[INFO] [stderr]    Compiling subtle v2.5.0
[INFO] [stderr]    Compiling linux-raw-sys v0.4.12
[INFO] [stderr]    Compiling bytes v1.5.0
[INFO] [stderr]    Compiling futures-sink v0.3.30
[INFO] [stderr]    Compiling proc-macro2-diagnostics v0.10.1
[INFO] [stderr]    Compiling itoa v1.0.10
[INFO] [stderr]    Compiling openssl v0.10.62
[INFO] [stderr]    Compiling futures-channel v0.3.30
[INFO] [stderr]    Compiling ahash v0.7.7
[INFO] [stderr]    Compiling num-iter v0.1.43
[INFO] [stderr]    Compiling parking_lot_core v0.8.6
[INFO] [stderr]    Compiling futures-task v0.3.30
[INFO] [stderr]    Compiling pin-utils v0.1.0
[INFO] [stderr]    Compiling quote v1.0.35
[INFO] [stderr]     Checking smallvec v1.11.2
[INFO] [stderr]    Compiling futures-io v0.3.30
[INFO] [stderr]    Compiling futures-util v0.3.30
[INFO] [stderr]     Checking scopeguard v1.2.0
[INFO] [stderr]    Compiling syn v2.0.48
[INFO] [stderr]    Compiling base64ct v1.6.0
[INFO] [stderr]    Compiling num-bigint-dig v0.8.4
[INFO] [stderr]    Compiling time-core v0.1.2
[INFO] [stderr]    Compiling log v0.4.20
[INFO] [stderr]    Compiling crossbeam-utils v0.8.18
[INFO] [stderr]    Compiling percent-encoding v2.3.1
[INFO] [stderr]    Compiling time-macros v0.2.16
[INFO] [stderr]    Compiling pem-rfc7468 v0.3.1
[INFO] [stderr]    Compiling uncased v0.9.9
[INFO] [stderr]    Compiling const-oid v0.7.1
[INFO] [stderr]    Compiling foreign-types-shared v0.1.1
[INFO] [stderr]    Compiling tinyvec_macros v0.1.1
[INFO] [stderr]     Checking hashbrown v0.14.3
[INFO] [stderr]    Compiling serde_json v1.0.111
[INFO] [stderr]    Compiling cc v1.0.83
[INFO] [stderr]    Compiling mio v0.8.10
[INFO] [stderr]    Compiling socket2 v0.5.5
[INFO] [stderr]    Compiling signal-hook-registry v1.4.1
[INFO] [stderr]    Compiling num_cpus v1.16.0
[INFO] [stderr]     Checking getrandom v0.2.11
[INFO] [stderr]    Compiling block-buffer v0.10.4
[INFO] [stderr]    Compiling crypto-common v0.1.6
[INFO] [stderr]    Compiling digest v0.10.7
[INFO] [stderr]    Compiling crypto-bigint v0.3.2
[INFO] [stderr]     Checking equivalent v1.0.1
[INFO] [stderr]    Compiling rand_core v0.6.4
[INFO] [stderr]    Compiling tinyvec v1.6.0
[INFO] [stderr]    Compiling foreign-types v0.3.2
[INFO] [stderr]    Compiling tracing-core v0.1.32
[INFO] [stderr]    Compiling indexmap v1.9.3
[INFO] [stderr]    Compiling num-bigint v0.3.3
[INFO] [stderr]    Compiling cookie v0.18.0
[INFO] [stderr]    Compiling fnv v1.0.7
[INFO] [stderr]    Compiling is-terminal v0.4.10
[INFO] [stderr]    Compiling zeroize v1.7.0
[INFO] [stderr]    Compiling yansi v1.0.0-rc.1
[INFO] [stderr]    Compiling thiserror v1.0.56
[INFO] [stderr]    Compiling ppv-lite86 v0.2.17
[INFO] [stderr]    Compiling der v0.5.1
[INFO] [stderr]    Compiling ref-cast v1.0.22
[INFO] [stderr]     Checking http v0.2.11
[INFO] [stderr]    Compiling openssl-sys v0.9.98
[INFO] [stderr]    Compiling libsqlite3-sys v0.24.2
[INFO] [stderr]    Compiling unicode-normalization v0.1.22
[INFO] [stderr]     Checking rand_chacha v0.3.1
[INFO] [stderr]    Compiling instant v0.1.12
[INFO] [stderr]    Compiling spin v0.5.2
[INFO] [stderr]    Compiling spki v0.5.4
[INFO] [stderr]    Compiling powerfmt v0.2.0
[INFO] [stderr]    Compiling paste v1.0.14
[INFO] [stderr]    Compiling unicode-bidi v0.3.14
[INFO] [stderr]    Compiling openssl-probe v0.1.5
[INFO] [stderr]    Compiling pkcs8 v0.8.0
[INFO] [stderr]    Compiling native-tls v0.2.11
[INFO] [stderr]    Compiling deranged v0.3.11
[INFO] [stderr]    Compiling lazy_static v1.4.0
[INFO] [stderr]     Checking rand v0.8.5
[INFO] [stderr]     Checking spin v0.9.8
[INFO] [stderr]    Compiling aho-corasick v1.1.2
[INFO] [stderr]    Compiling minimal-lexical v0.2.1
[INFO] [stderr]    Compiling byteorder v1.5.0
[INFO] [stderr]    Compiling cpufeatures v0.2.12
[INFO] [stderr]    Compiling regex-syntax v0.8.2
[INFO] [stderr]    Compiling try-lock v0.2.5
[INFO] [stderr]    Compiling nom v7.1.3
[INFO] [stderr]    Compiling want v0.3.1
[INFO] [stderr]    Compiling hashbrown v0.11.2
[INFO] [stderr]    Compiling idna v0.5.0
[INFO] [stderr]    Compiling parking_lot v0.11.2
[INFO] [stderr]    Compiling time v0.3.31
[INFO] [stderr]    Compiling http-body v0.4.6
[INFO] [stderr]    Compiling pkcs1 v0.3.3
[INFO] [stderr]    Compiling hmac v0.12.1
[INFO] [stderr]    Compiling devise_core v0.4.1
[INFO] [stderr]    Compiling dirs-sys v0.3.7
[INFO] [stderr]    Compiling form_urlencoded v1.2.1
[INFO] [stderr]    Compiling httparse v1.8.0
[INFO] [stderr]     Checking encoding_rs v0.8.33
[INFO] [stderr]     Checking winnow v0.5.33
[INFO] [stderr]     Checking ryu v1.0.16
[INFO] [stderr]    Compiling tower-service v0.3.2
[INFO] [stderr]    Compiling finl_unicode v1.2.0
[INFO] [stderr]    Compiling parking_lot_core v0.9.9
[INFO] [stderr]    Compiling httpdate v1.0.3
[INFO] [stderr]    Compiling unicode_categories v0.1.1
[INFO] [stderr]    Compiling hashbrown v0.12.3
[INFO] [stderr]    Compiling inlinable_string v0.1.15
[INFO] [stderr]    Compiling syn v1.0.109
[INFO] [stderr]    Compiling rsa v0.6.1
[INFO] [stderr]    Compiling stringprep v0.1.4
[INFO] [stderr]    Compiling regex-automata v0.4.3
[INFO] [stderr]    Compiling crossbeam-queue v0.3.10
[INFO] [stderr]    Compiling url v2.5.0
[INFO] [stderr]    Compiling dirs v4.0.0
[INFO] [stderr]    Compiling hkdf v0.12.4
[INFO] [stderr]    Compiling hashlink v0.7.0
[INFO] [stderr]    Compiling futures-intrusive v0.4.2
[INFO] [stderr]    Compiling sha-1 v0.10.1
[INFO] [stderr]    Compiling sha2 v0.10.8
[INFO] [stderr]    Compiling futures v0.3.30
[INFO] [stderr]    Compiling futures-executor v0.3.30
[INFO] [stderr]    Compiling md-5 v0.10.6
[INFO] [stderr]    Compiling atoi v0.4.0
[INFO] [stderr]    Compiling stable-pattern v0.1.0
[INFO] [stderr]    Compiling multer v2.1.0
[INFO] [stderr]    Compiling figment v0.10.13
[INFO] [stderr]    Compiling hex v0.4.3
[INFO] [stderr]    Compiling unicode-segmentation v1.10.1
[INFO] [stderr]    Compiling uuid v0.8.2
[INFO] [stderr]    Compiling bitflags v1.3.2
[INFO] [stderr]    Compiling whoami v1.4.1
[INFO] [stderr]    Compiling event-listener v2.5.3
[INFO] [stderr]    Compiling state v0.6.0
[INFO] [stderr]    Compiling async-trait v0.1.77
[INFO] [stderr]    Compiling base64 v0.13.1
[INFO] [stderr]    Compiling serde_derive v1.0.195
[INFO] [stderr]    Compiling tokio-macros v2.2.0
[INFO] [stderr]    Compiling tracing-attributes v0.1.27
[INFO] [stderr]    Compiling openssl-macros v0.1.1
[INFO] [stderr]    Compiling pin-project-internal v1.1.3
[INFO] [stderr]    Compiling pear_codegen v0.2.8
[INFO] [stderr]    Compiling thiserror-impl v1.0.56
[INFO] [stderr]    Compiling ref-cast-impl v1.0.22
[INFO] [stderr]    Compiling devise_codegen v0.4.1
[INFO] [stderr]    Compiling heck v0.4.1
[INFO] [stderr]    Compiling async-stream-impl v0.3.5
[INFO] [stderr]    Compiling regex v1.10.2
[INFO] [stderr]    Compiling tokio v1.35.1
[INFO] [stderr]    Compiling devise v0.4.1
[INFO] [stderr]    Compiling pear v0.2.8
[INFO] [stderr]    Compiling pin-project v1.1.3
[INFO] [stderr]    Compiling flume v0.10.14
[INFO] [stderr]     Checking tracing v0.1.40
[INFO] [stderr]    Compiling rocket v0.5.0
[INFO] [stderr]    Compiling dotenv v0.15.0
[INFO] [stderr]    Compiling unicode-xid v0.2.4
[INFO] [stderr]    Compiling glob v0.3.1
[INFO] [stderr]     Checking fastrand v2.0.1
[INFO] [stderr]     Checking mime v0.3.17
[INFO] [stderr]     Checking parking_lot v0.12.1
[INFO] [stderr]     Checking async-stream v0.3.5
[INFO] [stderr]     Checking tempfile v3.9.0
[INFO] [stderr]     Checking binascii v0.1.4
[INFO] [stderr]     Checking atomic v0.5.3
[INFO] [stderr]     Checking tokio-util v0.7.10
[INFO] [stderr]     Checking tokio-native-tls v0.3.1
[INFO] [stderr]     Checking tokio-stream v0.1.14
[INFO] [stderr]     Checking sqlx-rt v0.5.13
[INFO] [stderr]     Checking indexmap v2.1.0
[INFO] [stderr]     Checking either v1.9.0
[INFO] [stderr]     Checking serde_spanned v0.6.5
[INFO] [stderr]     Checking toml_datetime v0.6.5
[INFO] [stderr]     Checking ubyte v0.10.4
[INFO] [stderr]     Checking itertools v0.10.5
[INFO] [stderr]     Checking toml_edit v0.21.0
[INFO] [stderr]     Checking h2 v0.3.22
[INFO] [stderr]     Checking sqlformat v0.1.8
[INFO] [stderr]     Checking toml v0.8.8
[INFO] [stderr]     Checking sqlx-core v0.5.13
[INFO] [stderr]     Checking hyper v0.14.28
[INFO] [stderr]     Checking rocket_http v0.5.0
[INFO] [stderr]    Compiling rocket_codegen v0.5.0
[INFO] [stderr]    Compiling sqlx-macros v0.5.13
[INFO] [stdout] error[E0432]: unresolved import `syn::spanned`
[INFO] [stdout]  --> /opt/rustwide/cargo-home/registry/src/index.crates.io-6f17d22bba15001f/sqlx-macros-0.5.13/src/derives/attributes.rs:4:10
[INFO] [stdout]   |
[INFO] [stdout] 4 | use syn::spanned::Spanned;
[INFO] [stdout]   |          ^^^^^^^ could not find `spanned` in `syn`
[INFO] [stdout] 
[INFO] [stdout] 
[INFO] [stdout] error[E0432]: unresolved import `syn::DeriveInput`
[INFO] [stdout]    --> /opt/rustwide/cargo-home/registry/src/index.crates.io-6f17d22bba15001f/sqlx-macros-0.5.13/src/derives/attributes.rs:6:22
[INFO] [stdout]     |
[INFO] [stdout] 6   | use syn::{Attribute, DeriveInput, Field, Lit, Meta, MetaNameValue, NestedMeta, Variant};
[INFO] [stdout]     |                      ^^^^^^^^^^^ no `DeriveInput` in the root
[INFO] [stdout]     |
[INFO] [stdout] note: found an item that was configured out
[INFO] [stdout]    --> /opt/rustwide/cargo-home/registry/src/index.crates.io-6f17d22bba15001f/syn-1.0.109/src/lib.rs:392:64
[INFO] [stdout]     |
[INFO] [stdout] 392 | pub use crate::derive::{Data, DataEnum, DataStruct, DataUnion, DeriveInput};
[INFO] [stdout]     |                                                                ^^^^^^^^^^^
[INFO] [stdout]     = note: the item is gated behind the `derive` feature
[INFO] [stdout] 
[INFO] [stdout] 
[INFO] [stdout] error[E0432]: unresolved imports `syn::parse_quote`, `syn::Data`, `syn::DataEnum`, `syn::DataStruct`, `syn::DeriveInput`
[INFO] [stdout]    --> /opt/rustwide/cargo-home/registry/src/index.crates.io-6f17d22bba15001f/sqlx-macros-0.5.13/src/derives/decode.rs:11:5
[INFO] [stdout]     |
[INFO] [stdout] 11  |     parse_quote, Arm, Data, DataEnum, DataStruct, DeriveInput, Field, Fields, FieldsNamed,
[INFO] [stdout]     |     ^^^^^^^^^^^       ^^^^  ^^^^^^^^  ^^^^^^^^^^  ^^^^^^^^^^^ no `DeriveInput` in the root
[INFO] [stdout]     |     |                 |     |         |
[INFO] [stdout]     |     |                 |     |         no `DataStruct` in the root
[INFO] [stdout]     |     |                 |     no `DataEnum` in the root
[INFO] [stdout]     |     |                 no `Data` in the root
[INFO] [stdout]     |     no `parse_quote` in the root
[INFO] [stdout]     |
[INFO] [stdout] note: found an item that was configured out
[INFO] [stdout]    --> /opt/rustwide/cargo-home/registry/src/index.crates.io-6f17d22bba15001f/syn-1.0.109/src/lib.rs:443:9
[INFO] [stdout]     |
[INFO] [stdout] 443 | pub mod parse_quote;
[INFO] [stdout]     |         ^^^^^^^^^^^
[INFO] [stdout]     = note: the item is gated behind the `parsing` feature
[INFO] [stdout]     = help: consider importing this variant instead:
[INFO] [stdout]             serde_json::error::Category::Data
[INFO] [stdout] note: found an item that was configured out
[INFO] [stdout]    --> /opt/rustwide/cargo-home/registry/src/index.crates.io-6f17d22bba15001f/syn-1.0.109/src/lib.rs:392:25
[INFO] [stdout]     |
[INFO] [stdout] 392 | pub use crate::derive::{Data, DataEnum, DataStruct, DataUnion, DeriveInput};
[INFO] [stdout]     |                         ^^^^
[INFO] [stdout]     = note: the item is gated behind the `derive` feature
[INFO] [stdout] note: found an item that was configured out
[INFO] [stdout]    --> /opt/rustwide/cargo-home/registry/src/index.crates.io-6f17d22bba15001f/syn-1.0.109/src/lib.rs:392:31
[INFO] [stdout]     |
[INFO] [stdout] 392 | pub use crate::derive::{Data, DataEnum, DataStruct, DataUnion, DeriveInput};
[INFO] [stdout]     |                               ^^^^^^^^
[INFO] [stdout]     = note: the item is gated behind the `derive` feature
[INFO] [stdout] note: found an item that was configured out
[INFO] [stdout]    --> /opt/rustwide/cargo-home/registry/src/index.crates.io-6f17d22bba15001f/syn-1.0.109/src/lib.rs:392:41
[INFO] [stdout]     |
[INFO] [stdout] 392 | pub use crate::derive::{Data, DataEnum, DataStruct, DataUnion, DeriveInput};
[INFO] [stdout]     |                                         ^^^^^^^^^^
[INFO] [stdout]     = note: the item is gated behind the `derive` feature
[INFO] [stdout] note: found an item that was configured out
[INFO] [stdout]    --> /opt/rustwide/cargo-home/registry/src/index.crates.io-6f17d22bba15001f/syn-1.0.109/src/lib.rs:392:64
[INFO] [stdout]     |
[INFO] [stdout] 392 | pub use crate::derive::{Data, DataEnum, DataStruct, DataUnion, DeriveInput};
[INFO] [stdout]     |                                                                ^^^^^^^^^^^
[INFO] [stdout]     = note: the item is gated behind the `derive` feature
[INFO] [stdout] help: a similar name exists in the module
[INFO] [stdout]     |
[INFO] [stdout] 11  |     parse_quote, Arm, data, DataEnum, DataStruct, DeriveInput, Field, Fields, FieldsNamed,
[INFO] [stdout]     |                       ~~~~
[INFO] [stdout] help: a similar name exists in the module
[INFO] [stdout]     |
[INFO] [stdout] 11  |     parse_quote, Arm, Data, DataEnum, PatStruct, DeriveInput, Field, Fields, FieldsNamed,
[INFO] [stdout]     |                                       ~~~~~~~~~
[INFO] [stdout] 
[INFO] [stdout] 
[INFO] [stdout] error[E0432]: unresolved imports `syn::parse_quote`, `syn::Data`, `syn::DataEnum`, `syn::DataStruct`, `syn::DeriveInput`
[INFO] [stdout]    --> /opt/rustwide/cargo-home/registry/src/index.crates.io-6f17d22bba15001f/sqlx-macros-0.5.13/src/derives/encode.rs:11:5
[INFO] [stdout]     |
[INFO] [stdout] 11  |     parse_quote, Data, DataEnum, DataStruct, DeriveInput, Expr, Field, Fields, FieldsNamed,
[INFO] [stdout]     |     ^^^^^^^^^^^  ^^^^  ^^^^^^^^  ^^^^^^^^^^  ^^^^^^^^^^^ no `DeriveInput` in the root
[INFO] [stdout]     |     |            |     |         |
[INFO] [stdout]     |     |            |     |         no `DataStruct` in the root
[INFO] [stdout]     |     |            |     no `DataEnum` in the root
[INFO] [stdout]     |     |            no `Data` in the root
[INFO] [stdout]     |     no `parse_quote` in the root
[INFO] [stdout]     |
[INFO] [stdout] note: found an item that was configured out
[INFO] [stdout]    --> /opt/rustwide/cargo-home/registry/src/index.crates.io-6f17d22bba15001f/syn-1.0.109/src/lib.rs:443:9
[INFO] [stdout]     |
[INFO] [stdout] 443 | pub mod parse_quote;
[INFO] [stdout]     |         ^^^^^^^^^^^
[INFO] [stdout]     = note: the item is gated behind the `parsing` feature
[INFO] [stdout]     = help: consider importing this variant instead:
[INFO] [stdout]             serde_json::error::Category::Data
[INFO] [stdout] note: found an item that was configured out
[INFO] [stdout]    --> /opt/rustwide/cargo-home/registry/src/index.crates.io-6f17d22bba15001f/syn-1.0.109/src/lib.rs:392:25
[INFO] [stdout]     |
[INFO] [stdout] 392 | pub use crate::derive::{Data, DataEnum, DataStruct, DataUnion, DeriveInput};
[INFO] [stdout]     |                         ^^^^
[INFO] [stdout]     = note: the item is gated behind the `derive` feature
[INFO] [stdout] note: found an item that was configured out
[INFO] [stdout]    --> /opt/rustwide/cargo-home/registry/src/index.crates.io-6f17d22bba15001f/syn-1.0.109/src/lib.rs:392:31
[INFO] [stdout]     |
[INFO] [stdout] 392 | pub use crate::derive::{Data, DataEnum, DataStruct, DataUnion, DeriveInput};
[INFO] [stdout]     |                               ^^^^^^^^
[INFO] [stdout]     = note: the item is gated behind the `derive` feature
[INFO] [stdout] note: found an item that was configured out
[INFO] [stdout]    --> /opt/rustwide/cargo-home/registry/src/index.crates.io-6f17d22bba15001f/syn-1.0.109/src/lib.rs:392:41
[INFO] [stdout]     |
[INFO] [stdout] 392 | pub use crate::derive::{Data, DataEnum, DataStruct, DataUnion, DeriveInput};
[INFO] [stdout]     |                                         ^^^^^^^^^^
[INFO] [stdout]     = note: the item is gated behind the `derive` feature
[INFO] [stdout] note: found an item that was configured out
[INFO] [stdout]    --> /opt/rustwide/cargo-home/registry/src/index.crates.io-6f17d22bba15001f/syn-1.0.109/src/lib.rs:392:64
[INFO] [stdout]     |
[INFO] [stdout] 392 | pub use crate::derive::{Data, DataEnum, DataStruct, DataUnion, DeriveInput};
[INFO] [stdout]     |                                                                ^^^^^^^^^^^
[INFO] [stdout]     = note: the item is gated behind the `derive` feature
[INFO] [stdout] help: a similar name exists in the module
[INFO] [stdout]     |
[INFO] [stdout] 11  |     parse_quote, data, DataEnum, DataStruct, DeriveInput, Expr, Field, Fields, FieldsNamed,
[INFO] [stdout]     |                  ~~~~
[INFO] [stdout] help: a similar name exists in the module
[INFO] [stdout]     |
[INFO] [stdout] 11  |     parse_quote, Data, DataEnum, PatStruct, DeriveInput, Expr, Field, Fields, FieldsNamed,
[INFO] [stdout]     |                                  ~~~~~~~~~
[INFO] [stdout] 
[INFO] [stdout] 
[INFO] [stdout] error[E0432]: unresolved imports `syn::parse_quote`, `syn::Data`, `syn::DataStruct`, `syn::DeriveInput`
[INFO] [stdout]    --> /opt/rustwide/cargo-home/registry/src/index.crates.io-6f17d22bba15001f/sqlx-macros-0.5.13/src/derives/row.rs:4:5
[INFO] [stdout]     |
[INFO] [stdout] 4   |     parse_quote, punctuated::Punctuated, token::Comma, Data, DataStruct, DeriveInput, Field,
[INFO] [stdout]     |     ^^^^^^^^^^^                                        ^^^^  ^^^^^^^^^^  ^^^^^^^^^^^ no `DeriveInput` in the root
[INFO] [stdout]     |     |                                                  |     |
[INFO] [stdout]     |     |                                                  |     no `DataStruct` in the root
[INFO] [stdout]     |     no `parse_quote` in the root                       no `Data` in the root
[INFO] [stdout]     |
[INFO] [stdout] note: found an item that was configured out
[INFO] [stdout]    --> /opt/rustwide/cargo-home/registry/src/index.crates.io-6f17d22bba15001f/syn-1.0.109/src/lib.rs:443:9
[INFO] [stdout]     |
[INFO] [stdout] 443 | pub mod parse_quote;
[INFO] [stdout]     |         ^^^^^^^^^^^
[INFO] [stdout]     = note: the item is gated behind the `parsing` feature
[INFO] [stdout]     = help: consider importing this variant instead:
[INFO] [stdout]             serde_json::error::Category::Data
[INFO] [stdout] note: found an item that was configured out
[INFO] [stdout]    --> /opt/rustwide/cargo-home/registry/src/index.crates.io-6f17d22bba15001f/syn-1.0.109/src/lib.rs:392:25
[INFO] [stdout]     |
[INFO] [stdout] 392 | pub use crate::derive::{Data, DataEnum, DataStruct, DataUnion, DeriveInput};
[INFO] [stdout]     |                         ^^^^
[INFO] [stdout]     = note: the item is gated behind the `derive` feature
[INFO] [stdout] note: found an item that was configured out
[INFO] [stdout]    --> /opt/rustwide/cargo-home/registry/src/index.crates.io-6f17d22bba15001f/syn-1.0.109/src/lib.rs:392:41
[INFO] [stdout]     |
[INFO] [stdout] 392 | pub use crate::derive::{Data, DataEnum, DataStruct, DataUnion, DeriveInput};
[INFO] [stdout]     |                                         ^^^^^^^^^^
[INFO] [stdout]     = note: the item is gated behind the `derive` feature
[INFO] [stdout] note: found an item that was configured out
[INFO] [stdout]    --> /opt/rustwide/cargo-home/registry/src/index.crates.io-6f17d22bba15001f/syn-1.0.109/src/lib.rs:392:64
[INFO] [stdout]     |
[INFO] [stdout] 392 | pub use crate::derive::{Data, DataEnum, DataStruct, DataUnion, DeriveInput};
[INFO] [stdout]     |                                                                ^^^^^^^^^^^
[INFO] [stdout]     = note: the item is gated behind the `derive` feature
[INFO] [stdout] help: a similar name exists in the module
[INFO] [stdout]     |
[INFO] [stdout] 4   |     parse_quote, punctuated::Punctuated, token::Comma, data, DataStruct, DeriveInput, Field,
[INFO] [stdout]     |                                                        ~~~~
[INFO] [stdout] help: a similar name exists in the module
[INFO] [stdout]     |
[INFO] [stdout] 4   |     parse_quote, punctuated::Punctuated, token::Comma, Data, PatStruct, DeriveInput, Field,
[INFO] [stdout]     |                                                              ~~~~~~~~~
[INFO] [stdout] 
[INFO] [stdout] 
[INFO] [stdout] error[E0432]: unresolved imports `syn::parse_quote`, `syn::Data`, `syn::DataEnum`, `syn::DataStruct`, `syn::DeriveInput`
[INFO] [stdout]    --> /opt/rustwide/cargo-home/registry/src/index.crates.io-6f17d22bba15001f/sqlx-macros-0.5.13/src/derives/type.rs:10:5
[INFO] [stdout]     |
[INFO] [stdout] 10  |     parse_quote, Data, DataEnum, DataStruct, DeriveInput, Field, Fields, FieldsNamed,
[INFO] [stdout]     |     ^^^^^^^^^^^  ^^^^  ^^^^^^^^  ^^^^^^^^^^  ^^^^^^^^^^^ no `DeriveInput` in the root
[INFO] [stdout]     |     |            |     |         |
[INFO] [stdout]     |     |            |     |         no `DataStruct` in the root
[INFO] [stdout]     |     |            |     no `DataEnum` in the root
[INFO] [stdout]     |     |            no `Data` in the root
[INFO] [stdout]     |     no `parse_quote` in the root
[INFO] [stdout]     |
[INFO] [stdout] note: found an item that was configured out
[INFO] [stdout]    --> /opt/rustwide/cargo-home/registry/src/index.crates.io-6f17d22bba15001f/syn-1.0.109/src/lib.rs:443:9
[INFO] [stdout]     |
[INFO] [stdout] 443 | pub mod parse_quote;
[INFO] [stdout]     |         ^^^^^^^^^^^
[INFO] [stdout]     = note: the item is gated behind the `parsing` feature
[INFO] [stdout]     = help: consider importing this variant instead:
[INFO] [stdout]             serde_json::error::Category::Data
[INFO] [stdout] note: found an item that was configured out
[INFO] [stdout]    --> /opt/rustwide/cargo-home/registry/src/index.crates.io-6f17d22bba15001f/syn-1.0.109/src/lib.rs:392:25
[INFO] [stdout]     |
[INFO] [stdout] 392 | pub use crate::derive::{Data, DataEnum, DataStruct, DataUnion, DeriveInput};
[INFO] [stdout]     |                         ^^^^
[INFO] [stdout]     = note: the item is gated behind the `derive` feature
[INFO] [stdout] note: found an item that was configured out
[INFO] [stdout]    --> /opt/rustwide/cargo-home/registry/src/index.crates.io-6f17d22bba15001f/syn-1.0.109/src/lib.rs:392:31
[INFO] [stdout]     |
[INFO] [stdout] 392 | pub use crate::derive::{Data, DataEnum, DataStruct, DataUnion, DeriveInput};
[INFO] [stdout]     |                               ^^^^^^^^
[INFO] [stdout]     = note: the item is gated behind the `derive` feature
[INFO] [stdout] note: found an item that was configured out
[INFO] [stdout]    --> /opt/rustwide/cargo-home/registry/src/index.crates.io-6f17d22bba15001f/syn-1.0.109/src/lib.rs:392:41
[INFO] [stdout]     |
[INFO] [stdout] 392 | pub use crate::derive::{Data, DataEnum, DataStruct, DataUnion, DeriveInput};
[INFO] [stdout]     |                                         ^^^^^^^^^^
[INFO] [stdout]     = note: the item is gated behind the `derive` feature
[INFO] [stdout] note: found an item that was configured out
[INFO] [stdout]    --> /opt/rustwide/cargo-home/registry/src/index.crates.io-6f17d22bba15001f/syn-1.0.109/src/lib.rs:392:64
[INFO] [stdout]     |
[INFO] [stdout] 392 | pub use crate::derive::{Data, DataEnum, DataStruct, DataUnion, DeriveInput};
[INFO] [stdout]     |                                                                ^^^^^^^^^^^
[INFO] [stdout]     = note: the item is gated behind the `derive` feature
[INFO] [stdout] help: a similar name exists in the module
[INFO] [stdout]     |
[INFO] [stdout] 10  |     parse_quote, data, DataEnum, DataStruct, DeriveInput, Field, Fields, FieldsNamed,
[INFO] [stdout]     |                  ~~~~
[INFO] [stdout] help: a similar name exists in the module
[INFO] [stdout]     |
[INFO] [stdout] 10  |     parse_quote, Data, DataEnum, PatStruct, DeriveInput, Field, Fields, FieldsNamed,
[INFO] [stdout]     |                                  ~~~~~~~~~
[INFO] [stdout] 
[INFO] [stdout] 
[INFO] [stdout] error[E0432]: unresolved import `syn::DeriveInput`
[INFO] [stdout]    --> /opt/rustwide/cargo-home/registry/src/index.crates.io-6f17d22bba15001f/sqlx-macros-0.5.13/src/derives/mod.rs:16:5
[INFO] [stdout]     |
[INFO] [stdout] 16  | use syn::DeriveInput;
[INFO] [stdout]     |     ^^^^^^^^^^^^^^^^ no `DeriveInput` in the root
[INFO] [stdout]     |
[INFO] [stdout] note: found an item that was configured out
[INFO] [stdout]    --> /opt/rustwide/cargo-home/registry/src/index.crates.io-6f17d22bba15001f/syn-1.0.109/src/lib.rs:392:64
[INFO] [stdout]     |
[INFO] [stdout] 392 | pub use crate::derive::{Data, DataEnum, DataStruct, DataUnion, DeriveInput};
[INFO] [stdout]     |                                                                ^^^^^^^^^^^
[INFO] [stdout]     = note: the item is gated behind the `derive` feature
[INFO] [stdout] 
[INFO] [stdout] 
[INFO] [stdout] error[E0432]: unresolved import `syn::spanned`
[INFO] [stdout]  --> /opt/rustwide/cargo-home/registry/src/index.crates.io-6f17d22bba15001f/sqlx-macros-0.5.13/src/query/args.rs:7:10
[INFO] [stdout]   |
[INFO] [stdout] 7 | use syn::spanned::Spanned;
[INFO] [stdout]   |          ^^^^^^^ could not find `spanned` in `syn`
[INFO] [stdout] 
[INFO] [stdout] 
[INFO] [stdout] error[E0432]: unresolved import `syn::parse`
[INFO] [stdout]  --> /opt/rustwide/cargo-home/registry/src/index.crates.io-6f17d22bba15001f/sqlx-macros-0.5.13/src/query/input.rs:4:10
[INFO] [stdout]   |
[INFO] [stdout] 4 | use syn::parse::{Parse, ParseStream};
[INFO] [stdout]   |          ^^^^^ could not find `parse` in `syn`
[INFO] [stdout] 
[INFO] [stdout] 
[INFO] [stdout] error[E0432]: unresolved import `syn::parse`
[INFO] [stdout]   --> /opt/rustwide/cargo-home/registry/src/index.crates.io-6f17d22bba15001f/sqlx-macros-0.5.13/src/query/output.rs:12:10
[INFO] [stdout]    |
[INFO] [stdout] 12 | use syn::parse::{Parse, ParseStream};
[INFO] [stdout]    |          ^^^^^ could not find `parse` in `syn`
[INFO] [stdout] 
[INFO] [stdout] 
[INFO] [stdout] error[E0433]: failed to resolve: could not find `parse_macro_input` in `syn`
[INFO] [stdout]    --> /opt/rustwide/cargo-home/registry/src/index.crates.io-6f17d22bba15001f/sqlx-macros-0.5.13/src/lib.rs:29:22
[INFO] [stdout]     |
[INFO] [stdout] 29  |     let input = syn::parse_macro_input!(input as query::QueryMacroInput);
[INFO] [stdout]     |                      ^^^^^^^^^^^^^^^^^ could not find `parse_macro_input` in `syn`
[INFO] [stdout]     |
[INFO] [stdout] note: found an item that was configured out
[INFO] [stdout]    --> /opt/rustwide/cargo-home/registry/src/index.crates.io-6f17d22bba15001f/syn-1.0.109/src/lib.rs:452:9
[INFO] [stdout]     |
[INFO] [stdout] 452 | pub mod parse_macro_input;
[INFO] [stdout]     |         ^^^^^^^^^^^^^^^^^
[INFO] [stdout] 
[INFO] [stdout] 
[INFO] [stdout] error[E0433]: failed to resolve: could not find `parse_macro_input` in `syn`
[INFO] [stdout]    --> /opt/rustwide/cargo-home/registry/src/index.crates.io-6f17d22bba15001f/sqlx-macros-0.5.13/src/lib.rs:46:22
[INFO] [stdout]     |
[INFO] [stdout] 46  |     let input = syn::parse_macro_input!(tokenstream as syn::DeriveInput);
[INFO] [stdout]     |                      ^^^^^^^^^^^^^^^^^ could not find `parse_macro_input` in `syn`
[INFO] [stdout]     |
[INFO] [stdout] note: found an item that was configured out
[INFO] [stdout]    --> /opt/rustwide/cargo-home/registry/src/index.crates.io-6f17d22bba15001f/syn-1.0.109/src/lib.rs:452:9
[INFO] [stdout]     |
[INFO] [stdout] 452 | pub mod parse_macro_input;
[INFO] [stdout]     |         ^^^^^^^^^^^^^^^^^
[INFO] [stdout] 
[INFO] [stdout] 
[INFO] [stdout] error[E0433]: failed to resolve: could not find `parse_macro_input` in `syn`
[INFO] [stdout]    --> /opt/rustwide/cargo-home/registry/src/index.crates.io-6f17d22bba15001f/sqlx-macros-0.5.13/src/lib.rs:55:22
[INFO] [stdout]     |
[INFO] [stdout] 55  |     let input = syn::parse_macro_input!(tokenstream as syn::DeriveInput);
[INFO] [stdout]     |                      ^^^^^^^^^^^^^^^^^ could not find `parse_macro_input` in `syn`
[INFO] [stdout]     |
[INFO] [stdout] note: found an item that was configured out
[INFO] [stdout]    --> /opt/rustwide/cargo-home/registry/src/index.crates.io-6f17d22bba15001f/syn-1.0.109/src/lib.rs:452:9
[INFO] [stdout]     |
[INFO] [stdout] 452 | pub mod parse_macro_input;
[INFO] [stdout]     |         ^^^^^^^^^^^^^^^^^
[INFO] [stdout] 
[INFO] [stdout] 
[INFO] [stdout] error[E0433]: failed to resolve: could not find `parse_macro_input` in `syn`
[INFO] [stdout]    --> /opt/rustwide/cargo-home/registry/src/index.crates.io-6f17d22bba15001f/sqlx-macros-0.5.13/src/lib.rs:64:22
[INFO] [stdout]     |
[INFO] [stdout] 64  |     let input = syn::parse_macro_input!(tokenstream as syn::DeriveInput);
[INFO] [stdout]     |                      ^^^^^^^^^^^^^^^^^ could not find `parse_macro_input` in `syn`
[INFO] [stdout]     |
[INFO] [stdout] note: found an item that was configured out
[INFO] [stdout]    --> /opt/rustwide/cargo-home/registry/src/index.crates.io-6f17d22bba15001f/syn-1.0.109/src/lib.rs:452:9
[INFO] [stdout]     |
[INFO] [stdout] 452 | pub mod parse_macro_input;
[INFO] [stdout]     |         ^^^^^^^^^^^^^^^^^
[INFO] [stdout] 
[INFO] [stdout] 
[INFO] [stdout] error[E0433]: failed to resolve: could not find `parse_macro_input` in `syn`
[INFO] [stdout]    --> /opt/rustwide/cargo-home/registry/src/index.crates.io-6f17d22bba15001f/sqlx-macros-0.5.13/src/lib.rs:73:22
[INFO] [stdout]     |
[INFO] [stdout] 73  |     let input = syn::parse_macro_input!(input as syn::DeriveInput);
[INFO] [stdout]     |                      ^^^^^^^^^^^^^^^^^ could not find `parse_macro_input` in `syn`
[INFO] [stdout]     |
[INFO] [stdout] note: found an item that was configured out
[INFO] [stdout]    --> /opt/rustwide/cargo-home/registry/src/index.crates.io-6f17d22bba15001f/syn-1.0.109/src/lib.rs:452:9
[INFO] [stdout]     |
[INFO] [stdout] 452 | pub mod parse_macro_input;
[INFO] [stdout]     |         ^^^^^^^^^^^^^^^^^
[INFO] [stdout] 
[INFO] [stdout] 
[INFO] [stdout] error[E0433]: failed to resolve: could not find `parse_macro_input` in `syn`
[INFO] [stdout]    --> /opt/rustwide/cargo-home/registry/src/index.crates.io-6f17d22bba15001f/sqlx-macros-0.5.13/src/lib.rs:103:22
[INFO] [stdout]     |
[INFO] [stdout] 103 |     let input = syn::parse_macro_input!(input as syn::ItemFn);
[INFO] [stdout]     |                      ^^^^^^^^^^^^^^^^^ could not find `parse_macro_input` in `syn`
[INFO] [stdout]     |
[INFO] [stdout] note: found an item that was configured out
[INFO] [stdout]    --> /opt/rustwide/cargo-home/registry/src/index.crates.io-6f17d22bba15001f/syn-1.0.109/src/lib.rs:452:9
[INFO] [stdout]     |
[INFO] [stdout] 452 | pub mod parse_macro_input;
[INFO] [stdout]     |         ^^^^^^^^^^^^^^^^^
[INFO] [stdout] 
[INFO] [stdout] 
[INFO] [stdout] error: cannot determine resolution for the macro `parse_quote`
[INFO] [stdout]   --> /opt/rustwide/cargo-home/registry/src/index.crates.io-6f17d22bba15001f/sqlx-macros-0.5.13/src/derives/decode.rs:67:20
[INFO] [stdout]    |
[INFO] [stdout] 67 |         .insert(0, parse_quote!(DB: ::sqlx::Database));
[INFO] [stdout]    |                    ^^^^^^^^^^^
[INFO] [stdout]    |
[INFO] [stdout]    = note: import resolution is stuck, try simplifying macro imports
[INFO] [stdout] 
[INFO] [stdout] 
[INFO] [stdout] error: cannot determine resolution for the macro `parse_quote`
[INFO] [stdout]   --> /opt/rustwide/cargo-home/registry/src/index.crates.io-6f17d22bba15001f/sqlx-macros-0.5.13/src/derives/decode.rs:68:31
[INFO] [stdout]    |
[INFO] [stdout] 68 |     generics.params.insert(0, parse_quote!('r));
[INFO] [stdout]    |                               ^^^^^^^^^^^
[INFO] [stdout]    |
[INFO] [stdout]    = note: import resolution is stuck, try simplifying macro imports
[INFO] [stdout] 
[INFO] [stdout] 
[INFO] [stdout] error: cannot determine resolution for the macro `parse_quote`
[INFO] [stdout]   --> /opt/rustwide/cargo-home/registry/src/index.crates.io-6f17d22bba15001f/sqlx-macros-0.5.13/src/derives/decode.rs:72:15
[INFO] [stdout]    |
[INFO] [stdout] 72 |         .push(parse_quote!(#ty: ::sqlx::decode::Decode<'r, DB>));
[INFO] [stdout]    |               ^^^^^^^^^^^
[INFO] [stdout]    |
[INFO] [stdout]    = note: import resolution is stuck, try simplifying macro imports
[INFO] [stdout] 
[INFO] [stdout] 
[INFO] [stdout] error: cannot determine resolution for the macro `parse_quote`
[INFO] [stdout]    --> /opt/rustwide/cargo-home/registry/src/index.crates.io-6f17d22bba15001f/sqlx-macros-0.5.13/src/derives/decode.rs:155:13
[INFO] [stdout]     |
[INFO] [stdout] 155 |             parse_quote!(#rename => ::std::result::Result::Ok(#ident :: #id),)
[INFO] [stdout]     |             ^^^^^^^^^^^
[INFO] [stdout]     |
[INFO] [stdout]     = note: import resolution is stuck, try simplifying macro imports
[INFO] [stdout] 
[INFO] [stdout] 
[INFO] [stdout] error: cannot determine resolution for the macro `parse_quote`
[INFO] [stdout]    --> /opt/rustwide/cargo-home/registry/src/index.crates.io-6f17d22bba15001f/sqlx-macros-0.5.13/src/derives/decode.rs:159:13
[INFO] [stdout]     |
[INFO] [stdout] 159 |             parse_quote!(#name => ::std::result::Result::Ok(#ident :: #id),)
[INFO] [stdout]     |             ^^^^^^^^^^^
[INFO] [stdout]     |
[INFO] [stdout]     = note: import resolution is stuck, try simplifying macro imports
[INFO] [stdout] 
[INFO] [stdout] 
[INFO] [stdout] error: cannot determine resolution for the macro `parse_quote`
[INFO] [stdout]    --> /opt/rustwide/cargo-home/registry/src/index.crates.io-6f17d22bba15001f/sqlx-macros-0.5.13/src/derives/decode.rs:162:13
[INFO] [stdout]     |
[INFO] [stdout] 162 |             parse_quote!(#name => ::std::result::Result::Ok(#ident :: #id),)
[INFO] [stdout]     |             ^^^^^^^^^^^
[INFO] [stdout]     |
[INFO] [stdout]     = note: import resolution is stuck, try simplifying macro imports
[INFO] [stdout] 
[INFO] [stdout] 
[INFO] [stdout] error: cannot determine resolution for the macro `parse_quote`
[INFO] [stdout]    --> /opt/rustwide/cargo-home/registry/src/index.crates.io-6f17d22bba15001f/sqlx-macros-0.5.13/src/derives/decode.rs:274:35
[INFO] [stdout]     |
[INFO] [stdout] 274 |         generics.params.insert(0, parse_quote!('r));
[INFO] [stdout]     |                                   ^^^^^^^^^^^
[INFO] [stdout]     |
[INFO] [stdout]     = note: import resolution is stuck, try simplifying macro imports
[INFO] [stdout] 
[INFO] [stdout] 
[INFO] [stdout] error: cannot determine resolution for the macro `parse_quote`
[INFO] [stdout]    --> /opt/rustwide/cargo-home/registry/src/index.crates.io-6f17d22bba15001f/sqlx-macros-0.5.13/src/derives/decode.rs:281:29
[INFO] [stdout]     |
[INFO] [stdout] 281 |             predicates.push(parse_quote!(#ty: ::sqlx::decode::Decode<'r, ::sqlx::Postgres>));
[INFO] [stdout]     |                             ^^^^^^^^^^^
[INFO] [stdout]     |
[INFO] [stdout]     = note: import resolution is stuck, try simplifying macro imports
[INFO] [stdout] 
[INFO] [stdout] 
[INFO] [stdout] error: cannot determine resolution for the macro `parse_quote`
[INFO] [stdout]    --> /opt/rustwide/cargo-home/registry/src/index.crates.io-6f17d22bba15001f/sqlx-macros-0.5.13/src/derives/decode.rs:282:29
[INFO] [stdout]     |
[INFO] [stdout] 282 |             predicates.push(parse_quote!(#ty: ::sqlx::types::Type<::sqlx::Postgres>));
[INFO] [stdout]     |                             ^^^^^^^^^^^
[INFO] [stdout]     |
[INFO] [stdout]     = note: import resolution is stuck, try simplifying macro imports
[INFO] [stdout] 
[INFO] [stdout] 
[INFO] [stdout] error: cannot determine resolution for the macro `parse_quote`
[INFO] [stdout]    --> /opt/rustwide/cargo-home/registry/src/index.crates.io-6f17d22bba15001f/sqlx-macros-0.5.13/src/derives/decode.rs:291:13
[INFO] [stdout]     |
[INFO] [stdout] 291 |             parse_quote!(
[INFO] [stdout]     |             ^^^^^^^^^^^
[INFO] [stdout]     |
[INFO] [stdout]     = note: import resolution is stuck, try simplifying macro imports
[INFO] [stdout] 
[INFO] [stdout] 
[INFO] [stdout] error: cannot determine resolution for the macro `parse_quote`
[INFO] [stdout]   --> /opt/rustwide/cargo-home/registry/src/index.crates.io-6f17d22bba15001f/sqlx-macros-0.5.13/src/derives/encode.rs:73:20
[INFO] [stdout]    |
[INFO] [stdout] 73 |         .insert(0, parse_quote!(DB: ::sqlx::Database));
[INFO] [stdout]    |                    ^^^^^^^^^^^
[INFO] [stdout]    |
[INFO] [stdout]    = note: import resolution is stuck, try simplifying macro imports
[INFO] [stdout] 
[INFO] [stdout] 
[INFO] [stdout] error: cannot determine resolution for the macro `parse_quote`
[INFO] [stdout]   --> /opt/rustwide/cargo-home/registry/src/index.crates.io-6f17d22bba15001f/sqlx-macros-0.5.13/src/derives/encode.rs:77:15
[INFO] [stdout]    |
[INFO] [stdout] 77 |         .push(parse_quote!(#ty: ::sqlx::encode::Encode<#lifetime, DB>));
[INFO] [stdout]    |               ^^^^^^^^^^^
[INFO] [stdout]    |
[INFO] [stdout]    = note: import resolution is stuck, try simplifying macro imports
[INFO] [stdout] 
[INFO] [stdout] 
[INFO] [stdout] error: cannot determine resolution for the macro `parse_quote`
[INFO] [stdout]    --> /opt/rustwide/cargo-home/registry/src/index.crates.io-6f17d22bba15001f/sqlx-macros-0.5.13/src/derives/encode.rs:221:23
[INFO] [stdout]     |
[INFO] [stdout] 221 |                 .push(parse_quote!(#ty: for<'q> ::sqlx::encode::Encode<'q, ::sqlx::Postgres>));
[INFO] [stdout]     |                       ^^^^^^^^^^^
[INFO] [stdout]     |
[INFO] [stdout]     = note: import resolution is stuck, try simplifying macro imports
[INFO] [stdout] 
[INFO] [stdout] 
[INFO] [stdout] error: cannot determine resolution for the macro `parse_quote`
[INFO] [stdout]    --> /opt/rustwide/cargo-home/registry/src/index.crates.io-6f17d22bba15001f/sqlx-macros-0.5.13/src/derives/encode.rs:222:29
[INFO] [stdout]     |
[INFO] [stdout] 222 |             predicates.push(parse_quote!(#ty: ::sqlx::types::Type<::sqlx::Postgres>));
[INFO] [stdout]     |                             ^^^^^^^^^^^
[INFO] [stdout]     |
[INFO] [stdout]     = note: import resolution is stuck, try simplifying macro imports
[INFO] [stdout] 
[INFO] [stdout] 
[INFO] [stdout] error: cannot determine resolution for the macro `parse_quote`
[INFO] [stdout]    --> /opt/rustwide/cargo-home/registry/src/index.crates.io-6f17d22bba15001f/sqlx-macros-0.5.13/src/derives/encode.rs:230:13
[INFO] [stdout]     |
[INFO] [stdout] 230 |             parse_quote!(
[INFO] [stdout]     |             ^^^^^^^^^^^
[INFO] [stdout]     |
[INFO] [stdout]     = note: import resolution is stuck, try simplifying macro imports
[INFO] [stdout] 
[INFO] [stdout] 
[INFO] [stdout] error: cannot determine resolution for the macro `parse_quote`
[INFO] [stdout]    --> /opt/rustwide/cargo-home/registry/src/index.crates.io-6f17d22bba15001f/sqlx-macros-0.5.13/src/derives/encode.rs:239:13
[INFO] [stdout]     |
[INFO] [stdout] 239 |             parse_quote!(
[INFO] [stdout]     |             ^^^^^^^^^^^
[INFO] [stdout]     |
[INFO] [stdout]     = note: import resolution is stuck, try simplifying macro imports
[INFO] [stdout] 
[INFO] [stdout] 
[INFO] [stdout] error: cannot determine resolution for the macro `parse_quote`
[INFO] [stdout]   --> /opt/rustwide/cargo-home/registry/src/index.crates.io-6f17d22bba15001f/sqlx-macros-0.5.13/src/derives/row.rs:56:31
[INFO] [stdout]    |
[INFO] [stdout] 56 |     generics.params.insert(0, parse_quote!(R: ::sqlx::Row));
[INFO] [stdout]    |                               ^^^^^^^^^^^
[INFO] [stdout]    |
[INFO] [stdout]    = note: import resolution is stuck, try simplifying macro imports
[INFO] [stdout] 
[INFO] [stdout] 
[INFO] [stdout] error: cannot determine resolution for the macro `parse_quote`
[INFO] [stdout]   --> /opt/rustwide/cargo-home/registry/src/index.crates.io-6f17d22bba15001f/sqlx-macros-0.5.13/src/derives/row.rs:59:35
[INFO] [stdout]    |
[INFO] [stdout] 59 |         generics.params.insert(0, parse_quote!(#lifetime));
[INFO] [stdout]    |                                   ^^^^^^^^^^^
[INFO] [stdout]    |
[INFO] [stdout]    = note: import resolution is stuck, try simplifying macro imports
[INFO] [stdout] 
[INFO] [stdout] 
[INFO] [stdout] error: cannot determine resolution for the macro `parse_quote`
[INFO] [stdout]   --> /opt/rustwide/cargo-home/registry/src/index.crates.io-6f17d22bba15001f/sqlx-macros-0.5.13/src/derives/row.rs:64:21
[INFO] [stdout]    |
[INFO] [stdout] 64 |     predicates.push(parse_quote!(&#lifetime ::std::primitive::str: ::sqlx::ColumnIndex<R>));
[INFO] [stdout]    |                     ^^^^^^^^^^^
[INFO] [stdout]    |
[INFO] [stdout]    = note: import resolution is stuck, try simplifying macro imports
[INFO] [stdout] 
[INFO] [stdout] 
[INFO] [stdout] error: cannot determine resolution for the macro `parse_quote`
[INFO] [stdout]   --> /opt/rustwide/cargo-home/registry/src/index.crates.io-6f17d22bba15001f/sqlx-macros-0.5.13/src/derives/row.rs:69:25
[INFO] [stdout]    |
[INFO] [stdout] 69 |         predicates.push(parse_quote!(#ty: ::sqlx::decode::Decode<#lifetime, R::Database>));
[INFO] [stdout]    |                         ^^^^^^^^^^^
[INFO] [stdout]    |
[INFO] [stdout]    = note: import resolution is stuck, try simplifying macro imports
[INFO] [stdout] 
[INFO] [stdout] 
[INFO] [stdout] error: cannot determine resolution for the macro `parse_quote`
[INFO] [stdout]   --> /opt/rustwide/cargo-home/registry/src/index.crates.io-6f17d22bba15001f/sqlx-macros-0.5.13/src/derives/row.rs:70:25
[INFO] [stdout]    |
[INFO] [stdout] 70 |         predicates.push(parse_quote!(#ty: ::sqlx::types::Type<R::Database>));
[INFO] [stdout]    |                         ^^^^^^^^^^^
[INFO] [stdout]    |
[INFO] [stdout]    = note: import resolution is stuck, try simplifying macro imports
[INFO] [stdout] 
[INFO] [stdout] 
[INFO] [stdout] error: cannot determine resolution for the macro `parse_quote`
[INFO] [stdout]   --> /opt/rustwide/cargo-home/registry/src/index.crates.io-6f17d22bba15001f/sqlx-macros-0.5.13/src/derives/row.rs:93:17
[INFO] [stdout]    |
[INFO] [stdout] 93 |                 parse_quote!(let #id: #ty = row.try_get(#id_s).or_else(|e| match e {
[INFO] [stdout]    |                 ^^^^^^^^^^^
[INFO] [stdout]    |
[INFO] [stdout]    = note: import resolution is stuck, try simplifying macro imports
[INFO] [stdout] 
[INFO] [stdout] 
[INFO] [stdout] error: cannot determine resolution for the macro `parse_quote`
[INFO] [stdout]    --> /opt/rustwide/cargo-home/registry/src/index.crates.io-6f17d22bba15001f/sqlx-macros-0.5.13/src/derives/row.rs:101:18
[INFO] [stdout]     |
[INFO] [stdout] 101 |             Some(parse_quote!(
[INFO] [stdout]     |                  ^^^^^^^^^^^
[INFO] [stdout]     |
[INFO] [stdout]     = note: import resolution is stuck, try simplifying macro imports
[INFO] [stdout] 
[INFO] [stdout] 
[INFO] [stdout] error: cannot determine resolution for the macro `parse_quote`
[INFO] [stdout]    --> /opt/rustwide/cargo-home/registry/src/index.crates.io-6f17d22bba15001f/sqlx-macros-0.5.13/src/derives/row.rs:140:31
[INFO] [stdout]     |
[INFO] [stdout] 140 |     generics.params.insert(0, parse_quote!(R: ::sqlx::Row));
[INFO] [stdout]     |                               ^^^^^^^^^^^
[INFO] [stdout]     |
[INFO] [stdout]     = note: import resolution is stuck, try simplifying macro imports
[INFO] [stdout] 
[INFO] [stdout] 
[INFO] [stdout] error: cannot determine resolution for the macro `parse_quote`
[INFO] [stdout]    --> /opt/rustwide/cargo-home/registry/src/index.crates.io-6f17d22bba15001f/sqlx-macros-0.5.13/src/derives/row.rs:143:35
[INFO] [stdout]     |
[INFO] [stdout] 143 |         generics.params.insert(0, parse_quote!(#lifetime));
[INFO] [stdout]     |                                   ^^^^^^^^^^^
[INFO] [stdout]     |
[INFO] [stdout]     = note: import resolution is stuck, try simplifying macro imports
[INFO] [stdout] 
[INFO] [stdout] 
[INFO] [stdout] error: cannot determine resolution for the macro `parse_quote`
[INFO] [stdout]    --> /opt/rustwide/cargo-home/registry/src/index.crates.io-6f17d22bba15001f/sqlx-macros-0.5.13/src/derives/row.rs:148:21
[INFO] [stdout]     |
[INFO] [stdout] 148 |     predicates.push(parse_quote!(
[INFO] [stdout]     |                     ^^^^^^^^^^^
[INFO] [stdout]     |
[INFO] [stdout]     = note: import resolution is stuck, try simplifying macro imports
[INFO] [stdout] 
[INFO] [stdout] 
[INFO] [stdout] error: cannot determine resolution for the macro `parse_quote`
[INFO] [stdout]    --> /opt/rustwide/cargo-home/registry/src/index.crates.io-6f17d22bba15001f/sqlx-macros-0.5.13/src/derives/row.rs:155:25
[INFO] [stdout]     |
[INFO] [stdout] 155 |         predicates.push(parse_quote!(#ty: ::sqlx::decode::Decode<#lifetime, R::Database>));
[INFO] [stdout]     |                         ^^^^^^^^^^^
[INFO] [stdout]     |
[INFO] [stdout]     = note: import resolution is stuck, try simplifying macro imports
[INFO] [stdout] 
[INFO] [stdout] 
[INFO] [stdout] error: cannot determine resolution for the macro `parse_quote`
[INFO] [stdout]    --> /opt/rustwide/cargo-home/registry/src/index.crates.io-6f17d22bba15001f/sqlx-macros-0.5.13/src/derives/row.rs:156:25
[INFO] [stdout]     |
[INFO] [stdout] 156 |         predicates.push(parse_quote!(#ty: ::sqlx::types::Type<R::Database>));
[INFO] [stdout]     |                         ^^^^^^^^^^^
[INFO] [stdout]     |
[INFO] [stdout]     = note: import resolution is stuck, try simplifying macro imports
[INFO] [stdout] 
[INFO] [stdout] 
[INFO] [stdout] error: cannot determine resolution for the macro `parse_quote`
[INFO] [stdout]   --> /opt/rustwide/cargo-home/registry/src/index.crates.io-6f17d22bba15001f/sqlx-macros-0.5.13/src/derives/type.rs:65:24
[INFO] [stdout]    |
[INFO] [stdout] 65 |             .insert(0, parse_quote!(DB: ::sqlx::Database));
[INFO] [stdout]    |                        ^^^^^^^^^^^
[INFO] [stdout]    |
[INFO] [stdout]    = note: import resolution is stuck, try simplifying macro imports
[INFO] [stdout] 
[INFO] [stdout] 
[INFO] [stdout] error: cannot determine resolution for the macro `parse_quote`
[INFO] [stdout]   --> /opt/rustwide/cargo-home/registry/src/index.crates.io-6f17d22bba15001f/sqlx-macros-0.5.13/src/derives/type.rs:69:19
[INFO] [stdout]    |
[INFO] [stdout] 69 |             .push(parse_quote!(#ty: ::sqlx::Type<DB>));
[INFO] [stdout]    |                   ^^^^^^^^^^^
[INFO] [stdout]    |
[INFO] [stdout]    = note: import resolution is stuck, try simplifying macro imports
[INFO] [stdout] 
[INFO] [stdout] 
[INFO] [stdout] error: cannot determine resolution for the macro `parse_quote`
[INFO] [stdout]    --> /opt/rustwide/cargo-home/registry/src/index.crates.io-6f17d22bba15001f/sqlx-macros-0.5.13/src/derives/decode.rs:108:13
[INFO] [stdout]     |
[INFO] [stdout] 108 |             parse_quote! {
[INFO] [stdout]     |             ^^^^^^^^^^^
[INFO] [stdout]     |
[INFO] [stdout]     = note: import resolution is stuck, try simplifying macro imports
[INFO] [stdout] 
[INFO] [stdout] 
[INFO] [stdout] error[E0425]: cannot find function `parse_str` in crate `syn`
[INFO] [stdout]    --> /opt/rustwide/cargo-home/registry/src/index.crates.io-6f17d22bba15001f/sqlx-macros-0.5.13/src/database/mod.rs:18:14
[INFO] [stdout]     |
[INFO] [stdout] 18  |         syn::parse_str(Self::DATABASE_PATH).unwrap()
[INFO] [stdout]     |              ^^^^^^^^^ not found in `syn`
[INFO] [stdout]     |
[INFO] [stdout] note: found an item that was configured out
[INFO] [stdout]    --> /opt/rustwide/cargo-home/registry/src/index.crates.io-6f17d22bba15001f/syn-1.0.109/src/lib.rs:917:8
[INFO] [stdout]     |
[INFO] [stdout] 917 | pub fn parse_str<T: parse::Parse>(s: &str) -> Result<T> {
[INFO] [stdout]     |        ^^^^^^^^^
[INFO] [stdout]     = note: the item is gated behind the `parsing` feature
[INFO] [stdout] 
[INFO] [stdout] 
[INFO] [stdout] error[E0425]: cannot find function `parse_str` in crate `syn`
[INFO] [stdout]    --> /opt/rustwide/cargo-home/registry/src/index.crates.io-6f17d22bba15001f/sqlx-macros-0.5.13/src/database/mod.rs:22:14
[INFO] [stdout]     |
[INFO] [stdout] 22  |         syn::parse_str(Self::ROW_PATH).unwrap()
[INFO] [stdout]     |              ^^^^^^^^^ not found in `syn`
[INFO] [stdout]     |
[INFO] [stdout] note: found an item that was configured out
[INFO] [stdout]    --> /opt/rustwide/cargo-home/registry/src/index.crates.io-6f17d22bba15001f/syn-1.0.109/src/lib.rs:917:8
[INFO] [stdout]     |
[INFO] [stdout] 917 | pub fn parse_str<T: parse::Parse>(s: &str) -> Result<T> {
[INFO] [stdout]     |        ^^^^^^^^^
[INFO] [stdout]     = note: the item is gated behind the `parsing` feature
[INFO] [stdout] 
[INFO] [stdout] 
[INFO] [stdout] error[E0425]: cannot find function `parse_str` in crate `syn`
[INFO] [stdout]    --> /opt/rustwide/cargo-home/registry/src/index.crates.io-6f17d22bba15001f/sqlx-macros-0.5.13/src/query/output.rs:270:22
[INFO] [stdout]     |
[INFO] [stdout] 270 |                 syn::parse_str(remainder)?
[INFO] [stdout]     |                      ^^^^^^^^^ not found in `syn`
[INFO] [stdout]     |
[INFO] [stdout] note: found an item that was configured out
[INFO] [stdout]    --> /opt/rustwide/cargo-home/registry/src/index.crates.io-6f17d22bba15001f/syn-1.0.109/src/lib.rs:917:8
[INFO] [stdout]     |
[INFO] [stdout] 917 | pub fn parse_str<T: parse::Parse>(s: &str) -> Result<T> {
[INFO] [stdout]     |        ^^^^^^^^^
[INFO] [stdout]     = note: the item is gated behind the `parsing` feature
[INFO] [stdout] 
[INFO] [stdout] 
[INFO] [stdout] error[E0425]: cannot find function `parse_str` in crate `syn`
[INFO] [stdout]    --> /opt/rustwide/cargo-home/registry/src/index.crates.io-6f17d22bba15001f/sqlx-macros-0.5.13/src/query/output.rs:325:33
[INFO] [stdout]     |
[INFO] [stdout] 325 |         if let Ok(ident) = syn::parse_str(&ident) {
[INFO] [stdout]     |                                 ^^^^^^^^^ not found in `syn`
[INFO] [stdout]     |
[INFO] [stdout] note: found an item that was configured out
[INFO] [stdout]    --> /opt/rustwide/cargo-home/registry/src/index.crates.io-6f17d22bba15001f/syn-1.0.109/src/lib.rs:917:8
[INFO] [stdout]     |
[INFO] [stdout] 917 | pub fn parse_str<T: parse::Parse>(s: &str) -> Result<T> {
[INFO] [stdout]     |        ^^^^^^^^^
[INFO] [stdout]     = note: the item is gated behind the `parsing` feature
[INFO] [stdout] 
[INFO] [stdout] 
[INFO] [stdout] error[E0425]: cannot find function `parse_str` in crate `syn`
[INFO] [stdout]    --> /opt/rustwide/cargo-home/registry/src/index.crates.io-6f17d22bba15001f/sqlx-macros-0.5.13/src/query/mod.rs:318:46
[INFO] [stdout]     |
[INFO] [stdout] 318 |                 let record_name: Type = syn::parse_str("Record").unwrap();
[INFO] [stdout]     |                                              ^^^^^^^^^ not found in `syn`
[INFO] [stdout]     |
[INFO] [stdout] note: found an item that was configured out
[INFO] [stdout]    --> /opt/rustwide/cargo-home/registry/src/index.crates.io-6f17d22bba15001f/syn-1.0.109/src/lib.rs:917:8
[INFO] [stdout]     |
[INFO] [stdout] 917 | pub fn parse_str<T: parse::Parse>(s: &str) -> Result<T> {
[INFO] [stdout]     |        ^^^^^^^^^
[INFO] [stdout]     = note: the item is gated behind the `parsing` feature
[INFO] [stdout] 
[INFO] [stdout] 
[INFO] [stdout] error: aborting due to 52 previous errors
[INFO] [stdout] 
[INFO] [stdout] 
[INFO] [stdout] Some errors have detailed explanations: E0425, E0432, E0433.
[INFO] [stdout] 
[INFO] [stdout] For more information about an error, try `rustc --explain E0425`.
[INFO] [stdout] 
[INFO] [stderr] error: could not compile `sqlx-macros` (lib) due to 53 previous errors
[INFO] [stderr] warning: build failed, waiting for other jobs to finish...
[INFO] running `Command { std: "docker" "inspect" "3576f4569219745cdde09a18b730c72ecd7693527103ae8ee87e68f7b91b117d", kill_on_drop: false }`
[INFO] running `Command { std: "docker" "rm" "-f" "3576f4569219745cdde09a18b730c72ecd7693527103ae8ee87e68f7b91b117d", kill_on_drop: false }`
[INFO] [stdout] 3576f4569219745cdde09a18b730c72ecd7693527103ae8ee87e68f7b91b117d
