[INFO] cloning repository https://github.com/Nemo157/grarr
[INFO] running `Command { std: "git" "-c" "credential.helper=" "-c" "credential.helper=/workspace/cargo-home/bin/git-credential-null" "clone" "--bare" "https://github.com/Nemo157/grarr" "/workspace/cache/git-repos/https%3A%2F%2Fgithub.com%2FNemo157%2Fgrarr", kill_on_drop: false }`
[INFO] [stderr] Cloning into bare repository '/workspace/cache/git-repos/https%3A%2F%2Fgithub.com%2FNemo157%2Fgrarr'...
[INFO] running `Command { std: "git" "rev-parse" "HEAD", kill_on_drop: false }`
[INFO] [stdout] a104ff6d062001e52df628b6f0b9629bebc9099c
[INFO] documenting Nemo157/grarr against 1.75.0 for beta-1.76-rustdoc-1
[INFO] running `Command { std: "git" "clone" "/workspace/cache/git-repos/https%3A%2F%2Fgithub.com%2FNemo157%2Fgrarr" "/workspace/builds/worker-7-tc1/source", kill_on_drop: false }`
[INFO] [stderr] Cloning into '/workspace/builds/worker-7-tc1/source'...
[INFO] [stderr] done.
[INFO] validating manifest of git repo https://github.com/Nemo157/grarr on toolchain 1.75.0
[INFO] running `Command { std: CARGO_HOME="/workspace/cargo-home" RUSTUP_HOME="/workspace/rustup-home" "/workspace/cargo-home/bin/cargo" "+1.75.0" "metadata" "--manifest-path" "Cargo.toml" "--no-deps", kill_on_drop: false }`
[INFO] started tweaking git repo https://github.com/Nemo157/grarr
[INFO] finished tweaking git repo https://github.com/Nemo157/grarr
[INFO] tweaked toml for git repo https://github.com/Nemo157/grarr written to /workspace/builds/worker-7-tc1/source/Cargo.toml
[INFO] crate git repo https://github.com/Nemo157/grarr already has a lockfile, it will not be regenerated
[INFO] running `Command { std: CARGO_HOME="/workspace/cargo-home" RUSTUP_HOME="/workspace/rustup-home" "/workspace/cargo-home/bin/cargo" "+1.75.0" "fetch" "--manifest-path" "Cargo.toml", kill_on_drop: false }`
[INFO] [stderr]     Updating git repository `https://github.com/Nemo157/git-appraise-rs`
[INFO] [stderr]     Updating git repository `https://github.com/Nemo157/git-ship-rs`
[INFO] [stderr]     Updating git repository `https://github.com/Nemo157/router`
[INFO] [stderr]     Updating git repository `https://github.com/Nemo157/route-recognizer.rs`
[INFO] [stderr]     Updating crates.io index
[INFO] [stderr]  Downloading crates ...
[INFO] [stderr]   Downloaded url v1.4.0
[INFO] [stderr]   Downloaded rustc-demangle v0.1.4
[INFO] [stderr]   Downloaded maplit v0.1.4
[INFO] [stderr]   Downloaded unsafe-any v0.4.1
[INFO] [stderr]   Downloaded iron v0.5.1
[INFO] [stderr]   Downloaded openssl-probe v0.1.1
[INFO] [stderr]   Downloaded matches v0.1.4
[INFO] [stderr]   Downloaded hyper-native-tls v0.2.2
[INFO] [stderr]   Downloaded num-iter v0.1.33
[INFO] [stderr]   Downloaded reqwest v0.5.2
[INFO] [stderr]   Downloaded mime v0.2.4
[INFO] [stderr]   Downloaded futf v0.1.3
[INFO] [stderr]   Downloaded tempdir v0.3.5
[INFO] [stderr]   Downloaded httparse v1.2.2
[INFO] [stderr]   Downloaded openssl-sys v0.9.12
[INFO] [stderr]   Downloaded serde v1.0.8
[INFO] [stderr]   Downloaded openssl v0.9.12
[INFO] [stderr]   Downloaded libz-sys v1.0.13
[INFO] [stderr]   Downloaded curl-sys v0.3.11
[INFO] [stderr]   Downloaded lru_time_cache v0.6.0
[INFO] [stderr]   Downloaded cookie v0.7.6
[INFO] [stderr]   Downloaded cmake v0.1.23
[INFO] [stderr]   Downloaded gravatar v0.1.5
[INFO] [stderr]   Downloaded num_cpus v1.4.0
[INFO] [stderr]   Downloaded unicode-bidi v0.3.2
[INFO] [stderr]   Downloaded maud_macros v0.16.2
[INFO] [stderr]   Downloaded pulldown-cmark v0.0.14
[INFO] [stderr]   Downloaded ammonia v0.3.0
[INFO] [stderr]   Downloaded git2 v0.6.5
[INFO] [stderr]   Downloaded maud v0.16.2
[INFO] [stderr]   Downloaded libflate v0.1.6
[INFO] [stderr]   Downloaded chrono v0.3.1
[INFO] [stderr]   Downloaded hyper v0.10.10
[INFO] [stderr]   Downloaded idna v0.1.2
[INFO] [stderr]   Downloaded unicode-normalization v0.1.4
[INFO] [stderr]   Downloaded backtrace-sys v0.1.11
[INFO] [stderr]   Downloaded libssh2-sys v0.2.6
[INFO] [stderr]   Downloaded toml v0.4.1
[INFO] [stderr]   Downloaded schannel v0.1.5
[INFO] [stderr]   Downloaded flate2 v0.2.19
[INFO] [stderr]   Downloaded security-framework v0.1.14
[INFO] [stderr]   Downloaded miniz-sys v0.1.9
[INFO] [stderr]   Downloaded num v0.1.37
[INFO] [stderr]   Downloaded native-tls v0.1.2
[INFO] [stderr]   Downloaded serde_json v1.0.2
[INFO] [stderr]   Downloaded gcc v0.3.46
[INFO] [stderr]   Downloaded time v0.1.37
[INFO] [stderr]   Downloaded num-traits v0.1.37
[INFO] [stderr]   Downloaded serde_urlencoded v0.4.3
[INFO] [stderr]   Downloaded serde_derive v1.0.8
[INFO] [stderr]   Downloaded num-integer v0.1.34
[INFO] [stderr]   Downloaded backtrace v0.3.2
[INFO] [stderr]   Downloaded base64 v0.5.2
[INFO] [stderr]   Downloaded redox_syscall v0.1.17
[INFO] [stderr]   Downloaded serde_derive_internals v0.15.1
[INFO] [stderr]   Downloaded security-framework-sys v0.1.14
[INFO] [stderr]   Downloaded secur32-sys v0.2.0
[INFO] [stderr]   Downloaded crypt32-sys v0.2.0
[INFO] [stderr]   Downloaded foreign-types v0.2.0
[INFO] [stderr]   Downloaded unicase v1.4.0
[INFO] [stderr]   Downloaded if_chain v0.1.2
[INFO] [stderr]   Downloaded logger v0.3.0
[INFO] [stderr]   Downloaded libgit2-sys v0.6.10
[INFO] running `Command { std: "docker" "create" "-v" "/var/lib/crater-agent-workspace/builds/worker-7-tc1/target:/opt/rustwide/target:rw,Z" "-v" "/var/lib/crater-agent-workspace/builds/worker-7-tc1/source:/opt/rustwide/workdir:ro,Z" "-v" "/var/lib/crater-agent-workspace/cargo-home:/opt/rustwide/cargo-home:ro,Z" "-v" "/var/lib/crater-agent-workspace/rustup-home:/opt/rustwide/rustup-home:ro,Z" "-e" "SOURCE_DIR=/opt/rustwide/workdir" "-e" "CARGO_TARGET_DIR=/opt/rustwide/target" "-e" "CARGO_HOME=/opt/rustwide/cargo-home" "-e" "RUSTUP_HOME=/opt/rustwide/rustup-home" "-w" "/opt/rustwide/workdir" "-m" "1610612736" "--user" "0:0" "--network" "none" "ghcr.io/rust-lang/crates-build-env/linux@sha256:2788e3201cd34a07e3172128adcd8b3090168a8e3bcc40d7c032b9dda1df7d1c" "/opt/rustwide/cargo-home/bin/cargo" "+1.75.0" "metadata" "--no-deps" "--format-version=1", kill_on_drop: false }`
[INFO] [stdout] d5b384204b5c77813186ec5a4773663ea6a52418b1aa4e14c4d1702aed586f1d
[INFO] running `Command { std: "docker" "start" "-a" "d5b384204b5c77813186ec5a4773663ea6a52418b1aa4e14c4d1702aed586f1d", kill_on_drop: false }`
[INFO] running `Command { std: "docker" "inspect" "d5b384204b5c77813186ec5a4773663ea6a52418b1aa4e14c4d1702aed586f1d", kill_on_drop: false }`
[INFO] running `Command { std: "docker" "rm" "-f" "d5b384204b5c77813186ec5a4773663ea6a52418b1aa4e14c4d1702aed586f1d", kill_on_drop: false }`
[INFO] [stdout] d5b384204b5c77813186ec5a4773663ea6a52418b1aa4e14c4d1702aed586f1d
[INFO] running `Command { std: "docker" "create" "-v" "/var/lib/crater-agent-workspace/builds/worker-7-tc1/target:/opt/rustwide/target:rw,Z" "-v" "/var/lib/crater-agent-workspace/builds/worker-7-tc1/source:/opt/rustwide/workdir:ro,Z" "-v" "/var/lib/crater-agent-workspace/cargo-home:/opt/rustwide/cargo-home:ro,Z" "-v" "/var/lib/crater-agent-workspace/rustup-home:/opt/rustwide/rustup-home:ro,Z" "-e" "SOURCE_DIR=/opt/rustwide/workdir" "-e" "CARGO_TARGET_DIR=/opt/rustwide/target" "-e" "CARGO_INCREMENTAL=0" "-e" "RUST_BACKTRACE=full" "-e" "RUSTFLAGS=--cap-lints=warn" "-e" "RUSTDOCFLAGS=--cap-lints=warn" "-e" "CARGO_HOME=/opt/rustwide/cargo-home" "-e" "RUSTUP_HOME=/opt/rustwide/rustup-home" "-w" "/opt/rustwide/workdir" "-m" "1610612736" "--user" "0:0" "--network" "none" "ghcr.io/rust-lang/crates-build-env/linux@sha256:2788e3201cd34a07e3172128adcd8b3090168a8e3bcc40d7c032b9dda1df7d1c" "/opt/rustwide/cargo-home/bin/cargo" "+1.75.0" "doc" "--frozen" "--no-deps" "--document-private-items" "--message-format=json", kill_on_drop: false }`
[INFO] [stdout] 5ea5b2148f3b37ec00ad0eb275593fc92067063fa049fb474387c38deaf3ca82
[INFO] running `Command { std: "docker" "start" "-a" "5ea5b2148f3b37ec00ad0eb275593fc92067063fa049fb474387c38deaf3ca82", kill_on_drop: false }`
[INFO] [stderr]    Compiling gcc v0.3.46
[INFO] [stderr]     Checking libc v0.2.23
[INFO] [stderr]    Compiling pkg-config v0.3.9
[INFO] [stderr]     Checking matches v0.1.4
[INFO] [stderr]    Compiling semver v0.1.20
[INFO] [stderr]     Checking unicode-normalization v0.1.4
[INFO] [stderr]    Compiling siphasher v0.2.2
[INFO] [stderr]     Checking lazy_static v0.2.8
[INFO] [stderr]     Checking traitobject v0.1.0
[INFO] [stderr]     Checking log v0.3.8
[INFO] [stderr]    Compiling string_cache_shared v0.3.0
[INFO] [stderr]     Checking encoding_index_tests v0.1.4
[INFO] [stderr]     Checking byteorder v1.0.0
[INFO] [stderr]    Compiling unicode-xid v0.0.4
[INFO] [stderr]     Checking typeable v0.1.2
[INFO] [stderr]     Checking unicode-bidi v0.3.2
[INFO] [stderr]     Checking void v1.0.2
[INFO] [stderr]    Compiling quote v0.3.15
[INFO] [stderr]    Compiling rustc-serialize v0.3.24
[INFO] [stderr]    Compiling synom v0.11.3
[INFO] [stderr]     Checking num-traits v0.1.37
[INFO] [stderr]    Compiling phf_shared v0.7.21
[INFO] [stderr]     Checking base64 v0.5.2
[INFO] [stderr]     Checking unreachable v0.1.1
[INFO] [stderr]     Checking mime v0.2.4
[INFO] [stderr]     Checking serde v0.9.15
[INFO] [stderr]    Compiling rustc_version v0.1.7
[INFO] [stderr]     Checking language-tags v0.2.2
[INFO] [stderr]    Compiling cmake v0.1.23
[INFO] [stderr]    Compiling syn v0.11.11
[INFO] [stderr]     Checking httparse v1.2.2
[INFO] [stderr]     Checking debug_unreachable v0.1.1
[INFO] [stderr]    Compiling rand v0.3.15
[INFO] [stderr]     Checking time v0.1.37
[INFO] [stderr]     Checking num_cpus v1.4.0
[INFO] [stderr]     Checking unsafe-any v0.4.1
[INFO] [stderr]     Checking typemap v0.3.3
[INFO] [stderr]    Compiling unicase v1.4.0
[INFO] [stderr]    Compiling hyper v0.10.10
[INFO] [stderr]     Checking dtoa v0.4.1
[INFO] [stderr]     Checking itoa v0.3.1
[INFO] [stderr]    Compiling openssl v0.9.12
[INFO] [stderr]     Checking idna v0.1.2
[INFO] [stderr]     Checking bitflags v0.8.2
[INFO] [stderr]     Checking plugin v0.2.6
[INFO] [stderr]    Compiling openssl-sys v0.9.12
[INFO] [stderr]    Compiling libz-sys v1.0.13
[INFO] [stderr]    Compiling curl-sys v0.3.11
[INFO] [stderr]    Compiling libssh2-sys v0.2.6
[INFO] [stderr]    Compiling libgit2-sys v0.6.10
[INFO] [stderr]    Compiling phf_generator v0.7.21
[INFO] [stderr]    Compiling backtrace-sys v0.1.11
[INFO] [stderr]    Compiling string_cache_codegen v0.3.1
[INFO] [stderr]    Compiling phf_codegen v0.7.21
[INFO] [stderr]     Checking conduit-mime-types v0.7.3
[INFO] [stderr]     Checking error v0.1.9
[INFO] [stderr]     Checking encoding-index-japanese v1.20141219.5
[INFO] [stderr]     Checking encoding-index-singlebyte v1.20141219.5
[INFO] [stderr]     Checking encoding-index-korean v1.20141219.5
[INFO] [stderr]     Checking encoding-index-tradchinese v1.20141219.5
[INFO] [stderr]     Checking encoding-index-simpchinese v1.20141219.5
[INFO] [stderr]     Checking foreign-types v0.2.0
[INFO] [stderr]     Checking modifier v0.1.0
[INFO] [stderr]     Checking url v1.4.0
[INFO] [stderr]     Checking mac v0.1.1
[INFO] [stderr]     Checking futf v0.1.3
[INFO] [stderr]    Compiling string_cache v0.4.0
[INFO] [stderr]    Compiling html5ever-atoms v0.2.2
[INFO] [stderr]    Compiling miniz-sys v0.1.9
[INFO] [stderr]    Compiling rust-crypto v0.2.36
[INFO] [stderr] error: failed to run custom build command for `openssl-sys v0.9.12`
[INFO] [stderr] note: To improve backtraces for build dependencies, set the CARGO_PROFILE_DEV_BUILD_OVERRIDE_DEBUG=true environment variable to enable debug information generation.
[INFO] [stderr] 
[INFO] [stderr] Caused by:
[INFO] [stderr]   process didn't exit successfully: `/opt/rustwide/target/debug/build/openssl-sys-1141b3419f0a3615/build-script-build` (exit status: 101)
[INFO] [stderr]   --- stdout
[INFO] [stderr]   cargo:rustc-link-lib=ssl
[INFO] [stderr]   cargo:rustc-link-lib=crypto
[INFO] [stderr]   OPT_LEVEL = Some("0")
[INFO] [stderr]   TARGET = Some("x86_64-unknown-linux-gnu")
[INFO] [stderr]   HOST = Some("x86_64-unknown-linux-gnu")
[INFO] [stderr]   TARGET = Some("x86_64-unknown-linux-gnu")
[INFO] [stderr]   TARGET = Some("x86_64-unknown-linux-gnu")
[INFO] [stderr]   HOST = Some("x86_64-unknown-linux-gnu")
[INFO] [stderr]   CC_x86_64-unknown-linux-gnu = None
[INFO] [stderr]   CC_x86_64_unknown_linux_gnu = None
[INFO] [stderr]   HOST_CC = None
[INFO] [stderr]   CC = None
[INFO] [stderr]   HOST = Some("x86_64-unknown-linux-gnu")
[INFO] [stderr]   TARGET = Some("x86_64-unknown-linux-gnu")
[INFO] [stderr]   HOST = Some("x86_64-unknown-linux-gnu")
[INFO] [stderr]   CFLAGS_x86_64-unknown-linux-gnu = None
[INFO] [stderr]   CFLAGS_x86_64_unknown_linux_gnu = None
[INFO] [stderr]   HOST_CFLAGS = None
[INFO] [stderr]   CFLAGS = None
[INFO] [stderr]   PROFILE = Some("debug")
[INFO] [stderr]   running: "cc" "-O0" "-ffunction-sections" "-fdata-sections" "-fPIC" "-g" "-m64" "-E" "/opt/rustwide/target/debug/build/openssl-sys-cbb72d86b49f8c99/out/expando.c"
[INFO] [stderr]   exit status: 0
[INFO] [stderr]   cargo:rustc-cfg=osslconf="OPENSSL_NO_SSL3_METHOD"
[INFO] [stderr]   cargo:conf=OPENSSL_NO_SSL3_METHOD
[INFO] [stderr] 
[INFO] [stderr]   --- stderr
[INFO] [stderr]   thread 'main' panicked at /opt/rustwide/cargo-home/registry/src/index.crates.io-6f17d22bba15001f/openssl-sys-0.9.12/build.rs:363:9:
[INFO] [stderr] 
[INFO] [stderr] 
[INFO] [stderr]   This crate is only compatible with OpenSSL 1.0.1, 1.0.2, and 1.1.0, or LibreSSL
[INFO] [stderr]   2.5.0, 2.5.1, 2.5.2, 2.5.3, and 2.5.4, but a different version of OpenSSL was
[INFO] [stderr]   found. The build is now aborting due to this version mismatch.
[INFO] [stderr] 
[INFO] [stderr] 
[INFO] [stderr]   stack backtrace:
[INFO] [stderr]      0:     0x5628e9c1b3bc - std::backtrace_rs::backtrace::libunwind::trace::ha637c64ce894333a
[INFO] [stderr]                                  at /rustc/82e1608dfa6e0b5569232559e3d385fea5a93112/library/std/src/../../backtrace/src/backtrace/libunwind.rs:104:5
[INFO] [stderr]      1:     0x5628e9c1b3bc - std::backtrace_rs::backtrace::trace_unsynchronized::h47f62dea28e0c88d
[INFO] [stderr]                                  at /rustc/82e1608dfa6e0b5569232559e3d385fea5a93112/library/std/src/../../backtrace/src/backtrace/mod.rs:66:5
[INFO] [stderr]      2:     0x5628e9c1b3bc - std::sys_common::backtrace::_print_fmt::h9eef0abe20ede486
[INFO] [stderr]                                  at /rustc/82e1608dfa6e0b5569232559e3d385fea5a93112/library/std/src/sys_common/backtrace.rs:67:5
[INFO] [stderr]      3:     0x5628e9c1b3bc - <std::sys_common::backtrace::_print::DisplayBacktrace as core::fmt::Display>::fmt::hed7f999df88cc644
[INFO] [stderr]                                  at /rustc/82e1608dfa6e0b5569232559e3d385fea5a93112/library/std/src/sys_common/backtrace.rs:44:22
[INFO] [stderr]      4:     0x5628e9c40f30 - core::fmt::rt::Argument::fmt::h1539a9308b8d058d
[INFO] [stderr]                                  at /rustc/82e1608dfa6e0b5569232559e3d385fea5a93112/library/core/src/fmt/rt.rs:142:9
[INFO] [stderr]      5:     0x5628e9c40f30 - core::fmt::write::h3a39390d8560d9c9
[INFO] [stderr]                                  at /rustc/82e1608dfa6e0b5569232559e3d385fea5a93112/library/core/src/fmt/mod.rs:1120:17
[INFO] [stderr]      6:     0x5628e9c18cff - std::io::Write::write_fmt::h5fc9997dfe05f882
[INFO] [stderr]                                  at /rustc/82e1608dfa6e0b5569232559e3d385fea5a93112/library/std/src/io/mod.rs:1762:15
[INFO] [stderr]      7:     0x5628e9c1b1a4 - std::sys_common::backtrace::_print::h894006fb5c6f3d45
[INFO] [stderr]                                  at /rustc/82e1608dfa6e0b5569232559e3d385fea5a93112/library/std/src/sys_common/backtrace.rs:47:5
[INFO] [stderr]      8:     0x5628e9c1b1a4 - std::sys_common::backtrace::print::h23a2d212c6fff936
[INFO] [stderr]                                  at /rustc/82e1608dfa6e0b5569232559e3d385fea5a93112/library/std/src/sys_common/backtrace.rs:34:9
[INFO] [stderr]      9:     0x5628e9c1c9b7 - std::panicking::default_hook::{{closure}}::h8a1d2ee00185001a
[INFO] [stderr]     10:     0x5628e9c1c71f - std::panicking::default_hook::h6038f2eba384e475
[INFO] [stderr]                                  at /rustc/82e1608dfa6e0b5569232559e3d385fea5a93112/library/std/src/panicking.rs:292:9
[INFO] [stderr]     11:     0x5628e9c1ce38 - std::panicking::rust_panic_with_hook::h2b5517d590cab22e
[INFO] [stderr]                                  at /rustc/82e1608dfa6e0b5569232559e3d385fea5a93112/library/std/src/panicking.rs:779:13
[INFO] [stderr]     12:     0x5628e9bd81ce - std::panicking::begin_panic::{{closure}}::h3f71279ac1d750f6
[INFO] [stderr]     13:     0x5628e9bdf99a - std::sys_common::backtrace::__rust_end_short_backtrace::hb989b5c62f2670f9
[INFO] [stderr]     14:     0x5628e9bd814b - std::panicking::begin_panic::h3fb9753f5898ea03
[INFO] [stderr]     15:     0x5628e9bbfc83 - build_script_build::validate_headers::hd03573492f397c59
[INFO] [stderr]     16:     0x5628e9bbee6f - build_script_build::try_pkg_config::ha0fd1067bc3d06a9
[INFO] [stderr]     17:     0x5628e9bbe063 - build_script_build::find_openssl_dir::h8a07a9e15566569f
[INFO] [stderr]     18:     0x5628e9bbdec8 - build_script_build::main::{{closure}}::h3a9bd0dd0d43d6fd
[INFO] [stderr]     19:     0x5628e9bc57a9 - core::option::Option<T>::unwrap_or_else::hd7447169090ae5c7
[INFO] [stderr]     20:     0x5628e9bbcf25 - build_script_build::main::h7af89e5f15e921c2
[INFO] [stderr]     21:     0x5628e9bc76d3 - core::ops::function::FnOnce::call_once::h8de75a45c418d637
[INFO] [stderr]     22:     0x5628e9bc16f6 - std::sys_common::backtrace::__rust_begin_short_backtrace::h055396a1f3ae366c
[INFO] [stderr]     23:     0x5628e9bc1d09 - std::rt::lang_start::{{closure}}::hd24a9dfa989dff19
[INFO] [stderr]     24:     0x5628e9c15247 - core::ops::function::impls::<impl core::ops::function::FnOnce<A> for &F>::call_once::hd95060ecd5e1ca24
[INFO] [stderr]                                  at /rustc/82e1608dfa6e0b5569232559e3d385fea5a93112/library/core/src/ops/function.rs:284:13
[INFO] [stderr]     25:     0x5628e9c15247 - std::panicking::try::do_call::h6e8cf51db32a6e4b
[INFO] [stderr]                                  at /rustc/82e1608dfa6e0b5569232559e3d385fea5a93112/library/std/src/panicking.rs:552:40
[INFO] [stderr]     26:     0x5628e9c15247 - std::panicking::try::h3a52eefe24fe3c29
[INFO] [stderr]                                  at /rustc/82e1608dfa6e0b5569232559e3d385fea5a93112/library/std/src/panicking.rs:516:19
[INFO] [stderr]     27:     0x5628e9c15247 - std::panic::catch_unwind::h24c28c23c02c3841
[INFO] [stderr]                                  at /rustc/82e1608dfa6e0b5569232559e3d385fea5a93112/library/std/src/panic.rs:142:14
[INFO] [stderr]     28:     0x5628e9c15247 - std::rt::lang_start_internal::{{closure}}::h705d3c9cbc06ef47
[INFO] [stderr]                                  at /rustc/82e1608dfa6e0b5569232559e3d385fea5a93112/library/std/src/rt.rs:148:48
[INFO] [stderr]     29:     0x5628e9c15247 - std::panicking::try::do_call::ha21f52ba13158470
[INFO] [stderr]                                  at /rustc/82e1608dfa6e0b5569232559e3d385fea5a93112/library/std/src/panicking.rs:552:40
[INFO] [stderr]     30:     0x5628e9c15247 - std::panicking::try::h5581346bf6aeb1f8
[INFO] [stderr]                                  at /rustc/82e1608dfa6e0b5569232559e3d385fea5a93112/library/std/src/panicking.rs:516:19
[INFO] [stderr]     31:     0x5628e9c15247 - std::panic::catch_unwind::h7919645a6b72e25b
[INFO] [stderr]                                  at /rustc/82e1608dfa6e0b5569232559e3d385fea5a93112/library/std/src/panic.rs:142:14
[INFO] [stderr]     32:     0x5628e9c15247 - std::rt::lang_start_internal::h12de51168669836e
[INFO] [stderr]                                  at /rustc/82e1608dfa6e0b5569232559e3d385fea5a93112/library/std/src/rt.rs:148:20
[INFO] [stderr]     33:     0x5628e9bc1ce7 - std::rt::lang_start::h8ea121b9537b4be4
[INFO] [stderr]     34:     0x5628e9bc11c5 - main
[INFO] [stderr]     35:     0x7f1e0e84fd90 - <unknown>
[INFO] [stderr]     36:     0x7f1e0e84fe40 - __libc_start_main
[INFO] [stderr]     37:     0x5628e9bb7e75 - _start
[INFO] [stderr]     38:                0x0 - <unknown>
[INFO] [stderr] warning: build failed, waiting for other jobs to finish...
[INFO] [stdout] error[E0713]: borrow may still be in use when destructor runs
[INFO] [stdout]    --> /opt/rustwide/cargo-home/registry/src/index.crates.io-6f17d22bba15001f/url-1.4.0/src/form_urlencoded.rs:246:40
[INFO] [stdout]     |
[INFO] [stdout] 244 | impl<'a> Target for ::UrlQuery<'a> {
[INFO] [stdout]     |      -- lifetime `'a` defined here
[INFO] [stdout] 245 |     fn as_mut_string(&mut self) -> &mut String { &mut self.url.serialization }
[INFO] [stdout] 246 |     fn finish(self) -> &'a mut ::Url { self.url }
[INFO] [stdout]     |                                        ^^^^^^^^ - here, drop of `self` needs exclusive access to `*self.url`, because the type `UrlQuery<'_>` implements the `Drop` trait
[INFO] [stdout]     |                                        |
[INFO] [stdout]     |                                        returning this value requires that `*self.url` is borrowed for `'a`
[INFO] [stdout] 
[INFO] [stdout] 
[INFO] [stdout] error: aborting due to previous error
[INFO] [stdout] 
[INFO] [stdout] 
[INFO] [stdout] For more information about this error, try `rustc --explain E0713`.
[INFO] [stdout] 
[INFO] [stderr] error: could not compile `url` (lib) due to 2 previous errors
[INFO] running `Command { std: "docker" "inspect" "5ea5b2148f3b37ec00ad0eb275593fc92067063fa049fb474387c38deaf3ca82", kill_on_drop: false }`
[INFO] running `Command { std: "docker" "rm" "-f" "5ea5b2148f3b37ec00ad0eb275593fc92067063fa049fb474387c38deaf3ca82", kill_on_drop: false }`
[INFO] [stdout] 5ea5b2148f3b37ec00ad0eb275593fc92067063fa049fb474387c38deaf3ca82
[INFO] documenting Nemo157/grarr against beta-2023-12-22 for beta-1.76-rustdoc-1
[INFO] running `Command { std: "git" "clone" "/workspace/cache/git-repos/https%3A%2F%2Fgithub.com%2FNemo157%2Fgrarr" "/workspace/builds/worker-7-tc2/source", kill_on_drop: false }`
[INFO] [stderr] Cloning into '/workspace/builds/worker-7-tc2/source'...
[INFO] [stderr] done.
[INFO] validating manifest of git repo https://github.com/Nemo157/grarr on toolchain beta-2023-12-22
[INFO] running `Command { std: CARGO_HOME="/workspace/cargo-home" RUSTUP_HOME="/workspace/rustup-home" "/workspace/cargo-home/bin/cargo" "+beta-2023-12-22" "metadata" "--manifest-path" "Cargo.toml" "--no-deps", kill_on_drop: false }`
[INFO] started tweaking git repo https://github.com/Nemo157/grarr
[INFO] finished tweaking git repo https://github.com/Nemo157/grarr
[INFO] tweaked toml for git repo https://github.com/Nemo157/grarr written to /workspace/builds/worker-7-tc2/source/Cargo.toml
[INFO] crate git repo https://github.com/Nemo157/grarr already has a lockfile, it will not be regenerated
[INFO] running `Command { std: CARGO_HOME="/workspace/cargo-home" RUSTUP_HOME="/workspace/rustup-home" "/workspace/cargo-home/bin/cargo" "+beta-2023-12-22" "fetch" "--manifest-path" "Cargo.toml", kill_on_drop: false }`
[INFO] running `Command { std: "docker" "create" "-v" "/var/lib/crater-agent-workspace/builds/worker-7-tc2/target:/opt/rustwide/target:rw,Z" "-v" "/var/lib/crater-agent-workspace/builds/worker-7-tc2/source:/opt/rustwide/workdir:ro,Z" "-v" "/var/lib/crater-agent-workspace/cargo-home:/opt/rustwide/cargo-home:ro,Z" "-v" "/var/lib/crater-agent-workspace/rustup-home:/opt/rustwide/rustup-home:ro,Z" "-e" "SOURCE_DIR=/opt/rustwide/workdir" "-e" "CARGO_TARGET_DIR=/opt/rustwide/target" "-e" "CARGO_HOME=/opt/rustwide/cargo-home" "-e" "RUSTUP_HOME=/opt/rustwide/rustup-home" "-w" "/opt/rustwide/workdir" "-m" "1610612736" "--user" "0:0" "--network" "none" "ghcr.io/rust-lang/crates-build-env/linux@sha256:2788e3201cd34a07e3172128adcd8b3090168a8e3bcc40d7c032b9dda1df7d1c" "/opt/rustwide/cargo-home/bin/cargo" "+beta-2023-12-22" "metadata" "--no-deps" "--format-version=1", kill_on_drop: false }`
[INFO] [stdout] da9977831dd7cad4fdc12f084b57236d8c9ae7e36a2205a0992d6148ac5db2e2
[INFO] running `Command { std: "docker" "start" "-a" "da9977831dd7cad4fdc12f084b57236d8c9ae7e36a2205a0992d6148ac5db2e2", kill_on_drop: false }`
[INFO] running `Command { std: "docker" "inspect" "da9977831dd7cad4fdc12f084b57236d8c9ae7e36a2205a0992d6148ac5db2e2", kill_on_drop: false }`
[INFO] running `Command { std: "docker" "rm" "-f" "da9977831dd7cad4fdc12f084b57236d8c9ae7e36a2205a0992d6148ac5db2e2", kill_on_drop: false }`
[INFO] [stdout] da9977831dd7cad4fdc12f084b57236d8c9ae7e36a2205a0992d6148ac5db2e2
[INFO] running `Command { std: "docker" "create" "-v" "/var/lib/crater-agent-workspace/builds/worker-7-tc2/target:/opt/rustwide/target:rw,Z" "-v" "/var/lib/crater-agent-workspace/builds/worker-7-tc2/source:/opt/rustwide/workdir:ro,Z" "-v" "/var/lib/crater-agent-workspace/cargo-home:/opt/rustwide/cargo-home:ro,Z" "-v" "/var/lib/crater-agent-workspace/rustup-home:/opt/rustwide/rustup-home:ro,Z" "-e" "SOURCE_DIR=/opt/rustwide/workdir" "-e" "CARGO_TARGET_DIR=/opt/rustwide/target" "-e" "CARGO_INCREMENTAL=0" "-e" "RUST_BACKTRACE=full" "-e" "RUSTFLAGS=--cap-lints=warn" "-e" "RUSTDOCFLAGS=--cap-lints=warn" "-e" "CARGO_HOME=/opt/rustwide/cargo-home" "-e" "RUSTUP_HOME=/opt/rustwide/rustup-home" "-w" "/opt/rustwide/workdir" "-m" "1610612736" "--user" "0:0" "--network" "none" "ghcr.io/rust-lang/crates-build-env/linux@sha256:2788e3201cd34a07e3172128adcd8b3090168a8e3bcc40d7c032b9dda1df7d1c" "/opt/rustwide/cargo-home/bin/cargo" "+beta-2023-12-22" "doc" "--frozen" "--no-deps" "--document-private-items" "--message-format=json", kill_on_drop: false }`
[INFO] [stdout] a785aa869542b1a511a295a7583a0e95e8ee1fcee18addd67af894dcbacae10a
[INFO] running `Command { std: "docker" "start" "-a" "a785aa869542b1a511a295a7583a0e95e8ee1fcee18addd67af894dcbacae10a", kill_on_drop: false }`
[INFO] [stderr]    Compiling gcc v0.3.46
[INFO] [stderr]     Checking libc v0.2.23
[INFO] [stderr]    Compiling pkg-config v0.3.9
[INFO] [stderr]     Checking matches v0.1.4
[INFO] [stderr]    Compiling semver v0.1.20
[INFO] [stderr]     Checking unicode-normalization v0.1.4
[INFO] [stderr]    Compiling siphasher v0.2.2
[INFO] [stderr]     Checking lazy_static v0.2.8
[INFO] [stderr]     Checking traitobject v0.1.0
[INFO] [stderr]     Checking log v0.3.8
[INFO] [stderr]    Compiling unicode-xid v0.0.4
[INFO] [stderr]     Checking byteorder v1.0.0
[INFO] [stderr]     Checking encoding_index_tests v0.1.4
[INFO] [stderr]    Compiling string_cache_shared v0.3.0
[INFO] [stderr]    Compiling rustc-serialize v0.3.24
[INFO] [stderr]     Checking unicode-bidi v0.3.2
[INFO] [stderr]    Compiling quote v0.3.15
[INFO] [stderr]    Compiling synom v0.11.3
[INFO] [stderr]     Checking num-traits v0.1.37
[INFO] [stderr]     Checking void v1.0.2
[INFO] [stderr]    Compiling phf_shared v0.7.21
[INFO] [stderr]     Checking typeable v0.1.2
[INFO] [stderr]     Checking base64 v0.5.2
[INFO] [stderr]    Compiling rustc_version v0.1.7
[INFO] [stderr]     Checking unreachable v0.1.1
[INFO] [stderr]    Compiling cmake v0.1.23
[INFO] [stderr]     Checking mime v0.2.4
[INFO] [stderr]    Compiling rand v0.3.15
[INFO] [stderr]    Compiling syn v0.11.11
[INFO] [stderr]     Checking language-tags v0.2.2
[INFO] [stderr]     Checking time v0.1.37
[INFO] [stderr]     Checking num_cpus v1.4.0
[INFO] [stderr]     Checking serde v0.9.15
[INFO] [stdout] error[E0310]: the parameter type `T` may not live long enough
[INFO] [stdout]     --> /opt/rustwide/cargo-home/registry/src/index.crates.io-6f17d22bba15001f/rustc-serialize-0.3.24/src/serialize.rs:1155:5
[INFO] [stdout]      |
[INFO] [stdout] 1155 |     fn decode<D: Decoder>(d: &mut D) -> Result<Cow<'static, T>, D::Error> {
[INFO] [stdout]      |     ^^^^^^^^^^^^^^^^^^^^^^^^^^^^^^^^^^^^^^^^^^^^^^^^^^^^^^^^^^^^^^^^^^^^^
[INFO] [stdout]      |     |
[INFO] [stdout]      |     the parameter type `T` must be valid for the static lifetime...
[INFO] [stdout]      |     ...so that the type `T` will meet its required lifetime bounds...
[INFO] [stdout]      |
[INFO] [stdout] note: ...that is required by this bound
[INFO] [stdout]     --> /rustc/0e09125c6c3c2fd70d7de961bcf0e51575235fad/library/alloc/src/borrow.rs:180:30
[INFO] [stdout] help: consider adding an explicit lifetime bound
[INFO] [stdout]      |
[INFO] [stdout] 1151 | impl<'a, T: ?Sized + 'static> Decodable for Cow<'a, T>
[INFO] [stdout]      |                    +++++++++
[INFO] [stdout] 
[INFO] [stdout] 
[INFO] [stderr]     Checking httparse v1.2.2
[INFO] [stderr]     Checking debug_unreachable v0.1.1
[INFO] [stderr]     Checking unsafe-any v0.4.1
[INFO] [stderr]    Compiling unicase v1.4.0
[INFO] [stderr]    Compiling hyper v0.10.10
[INFO] [stderr]     Checking typemap v0.3.3
[INFO] [stderr]     Checking bitflags v0.8.2
[INFO] [stderr]    Compiling openssl v0.9.12
[INFO] [stderr]     Checking dtoa v0.4.1
[INFO] [stdout] error[E0310]: the parameter type `T` may not live long enough
[INFO] [stdout]     --> /opt/rustwide/cargo-home/registry/src/index.crates.io-6f17d22bba15001f/rustc-serialize-0.3.24/src/serialize.rs:1155:5
[INFO] [stdout]      |
[INFO] [stdout] 1155 |     fn decode<D: Decoder>(d: &mut D) -> Result<Cow<'static, T>, D::Error> {
[INFO] [stdout]      |     ^^^^^^^^^^^^^^^^^^^^^^^^^^^^^^^^^^^^^^^^^^^^^^^^^^^^^^^^^^^^^^^^^^^^^
[INFO] [stdout]      |     |
[INFO] [stdout]      |     the parameter type `T` must be valid for the static lifetime...
[INFO] [stdout]      |     ...so that the type `T` will meet its required lifetime bounds...
[INFO] [stdout]      |
[INFO] [stdout] note: ...that is required by this bound
[INFO] [stdout]     --> /rustc/0e09125c6c3c2fd70d7de961bcf0e51575235fad/library/alloc/src/borrow.rs:180:30
[INFO] [stdout] help: consider adding an explicit lifetime bound
[INFO] [stdout]      |
[INFO] [stdout] 1151 | impl<'a, T: ?Sized + 'static> Decodable for Cow<'a, T>
[INFO] [stdout]      |                    +++++++++
[INFO] [stdout] 
[INFO] [stdout] 
[INFO] [stderr]     Checking idna v0.1.2
[INFO] [stderr]    Compiling openssl-sys v0.9.12
[INFO] [stderr]    Compiling libz-sys v1.0.13
[INFO] [stderr]    Compiling curl-sys v0.3.11
[INFO] [stderr]    Compiling phf_generator v0.7.21
[INFO] [stderr]    Compiling libssh2-sys v0.2.6
[INFO] [stderr]    Compiling libgit2-sys v0.6.10
[INFO] [stderr]     Checking itoa v0.3.1
[INFO] [stderr]    Compiling string_cache_codegen v0.3.1
[INFO] [stderr]    Compiling phf_codegen v0.7.21
[INFO] [stdout] error: aborting due to 1 previous error
[INFO] [stdout] 
[INFO] [stdout] 
[INFO] [stdout] For more information about this error, try `rustc --explain E0310`.
[INFO] [stdout] 
[INFO] [stderr] error: could not compile `rustc-serialize` (lib) due to 2 previous errors
[INFO] [stderr] warning: build failed, waiting for other jobs to finish...
[INFO] [stdout] error: aborting due to 1 previous error
[INFO] [stdout] 
[INFO] [stdout] 
[INFO] [stdout] For more information about this error, try `rustc --explain E0310`.
[INFO] [stdout] 
[INFO] [stderr] error: could not compile `rustc-serialize` (lib) due to 2 previous errors
[INFO] running `Command { std: "docker" "inspect" "a785aa869542b1a511a295a7583a0e95e8ee1fcee18addd67af894dcbacae10a", kill_on_drop: false }`
[INFO] running `Command { std: "docker" "rm" "-f" "a785aa869542b1a511a295a7583a0e95e8ee1fcee18addd67af894dcbacae10a", kill_on_drop: false }`
[INFO] [stdout] a785aa869542b1a511a295a7583a0e95e8ee1fcee18addd67af894dcbacae10a
