[INFO] cloning repository https://github.com/Nathy-bajo/Mediasoup-Server
[INFO] running `Command { std: "git" "-c" "credential.helper=" "-c" "credential.helper=/workspace/cargo-home/bin/git-credential-null" "clone" "--bare" "https://github.com/Nathy-bajo/Mediasoup-Server" "/workspace/cache/git-repos/https%3A%2F%2Fgithub.com%2FNathy-bajo%2FMediasoup-Server", kill_on_drop: false }`
[INFO] [stderr] Cloning into bare repository '/workspace/cache/git-repos/https%3A%2F%2Fgithub.com%2FNathy-bajo%2FMediasoup-Server'...
[INFO] running `Command { std: "git" "rev-parse" "HEAD", kill_on_drop: false }`
[INFO] [stdout] 6c52b68ff0bf43fe41417d8d712dca8c0674e975
[INFO] documenting Nathy-bajo/Mediasoup-Server against 1.75.0 for beta-1.76-rustdoc-1
[INFO] running `Command { std: "git" "clone" "/workspace/cache/git-repos/https%3A%2F%2Fgithub.com%2FNathy-bajo%2FMediasoup-Server" "/workspace/builds/worker-2-tc1/source", kill_on_drop: false }`
[INFO] [stderr] Cloning into '/workspace/builds/worker-2-tc1/source'...
[INFO] [stderr] done.
[INFO] validating manifest of git repo https://github.com/Nathy-bajo/Mediasoup-Server on toolchain 1.75.0
[INFO] running `Command { std: CARGO_HOME="/workspace/cargo-home" RUSTUP_HOME="/workspace/rustup-home" "/workspace/cargo-home/bin/cargo" "+1.75.0" "metadata" "--manifest-path" "Cargo.toml" "--no-deps", kill_on_drop: false }`
[INFO] started tweaking git repo https://github.com/Nathy-bajo/Mediasoup-Server
[INFO] finished tweaking git repo https://github.com/Nathy-bajo/Mediasoup-Server
[INFO] tweaked toml for git repo https://github.com/Nathy-bajo/Mediasoup-Server written to /workspace/builds/worker-2-tc1/source/Cargo.toml
[INFO] crate git repo https://github.com/Nathy-bajo/Mediasoup-Server already has a lockfile, it will not be regenerated
[INFO] running `Command { std: CARGO_HOME="/workspace/cargo-home" RUSTUP_HOME="/workspace/rustup-home" "/workspace/cargo-home/bin/cargo" "+1.75.0" "fetch" "--manifest-path" "Cargo.toml", kill_on_drop: false }`
[INFO] [stderr] warning: virtual workspace defaulting to `resolver = "1"` despite one or more workspace members being on edition 2021 which implies `resolver = "2"`
[INFO] [stderr] note: to keep the current resolver, specify `workspace.resolver = "1"` in the workspace root's manifest
[INFO] [stderr] note: to use the edition 2021 resolver, specify `workspace.resolver = "2"` in the workspace root's manifest
[INFO] [stderr] note: for more details see https://doc.rust-lang.org/cargo/reference/resolver.html#resolver-versions
[INFO] [stderr]     Updating crates.io index
[INFO] [stderr]  Downloading crates ...
[INFO] [stderr]   Downloaded h264-profile-level-id v0.1.1
[INFO] [stderr]   Downloaded atomic-take v1.0.0
[INFO] [stderr]   Downloaded async-oneshot v0.5.0
[INFO] [stderr]   Downloaded event-listener-primitives v2.0.1
[INFO] [stderr]   Downloaded bitpattern v0.1.0
[INFO] [stderr]   Downloaded fallible_collections v0.4.5
[INFO] [stderr]   Downloaded nasm-rs v0.2.4
[INFO] [stderr]   Downloaded tide-websockets v0.4.0
[INFO] [stderr]   Downloaded serde_fmt v1.0.1
[INFO] [stderr]   Downloaded futures-micro v0.5.0
[INFO] [stderr]   Downloaded mozjpeg v0.8.24
[INFO] [stderr]   Downloaded nokhwa v0.9.4
[INFO] [stderr]   Downloaded mozjpeg-sys v0.10.13
[INFO] running `Command { std: "docker" "create" "-v" "/var/lib/crater-agent-workspace/builds/worker-2-tc1/target:/opt/rustwide/target:rw,Z" "-v" "/var/lib/crater-agent-workspace/builds/worker-2-tc1/source:/opt/rustwide/workdir:ro,Z" "-v" "/var/lib/crater-agent-workspace/cargo-home:/opt/rustwide/cargo-home:ro,Z" "-v" "/var/lib/crater-agent-workspace/rustup-home:/opt/rustwide/rustup-home:ro,Z" "-e" "SOURCE_DIR=/opt/rustwide/workdir" "-e" "CARGO_TARGET_DIR=/opt/rustwide/target" "-e" "CARGO_HOME=/opt/rustwide/cargo-home" "-e" "RUSTUP_HOME=/opt/rustwide/rustup-home" "-w" "/opt/rustwide/workdir" "-m" "1610612736" "--user" "0:0" "--network" "none" "ghcr.io/rust-lang/crates-build-env/linux@sha256:2788e3201cd34a07e3172128adcd8b3090168a8e3bcc40d7c032b9dda1df7d1c" "/opt/rustwide/cargo-home/bin/cargo" "+1.75.0" "metadata" "--no-deps" "--format-version=1", kill_on_drop: false }`
[INFO] [stdout] eb6321d3e4c48eea878c3c545810fd9b9afb87deeeeb74879d45ef0ce62fe44c
[INFO] running `Command { std: "docker" "start" "-a" "eb6321d3e4c48eea878c3c545810fd9b9afb87deeeeb74879d45ef0ce62fe44c", kill_on_drop: false }`
[INFO] running `Command { std: "docker" "inspect" "eb6321d3e4c48eea878c3c545810fd9b9afb87deeeeb74879d45ef0ce62fe44c", kill_on_drop: false }`
[INFO] running `Command { std: "docker" "rm" "-f" "eb6321d3e4c48eea878c3c545810fd9b9afb87deeeeb74879d45ef0ce62fe44c", kill_on_drop: false }`
[INFO] [stdout] eb6321d3e4c48eea878c3c545810fd9b9afb87deeeeb74879d45ef0ce62fe44c
[INFO] running `Command { std: "docker" "create" "-v" "/var/lib/crater-agent-workspace/builds/worker-2-tc1/target:/opt/rustwide/target:rw,Z" "-v" "/var/lib/crater-agent-workspace/builds/worker-2-tc1/source:/opt/rustwide/workdir:ro,Z" "-v" "/var/lib/crater-agent-workspace/cargo-home:/opt/rustwide/cargo-home:ro,Z" "-v" "/var/lib/crater-agent-workspace/rustup-home:/opt/rustwide/rustup-home:ro,Z" "-e" "SOURCE_DIR=/opt/rustwide/workdir" "-e" "CARGO_TARGET_DIR=/opt/rustwide/target" "-e" "CARGO_INCREMENTAL=0" "-e" "RUST_BACKTRACE=full" "-e" "RUSTFLAGS=--cap-lints=warn" "-e" "RUSTDOCFLAGS=--cap-lints=warn" "-e" "CARGO_HOME=/opt/rustwide/cargo-home" "-e" "RUSTUP_HOME=/opt/rustwide/rustup-home" "-w" "/opt/rustwide/workdir" "-m" "1610612736" "--user" "0:0" "--network" "none" "ghcr.io/rust-lang/crates-build-env/linux@sha256:2788e3201cd34a07e3172128adcd8b3090168a8e3bcc40d7c032b9dda1df7d1c" "/opt/rustwide/cargo-home/bin/cargo" "+1.75.0" "doc" "--frozen" "--no-deps" "--document-private-items" "--message-format=json", kill_on_drop: false }`
[INFO] [stdout] 8b3c72e8c8aae3daae9055a9cbc33494e19f9cca4c2744343c39dc7482c6155b
[INFO] running `Command { std: "docker" "start" "-a" "8b3c72e8c8aae3daae9055a9cbc33494e19f9cca4c2744343c39dc7482c6155b", kill_on_drop: false }`
[INFO] [stderr] warning: virtual workspace defaulting to `resolver = "1"` despite one or more workspace members being on edition 2021 which implies `resolver = "2"`
[INFO] [stderr] note: to keep the current resolver, specify `workspace.resolver = "1"` in the workspace root's manifest
[INFO] [stderr] note: to use the edition 2021 resolver, specify `workspace.resolver = "2"` in the workspace root's manifest
[INFO] [stderr] note: for more details see https://doc.rust-lang.org/cargo/reference/resolver.html#resolver-versions
[INFO] [stderr]    Compiling version_check v0.9.4
[INFO] [stderr]    Compiling proc-macro2 v1.0.46
[INFO] [stderr]    Compiling libc v0.2.134
[INFO] [stderr]    Compiling quote v1.0.21
[INFO] [stderr]    Compiling unicode-ident v1.0.4
[INFO] [stderr]    Compiling syn v1.0.101
[INFO] [stderr]    Compiling serde_derive v1.0.145
[INFO] [stderr]    Compiling serde v1.0.145
[INFO] [stderr]    Compiling typenum v1.15.0
[INFO] [stderr]    Compiling erased-serde v0.3.23
[INFO] [stderr]    Compiling crossbeam-utils v0.8.12
[INFO] [stderr]    Compiling log v0.4.17
[INFO] [stderr]    Compiling futures-core v0.3.24
[INFO] [stderr]    Compiling memchr v2.5.0
[INFO] [stderr]     Checking once_cell v1.15.0
[INFO] [stderr]    Compiling lock_api v0.4.9
[INFO] [stderr]     Checking subtle v2.4.1
[INFO] [stderr]     Checking opaque-debug v0.3.0
[INFO] [stderr]    Compiling slab v0.4.7
[INFO] [stderr]    Compiling proc-macro-hack v0.5.19
[INFO] [stderr]     Checking futures-io v0.3.24
[INFO] [stderr]     Checking cache-padded v1.2.0
[INFO] [stderr]    Compiling generic-array v0.14.6
[INFO] [stderr]    Compiling value-bag v1.0.0-alpha.9
[INFO] [stderr]     Checking event-listener v2.5.3
[INFO] [stderr]     Checking concurrent-queue v1.2.4
[INFO] [stderr]     Checking ppv-lite86 v0.2.16
[INFO] [stderr]     Checking bytes v1.2.1
[INFO] [stderr]     Checking parking v2.0.0
[INFO] [stderr]     Checking waker-fn v1.1.0
[INFO] [stderr]     Checking fastrand v1.8.0
[INFO] [stderr]    Compiling standback v0.2.17
[INFO] [stderr]    Compiling polling v2.3.0
[INFO] [stderr]    Compiling thiserror v1.0.37
[INFO] [stderr]    Compiling parking_lot_core v0.9.3
[INFO] [stderr]     Checking itoa v1.0.3
[INFO] [stderr]     Checking percent-encoding v2.2.0
[INFO] [stderr]    Compiling memoffset v0.6.5
[INFO] [stderr]    Compiling async-io v1.9.0
[INFO] [stderr]    Compiling cfg-if v1.0.0
[INFO] [stderr]     Checking tinyvec_macros v0.1.0
[INFO] [stderr]    Compiling getrandom v0.1.16
[INFO] [stderr]     Checking cpufeatures v0.2.5
[INFO] [stderr]     Checking tinyvec v1.6.0
[INFO] [stderr]    Compiling num-traits v0.2.15
[INFO] [stderr]    Compiling tokio v1.21.2
[INFO] [stderr]    Compiling crossbeam-epoch v0.9.11
[INFO] [stderr]    Compiling signal-hook v0.3.14
[INFO] [stderr]     Checking futures-lite v1.12.0
[INFO] [stderr]     Checking async-task v4.3.0
[INFO] [stderr]     Checking form_urlencoded v1.1.0
[INFO] [stderr]    Compiling jobserver v0.1.25
[INFO] [stderr]     Checking getrandom v0.2.7
[INFO] [stderr]     Checking socket2 v0.4.7
[INFO] [stderr]     Checking signal-hook-registry v1.4.0
[INFO] [stderr]     Checking num_cpus v1.13.1
[INFO] [stderr]    Compiling cc v1.0.73
[INFO] [stderr]     Checking rand_core v0.6.4
[INFO] [stderr]     Checking async-channel v1.7.1
[INFO] [stderr]    Compiling num-integer v0.1.45
[INFO] [stderr]    Compiling async-process v1.5.0
[INFO] [stderr]    Compiling const_fn v0.4.9
[INFO] [stderr]    Compiling serde_json v1.0.85
[INFO] [stderr]    Compiling rayon-core v1.9.3
[INFO] [stderr]     Checking unicode-bidi v0.3.8
[INFO] [stderr]     Checking cpuid-bool v0.2.0
[INFO] [stderr]     Checking rand_chacha v0.3.1
[INFO] [stderr]     Checking atomic-waker v1.0.0
[INFO] [stderr]    Compiling scopeguard v1.1.0
[INFO] [stderr]     Checking ryu v1.0.11
[INFO] [stderr]     Checking rand_core v0.5.1
[INFO] [stderr]     Checking rand v0.8.5
[INFO] [stderr]     Checking unicode-normalization v0.1.22
[INFO] [stderr]     Checking blocking v1.2.0
[INFO] [stderr]     Checking async-executor v1.4.1
[INFO] [stderr]     Checking async-lock v2.5.0
[INFO] [stderr]    Compiling time v0.2.27
[INFO] [stderr]     Checking base64 v0.13.0
[INFO] [stderr]    Compiling anyhow v1.0.65
[INFO] [stderr]    Compiling crossbeam-deque v0.8.2
[INFO] [stderr]     Checking rand_chacha v0.2.2
[INFO] [stderr]    Compiling crossbeam-channel v0.5.6
[INFO] [stderr]    Compiling cookie v0.14.4
[INFO] [stderr]    Compiling rayon v1.5.3
[INFO] [stderr]    Compiling either v1.8.0
[INFO] [stderr]     Checking rand v0.7.3
[INFO] [stderr]    Compiling http-types v2.12.0
[INFO] [stderr]     Checking digest v0.9.0
[INFO] [stderr]     Checking block-buffer v0.9.0
[INFO] [stderr]     Checking cipher v0.2.5
[INFO] [stderr]     Checking universal-hash v0.4.1
[INFO] [stderr]     Checking idna v0.3.0
[INFO] [stderr]     Checking crypto-mac v0.10.1
[INFO] [stderr]     Checking sha2 v0.9.9
[INFO] [stderr]     Checking polyval v0.4.5
[INFO] [stderr]     Checking aead v0.3.2
[INFO] [stderr]     Checking hmac v0.10.1
[INFO] [stderr]     Checking aes-soft v0.6.4
[INFO] [stderr]     Checking ctr v0.6.0
[INFO] [stderr]     Checking hkdf v0.10.0
[INFO] [stderr]     Checking ghash v0.3.1
[INFO] [stderr]    Compiling ahash v0.7.6
[INFO] [stderr]    Compiling async-trait v0.1.57
[INFO] [stderr]     Checking infer v0.2.3
[INFO] [stderr]     Checking futures-sink v0.3.24
[INFO] [stderr]    Compiling futures-task v0.3.24
[INFO] [stderr]     Checking arrayvec v0.5.2
[INFO] [stderr]     Checking crypto-mac v0.8.0
[INFO] [stderr]    Compiling futures-util v0.3.24
[INFO] [stderr]    Compiling dunce v1.0.2
[INFO] [stderr]     Checking byteorder v1.4.3
[INFO] [stderr]     Checking aes v0.6.0
[INFO] [stderr]    Compiling blake3 v0.3.8
[INFO] [stderr]     Checking time v0.1.44
[INFO] [stderr]     Checking simple-mutex v1.1.5
[INFO] [stderr]     Checking aes-gcm v0.8.0
[INFO] [stderr]    Compiling num-rational v0.3.2
[INFO] [stderr]    Compiling num-iter v0.1.43
[INFO] [stderr]     Checking iana-time-zone v0.1.50
[INFO] [stderr]    Compiling parking_lot_core v0.8.5
[INFO] [stderr]     Checking cfg-if v0.1.10
[INFO] [stderr]     Checking constant_time_eq v0.1.5
[INFO] [stderr]     Checking arrayref v0.3.6
[INFO] [stderr]     Checking bytemuck v1.12.1
[INFO] [stderr]     Checking http v0.2.8
[INFO] [stderr]     Checking async-dup v1.2.2
[INFO] [stderr]     Checking hmac v0.8.1
[INFO] [stderr]     Checking sha-1 v0.9.8
[INFO] [stderr]    Compiling paste-impl v0.1.18
[INFO] [stderr]     Checking input_buffer v0.4.0
[INFO] [stderr]     Checking instant v0.1.12
[INFO] [stderr]     Checking base64 v0.12.3
[INFO] [stderr]    Compiling mediasoup-sys v0.4.2 (/opt/rustwide/workdir/worker)
[INFO] [stderr]     Checking utf-8 v0.7.6
[INFO] [stderr]     Checking pin-project-lite v0.1.12
[INFO] [stderr]     Checking nanorand v0.7.0
[INFO] [stderr]     Checking color_quant v1.1.0
[INFO] [stderr]     Checking rgb v0.8.34
[INFO] [stderr]     Checking hashbrown v0.12.3
[INFO] [stderr]     Checking route-recognizer v0.2.0
[INFO] [stderr]     Checking aho-corasick v0.7.19
[INFO] [stderr]     Checking futures-micro v0.5.0
[INFO] [stderr]    Compiling paste v1.0.9
[INFO] [stderr]     Checking regex-syntax v0.6.27
[INFO] [stderr]     Checking nohash-hasher v0.2.0
[INFO] [stderr]     Checking hash_hasher v2.0.3
[INFO] [stderr]     Checking async-oneshot v0.5.0
[INFO] [stderr]     Checking atomic-take v1.0.0
[INFO] [stderr]     Checking lru v0.7.8
[INFO] [stderr]     Checking image v0.23.14
[INFO] [stderr] error: failed to run custom build command for `mediasoup-sys v0.4.2 (/opt/rustwide/workdir/worker)`
[INFO] [stderr] note: To improve backtraces for build dependencies, set the CARGO_PROFILE_DEV_BUILD_OVERRIDE_DEBUG=true environment variable to enable debug information generation.
[INFO] [stderr] 
[INFO] [stderr] Caused by:
[INFO] [stderr]   process didn't exit successfully: `/opt/rustwide/target/debug/build/mediasoup-sys-32ecac0d400b14ac/build-script-build` (exit status: 101)
[INFO] [stderr]   --- stdout
[INFO] [stderr]   cargo:rustc-link-search=native=/usr/lib/gcc/x86_64-linux-gnu/11/
[INFO] [stderr]   cargo:rustc-link-lib=static=stdc++
[INFO] [stderr]   # Updated pip and setuptools are needed for meson
[INFO] [stderr]   # `--system` is not present everywhere and is only needed as workaround for
[INFO] [stderr]   # Debian-specific issue (copied from
[INFO] [stderr]   # https://github.com/gluster/gstatus/pull/33), fallback to command without
[INFO] [stderr]   # `--system` if the first one fails.
[INFO] [stderr]   /usr/bin/python3 -m pip install --system --target=/opt/rustwide/target/debug/build/mediasoup-sys-ec60c5a971708240/out/out/pip pip setuptools || \
[INFO] [stderr]   	/usr/bin/python3 -m pip install --target=/opt/rustwide/target/debug/build/mediasoup-sys-ec60c5a971708240/out/out/pip pip setuptools || \
[INFO] [stderr]   	echo "Installation failed, likely because PIP is unavailable, if you are on Debian/Ubuntu or derivative please install the python3-pip package"
[INFO] [stderr]   Installation failed, likely because PIP is unavailable, if you are on Debian/Ubuntu or derivative please install the python3-pip package
[INFO] [stderr]   # Install `meson` and `ninja` using `pip` into custom location, so we don't
[INFO] [stderr]   # depend on system-wide installation.
[INFO] [stderr]   /usr/bin/python3 -m pip install --upgrade --target=/opt/rustwide/target/debug/build/mediasoup-sys-ec60c5a971708240/out/out/pip  meson==0.61.5 ninja
[INFO] [stderr] 
[INFO] [stderr]   --- stderr
[INFO] [stderr]   /usr/bin/python3: No module named pip
[INFO] [stderr]   /usr/bin/python3: No module named pip
[INFO] [stderr]   /usr/bin/python3: No module named pip
[INFO] [stderr]   make: *** [Makefile:76: meson-ninja] Error 1
[INFO] [stderr]   thread 'main' panicked at worker/build.rs:96:9:
[INFO] [stderr]   Failed to build libmediasoup-worker
[INFO] [stderr]   stack backtrace:
[INFO] [stderr]      0:     0x556195cda81c - std::backtrace_rs::backtrace::libunwind::trace::ha637c64ce894333a
[INFO] [stderr]                                  at /rustc/82e1608dfa6e0b5569232559e3d385fea5a93112/library/std/src/../../backtrace/src/backtrace/libunwind.rs:104:5
[INFO] [stderr]      1:     0x556195cda81c - std::backtrace_rs::backtrace::trace_unsynchronized::h47f62dea28e0c88d
[INFO] [stderr]                                  at /rustc/82e1608dfa6e0b5569232559e3d385fea5a93112/library/std/src/../../backtrace/src/backtrace/mod.rs:66:5
[INFO] [stderr]      2:     0x556195cda81c - std::sys_common::backtrace::_print_fmt::h9eef0abe20ede486
[INFO] [stderr]                                  at /rustc/82e1608dfa6e0b5569232559e3d385fea5a93112/library/std/src/sys_common/backtrace.rs:67:5
[INFO] [stderr]      3:     0x556195cda81c - <std::sys_common::backtrace::_print::DisplayBacktrace as core::fmt::Display>::fmt::hed7f999df88cc644
[INFO] [stderr]                                  at /rustc/82e1608dfa6e0b5569232559e3d385fea5a93112/library/std/src/sys_common/backtrace.rs:44:22
[INFO] [stderr]      4:     0x556195cfdf20 - core::fmt::rt::Argument::fmt::h1539a9308b8d058d
[INFO] [stderr]                                  at /rustc/82e1608dfa6e0b5569232559e3d385fea5a93112/library/core/src/fmt/rt.rs:142:9
[INFO] [stderr]      5:     0x556195cfdf20 - core::fmt::write::h3a39390d8560d9c9
[INFO] [stderr]                                  at /rustc/82e1608dfa6e0b5569232559e3d385fea5a93112/library/core/src/fmt/mod.rs:1120:17
[INFO] [stderr]      6:     0x556195cd86cf - std::io::Write::write_fmt::h5fc9997dfe05f882
[INFO] [stderr]                                  at /rustc/82e1608dfa6e0b5569232559e3d385fea5a93112/library/std/src/io/mod.rs:1762:15
[INFO] [stderr]      7:     0x556195cda604 - std::sys_common::backtrace::_print::h894006fb5c6f3d45
[INFO] [stderr]                                  at /rustc/82e1608dfa6e0b5569232559e3d385fea5a93112/library/std/src/sys_common/backtrace.rs:47:5
[INFO] [stderr]      8:     0x556195cda604 - std::sys_common::backtrace::print::h23a2d212c6fff936
[INFO] [stderr]                                  at /rustc/82e1608dfa6e0b5569232559e3d385fea5a93112/library/std/src/sys_common/backtrace.rs:34:9
[INFO] [stderr]      9:     0x556195cdbca7 - std::panicking::default_hook::{{closure}}::h8a1d2ee00185001a
[INFO] [stderr]     10:     0x556195cdba0f - std::panicking::default_hook::h6038f2eba384e475
[INFO] [stderr]                                  at /rustc/82e1608dfa6e0b5569232559e3d385fea5a93112/library/std/src/panicking.rs:292:9
[INFO] [stderr]     11:     0x556195cdc128 - std::panicking::rust_panic_with_hook::h2b5517d590cab22e
[INFO] [stderr]                                  at /rustc/82e1608dfa6e0b5569232559e3d385fea5a93112/library/std/src/panicking.rs:779:13
[INFO] [stderr]     12:     0x556195cdbfd9 - std::panicking::begin_panic_handler::{{closure}}::h233112c06e0ef43e
[INFO] [stderr]                                  at /rustc/82e1608dfa6e0b5569232559e3d385fea5a93112/library/std/src/panicking.rs:649:13
[INFO] [stderr]     13:     0x556195cdace6 - std::sys_common::backtrace::__rust_end_short_backtrace::h6e893f24d7ebbff8
[INFO] [stderr]                                  at /rustc/82e1608dfa6e0b5569232559e3d385fea5a93112/library/std/src/sys_common/backtrace.rs:170:18
[INFO] [stderr]     14:     0x556195cdbd72 - rust_begin_unwind
[INFO] [stderr]                                  at /rustc/82e1608dfa6e0b5569232559e3d385fea5a93112/library/std/src/panicking.rs:645:5
[INFO] [stderr]     15:     0x556195cb2205 - core::panicking::panic_fmt::hbf0e066aabfa482c
[INFO] [stderr]                                  at /rustc/82e1608dfa6e0b5569232559e3d385fea5a93112/library/core/src/panicking.rs:72:14
[INFO] [stderr]     16:     0x556195cb6ab2 - build_script_build::main::h0fc7e35e7c3b7c07
[INFO] [stderr]     17:     0x556195cb78f3 - core::ops::function::FnOnce::call_once::h0978a65e2ae5e8c4
[INFO] [stderr]     18:     0x556195cb7146 - std::sys_common::backtrace::__rust_begin_short_backtrace::hfa0028988b55a157
[INFO] [stderr]     19:     0x556195cb7199 - std::rt::lang_start::{{closure}}::ha64a7d2b4c96a705
[INFO] [stderr]     20:     0x556195cd5487 - core::ops::function::impls::<impl core::ops::function::FnOnce<A> for &F>::call_once::hd95060ecd5e1ca24
[INFO] [stderr]                                  at /rustc/82e1608dfa6e0b5569232559e3d385fea5a93112/library/core/src/ops/function.rs:284:13
[INFO] [stderr]     21:     0x556195cd5487 - std::panicking::try::do_call::h6e8cf51db32a6e4b
[INFO] [stderr]                                  at /rustc/82e1608dfa6e0b5569232559e3d385fea5a93112/library/std/src/panicking.rs:552:40
[INFO] [stderr]     22:     0x556195cd5487 - std::panicking::try::h3a52eefe24fe3c29
[INFO] [stderr]                                  at /rustc/82e1608dfa6e0b5569232559e3d385fea5a93112/library/std/src/panicking.rs:516:19
[INFO] [stderr]     23:     0x556195cd5487 - std::panic::catch_unwind::h24c28c23c02c3841
[INFO] [stderr]                                  at /rustc/82e1608dfa6e0b5569232559e3d385fea5a93112/library/std/src/panic.rs:142:14
[INFO] [stderr]     24:     0x556195cd5487 - std::rt::lang_start_internal::{{closure}}::h705d3c9cbc06ef47
[INFO] [stderr]                                  at /rustc/82e1608dfa6e0b5569232559e3d385fea5a93112/library/std/src/rt.rs:148:48
[INFO] [stderr]     25:     0x556195cd5487 - std::panicking::try::do_call::ha21f52ba13158470
[INFO] [stderr]                                  at /rustc/82e1608dfa6e0b5569232559e3d385fea5a93112/library/std/src/panicking.rs:552:40
[INFO] [stderr]     26:     0x556195cd5487 - std::panicking::try::h5581346bf6aeb1f8
[INFO] [stderr]                                  at /rustc/82e1608dfa6e0b5569232559e3d385fea5a93112/library/std/src/panicking.rs:516:19
[INFO] [stderr]     27:     0x556195cd5487 - std::panic::catch_unwind::h7919645a6b72e25b
[INFO] [stderr]                                  at /rustc/82e1608dfa6e0b5569232559e3d385fea5a93112/library/std/src/panic.rs:142:14
[INFO] [stderr]     28:     0x556195cd5487 - std::rt::lang_start_internal::h12de51168669836e
[INFO] [stderr]                                  at /rustc/82e1608dfa6e0b5569232559e3d385fea5a93112/library/std/src/rt.rs:148:20
[INFO] [stderr]     29:     0x556195cb7177 - std::rt::lang_start::h2a782374985aafe8
[INFO] [stderr]     30:     0x556195cb6f45 - main
[INFO] [stderr]     31:     0x7fbf972abd90 - <unknown>
[INFO] [stderr]     32:     0x7fbf972abe40 - __libc_start_main
[INFO] [stderr]     33:     0x556195cb2925 - _start
[INFO] [stderr]     34:                0x0 - <unknown>
[INFO] [stderr] warning: build failed, waiting for other jobs to finish...
[INFO] running `Command { std: "docker" "inspect" "8b3c72e8c8aae3daae9055a9cbc33494e19f9cca4c2744343c39dc7482c6155b", kill_on_drop: false }`
[INFO] running `Command { std: "docker" "rm" "-f" "8b3c72e8c8aae3daae9055a9cbc33494e19f9cca4c2744343c39dc7482c6155b", kill_on_drop: false }`
[INFO] [stdout] 8b3c72e8c8aae3daae9055a9cbc33494e19f9cca4c2744343c39dc7482c6155b
[INFO] documenting Nathy-bajo/Mediasoup-Server against beta-2023-12-22 for beta-1.76-rustdoc-1
[INFO] running `Command { std: "git" "clone" "/workspace/cache/git-repos/https%3A%2F%2Fgithub.com%2FNathy-bajo%2FMediasoup-Server" "/workspace/builds/worker-2-tc2/source", kill_on_drop: false }`
[INFO] [stderr] Cloning into '/workspace/builds/worker-2-tc2/source'...
[INFO] [stderr] done.
[INFO] validating manifest of git repo https://github.com/Nathy-bajo/Mediasoup-Server on toolchain beta-2023-12-22
[INFO] running `Command { std: CARGO_HOME="/workspace/cargo-home" RUSTUP_HOME="/workspace/rustup-home" "/workspace/cargo-home/bin/cargo" "+beta-2023-12-22" "metadata" "--manifest-path" "Cargo.toml" "--no-deps", kill_on_drop: false }`
[INFO] started tweaking git repo https://github.com/Nathy-bajo/Mediasoup-Server
[INFO] finished tweaking git repo https://github.com/Nathy-bajo/Mediasoup-Server
[INFO] tweaked toml for git repo https://github.com/Nathy-bajo/Mediasoup-Server written to /workspace/builds/worker-2-tc2/source/Cargo.toml
[INFO] crate git repo https://github.com/Nathy-bajo/Mediasoup-Server already has a lockfile, it will not be regenerated
[INFO] running `Command { std: CARGO_HOME="/workspace/cargo-home" RUSTUP_HOME="/workspace/rustup-home" "/workspace/cargo-home/bin/cargo" "+beta-2023-12-22" "fetch" "--manifest-path" "Cargo.toml", kill_on_drop: false }`
[INFO] [stderr] warning: virtual workspace defaulting to `resolver = "1"` despite one or more workspace members being on edition 2021 which implies `resolver = "2"`
[INFO] [stderr] note: to keep the current resolver, specify `workspace.resolver = "1"` in the workspace root's manifest
[INFO] [stderr] note: to use the edition 2021 resolver, specify `workspace.resolver = "2"` in the workspace root's manifest
[INFO] [stderr] note: for more details see https://doc.rust-lang.org/cargo/reference/resolver.html#resolver-versions
[INFO] running `Command { std: "docker" "create" "-v" "/var/lib/crater-agent-workspace/builds/worker-2-tc2/target:/opt/rustwide/target:rw,Z" "-v" "/var/lib/crater-agent-workspace/builds/worker-2-tc2/source:/opt/rustwide/workdir:ro,Z" "-v" "/var/lib/crater-agent-workspace/cargo-home:/opt/rustwide/cargo-home:ro,Z" "-v" "/var/lib/crater-agent-workspace/rustup-home:/opt/rustwide/rustup-home:ro,Z" "-e" "SOURCE_DIR=/opt/rustwide/workdir" "-e" "CARGO_TARGET_DIR=/opt/rustwide/target" "-e" "CARGO_HOME=/opt/rustwide/cargo-home" "-e" "RUSTUP_HOME=/opt/rustwide/rustup-home" "-w" "/opt/rustwide/workdir" "-m" "1610612736" "--user" "0:0" "--network" "none" "ghcr.io/rust-lang/crates-build-env/linux@sha256:2788e3201cd34a07e3172128adcd8b3090168a8e3bcc40d7c032b9dda1df7d1c" "/opt/rustwide/cargo-home/bin/cargo" "+beta-2023-12-22" "metadata" "--no-deps" "--format-version=1", kill_on_drop: false }`
[INFO] [stdout] b1da144cd12ad9a5df3122726fa87790691c1d959efaa47135cb58c24e44feda
[INFO] running `Command { std: "docker" "start" "-a" "b1da144cd12ad9a5df3122726fa87790691c1d959efaa47135cb58c24e44feda", kill_on_drop: false }`
[INFO] running `Command { std: "docker" "inspect" "b1da144cd12ad9a5df3122726fa87790691c1d959efaa47135cb58c24e44feda", kill_on_drop: false }`
[INFO] running `Command { std: "docker" "rm" "-f" "b1da144cd12ad9a5df3122726fa87790691c1d959efaa47135cb58c24e44feda", kill_on_drop: false }`
[INFO] [stdout] b1da144cd12ad9a5df3122726fa87790691c1d959efaa47135cb58c24e44feda
[INFO] running `Command { std: "docker" "create" "-v" "/var/lib/crater-agent-workspace/builds/worker-2-tc2/target:/opt/rustwide/target:rw,Z" "-v" "/var/lib/crater-agent-workspace/builds/worker-2-tc2/source:/opt/rustwide/workdir:ro,Z" "-v" "/var/lib/crater-agent-workspace/cargo-home:/opt/rustwide/cargo-home:ro,Z" "-v" "/var/lib/crater-agent-workspace/rustup-home:/opt/rustwide/rustup-home:ro,Z" "-e" "SOURCE_DIR=/opt/rustwide/workdir" "-e" "CARGO_TARGET_DIR=/opt/rustwide/target" "-e" "CARGO_INCREMENTAL=0" "-e" "RUST_BACKTRACE=full" "-e" "RUSTFLAGS=--cap-lints=warn" "-e" "RUSTDOCFLAGS=--cap-lints=warn" "-e" "CARGO_HOME=/opt/rustwide/cargo-home" "-e" "RUSTUP_HOME=/opt/rustwide/rustup-home" "-w" "/opt/rustwide/workdir" "-m" "1610612736" "--user" "0:0" "--network" "none" "ghcr.io/rust-lang/crates-build-env/linux@sha256:2788e3201cd34a07e3172128adcd8b3090168a8e3bcc40d7c032b9dda1df7d1c" "/opt/rustwide/cargo-home/bin/cargo" "+beta-2023-12-22" "doc" "--frozen" "--no-deps" "--document-private-items" "--message-format=json", kill_on_drop: false }`
[INFO] [stdout] d9e31987b0b062f42beb2d83ec8e4424bd5078044c073ce7a03646dae0978def
[INFO] running `Command { std: "docker" "start" "-a" "d9e31987b0b062f42beb2d83ec8e4424bd5078044c073ce7a03646dae0978def", kill_on_drop: false }`
[INFO] [stderr] warning: virtual workspace defaulting to `resolver = "1"` despite one or more workspace members being on edition 2021 which implies `resolver = "2"`
[INFO] [stderr] note: to keep the current resolver, specify `workspace.resolver = "1"` in the workspace root's manifest
[INFO] [stderr] note: to use the edition 2021 resolver, specify `workspace.resolver = "2"` in the workspace root's manifest
[INFO] [stderr] note: for more details see https://doc.rust-lang.org/cargo/reference/resolver.html#resolver-versions
[INFO] [stderr]    Compiling version_check v0.9.4
[INFO] [stderr]    Compiling proc-macro2 v1.0.46
[INFO] [stderr]    Compiling libc v0.2.134
[INFO] [stderr]    Compiling quote v1.0.21
[INFO] [stderr]    Compiling unicode-ident v1.0.4
[INFO] [stderr]    Compiling syn v1.0.101
[INFO] [stderr]    Compiling serde_derive v1.0.145
[INFO] [stderr]    Compiling serde v1.0.145
[INFO] [stderr]    Compiling typenum v1.15.0
[INFO] [stderr]    Compiling erased-serde v0.3.23
[INFO] [stderr]    Compiling crossbeam-utils v0.8.12
[INFO] [stderr]    Compiling log v0.4.17
[INFO] [stderr]    Compiling futures-core v0.3.24
[INFO] [stderr]    Compiling memchr v2.5.0
[INFO] [stderr]     Checking once_cell v1.15.0
[INFO] [stderr]    Compiling lock_api v0.4.9
[INFO] [stderr]     Checking subtle v2.4.1
[INFO] [stderr]     Checking opaque-debug v0.3.0
[INFO] [stderr]    Compiling slab v0.4.7
[INFO] [stderr]     Checking futures-io v0.3.24
[INFO] [stderr]    Compiling proc-macro-hack v0.5.19
[INFO] [stderr]     Checking event-listener v2.5.3
[INFO] [stderr]     Checking cache-padded v1.2.0
[INFO] [stderr]     Checking ppv-lite86 v0.2.16
[INFO] [stderr]     Checking parking v2.0.0
[INFO] [stderr]     Checking bytes v1.2.1
[INFO] [stderr]     Checking concurrent-queue v1.2.4
[INFO] [stderr]     Checking waker-fn v1.1.0
[INFO] [stderr]    Compiling generic-array v0.14.6
[INFO] [stderr]    Compiling value-bag v1.0.0-alpha.9
[INFO] [stderr]     Checking fastrand v1.8.0
[INFO] [stderr]    Compiling standback v0.2.17
[INFO] [stderr]    Compiling polling v2.3.0
[INFO] [stderr]    Compiling thiserror v1.0.37
[INFO] [stderr]     Checking percent-encoding v2.2.0
[INFO] [stderr]    Compiling parking_lot_core v0.9.3
[INFO] [stderr]     Checking itoa v1.0.3
[INFO] [stderr]    Compiling async-io v1.9.0
[INFO] [stderr]    Compiling memoffset v0.6.5
[INFO] [stderr]     Checking cpufeatures v0.2.5
[INFO] [stderr]    Compiling getrandom v0.1.16
[INFO] [stderr]    Compiling cfg-if v1.0.0
[INFO] [stderr]     Checking tinyvec_macros v0.1.0
[INFO] [stderr]    Compiling num-traits v0.2.15
[INFO] [stderr]    Compiling tokio v1.21.2
[INFO] [stderr]    Compiling crossbeam-epoch v0.9.11
[INFO] [stderr]     Checking tinyvec v1.6.0
[INFO] [stderr]     Checking futures-lite v1.12.0
[INFO] [stderr]    Compiling signal-hook v0.3.14
[INFO] [stderr]     Checking async-task v4.3.0
[INFO] [stderr]    Compiling jobserver v0.1.25
[INFO] [stderr]     Checking getrandom v0.2.7
[INFO] [stderr]     Checking signal-hook-registry v1.4.0
[INFO] [stderr]     Checking socket2 v0.4.7
[INFO] [stderr]     Checking num_cpus v1.13.1
[INFO] [stderr]    Compiling cc v1.0.73
[INFO] [stderr]     Checking rand_core v0.6.4
[INFO] [stderr]     Checking form_urlencoded v1.1.0
[INFO] [stderr]     Checking async-channel v1.7.1
[INFO] [stderr]    Compiling async-process v1.5.0
[INFO] [stderr]    Compiling num-integer v0.1.45
[INFO] [stderr]    Compiling serde_json v1.0.85
[INFO] [stderr]    Compiling scopeguard v1.1.0
[INFO] [stderr]     Checking cpuid-bool v0.2.0
[INFO] [stderr]     Checking ryu v1.0.11
[INFO] [stderr]    Compiling const_fn v0.4.9
[INFO] [stderr]    Compiling rayon-core v1.9.3
[INFO] [stderr]     Checking rand_chacha v0.3.1
[INFO] [stderr]     Checking unicode-bidi v0.3.8
[INFO] [stderr]     Checking atomic-waker v1.0.0
[INFO] [stderr]     Checking rand_core v0.5.1
[INFO] [stderr]     Checking blocking v1.2.0
[INFO] [stderr]     Checking rand v0.8.5
[INFO] [stderr]     Checking async-executor v1.4.1
[INFO] [stderr]     Checking async-lock v2.5.0
[INFO] [stderr]    Compiling time v0.2.27
[INFO] [stderr]    Compiling anyhow v1.0.65
[INFO] [stderr]     Checking unicode-normalization v0.1.22
[INFO] [stderr]     Checking base64 v0.13.0
[INFO] [stderr]     Checking rand_chacha v0.2.2
[INFO] [stderr]    Compiling crossbeam-deque v0.8.2
[INFO] [stderr]    Compiling crossbeam-channel v0.5.6
[INFO] [stderr]    Compiling cookie v0.14.4
[INFO] [stderr]    Compiling rayon v1.5.3
[INFO] [stderr]     Checking rand v0.7.3
[INFO] [stderr]     Checking digest v0.9.0
[INFO] [stderr]     Checking block-buffer v0.9.0
[INFO] [stderr]     Checking cipher v0.2.5
[INFO] [stderr]     Checking universal-hash v0.4.1
[INFO] [stderr]     Checking crypto-mac v0.10.1
[INFO] [stderr]     Checking polyval v0.4.5
[INFO] [stderr]     Checking hmac v0.10.1
[INFO] [stderr]     Checking aes-soft v0.6.4
[INFO] [stderr]     Checking ctr v0.6.0
[INFO] [stderr]     Checking sha2 v0.9.9
[INFO] [stderr]     Checking aead v0.3.2
[INFO] [stderr]     Checking idna v0.3.0
[INFO] [stderr]     Checking ghash v0.3.1
[INFO] [stderr]     Checking hkdf v0.10.0
[INFO] [stderr]    Compiling http-types v2.12.0
[INFO] [stderr]    Compiling either v1.8.0
[INFO] [stderr]    Compiling ahash v0.7.6
[INFO] [stderr]     Checking aes v0.6.0
[INFO] [stderr]     Checking infer v0.2.3
[INFO] [stderr]     Checking aes-gcm v0.8.0
[INFO] [stderr]    Compiling futures-task v0.3.24
[INFO] [stderr]     Checking futures-sink v0.3.24
[INFO] [stderr]     Checking arrayvec v0.5.2
[INFO] [stderr]    Compiling async-trait v0.1.57
[INFO] [stderr]     Checking crypto-mac v0.8.0
[INFO] [stderr]     Checking byteorder v1.4.3
[INFO] [stderr]    Compiling dunce v1.0.2
[INFO] [stderr]    Compiling futures-util v0.3.24
[INFO] [stderr]     Checking time v0.1.44
[INFO] [stderr]     Checking simple-mutex v1.1.5
[INFO] [stderr]    Compiling num-rational v0.3.2
[INFO] [stderr]    Compiling blake3 v0.3.8
[INFO] [stderr]    Compiling num-iter v0.1.43
[INFO] [stderr]     Checking iana-time-zone v0.1.50
[INFO] [stderr]     Checking bytemuck v1.12.1
[INFO] [stderr]     Checking constant_time_eq v0.1.5
[INFO] [stderr]     Checking cfg-if v0.1.10
[INFO] [stderr]     Checking arrayref v0.3.6
[INFO] [stderr]    Compiling parking_lot_core v0.8.5
[INFO] [stderr]     Checking http v0.2.8
[INFO] [stderr]     Checking async-dup v1.2.2
[INFO] [stderr]     Checking hmac v0.8.1
[INFO] [stderr]     Checking sha-1 v0.9.8
[INFO] [stderr]     Checking hashbrown v0.12.3
[INFO] [stderr]    Compiling paste-impl v0.1.18
[INFO] [stderr]     Checking input_buffer v0.4.0
[INFO] [stderr]     Checking instant v0.1.12
[INFO] [stderr]     Checking pin-project-lite v0.1.12
[INFO] [stderr]     Checking base64 v0.12.3
[INFO] [stderr]     Checking utf-8 v0.7.6
[INFO] [stderr]    Compiling mediasoup-sys v0.4.2 (/opt/rustwide/workdir/worker)
[INFO] [stderr]     Checking rgb v0.8.34
[INFO] [stderr]     Checking nanorand v0.7.0
[INFO] [stderr]     Checking color_quant v1.1.0
[INFO] [stderr]     Checking route-recognizer v0.2.0
[INFO] [stderr]     Checking aho-corasick v0.7.19
[INFO] [stderr]     Checking futures-micro v0.5.0
[INFO] [stderr]     Checking nohash-hasher v0.2.0
[INFO] [stderr]    Compiling paste v1.0.9
[INFO] [stderr]     Checking regex-syntax v0.6.27
[INFO] [stderr]     Checking lru v0.7.8
[INFO] [stderr]     Checking async-oneshot v0.5.0
[INFO] [stderr]     Checking hash_hasher v2.0.3
[INFO] [stderr]     Checking atomic-take v1.0.0
[INFO] [stderr] error: failed to run custom build command for `mediasoup-sys v0.4.2 (/opt/rustwide/workdir/worker)`
[INFO] [stderr] note: To improve backtraces for build dependencies, set the CARGO_PROFILE_DEV_BUILD_OVERRIDE_DEBUG=true environment variable to enable debug information generation.
[INFO] [stderr] 
[INFO] [stderr] Caused by:
[INFO] [stderr]   process didn't exit successfully: `/opt/rustwide/target/debug/build/mediasoup-sys-076d95379d6ccc26/build-script-build` (exit status: 101)
[INFO] [stderr]   --- stdout
[INFO] [stderr]   cargo:rustc-link-search=native=/usr/lib/gcc/x86_64-linux-gnu/11/
[INFO] [stderr]   cargo:rustc-link-lib=static=stdc++
[INFO] [stderr]   # Updated pip and setuptools are needed for meson
[INFO] [stderr]   # `--system` is not present everywhere and is only needed as workaround for
[INFO] [stderr]   # Debian-specific issue (copied from
[INFO] [stderr]   # https://github.com/gluster/gstatus/pull/33), fallback to command without
[INFO] [stderr]   # `--system` if the first one fails.
[INFO] [stderr]   /usr/bin/python3 -m pip install --system --target=/opt/rustwide/target/debug/build/mediasoup-sys-af72aaa27d5e2db7/out/out/pip pip setuptools || \
[INFO] [stderr]   	/usr/bin/python3 -m pip install --target=/opt/rustwide/target/debug/build/mediasoup-sys-af72aaa27d5e2db7/out/out/pip pip setuptools || \
[INFO] [stderr]   	echo "Installation failed, likely because PIP is unavailable, if you are on Debian/Ubuntu or derivative please install the python3-pip package"
[INFO] [stderr]   Installation failed, likely because PIP is unavailable, if you are on Debian/Ubuntu or derivative please install the python3-pip package
[INFO] [stderr]   # Install `meson` and `ninja` using `pip` into custom location, so we don't
[INFO] [stderr]   # depend on system-wide installation.
[INFO] [stderr]   /usr/bin/python3 -m pip install --upgrade --target=/opt/rustwide/target/debug/build/mediasoup-sys-af72aaa27d5e2db7/out/out/pip  meson==0.61.5 ninja
[INFO] [stderr] 
[INFO] [stderr]   --- stderr
[INFO] [stderr]   /usr/bin/python3: No module named pip
[INFO] [stderr]   /usr/bin/python3: No module named pip
[INFO] [stderr]   /usr/bin/python3: No module named pip
[INFO] [stderr]   make: *** [Makefile:76: meson-ninja] Error 1
[INFO] [stderr]   thread 'main' panicked at worker/build.rs:96:9:
[INFO] [stderr]   Failed to build libmediasoup-worker
[INFO] [stderr]   stack backtrace:
[INFO] [stderr]      0:     0x564946316a26 - std::backtrace_rs::backtrace::libunwind::trace::h261606ad26a499c1
[INFO] [stderr]                                  at /rustc/0e09125c6c3c2fd70d7de961bcf0e51575235fad/library/std/src/../../backtrace/src/backtrace/libunwind.rs:104:5
[INFO] [stderr]      1:     0x564946316a26 - std::backtrace_rs::backtrace::trace_unsynchronized::hd183f0625477fb28
[INFO] [stderr]                                  at /rustc/0e09125c6c3c2fd70d7de961bcf0e51575235fad/library/std/src/../../backtrace/src/backtrace/mod.rs:66:5
[INFO] [stderr]      2:     0x564946316a26 - std::sys_common::backtrace::_print_fmt::hd7f8fef21b4eda67
[INFO] [stderr]                                  at /rustc/0e09125c6c3c2fd70d7de961bcf0e51575235fad/library/std/src/sys_common/backtrace.rs:68:5
[INFO] [stderr]      3:     0x564946316a26 - <std::sys_common::backtrace::_print::DisplayBacktrace as core::fmt::Display>::fmt::h623d9b51f2f453f1
[INFO] [stderr]                                  at /rustc/0e09125c6c3c2fd70d7de961bcf0e51575235fad/library/std/src/sys_common/backtrace.rs:44:22
[INFO] [stderr]      4:     0x564946339430 - core::fmt::rt::Argument::fmt::h9f417ac76a86f368
[INFO] [stderr]                                  at /rustc/0e09125c6c3c2fd70d7de961bcf0e51575235fad/library/core/src/fmt/rt.rs:142:9
[INFO] [stderr]      5:     0x564946339430 - core::fmt::write::hc9b6faf4ac2aeff7
[INFO] [stderr]                                  at /rustc/0e09125c6c3c2fd70d7de961bcf0e51575235fad/library/core/src/fmt/mod.rs:1120:17
[INFO] [stderr]      6:     0x5649463149ef - std::io::Write::write_fmt::hfead1eee52c2e65e
[INFO] [stderr]                                  at /rustc/0e09125c6c3c2fd70d7de961bcf0e51575235fad/library/std/src/io/mod.rs:1810:15
[INFO] [stderr]      7:     0x564946316804 - std::sys_common::backtrace::_print::hd5d66399c7df88a2
[INFO] [stderr]                                  at /rustc/0e09125c6c3c2fd70d7de961bcf0e51575235fad/library/std/src/sys_common/backtrace.rs:47:5
[INFO] [stderr]      8:     0x564946316804 - std::sys_common::backtrace::print::he81ed2da642d37e5
[INFO] [stderr]                                  at /rustc/0e09125c6c3c2fd70d7de961bcf0e51575235fad/library/std/src/sys_common/backtrace.rs:34:9
[INFO] [stderr]      9:     0x564946317ef7 - std::panicking::default_hook::{{closure}}::h85773f4fa117163d
[INFO] [stderr]     10:     0x564946317c59 - std::panicking::default_hook::h6a1694a91d09b278
[INFO] [stderr]                                  at /rustc/0e09125c6c3c2fd70d7de961bcf0e51575235fad/library/std/src/panicking.rs:292:9
[INFO] [stderr]     11:     0x564946318388 - std::panicking::rust_panic_with_hook::h0a7ad96e90f7145b
[INFO] [stderr]                                  at /rustc/0e09125c6c3c2fd70d7de961bcf0e51575235fad/library/std/src/panicking.rs:779:13
[INFO] [stderr]     12:     0x564946318229 - std::panicking::begin_panic_handler::{{closure}}::h7919090525c6485e
[INFO] [stderr]                                  at /rustc/0e09125c6c3c2fd70d7de961bcf0e51575235fad/library/std/src/panicking.rs:649:13
[INFO] [stderr]     13:     0x564946316f26 - std::sys_common::backtrace::__rust_end_short_backtrace::hf3289479464f7dfe
[INFO] [stderr]                                  at /rustc/0e09125c6c3c2fd70d7de961bcf0e51575235fad/library/std/src/sys_common/backtrace.rs:171:18
[INFO] [stderr]     14:     0x564946317fc0 - rust_begin_unwind
[INFO] [stderr]                                  at /rustc/0e09125c6c3c2fd70d7de961bcf0e51575235fad/library/std/src/panicking.rs:645:5
[INFO] [stderr]     15:     0x5649462ee1f5 - core::panicking::panic_fmt::hcc9f77c5c132af55
[INFO] [stderr]                                  at /rustc/0e09125c6c3c2fd70d7de961bcf0e51575235fad/library/core/src/panicking.rs:72:14
[INFO] [stderr]     16:     0x5649462f2a52 - build_script_build::main::hf14b9f93bb75d069
[INFO] [stderr]     17:     0x5649462ef393 - core::ops::function::FnOnce::call_once::h2458a5b06741b2ba
[INFO] [stderr]     18:     0x5649462eee96 - std::sys_common::backtrace::__rust_begin_short_backtrace::h12b523492721bb4b
[INFO] [stderr]     19:     0x5649462eeee9 - std::rt::lang_start::{{closure}}::h6590995a4772234c
[INFO] [stderr]     20:     0x564946311521 - core::ops::function::impls::<impl core::ops::function::FnOnce<A> for &F>::call_once::h4eb4c5e1620f29b0
[INFO] [stderr]                                  at /rustc/0e09125c6c3c2fd70d7de961bcf0e51575235fad/library/core/src/ops/function.rs:284:13
[INFO] [stderr]     21:     0x564946311521 - std::panicking::try::do_call::h73fd26535faffcdf
[INFO] [stderr]                                  at /rustc/0e09125c6c3c2fd70d7de961bcf0e51575235fad/library/std/src/panicking.rs:552:40
[INFO] [stderr]     22:     0x564946311521 - std::panicking::try::h77ff1d98f0fb9f39
[INFO] [stderr]                                  at /rustc/0e09125c6c3c2fd70d7de961bcf0e51575235fad/library/std/src/panicking.rs:516:19
[INFO] [stderr]     23:     0x564946311521 - std::panic::catch_unwind::hab3caf2448b95e37
[INFO] [stderr]                                  at /rustc/0e09125c6c3c2fd70d7de961bcf0e51575235fad/library/std/src/panic.rs:142:14
[INFO] [stderr]     24:     0x564946311521 - std::rt::lang_start_internal::{{closure}}::h8086711f9c783f78
[INFO] [stderr]                                  at /rustc/0e09125c6c3c2fd70d7de961bcf0e51575235fad/library/std/src/rt.rs:148:48
[INFO] [stderr]     25:     0x564946311521 - std::panicking::try::do_call::hf920d4dc291cd6ca
[INFO] [stderr]                                  at /rustc/0e09125c6c3c2fd70d7de961bcf0e51575235fad/library/std/src/panicking.rs:552:40
[INFO] [stderr]     26:     0x564946311521 - std::panicking::try::h2b806ccc0a85db74
[INFO] [stderr]                                  at /rustc/0e09125c6c3c2fd70d7de961bcf0e51575235fad/library/std/src/panicking.rs:516:19
[INFO] [stderr]     27:     0x564946311521 - std::panic::catch_unwind::h038489539c507df2
[INFO] [stderr]                                  at /rustc/0e09125c6c3c2fd70d7de961bcf0e51575235fad/library/std/src/panic.rs:142:14
[INFO] [stderr]     28:     0x564946311521 - std::rt::lang_start_internal::h28503b88912e8a5c
[INFO] [stderr]                                  at /rustc/0e09125c6c3c2fd70d7de961bcf0e51575235fad/library/std/src/rt.rs:148:20
[INFO] [stderr]     29:     0x5649462eeec7 - std::rt::lang_start::h2d58357d067f2389
[INFO] [stderr]     30:     0x5649462f2ee5 - main
[INFO] [stderr]     31:     0x7f48c2689d90 - <unknown>
[INFO] [stderr]     32:     0x7f48c2689e40 - __libc_start_main
[INFO] [stderr]     33:     0x5649462ee925 - _start
[INFO] [stderr]     34:                0x0 - <unknown>
[INFO] [stderr] warning: build failed, waiting for other jobs to finish...
[INFO] running `Command { std: "docker" "inspect" "d9e31987b0b062f42beb2d83ec8e4424bd5078044c073ce7a03646dae0978def", kill_on_drop: false }`
[INFO] running `Command { std: "docker" "rm" "-f" "d9e31987b0b062f42beb2d83ec8e4424bd5078044c073ce7a03646dae0978def", kill_on_drop: false }`
[INFO] [stdout] d9e31987b0b062f42beb2d83ec8e4424bd5078044c073ce7a03646dae0978def
