[INFO] cloning repository https://github.com/NathanKolpa/serva
[INFO] running `Command { std: "git" "-c" "credential.helper=" "-c" "credential.helper=/workspace/cargo-home/bin/git-credential-null" "clone" "--bare" "https://github.com/NathanKolpa/serva" "/workspace/cache/git-repos/https%3A%2F%2Fgithub.com%2FNathanKolpa%2Fserva", kill_on_drop: false }`
[INFO] [stderr] Cloning into bare repository '/workspace/cache/git-repos/https%3A%2F%2Fgithub.com%2FNathanKolpa%2Fserva'...
[INFO] running `Command { std: "git" "rev-parse" "HEAD", kill_on_drop: false }`
[INFO] [stdout] dc4c7e6ae8969a6093c69e25cd63e85313ffe640
[INFO] documenting NathanKolpa/serva against 1.75.0 for beta-1.76-rustdoc-1
[INFO] running `Command { std: "git" "clone" "/workspace/cache/git-repos/https%3A%2F%2Fgithub.com%2FNathanKolpa%2Fserva" "/workspace/builds/worker-1-tc1/source", kill_on_drop: false }`
[INFO] [stderr] Cloning into '/workspace/builds/worker-1-tc1/source'...
[INFO] [stderr] done.
[INFO] validating manifest of git repo https://github.com/NathanKolpa/serva on toolchain 1.75.0
[INFO] running `Command { std: CARGO_HOME="/workspace/cargo-home" RUSTUP_HOME="/workspace/rustup-home" "/workspace/cargo-home/bin/cargo" "+1.75.0" "metadata" "--manifest-path" "Cargo.toml" "--no-deps", kill_on_drop: false }`
[INFO] removed /workspace/builds/worker-1-tc1/source/.cargo/config.toml
[INFO] started tweaking git repo https://github.com/NathanKolpa/serva
[INFO] finished tweaking git repo https://github.com/NathanKolpa/serva
[INFO] tweaked toml for git repo https://github.com/NathanKolpa/serva written to /workspace/builds/worker-1-tc1/source/Cargo.toml
[INFO] crate git repo https://github.com/NathanKolpa/serva already has a lockfile, it will not be regenerated
[INFO] running `Command { std: CARGO_HOME="/workspace/cargo-home" RUSTUP_HOME="/workspace/rustup-home" "/workspace/cargo-home/bin/cargo" "+1.75.0" "fetch" "--manifest-path" "Cargo.toml", kill_on_drop: false }`
[INFO] running `Command { std: "docker" "create" "-v" "/var/lib/crater-agent-workspace/builds/worker-1-tc1/target:/opt/rustwide/target:rw,Z" "-v" "/var/lib/crater-agent-workspace/builds/worker-1-tc1/source:/opt/rustwide/workdir:ro,Z" "-v" "/var/lib/crater-agent-workspace/cargo-home:/opt/rustwide/cargo-home:ro,Z" "-v" "/var/lib/crater-agent-workspace/rustup-home:/opt/rustwide/rustup-home:ro,Z" "-e" "SOURCE_DIR=/opt/rustwide/workdir" "-e" "CARGO_TARGET_DIR=/opt/rustwide/target" "-e" "CARGO_HOME=/opt/rustwide/cargo-home" "-e" "RUSTUP_HOME=/opt/rustwide/rustup-home" "-w" "/opt/rustwide/workdir" "-m" "1610612736" "--user" "0:0" "--network" "none" "ghcr.io/rust-lang/crates-build-env/linux@sha256:2788e3201cd34a07e3172128adcd8b3090168a8e3bcc40d7c032b9dda1df7d1c" "/opt/rustwide/cargo-home/bin/cargo" "+1.75.0" "metadata" "--no-deps" "--format-version=1", kill_on_drop: false }`
[INFO] [stdout] 13ff91fdaac9e49b12848b0ca752485b67548841705fb08c004429a416438c95
[INFO] running `Command { std: "docker" "start" "-a" "13ff91fdaac9e49b12848b0ca752485b67548841705fb08c004429a416438c95", kill_on_drop: false }`
[INFO] running `Command { std: "docker" "inspect" "13ff91fdaac9e49b12848b0ca752485b67548841705fb08c004429a416438c95", kill_on_drop: false }`
[INFO] running `Command { std: "docker" "rm" "-f" "13ff91fdaac9e49b12848b0ca752485b67548841705fb08c004429a416438c95", kill_on_drop: false }`
[INFO] [stdout] 13ff91fdaac9e49b12848b0ca752485b67548841705fb08c004429a416438c95
[INFO] running `Command { std: "docker" "create" "-v" "/var/lib/crater-agent-workspace/builds/worker-1-tc1/target:/opt/rustwide/target:rw,Z" "-v" "/var/lib/crater-agent-workspace/builds/worker-1-tc1/source:/opt/rustwide/workdir:ro,Z" "-v" "/var/lib/crater-agent-workspace/cargo-home:/opt/rustwide/cargo-home:ro,Z" "-v" "/var/lib/crater-agent-workspace/rustup-home:/opt/rustwide/rustup-home:ro,Z" "-e" "SOURCE_DIR=/opt/rustwide/workdir" "-e" "CARGO_TARGET_DIR=/opt/rustwide/target" "-e" "CARGO_INCREMENTAL=0" "-e" "RUST_BACKTRACE=full" "-e" "RUSTFLAGS=--cap-lints=warn" "-e" "RUSTDOCFLAGS=--cap-lints=warn" "-e" "CARGO_HOME=/opt/rustwide/cargo-home" "-e" "RUSTUP_HOME=/opt/rustwide/rustup-home" "-w" "/opt/rustwide/workdir" "-m" "1610612736" "--user" "0:0" "--network" "none" "ghcr.io/rust-lang/crates-build-env/linux@sha256:2788e3201cd34a07e3172128adcd8b3090168a8e3bcc40d7c032b9dda1df7d1c" "/opt/rustwide/cargo-home/bin/cargo" "+1.75.0" "doc" "--frozen" "--no-deps" "--document-private-items" "--message-format=json", kill_on_drop: false }`
[INFO] [stdout] f3b5bde9d92f04a901f532722f29d2d2721e202f1149d0b989e7697fef482cb1
[INFO] running `Command { std: "docker" "start" "-a" "f3b5bde9d92f04a901f532722f29d2d2721e202f1149d0b989e7697fef482cb1", kill_on_drop: false }`
[INFO] [stderr]    Compiling lock_api v0.4.10
[INFO] [stderr]     Checking scopeguard v1.2.0
[INFO] [stderr]     Checking syscall v0.1.0 (/opt/rustwide/workdir/libraries/syscall)
[INFO] [stderr]    Compiling bootloader v0.9.23
[INFO] [stderr]  Documenting syscall v0.1.0 (/opt/rustwide/workdir/libraries/syscall)
[INFO] [stderr]  Documenting testing v0.1.0 (/opt/rustwide/workdir/libraries/testing)
[INFO] [stdout] error[E0554]: `#![feature]` may not be used on the stable release channel
[INFO] [stdout]  --> libraries/syscall/src/lib.rs:2:1
[INFO] [stdout]   |
[INFO] [stdout] 2 | #![feature(doc_cfg)]
[INFO] [stdout]   | ^^^^^^^^^^^^^^^^^^^^
[INFO] [stdout] 
[INFO] [stdout] 
[INFO] [stdout] error[E0554]: `#![feature]` may not be used on the stable release channel
[INFO] [stdout]  --> libraries/syscall/src/lib.rs:2:1
[INFO] [stdout]   |
[INFO] [stdout] 2 | #![feature(doc_cfg)]
[INFO] [stdout]   | ^^^^^^^^^^^^^^^^^^^^
[INFO] [stdout] 
[INFO] [stdout] 
[INFO] [stdout] error: aborting due to previous error
[INFO] [stdout] 
[INFO] [stdout] 
[INFO] [stdout] For more information about this error, try `rustc --explain E0554`.
[INFO] [stdout] 
[INFO] [stderr] error: could not document `syscall`
[INFO] [stderr] 
[INFO] [stderr] Caused by:
[INFO] [stderr]   process didn't exit successfully: `/opt/rustwide/rustup-home/toolchains/1.75.0-x86_64-unknown-linux-gnu/bin/rustdoc --edition=2021 --crate-type lib --crate-name syscall libraries/syscall/src/lib.rs -o /opt/rustwide/target/doc --cfg 'feature="user"' --error-format=json --json=diagnostic-rendered-ansi,artifacts,future-incompat --document-private-items -C metadata=157a8ce5c3975511 -L dependency=/opt/rustwide/target/debug/deps --cap-lints=warn --crate-version 0.1.0` (exit status: 1)
[INFO] [stderr] warning: build failed, waiting for other jobs to finish...
[INFO] [stdout] error: aborting due to previous error
[INFO] [stdout] 
[INFO] [stdout] 
[INFO] [stdout] For more information about this error, try `rustc --explain E0554`.
[INFO] [stdout] 
[INFO] [stderr] error: could not compile `syscall` (lib) due to 2 previous errors
[INFO] running `Command { std: "docker" "inspect" "f3b5bde9d92f04a901f532722f29d2d2721e202f1149d0b989e7697fef482cb1", kill_on_drop: false }`
[INFO] running `Command { std: "docker" "rm" "-f" "f3b5bde9d92f04a901f532722f29d2d2721e202f1149d0b989e7697fef482cb1", kill_on_drop: false }`
[INFO] [stdout] f3b5bde9d92f04a901f532722f29d2d2721e202f1149d0b989e7697fef482cb1
[INFO] documenting NathanKolpa/serva against beta-2023-12-22 for beta-1.76-rustdoc-1
[INFO] running `Command { std: "git" "clone" "/workspace/cache/git-repos/https%3A%2F%2Fgithub.com%2FNathanKolpa%2Fserva" "/workspace/builds/worker-1-tc2/source", kill_on_drop: false }`
[INFO] [stderr] Cloning into '/workspace/builds/worker-1-tc2/source'...
[INFO] [stderr] done.
[INFO] validating manifest of git repo https://github.com/NathanKolpa/serva on toolchain beta-2023-12-22
[INFO] running `Command { std: CARGO_HOME="/workspace/cargo-home" RUSTUP_HOME="/workspace/rustup-home" "/workspace/cargo-home/bin/cargo" "+beta-2023-12-22" "metadata" "--manifest-path" "Cargo.toml" "--no-deps", kill_on_drop: false }`
[INFO] removed /workspace/builds/worker-1-tc2/source/.cargo/config.toml
[INFO] started tweaking git repo https://github.com/NathanKolpa/serva
[INFO] finished tweaking git repo https://github.com/NathanKolpa/serva
[INFO] tweaked toml for git repo https://github.com/NathanKolpa/serva written to /workspace/builds/worker-1-tc2/source/Cargo.toml
[INFO] crate git repo https://github.com/NathanKolpa/serva already has a lockfile, it will not be regenerated
[INFO] running `Command { std: CARGO_HOME="/workspace/cargo-home" RUSTUP_HOME="/workspace/rustup-home" "/workspace/cargo-home/bin/cargo" "+beta-2023-12-22" "fetch" "--manifest-path" "Cargo.toml", kill_on_drop: false }`
[INFO] running `Command { std: "docker" "create" "-v" "/var/lib/crater-agent-workspace/builds/worker-1-tc2/target:/opt/rustwide/target:rw,Z" "-v" "/var/lib/crater-agent-workspace/builds/worker-1-tc2/source:/opt/rustwide/workdir:ro,Z" "-v" "/var/lib/crater-agent-workspace/cargo-home:/opt/rustwide/cargo-home:ro,Z" "-v" "/var/lib/crater-agent-workspace/rustup-home:/opt/rustwide/rustup-home:ro,Z" "-e" "SOURCE_DIR=/opt/rustwide/workdir" "-e" "CARGO_TARGET_DIR=/opt/rustwide/target" "-e" "CARGO_HOME=/opt/rustwide/cargo-home" "-e" "RUSTUP_HOME=/opt/rustwide/rustup-home" "-w" "/opt/rustwide/workdir" "-m" "1610612736" "--user" "0:0" "--network" "none" "ghcr.io/rust-lang/crates-build-env/linux@sha256:2788e3201cd34a07e3172128adcd8b3090168a8e3bcc40d7c032b9dda1df7d1c" "/opt/rustwide/cargo-home/bin/cargo" "+beta-2023-12-22" "metadata" "--no-deps" "--format-version=1", kill_on_drop: false }`
[INFO] [stdout] f594589b676617294eedabf3c80f0fc64e534729fdded1b87bed8f32608810ee
[INFO] running `Command { std: "docker" "start" "-a" "f594589b676617294eedabf3c80f0fc64e534729fdded1b87bed8f32608810ee", kill_on_drop: false }`
[INFO] running `Command { std: "docker" "inspect" "f594589b676617294eedabf3c80f0fc64e534729fdded1b87bed8f32608810ee", kill_on_drop: false }`
[INFO] running `Command { std: "docker" "rm" "-f" "f594589b676617294eedabf3c80f0fc64e534729fdded1b87bed8f32608810ee", kill_on_drop: false }`
[INFO] [stdout] f594589b676617294eedabf3c80f0fc64e534729fdded1b87bed8f32608810ee
[INFO] running `Command { std: "docker" "create" "-v" "/var/lib/crater-agent-workspace/builds/worker-1-tc2/target:/opt/rustwide/target:rw,Z" "-v" "/var/lib/crater-agent-workspace/builds/worker-1-tc2/source:/opt/rustwide/workdir:ro,Z" "-v" "/var/lib/crater-agent-workspace/cargo-home:/opt/rustwide/cargo-home:ro,Z" "-v" "/var/lib/crater-agent-workspace/rustup-home:/opt/rustwide/rustup-home:ro,Z" "-e" "SOURCE_DIR=/opt/rustwide/workdir" "-e" "CARGO_TARGET_DIR=/opt/rustwide/target" "-e" "CARGO_INCREMENTAL=0" "-e" "RUST_BACKTRACE=full" "-e" "RUSTFLAGS=--cap-lints=warn" "-e" "RUSTDOCFLAGS=--cap-lints=warn" "-e" "CARGO_HOME=/opt/rustwide/cargo-home" "-e" "RUSTUP_HOME=/opt/rustwide/rustup-home" "-w" "/opt/rustwide/workdir" "-m" "1610612736" "--user" "0:0" "--network" "none" "ghcr.io/rust-lang/crates-build-env/linux@sha256:2788e3201cd34a07e3172128adcd8b3090168a8e3bcc40d7c032b9dda1df7d1c" "/opt/rustwide/cargo-home/bin/cargo" "+beta-2023-12-22" "doc" "--frozen" "--no-deps" "--document-private-items" "--message-format=json", kill_on_drop: false }`
[INFO] [stdout] 75519b46dd96ae7d4b579f8a2b39dacb6d9053dc73f7c1efa979dd7936da7366
[INFO] running `Command { std: "docker" "start" "-a" "75519b46dd96ae7d4b579f8a2b39dacb6d9053dc73f7c1efa979dd7936da7366", kill_on_drop: false }`
[INFO] [stderr]    Compiling lock_api v0.4.10
[INFO] [stderr]     Checking scopeguard v1.2.0
[INFO] [stderr]     Checking syscall v0.1.0 (/opt/rustwide/workdir/libraries/syscall)
[INFO] [stderr]    Compiling bootloader v0.9.23
[INFO] [stderr]  Documenting syscall v0.1.0 (/opt/rustwide/workdir/libraries/syscall)
[INFO] [stderr]  Documenting testing v0.1.0 (/opt/rustwide/workdir/libraries/testing)
[INFO] [stdout] error[E0554]: `#![feature]` may not be used on the beta release channel
[INFO] [stdout]  --> libraries/syscall/src/lib.rs:2:1
[INFO] [stdout]   |
[INFO] [stdout] 2 | #![feature(doc_cfg)]
[INFO] [stdout]   | ^^^^^^^^^^^^^^^^^^^^
[INFO] [stdout] 
[INFO] [stdout] 
[INFO] [stdout] error[E0554]: `#![feature]` may not be used on the beta release channel
[INFO] [stdout]  --> libraries/syscall/src/lib.rs:2:1
[INFO] [stdout]   |
[INFO] [stdout] 2 | #![feature(doc_cfg)]
[INFO] [stdout]   | ^^^^^^^^^^^^^^^^^^^^
[INFO] [stdout] 
[INFO] [stdout] 
[INFO] [stdout] error: aborting due to 1 previous error
[INFO] [stdout] 
[INFO] [stdout] 
[INFO] [stdout] For more information about this error, try `rustc --explain E0554`.
[INFO] [stdout] 
[INFO] [stderr] error: could not document `syscall`
[INFO] [stderr] 
[INFO] [stderr] Caused by:
[INFO] [stderr]   process didn't exit successfully: `/opt/rustwide/rustup-home/toolchains/beta-2023-12-22-x86_64-unknown-linux-gnu/bin/rustdoc --edition=2021 --crate-type lib --crate-name syscall libraries/syscall/src/lib.rs -o /opt/rustwide/target/doc --cfg 'feature="user"' --error-format=json --json=diagnostic-rendered-ansi,artifacts,future-incompat --document-private-items -C metadata=6bb596d2dd935d82 -L dependency=/opt/rustwide/target/debug/deps --cap-lints=warn --crate-version 0.1.0` (exit status: 1)
[INFO] [stderr] warning: build failed, waiting for other jobs to finish...
[INFO] [stdout] error: aborting due to 1 previous error
[INFO] [stdout] 
[INFO] [stdout] 
[INFO] [stdout] For more information about this error, try `rustc --explain E0554`.
[INFO] [stdout] 
[INFO] [stderr] error: could not compile `syscall` (lib) due to 2 previous errors
[INFO] running `Command { std: "docker" "inspect" "75519b46dd96ae7d4b579f8a2b39dacb6d9053dc73f7c1efa979dd7936da7366", kill_on_drop: false }`
[INFO] running `Command { std: "docker" "rm" "-f" "75519b46dd96ae7d4b579f8a2b39dacb6d9053dc73f7c1efa979dd7936da7366", kill_on_drop: false }`
[INFO] [stdout] 75519b46dd96ae7d4b579f8a2b39dacb6d9053dc73f7c1efa979dd7936da7366
