[INFO] cloning repository https://github.com/Nashons/cudos_poll
[INFO] running `Command { std: "git" "-c" "credential.helper=" "-c" "credential.helper=/workspace/cargo-home/bin/git-credential-null" "clone" "--bare" "https://github.com/Nashons/cudos_poll" "/workspace/cache/git-repos/https%3A%2F%2Fgithub.com%2FNashons%2Fcudos_poll", kill_on_drop: false }`
[INFO] [stderr] Cloning into bare repository '/workspace/cache/git-repos/https%3A%2F%2Fgithub.com%2FNashons%2Fcudos_poll'...
[INFO] running `Command { std: "git" "rev-parse" "HEAD", kill_on_drop: false }`
[INFO] [stdout] b96683d2114d0fca0c641dcd8e265ab76819bfe4
[INFO] documenting Nashons/cudos_poll against 1.75.0 for beta-1.76-rustdoc-1
[INFO] running `Command { std: "git" "clone" "/workspace/cache/git-repos/https%3A%2F%2Fgithub.com%2FNashons%2Fcudos_poll" "/workspace/builds/worker-1-tc1/source", kill_on_drop: false }`
[INFO] [stderr] Cloning into '/workspace/builds/worker-1-tc1/source'...
[INFO] [stderr] done.
[INFO] validating manifest of git repo https://github.com/Nashons/cudos_poll on toolchain 1.75.0
[INFO] running `Command { std: CARGO_HOME="/workspace/cargo-home" RUSTUP_HOME="/workspace/rustup-home" "/workspace/cargo-home/bin/cargo" "+1.75.0" "metadata" "--manifest-path" "Cargo.toml" "--no-deps", kill_on_drop: false }`
[INFO] removed /workspace/builds/worker-1-tc1/source/.cargo/config
[INFO] started tweaking git repo https://github.com/Nashons/cudos_poll
[INFO] finished tweaking git repo https://github.com/Nashons/cudos_poll
[INFO] tweaked toml for git repo https://github.com/Nashons/cudos_poll written to /workspace/builds/worker-1-tc1/source/Cargo.toml
[INFO] crate git repo https://github.com/Nashons/cudos_poll already has a lockfile, it will not be regenerated
[INFO] running `Command { std: CARGO_HOME="/workspace/cargo-home" RUSTUP_HOME="/workspace/rustup-home" "/workspace/cargo-home/bin/cargo" "+1.75.0" "fetch" "--manifest-path" "Cargo.toml", kill_on_drop: false }`
[INFO] [stderr]  Downloading crates ...
[INFO] [stderr]   Downloaded cw-storage-plus v1.1.0
[INFO] [stderr]   Downloaded cosmwasm-derive v1.3.1
[INFO] [stderr]   Downloaded cosmwasm-schema v1.3.1
[INFO] [stderr]   Downloaded cw2 v1.1.0
[INFO] [stderr]   Downloaded cosmwasm-storage v1.3.1
[INFO] [stderr]   Downloaded cosmwasm-crypto v1.3.1
[INFO] [stderr]   Downloaded cosmwasm-schema-derive v1.3.1
[INFO] [stderr]   Downloaded cw-multi-test v0.16.5
[INFO] [stderr]   Downloaded cosmwasm-std v1.3.1
[INFO] running `Command { std: "docker" "create" "-v" "/var/lib/crater-agent-workspace/builds/worker-1-tc1/target:/opt/rustwide/target:rw,Z" "-v" "/var/lib/crater-agent-workspace/builds/worker-1-tc1/source:/opt/rustwide/workdir:ro,Z" "-v" "/var/lib/crater-agent-workspace/cargo-home:/opt/rustwide/cargo-home:ro,Z" "-v" "/var/lib/crater-agent-workspace/rustup-home:/opt/rustwide/rustup-home:ro,Z" "-e" "SOURCE_DIR=/opt/rustwide/workdir" "-e" "CARGO_TARGET_DIR=/opt/rustwide/target" "-e" "CARGO_HOME=/opt/rustwide/cargo-home" "-e" "RUSTUP_HOME=/opt/rustwide/rustup-home" "-w" "/opt/rustwide/workdir" "-m" "1610612736" "--user" "0:0" "--network" "none" "ghcr.io/rust-lang/crates-build-env/linux@sha256:2788e3201cd34a07e3172128adcd8b3090168a8e3bcc40d7c032b9dda1df7d1c" "/opt/rustwide/cargo-home/bin/cargo" "+1.75.0" "metadata" "--no-deps" "--format-version=1", kill_on_drop: false }`
[INFO] [stdout] dea83f6dcaf4249bab22578b70107a4e40a43f805f8bc162e58bc718007fd0db
[INFO] running `Command { std: "docker" "start" "-a" "dea83f6dcaf4249bab22578b70107a4e40a43f805f8bc162e58bc718007fd0db", kill_on_drop: false }`
[INFO] running `Command { std: "docker" "inspect" "dea83f6dcaf4249bab22578b70107a4e40a43f805f8bc162e58bc718007fd0db", kill_on_drop: false }`
[INFO] running `Command { std: "docker" "rm" "-f" "dea83f6dcaf4249bab22578b70107a4e40a43f805f8bc162e58bc718007fd0db", kill_on_drop: false }`
[INFO] [stdout] dea83f6dcaf4249bab22578b70107a4e40a43f805f8bc162e58bc718007fd0db
[INFO] running `Command { std: "docker" "create" "-v" "/var/lib/crater-agent-workspace/builds/worker-1-tc1/target:/opt/rustwide/target:rw,Z" "-v" "/var/lib/crater-agent-workspace/builds/worker-1-tc1/source:/opt/rustwide/workdir:ro,Z" "-v" "/var/lib/crater-agent-workspace/cargo-home:/opt/rustwide/cargo-home:ro,Z" "-v" "/var/lib/crater-agent-workspace/rustup-home:/opt/rustwide/rustup-home:ro,Z" "-e" "SOURCE_DIR=/opt/rustwide/workdir" "-e" "CARGO_TARGET_DIR=/opt/rustwide/target" "-e" "CARGO_INCREMENTAL=0" "-e" "RUST_BACKTRACE=full" "-e" "RUSTFLAGS=--cap-lints=warn" "-e" "RUSTDOCFLAGS=--cap-lints=warn" "-e" "CARGO_HOME=/opt/rustwide/cargo-home" "-e" "RUSTUP_HOME=/opt/rustwide/rustup-home" "-w" "/opt/rustwide/workdir" "-m" "1610612736" "--user" "0:0" "--network" "none" "ghcr.io/rust-lang/crates-build-env/linux@sha256:2788e3201cd34a07e3172128adcd8b3090168a8e3bcc40d7c032b9dda1df7d1c" "/opt/rustwide/cargo-home/bin/cargo" "+1.75.0" "doc" "--frozen" "--no-deps" "--document-private-items" "--message-format=json", kill_on_drop: false }`
[INFO] [stdout] 7fe81de51a0862e42183e103050f0b99f730c34ab2f49f378bdc324d935754d7
[INFO] running `Command { std: "docker" "start" "-a" "7fe81de51a0862e42183e103050f0b99f730c34ab2f49f378bdc324d935754d7", kill_on_drop: false }`
[INFO] [stderr]    Compiling typenum v1.16.0
[INFO] [stderr]    Compiling libc v0.2.147
[INFO] [stderr]     Checking subtle v2.5.0
[INFO] [stderr]     Checking zeroize v1.6.0
[INFO] [stderr]    Compiling syn v1.0.109
[INFO] [stderr]     Checking const-oid v0.9.4
[INFO] [stderr]    Compiling serde v1.0.177
[INFO] [stderr]     Checking base64ct v1.6.0
[INFO] [stderr]    Compiling serde_derive v1.0.177
[INFO] [stderr]    Compiling ahash v0.7.6
[INFO] [stderr]     Checking cpufeatures v0.2.9
[INFO] [stderr]     Checking once_cell v1.18.0
[INFO] [stderr]    Compiling serde_json v1.0.104
[INFO] [stderr]     Checking ryu v1.0.15
[INFO] [stderr]     Checking rand_core v0.5.1
[INFO] [stderr]    Compiling syn v2.0.27
[INFO] [stderr]     Checking itoa v1.0.9
[INFO] [stderr]     Checking opaque-debug v0.3.0
[INFO] [stderr]     Checking byteorder v1.4.3
[INFO] [stderr]    Compiling schemars v0.8.12
[INFO] [stderr]     Checking der v0.6.1
[INFO] [stderr]     Checking dyn-clone v1.0.12
[INFO] [stderr]     Checking forward_ref v1.0.0
[INFO] [stderr]     Checking bnum v0.7.0
[INFO] [stderr]     Checking spki v0.6.0
[INFO] [stderr]     Checking getrandom v0.2.10
[INFO] [stderr]     Checking pkcs8 v0.9.0
[INFO] [stderr]     Checking rand_core v0.6.4
[INFO] [stderr]     Checking ff v0.12.1
[INFO] [stderr]     Checking hashbrown v0.12.3
[INFO] [stderr]     Checking group v0.12.1
[INFO] [stderr]     Checking generic-array v0.14.7
[INFO] [stderr]     Checking block-buffer v0.10.4
[INFO] [stderr]     Checking crypto-common v0.1.6
[INFO] [stderr]     Checking crypto-bigint v0.4.9
[INFO] [stderr]     Checking sec1 v0.3.0
[INFO] [stderr]     Checking digest v0.9.0
[INFO] [stderr]     Checking block-buffer v0.9.0
[INFO] [stderr]     Checking sha2 v0.9.9
[INFO] [stderr]     Checking curve25519-dalek v3.2.0
[INFO] [stderr]     Checking digest v0.10.7
[INFO] [stderr]    Compiling thiserror-impl v1.0.44
[INFO] [stderr]     Checking hmac v0.12.1
[INFO] [stderr]     Checking signature v1.6.4
[INFO] [stderr]     Checking sha2 v0.10.7
[INFO] [stderr]     Checking elliptic-curve v0.12.3
[INFO] [stderr]     Checking rfc6979 v0.3.1
[INFO] [stderr]     Checking ecdsa v0.14.8
[INFO] [stderr]     Checking k256 v0.11.6
[INFO] [stderr]     Checking thiserror v1.0.44
[INFO] [stderr]     Checking ed25519-zebra v3.1.0
[INFO] [stderr]     Checking serde-json-wasm v0.5.1
[INFO] [stderr]     Checking cosmwasm-crypto v1.3.1
[INFO] [stderr]    Compiling serde_derive_internals v0.26.0
[INFO] [stderr]    Compiling schemars_derive v0.8.12
[INFO] [stderr]    Compiling cosmwasm-derive v1.3.1
[INFO] [stderr]    Compiling derivative v2.2.0
[INFO] [stderr]    Compiling cosmwasm-schema-derive v1.3.1
[INFO] [stderr]     Checking cosmwasm-std v1.3.1
[INFO] [stderr]     Checking cosmwasm-schema v1.3.1
[INFO] [stderr]     Checking cw-storage-plus v1.1.0
[INFO] [stderr]     Checking cosmwasm-storage v1.3.1
[INFO] [stderr]     Checking cw2 v1.1.0
[INFO] [stderr]  Documenting poll v0.1.0 (/opt/rustwide/workdir)
[INFO] [stderr]     Checking poll v0.1.0 (/opt/rustwide/workdir)
[INFO] [stdout] error[E0428]: the name `POLLS` is defined multiple times
[INFO] [stdout]   --> src/state.rs:36:1
[INFO] [stdout]    |
[INFO] [stdout] 34 | pub const POLLS: Map<String, Poll> = Map::new("polls");
[INFO] [stdout]    | ------------------------------------------------------- previous definition of the value `POLLS` here
[INFO] [stdout] 35 |
[INFO] [stdout] 36 | pub const POLLS: Map<String, Poll> = Map::new("polls");
[INFO] [stdout]    | ^^^^^^^^^^^^^^^^^^^^^^^^^^^^^^^^^^^^^^^^^^^^^^^^^^^^^^^ `POLLS` redefined here
[INFO] [stdout]    |
[INFO] [stdout]    = note: `POLLS` must be defined only once in the value namespace of this module
[INFO] [stdout] 
[INFO] [stdout] 
[INFO] [stdout] error[E0428]: the name `POLLS` is defined multiple times
[INFO] [stdout]   --> src/state.rs:36:1
[INFO] [stdout]    |
[INFO] [stdout] 34 | pub const POLLS: Map<String, Poll> = Map::new("polls");
[INFO] [stdout]    | ------------------------------------------------------- previous definition of the value `POLLS` here
[INFO] [stdout] 35 |
[INFO] [stdout] 36 | pub const POLLS: Map<String, Poll> = Map::new("polls");
[INFO] [stdout]    | ^^^^^^^^^^^^^^^^^^^^^^^^^^^^^^^^^^^^^^^^^^^^^^^^^^^^^^^ `POLLS` redefined here
[INFO] [stdout]    |
[INFO] [stdout]    = note: `POLLS` must be defined only once in the value namespace of this module
[INFO] [stdout] 
[INFO] [stdout] 
[INFO] [stdout] error[E0432]: unresolved imports `crate::state::State`, `crate::state::STATE`
[INFO] [stdout]  --> src/contract.rs:8:20
[INFO] [stdout]   |
[INFO] [stdout] 8 | use crate::state::{State, STATE};
[INFO] [stdout]   |                    ^^^^^  ^^^^^ no `STATE` in `state`
[INFO] [stdout]   |                    |
[INFO] [stdout]   |                    no `State` in `state`
[INFO] [stdout] 
[INFO] [stdout] 
[INFO] [stdout] error[E0432]: unresolved imports `crate::state::State`, `crate::state::STATE`
[INFO] [stdout]  --> src/contract.rs:8:20
[INFO] [stdout]   |
[INFO] [stdout] 8 | use crate::state::{State, STATE};
[INFO] [stdout]   |                    ^^^^^  ^^^^^ no `STATE` in `state`
[INFO] [stdout]   |                    |
[INFO] [stdout]   |                    no `State` in `state`
[INFO] [stdout] 
[INFO] [stdout] 
[INFO] [stdout] error: aborting due to 2 previous errors
[INFO] [stdout] 
[INFO] [stdout] 
[INFO] [stdout] Some errors have detailed explanations: E0428, E0432.
[INFO] [stdout] 
[INFO] [stdout] For more information about an error, try `rustc --explain E0428`.
[INFO] [stdout] 
[INFO] [stderr] error: could not document `poll`
[INFO] [stderr] 
[INFO] [stderr] Caused by:
[INFO] [stderr]   process didn't exit successfully: `/opt/rustwide/rustup-home/toolchains/1.75.0-x86_64-unknown-linux-gnu/bin/rustdoc --edition=2021 --crate-type cdylib --crate-type rlib --crate-name poll src/lib.rs -o /opt/rustwide/target/doc --error-format=json --json=diagnostic-rendered-ansi,artifacts,future-incompat --document-private-items -C metadata=afe37916cc04a486 -L dependency=/opt/rustwide/target/debug/deps --extern cosmwasm_schema=/opt/rustwide/target/debug/deps/libcosmwasm_schema-65e9423afe74dcb1.rmeta --extern cosmwasm_std=/opt/rustwide/target/debug/deps/libcosmwasm_std-f8ed78c0d6556139.rmeta --extern cosmwasm_storage=/opt/rustwide/target/debug/deps/libcosmwasm_storage-f007744e805133f1.rmeta --extern cw_storage_plus=/opt/rustwide/target/debug/deps/libcw_storage_plus-10e41e43fea947da.rmeta --extern cw2=/opt/rustwide/target/debug/deps/libcw2-96ee7e668c3b2884.rmeta --extern schemars=/opt/rustwide/target/debug/deps/libschemars-46ee55041a497006.rmeta --extern serde=/opt/rustwide/target/debug/deps/libserde-4ffc81ab79e31bbf.rmeta --extern thiserror=/opt/rustwide/target/debug/deps/libthiserror-fcc4679fec67a892.rmeta --cap-lints=warn --crate-version 0.1.0` (exit status: 1)
[INFO] [stderr] warning: build failed, waiting for other jobs to finish...
[INFO] [stdout] error: aborting due to 2 previous errors
[INFO] [stdout] 
[INFO] [stdout] 
[INFO] [stdout] Some errors have detailed explanations: E0428, E0432.
[INFO] [stdout] 
[INFO] [stdout] For more information about an error, try `rustc --explain E0428`.
[INFO] [stdout] 
[INFO] [stderr] error: could not compile `poll` (lib) due to 3 previous errors
[INFO] running `Command { std: "docker" "inspect" "7fe81de51a0862e42183e103050f0b99f730c34ab2f49f378bdc324d935754d7", kill_on_drop: false }`
[INFO] running `Command { std: "docker" "rm" "-f" "7fe81de51a0862e42183e103050f0b99f730c34ab2f49f378bdc324d935754d7", kill_on_drop: false }`
[INFO] [stdout] 7fe81de51a0862e42183e103050f0b99f730c34ab2f49f378bdc324d935754d7
[INFO] documenting Nashons/cudos_poll against beta-2023-12-22 for beta-1.76-rustdoc-1
[INFO] running `Command { std: "git" "clone" "/workspace/cache/git-repos/https%3A%2F%2Fgithub.com%2FNashons%2Fcudos_poll" "/workspace/builds/worker-1-tc2/source", kill_on_drop: false }`
[INFO] [stderr] Cloning into '/workspace/builds/worker-1-tc2/source'...
[INFO] [stderr] done.
[INFO] validating manifest of git repo https://github.com/Nashons/cudos_poll on toolchain beta-2023-12-22
[INFO] running `Command { std: CARGO_HOME="/workspace/cargo-home" RUSTUP_HOME="/workspace/rustup-home" "/workspace/cargo-home/bin/cargo" "+beta-2023-12-22" "metadata" "--manifest-path" "Cargo.toml" "--no-deps", kill_on_drop: false }`
[INFO] removed /workspace/builds/worker-1-tc2/source/.cargo/config
[INFO] started tweaking git repo https://github.com/Nashons/cudos_poll
[INFO] finished tweaking git repo https://github.com/Nashons/cudos_poll
[INFO] tweaked toml for git repo https://github.com/Nashons/cudos_poll written to /workspace/builds/worker-1-tc2/source/Cargo.toml
[INFO] crate git repo https://github.com/Nashons/cudos_poll already has a lockfile, it will not be regenerated
[INFO] running `Command { std: CARGO_HOME="/workspace/cargo-home" RUSTUP_HOME="/workspace/rustup-home" "/workspace/cargo-home/bin/cargo" "+beta-2023-12-22" "fetch" "--manifest-path" "Cargo.toml", kill_on_drop: false }`
[INFO] running `Command { std: "docker" "create" "-v" "/var/lib/crater-agent-workspace/builds/worker-1-tc2/target:/opt/rustwide/target:rw,Z" "-v" "/var/lib/crater-agent-workspace/builds/worker-1-tc2/source:/opt/rustwide/workdir:ro,Z" "-v" "/var/lib/crater-agent-workspace/cargo-home:/opt/rustwide/cargo-home:ro,Z" "-v" "/var/lib/crater-agent-workspace/rustup-home:/opt/rustwide/rustup-home:ro,Z" "-e" "SOURCE_DIR=/opt/rustwide/workdir" "-e" "CARGO_TARGET_DIR=/opt/rustwide/target" "-e" "CARGO_HOME=/opt/rustwide/cargo-home" "-e" "RUSTUP_HOME=/opt/rustwide/rustup-home" "-w" "/opt/rustwide/workdir" "-m" "1610612736" "--user" "0:0" "--network" "none" "ghcr.io/rust-lang/crates-build-env/linux@sha256:2788e3201cd34a07e3172128adcd8b3090168a8e3bcc40d7c032b9dda1df7d1c" "/opt/rustwide/cargo-home/bin/cargo" "+beta-2023-12-22" "metadata" "--no-deps" "--format-version=1", kill_on_drop: false }`
[INFO] [stdout] 3c5e8bc04b4ece09bd861a277a3afdff4a581f81bf61334e5d99b89df3a144cc
[INFO] running `Command { std: "docker" "start" "-a" "3c5e8bc04b4ece09bd861a277a3afdff4a581f81bf61334e5d99b89df3a144cc", kill_on_drop: false }`
[INFO] running `Command { std: "docker" "inspect" "3c5e8bc04b4ece09bd861a277a3afdff4a581f81bf61334e5d99b89df3a144cc", kill_on_drop: false }`
[INFO] running `Command { std: "docker" "rm" "-f" "3c5e8bc04b4ece09bd861a277a3afdff4a581f81bf61334e5d99b89df3a144cc", kill_on_drop: false }`
[INFO] [stdout] 3c5e8bc04b4ece09bd861a277a3afdff4a581f81bf61334e5d99b89df3a144cc
[INFO] running `Command { std: "docker" "create" "-v" "/var/lib/crater-agent-workspace/builds/worker-1-tc2/target:/opt/rustwide/target:rw,Z" "-v" "/var/lib/crater-agent-workspace/builds/worker-1-tc2/source:/opt/rustwide/workdir:ro,Z" "-v" "/var/lib/crater-agent-workspace/cargo-home:/opt/rustwide/cargo-home:ro,Z" "-v" "/var/lib/crater-agent-workspace/rustup-home:/opt/rustwide/rustup-home:ro,Z" "-e" "SOURCE_DIR=/opt/rustwide/workdir" "-e" "CARGO_TARGET_DIR=/opt/rustwide/target" "-e" "CARGO_INCREMENTAL=0" "-e" "RUST_BACKTRACE=full" "-e" "RUSTFLAGS=--cap-lints=warn" "-e" "RUSTDOCFLAGS=--cap-lints=warn" "-e" "CARGO_HOME=/opt/rustwide/cargo-home" "-e" "RUSTUP_HOME=/opt/rustwide/rustup-home" "-w" "/opt/rustwide/workdir" "-m" "1610612736" "--user" "0:0" "--network" "none" "ghcr.io/rust-lang/crates-build-env/linux@sha256:2788e3201cd34a07e3172128adcd8b3090168a8e3bcc40d7c032b9dda1df7d1c" "/opt/rustwide/cargo-home/bin/cargo" "+beta-2023-12-22" "doc" "--frozen" "--no-deps" "--document-private-items" "--message-format=json", kill_on_drop: false }`
[INFO] [stdout] 2ddd285d5c65a19f67197b7eefb2ee817637af05be1b4d3ef0bc62ede57256a7
[INFO] running `Command { std: "docker" "start" "-a" "2ddd285d5c65a19f67197b7eefb2ee817637af05be1b4d3ef0bc62ede57256a7", kill_on_drop: false }`
[INFO] [stderr]    Compiling typenum v1.16.0
[INFO] [stderr]    Compiling libc v0.2.147
[INFO] [stderr]     Checking subtle v2.5.0
[INFO] [stderr]     Checking zeroize v1.6.0
[INFO] [stderr]    Compiling syn v1.0.109
[INFO] [stderr]     Checking const-oid v0.9.4
[INFO] [stderr]    Compiling serde v1.0.177
[INFO] [stderr]    Compiling serde_derive v1.0.177
[INFO] [stderr]     Checking base64ct v1.6.0
[INFO] [stderr]    Compiling ahash v0.7.6
[INFO] [stderr]     Checking cpufeatures v0.2.9
[INFO] [stderr]    Compiling serde_json v1.0.104
[INFO] [stderr]     Checking once_cell v1.18.0
[INFO] [stderr]     Checking itoa v1.0.9
[INFO] [stderr]    Compiling schemars v0.8.12
[INFO] [stderr]    Compiling syn v2.0.27
[INFO] [stderr]     Checking opaque-debug v0.3.0
[INFO] [stderr]     Checking byteorder v1.4.3
[INFO] [stderr]     Checking ryu v1.0.15
[INFO] [stderr]     Checking rand_core v0.5.1
[INFO] [stderr]     Checking der v0.6.1
[INFO] [stderr]     Checking dyn-clone v1.0.12
[INFO] [stderr]     Checking forward_ref v1.0.0
[INFO] [stderr]     Checking bnum v0.7.0
[INFO] [stderr]     Checking spki v0.6.0
[INFO] [stderr]     Checking pkcs8 v0.9.0
[INFO] [stderr]     Checking getrandom v0.2.10
[INFO] [stderr]     Checking rand_core v0.6.4
[INFO] [stderr]     Checking ff v0.12.1
[INFO] [stderr]     Checking hashbrown v0.12.3
[INFO] [stderr]     Checking group v0.12.1
[INFO] [stderr]     Checking generic-array v0.14.7
[INFO] [stderr]     Checking block-buffer v0.10.4
[INFO] [stderr]     Checking crypto-common v0.1.6
[INFO] [stderr]     Checking crypto-bigint v0.4.9
[INFO] [stderr]     Checking digest v0.9.0
[INFO] [stderr]     Checking sec1 v0.3.0
[INFO] [stderr]     Checking block-buffer v0.9.0
[INFO] [stderr]     Checking curve25519-dalek v3.2.0
[INFO] [stderr]     Checking digest v0.10.7
[INFO] [stderr]     Checking sha2 v0.9.9
[INFO] [stderr]     Checking hmac v0.12.1
[INFO] [stderr]     Checking signature v1.6.4
[INFO] [stderr]     Checking sha2 v0.10.7
[INFO] [stderr]    Compiling thiserror-impl v1.0.44
[INFO] [stderr]     Checking elliptic-curve v0.12.3
[INFO] [stderr]     Checking rfc6979 v0.3.1
[INFO] [stderr]     Checking ecdsa v0.14.8
[INFO] [stderr]     Checking k256 v0.11.6
[INFO] [stderr]     Checking ed25519-zebra v3.1.0
[INFO] [stderr]     Checking serde-json-wasm v0.5.1
[INFO] [stderr]     Checking thiserror v1.0.44
[INFO] [stderr]     Checking cosmwasm-crypto v1.3.1
[INFO] [stderr]    Compiling serde_derive_internals v0.26.0
[INFO] [stderr]    Compiling schemars_derive v0.8.12
[INFO] [stderr]    Compiling cosmwasm-derive v1.3.1
[INFO] [stderr]    Compiling derivative v2.2.0
[INFO] [stderr]    Compiling cosmwasm-schema-derive v1.3.1
[INFO] [stderr]     Checking cosmwasm-std v1.3.1
[INFO] [stderr]     Checking cosmwasm-schema v1.3.1
[INFO] [stderr]     Checking cw-storage-plus v1.1.0
[INFO] [stderr]     Checking cosmwasm-storage v1.3.1
[INFO] [stderr]     Checking cw2 v1.1.0
[INFO] [stderr]     Checking poll v0.1.0 (/opt/rustwide/workdir)
[INFO] [stderr]  Documenting poll v0.1.0 (/opt/rustwide/workdir)
[INFO] [stdout] error[E0428]: the name `POLLS` is defined multiple times
[INFO] [stdout]   --> src/state.rs:36:1
[INFO] [stdout]    |
[INFO] [stdout] 34 | pub const POLLS: Map<String, Poll> = Map::new("polls");
[INFO] [stdout]    | ------------------------------------------------------- previous definition of the value `POLLS` here
[INFO] [stdout] 35 |
[INFO] [stdout] 36 | pub const POLLS: Map<String, Poll> = Map::new("polls");
[INFO] [stdout]    | ^^^^^^^^^^^^^^^^^^^^^^^^^^^^^^^^^^^^^^^^^^^^^^^^^^^^^^^ `POLLS` redefined here
[INFO] [stdout]    |
[INFO] [stdout]    = note: `POLLS` must be defined only once in the value namespace of this module
[INFO] [stdout] 
[INFO] [stdout] 
[INFO] [stdout] error[E0428]: the name `POLLS` is defined multiple times
[INFO] [stdout]   --> src/state.rs:36:1
[INFO] [stdout]    |
[INFO] [stdout] 34 | pub const POLLS: Map<String, Poll> = Map::new("polls");
[INFO] [stdout]    | ------------------------------------------------------- previous definition of the value `POLLS` here
[INFO] [stdout] 35 |
[INFO] [stdout] 36 | pub const POLLS: Map<String, Poll> = Map::new("polls");
[INFO] [stdout]    | ^^^^^^^^^^^^^^^^^^^^^^^^^^^^^^^^^^^^^^^^^^^^^^^^^^^^^^^ `POLLS` redefined here
[INFO] [stdout]    |
[INFO] [stdout]    = note: `POLLS` must be defined only once in the value namespace of this module
[INFO] [stdout] 
[INFO] [stdout] 
[INFO] [stdout] error[E0432]: unresolved imports `crate::state::State`, `crate::state::STATE`
[INFO] [stdout]  --> src/contract.rs:8:20
[INFO] [stdout]   |
[INFO] [stdout] 8 | use crate::state::{State, STATE};
[INFO] [stdout]   |                    ^^^^^  ^^^^^ no `STATE` in `state`
[INFO] [stdout]   |                    |
[INFO] [stdout]   |                    no `State` in `state`
[INFO] [stdout] 
[INFO] [stdout] 
[INFO] [stdout] error[E0432]: unresolved imports `crate::state::State`, `crate::state::STATE`
[INFO] [stdout]  --> src/contract.rs:8:20
[INFO] [stdout]   |
[INFO] [stdout] 8 | use crate::state::{State, STATE};
[INFO] [stdout]   |                    ^^^^^  ^^^^^ no `STATE` in `state`
[INFO] [stdout]   |                    |
[INFO] [stdout]   |                    no `State` in `state`
[INFO] [stdout] 
[INFO] [stdout] 
[INFO] [stdout] error: aborting due to 2 previous errors
[INFO] [stdout] 
[INFO] [stdout] 
[INFO] [stdout] Some errors have detailed explanations: E0428, E0432.
[INFO] [stdout] 
[INFO] [stdout] For more information about an error, try `rustc --explain E0428`.
[INFO] [stdout] 
[INFO] [stderr] error: could not document `poll`
[INFO] [stderr] 
[INFO] [stderr] Caused by:
[INFO] [stderr]   process didn't exit successfully: `/opt/rustwide/rustup-home/toolchains/beta-2023-12-22-x86_64-unknown-linux-gnu/bin/rustdoc --edition=2021 --crate-type cdylib --crate-type rlib --crate-name poll src/lib.rs -o /opt/rustwide/target/doc --error-format=json --json=diagnostic-rendered-ansi,artifacts,future-incompat --document-private-items -C metadata=21a8b4d70f774433 -L dependency=/opt/rustwide/target/debug/deps --extern cosmwasm_schema=/opt/rustwide/target/debug/deps/libcosmwasm_schema-2a125b5fc3901dcf.rmeta --extern cosmwasm_std=/opt/rustwide/target/debug/deps/libcosmwasm_std-207b70326b7534c6.rmeta --extern cosmwasm_storage=/opt/rustwide/target/debug/deps/libcosmwasm_storage-13f2ae3daa1a756d.rmeta --extern cw_storage_plus=/opt/rustwide/target/debug/deps/libcw_storage_plus-4ed913de4f892c1b.rmeta --extern cw2=/opt/rustwide/target/debug/deps/libcw2-a272b7a8daa31bf3.rmeta --extern schemars=/opt/rustwide/target/debug/deps/libschemars-28fb243400a2503b.rmeta --extern serde=/opt/rustwide/target/debug/deps/libserde-27d845ebde04a8a5.rmeta --extern thiserror=/opt/rustwide/target/debug/deps/libthiserror-25ab2ec493301c63.rmeta --cap-lints=warn --crate-version 0.1.0` (exit status: 1)
[INFO] [stderr] warning: build failed, waiting for other jobs to finish...
[INFO] [stdout] error: aborting due to 2 previous errors
[INFO] [stdout] 
[INFO] [stdout] 
[INFO] [stdout] Some errors have detailed explanations: E0428, E0432.
[INFO] [stdout] 
[INFO] [stdout] For more information about an error, try `rustc --explain E0428`.
[INFO] [stdout] 
[INFO] [stderr] error: could not compile `poll` (lib) due to 3 previous errors
[INFO] running `Command { std: "docker" "inspect" "2ddd285d5c65a19f67197b7eefb2ee817637af05be1b4d3ef0bc62ede57256a7", kill_on_drop: false }`
[INFO] running `Command { std: "docker" "rm" "-f" "2ddd285d5c65a19f67197b7eefb2ee817637af05be1b4d3ef0bc62ede57256a7", kill_on_drop: false }`
[INFO] [stdout] 2ddd285d5c65a19f67197b7eefb2ee817637af05be1b4d3ef0bc62ede57256a7
