[INFO] cloning repository https://github.com/Nariod/ronflex
[INFO] running `Command { std: "git" "-c" "credential.helper=" "-c" "credential.helper=/workspace/cargo-home/bin/git-credential-null" "clone" "--bare" "https://github.com/Nariod/ronflex" "/workspace/cache/git-repos/https%3A%2F%2Fgithub.com%2FNariod%2Fronflex", kill_on_drop: false }`
[INFO] [stderr] Cloning into bare repository '/workspace/cache/git-repos/https%3A%2F%2Fgithub.com%2FNariod%2Fronflex'...
[INFO] running `Command { std: "git" "rev-parse" "HEAD", kill_on_drop: false }`
[INFO] [stdout] f979a2a4f6c36cbe5d377f33ea4f5279752f4d87
[INFO] documenting Nariod/ronflex against 1.75.0 for beta-1.76-rustdoc-1
[INFO] running `Command { std: "git" "clone" "/workspace/cache/git-repos/https%3A%2F%2Fgithub.com%2FNariod%2Fronflex" "/workspace/builds/worker-0-tc1/source", kill_on_drop: false }`
[INFO] [stderr] Cloning into '/workspace/builds/worker-0-tc1/source'...
[INFO] [stderr] done.
[INFO] validating manifest of git repo https://github.com/Nariod/ronflex on toolchain 1.75.0
[INFO] running `Command { std: CARGO_HOME="/workspace/cargo-home" RUSTUP_HOME="/workspace/rustup-home" "/workspace/cargo-home/bin/cargo" "+1.75.0" "metadata" "--manifest-path" "Cargo.toml" "--no-deps", kill_on_drop: false }`
[INFO] started tweaking git repo https://github.com/Nariod/ronflex
[INFO] finished tweaking git repo https://github.com/Nariod/ronflex
[INFO] tweaked toml for git repo https://github.com/Nariod/ronflex written to /workspace/builds/worker-0-tc1/source/Cargo.toml
[INFO] crate git repo https://github.com/Nariod/ronflex already has a lockfile, it will not be regenerated
[INFO] running `Command { std: CARGO_HOME="/workspace/cargo-home" RUSTUP_HOME="/workspace/rustup-home" "/workspace/cargo-home/bin/cargo" "+1.75.0" "fetch" "--manifest-path" "Cargo.toml", kill_on_drop: false }`
[INFO] [stderr]     Updating git repository `https://github.com/Nariod/rust_syscalls`
[INFO] running `Command { std: "docker" "create" "-v" "/var/lib/crater-agent-workspace/builds/worker-0-tc1/target:/opt/rustwide/target:rw,Z" "-v" "/var/lib/crater-agent-workspace/builds/worker-0-tc1/source:/opt/rustwide/workdir:ro,Z" "-v" "/var/lib/crater-agent-workspace/cargo-home:/opt/rustwide/cargo-home:ro,Z" "-v" "/var/lib/crater-agent-workspace/rustup-home:/opt/rustwide/rustup-home:ro,Z" "-e" "SOURCE_DIR=/opt/rustwide/workdir" "-e" "CARGO_TARGET_DIR=/opt/rustwide/target" "-e" "CARGO_HOME=/opt/rustwide/cargo-home" "-e" "RUSTUP_HOME=/opt/rustwide/rustup-home" "-w" "/opt/rustwide/workdir" "-m" "1610612736" "--user" "0:0" "--network" "none" "ghcr.io/rust-lang/crates-build-env/linux@sha256:2788e3201cd34a07e3172128adcd8b3090168a8e3bcc40d7c032b9dda1df7d1c" "/opt/rustwide/cargo-home/bin/cargo" "+1.75.0" "metadata" "--no-deps" "--format-version=1", kill_on_drop: false }`
[INFO] [stdout] eee5dfa3b8f5cc73ab41a692184eb32cca72f0f440965583b30e95369c8beeba
[INFO] running `Command { std: "docker" "start" "-a" "eee5dfa3b8f5cc73ab41a692184eb32cca72f0f440965583b30e95369c8beeba", kill_on_drop: false }`
[INFO] running `Command { std: "docker" "inspect" "eee5dfa3b8f5cc73ab41a692184eb32cca72f0f440965583b30e95369c8beeba", kill_on_drop: false }`
[INFO] running `Command { std: "docker" "rm" "-f" "eee5dfa3b8f5cc73ab41a692184eb32cca72f0f440965583b30e95369c8beeba", kill_on_drop: false }`
[INFO] [stdout] eee5dfa3b8f5cc73ab41a692184eb32cca72f0f440965583b30e95369c8beeba
[INFO] running `Command { std: "docker" "create" "-v" "/var/lib/crater-agent-workspace/builds/worker-0-tc1/target:/opt/rustwide/target:rw,Z" "-v" "/var/lib/crater-agent-workspace/builds/worker-0-tc1/source:/opt/rustwide/workdir:ro,Z" "-v" "/var/lib/crater-agent-workspace/cargo-home:/opt/rustwide/cargo-home:ro,Z" "-v" "/var/lib/crater-agent-workspace/rustup-home:/opt/rustwide/rustup-home:ro,Z" "-e" "SOURCE_DIR=/opt/rustwide/workdir" "-e" "CARGO_TARGET_DIR=/opt/rustwide/target" "-e" "CARGO_INCREMENTAL=0" "-e" "RUST_BACKTRACE=full" "-e" "RUSTFLAGS=--cap-lints=warn" "-e" "RUSTDOCFLAGS=--cap-lints=warn" "-e" "CARGO_HOME=/opt/rustwide/cargo-home" "-e" "RUSTUP_HOME=/opt/rustwide/rustup-home" "-w" "/opt/rustwide/workdir" "-m" "1610612736" "--user" "0:0" "--network" "none" "ghcr.io/rust-lang/crates-build-env/linux@sha256:2788e3201cd34a07e3172128adcd8b3090168a8e3bcc40d7c032b9dda1df7d1c" "/opt/rustwide/cargo-home/bin/cargo" "+1.75.0" "doc" "--frozen" "--no-deps" "--document-private-items" "--message-format=json", kill_on_drop: false }`
[INFO] [stdout] 8fa99315f75ad1195a1606efe1ed8951e22545fc2ee4b0f9988a6af56dd4397d
[INFO] running `Command { std: "docker" "start" "-a" "8fa99315f75ad1195a1606efe1ed8951e22545fc2ee4b0f9988a6af56dd4397d", kill_on_drop: false }`
[INFO] [stderr]    Compiling crossbeam-utils v0.8.15
[INFO] [stderr]    Compiling memoffset v0.8.0
[INFO] [stderr]    Compiling crossbeam-epoch v0.9.14
[INFO] [stderr]    Compiling rayon-core v1.11.0
[INFO] [stderr]    Compiling winapi v0.3.9
[INFO] [stderr]    Compiling ntapi v0.4.0
[INFO] [stderr]     Checking either v1.8.1
[INFO] [stderr]     Checking atty v0.2.14
[INFO] [stderr]     Checking colored v2.0.0
[INFO] [stderr]     Checking rust_syscalls v0.1.0 (https://github.com/Nariod/rust_syscalls#162451aa)
[INFO] [stderr]     Checking crossbeam-channel v0.5.8
[INFO] [stdout] error[E0432]: unresolved import `ntapi::ntldr`
[INFO] [stdout]  --> /opt/rustwide/cargo-home/git/checkouts/rust_syscalls-68f3d3f4128be087/162451a/src/syscall_resolve.rs:6:12
[INFO] [stdout]   |
[INFO] [stdout] 6 | use ntapi::ntldr::PLDR_DATA_TABLE_ENTRY;
[INFO] [stdout]   |            ^^^^^ could not find `ntldr` in `ntapi`
[INFO] [stdout] 
[INFO] [stdout] 
[INFO] [stdout] error[E0432]: unresolved import `ntapi::FIELD_OFFSET`
[INFO] [stdout]  --> /opt/rustwide/cargo-home/git/checkouts/rust_syscalls-68f3d3f4128be087/162451a/src/syscall_resolve.rs:7:5
[INFO] [stdout]   |
[INFO] [stdout] 7 | use ntapi::FIELD_OFFSET;
[INFO] [stdout]   |     ^^^^^^^^^^^^^^^^^^^ no `FIELD_OFFSET` in the root
[INFO] [stdout] 
[INFO] [stdout] 
[INFO] [stdout] error[E0432]: unresolved import `ntapi::ntpebteb`
[INFO] [stdout]  --> /opt/rustwide/cargo-home/git/checkouts/rust_syscalls-68f3d3f4128be087/162451a/src/syscall_resolve.rs:8:12
[INFO] [stdout]   |
[INFO] [stdout] 8 | use ntapi::ntpebteb::{PPEB, TEB};
[INFO] [stdout]   |            ^^^^^^^^ could not find `ntpebteb` in `ntapi`
[INFO] [stdout] 
[INFO] [stdout] 
[INFO] [stdout] error[E0433]: failed to resolve: could not find `shared` in `winapi`
[INFO] [stdout]   --> /opt/rustwide/cargo-home/git/checkouts/rust_syscalls-68f3d3f4128be087/162451a/src/syscall_resolve.rs:11:13
[INFO] [stdout]    |
[INFO] [stdout] 11 | use winapi::shared::minwindef::{PWORD, PUSHORT};
[INFO] [stdout]    |             ^^^^^^ could not find `shared` in `winapi`
[INFO] [stdout] 
[INFO] [stdout] 
[INFO] [stdout] error[E0433]: failed to resolve: could not find `shared` in `winapi`
[INFO] [stdout]   --> /opt/rustwide/cargo-home/git/checkouts/rust_syscalls-68f3d3f4128be087/162451a/src/syscall_resolve.rs:12:13
[INFO] [stdout]    |
[INFO] [stdout] 12 | use winapi::shared::ntdef::{NULL, PVOID, ULONG, PUCHAR, PLIST_ENTRY};
[INFO] [stdout]    |             ^^^^^^ could not find `shared` in `winapi`
[INFO] [stdout] 
[INFO] [stdout] 
[INFO] [stdout] error[E0433]: failed to resolve: could not find `um` in `winapi`
[INFO] [stdout]   --> /opt/rustwide/cargo-home/git/checkouts/rust_syscalls-68f3d3f4128be087/162451a/src/syscall_resolve.rs:13:13
[INFO] [stdout]    |
[INFO] [stdout] 13 | use winapi::um::winnt::{PIMAGE_DOS_HEADER, PIMAGE_DATA_DIRECTORY, PIMAGE_NT_HEADERS, PIMAGE_EXPORT_DIRECTORY};
[INFO] [stdout]    |             ^^ could not find `um` in `winapi`
[INFO] [stdout] 
[INFO] [stdout] 
[INFO] [stdout] error[E0433]: failed to resolve: could not find `um` in `winapi`
[INFO] [stdout]   --> /opt/rustwide/cargo-home/git/checkouts/rust_syscalls-68f3d3f4128be087/162451a/src/syscall_resolve.rs:52:17
[INFO] [stdout]    |
[INFO] [stdout] 52 |     use winapi::um::winnt::NT_TIB;
[INFO] [stdout]    |                 ^^ could not find `um` in `winapi`
[INFO] [stdout] 
[INFO] [stdout] 
[INFO] [stdout] error[E0432]: unresolved import `ntapi::ntpsapi`
[INFO] [stdout]  --> /opt/rustwide/cargo-home/git/checkouts/rust_syscalls-68f3d3f4128be087/162451a/src/syscall_resolve.rs:9:12
[INFO] [stdout]   |
[INFO] [stdout] 9 | use ntapi::ntpsapi::PPEB_LDR_DATA;
[INFO] [stdout]   |            ^^^^^^^ could not find `ntpsapi` in `ntapi`
[INFO] [stdout] 
[INFO] [stdout] 
[INFO] [stdout] error: cannot determine resolution for the macro `FIELD_OFFSET`
[INFO] [stdout]   --> /opt/rustwide/cargo-home/git/checkouts/rust_syscalls-68f3d3f4128be087/162451a/src/syscall_resolve.rs:53:22
[INFO] [stdout]    |
[INFO] [stdout] 53 |     let teb_offset = FIELD_OFFSET!(NT_TIB, _Self) as u32;
[INFO] [stdout]    |                      ^^^^^^^^^^^^
[INFO] [stdout]    |
[INFO] [stdout]    = note: import resolution is stuck, try simplifying macro imports
[INFO] [stdout] 
[INFO] [stdout] 
[INFO] [stdout] error: aborting due to 9 previous errors
[INFO] [stdout] 
[INFO] [stdout] 
[INFO] [stdout] Some errors have detailed explanations: E0432, E0433.
[INFO] [stdout] 
[INFO] [stdout] For more information about an error, try `rustc --explain E0432`.
[INFO] [stdout] 
[INFO] [stderr] error: could not compile `rust_syscalls` (lib) due to 10 previous errors
[INFO] [stderr] warning: build failed, waiting for other jobs to finish...
[INFO] running `Command { std: "docker" "inspect" "8fa99315f75ad1195a1606efe1ed8951e22545fc2ee4b0f9988a6af56dd4397d", kill_on_drop: false }`
[INFO] running `Command { std: "docker" "rm" "-f" "8fa99315f75ad1195a1606efe1ed8951e22545fc2ee4b0f9988a6af56dd4397d", kill_on_drop: false }`
[INFO] [stdout] 8fa99315f75ad1195a1606efe1ed8951e22545fc2ee4b0f9988a6af56dd4397d
