[INFO] cloning repository https://github.com/NCrashed/rynda
[INFO] running `Command { std: "git" "-c" "credential.helper=" "-c" "credential.helper=/workspace/cargo-home/bin/git-credential-null" "clone" "--bare" "https://github.com/NCrashed/rynda" "/workspace/cache/git-repos/https%3A%2F%2Fgithub.com%2FNCrashed%2Frynda", kill_on_drop: false }`
[INFO] [stderr] Cloning into bare repository '/workspace/cache/git-repos/https%3A%2F%2Fgithub.com%2FNCrashed%2Frynda'...
[INFO] running `Command { std: "git" "rev-parse" "HEAD", kill_on_drop: false }`
[INFO] [stdout] e9f09ade81709b70dedc796b69c9ba10b0861fa1
[INFO] documenting NCrashed/rynda against 1.75.0 for beta-1.76-rustdoc-1
[INFO] running `Command { std: "git" "clone" "/workspace/cache/git-repos/https%3A%2F%2Fgithub.com%2FNCrashed%2Frynda" "/workspace/builds/worker-7-tc1/source", kill_on_drop: false }`
[INFO] [stderr] Cloning into '/workspace/builds/worker-7-tc1/source'...
[INFO] [stderr] done.
[INFO] validating manifest of git repo https://github.com/NCrashed/rynda on toolchain 1.75.0
[INFO] running `Command { std: CARGO_HOME="/workspace/cargo-home" RUSTUP_HOME="/workspace/rustup-home" "/workspace/cargo-home/bin/cargo" "+1.75.0" "metadata" "--manifest-path" "Cargo.toml" "--no-deps", kill_on_drop: false }`
[INFO] started tweaking git repo https://github.com/NCrashed/rynda
[INFO] finished tweaking git repo https://github.com/NCrashed/rynda
[INFO] tweaked toml for git repo https://github.com/NCrashed/rynda written to /workspace/builds/worker-7-tc1/source/Cargo.toml
[INFO] crate git repo https://github.com/NCrashed/rynda already has a lockfile, it will not be regenerated
[INFO] running `Command { std: CARGO_HOME="/workspace/cargo-home" RUSTUP_HOME="/workspace/rustup-home" "/workspace/cargo-home/bin/cargo" "+1.75.0" "fetch" "--manifest-path" "Cargo.toml", kill_on_drop: false }`
[INFO] [stderr] warning: virtual workspace defaulting to `resolver = "1"` despite one or more workspace members being on edition 2021 which implies `resolver = "2"`
[INFO] [stderr] note: to keep the current resolver, specify `workspace.resolver = "1"` in the workspace root's manifest
[INFO] [stderr] note: to use the edition 2021 resolver, specify `workspace.resolver = "2"` in the workspace root's manifest
[INFO] [stderr] note: for more details see https://doc.rust-lang.org/cargo/reference/resolver.html#resolver-versions
[INFO] [stderr]  Downloading crates ...
[INFO] [stderr]   Downloaded glam v0.20.0
[INFO] [stderr]   Downloaded glfw v0.42.0
[INFO] [stderr]   Downloaded glfw-sys v3.3.4
[INFO] running `Command { std: "docker" "create" "-v" "/var/lib/crater-agent-workspace/builds/worker-7-tc1/target:/opt/rustwide/target:rw,Z" "-v" "/var/lib/crater-agent-workspace/builds/worker-7-tc1/source:/opt/rustwide/workdir:ro,Z" "-v" "/var/lib/crater-agent-workspace/cargo-home:/opt/rustwide/cargo-home:ro,Z" "-v" "/var/lib/crater-agent-workspace/rustup-home:/opt/rustwide/rustup-home:ro,Z" "-e" "SOURCE_DIR=/opt/rustwide/workdir" "-e" "CARGO_TARGET_DIR=/opt/rustwide/target" "-e" "CARGO_HOME=/opt/rustwide/cargo-home" "-e" "RUSTUP_HOME=/opt/rustwide/rustup-home" "-w" "/opt/rustwide/workdir" "-m" "1610612736" "--user" "0:0" "--network" "none" "ghcr.io/rust-lang/crates-build-env/linux@sha256:2788e3201cd34a07e3172128adcd8b3090168a8e3bcc40d7c032b9dda1df7d1c" "/opt/rustwide/cargo-home/bin/cargo" "+1.75.0" "metadata" "--no-deps" "--format-version=1", kill_on_drop: false }`
[INFO] [stdout] 9f8dc8a67103022d68914bebc52c4d40f3b0856fedd73c101f22a76f45c4fafb
[INFO] running `Command { std: "docker" "start" "-a" "9f8dc8a67103022d68914bebc52c4d40f3b0856fedd73c101f22a76f45c4fafb", kill_on_drop: false }`
[INFO] running `Command { std: "docker" "inspect" "9f8dc8a67103022d68914bebc52c4d40f3b0856fedd73c101f22a76f45c4fafb", kill_on_drop: false }`
[INFO] running `Command { std: "docker" "rm" "-f" "9f8dc8a67103022d68914bebc52c4d40f3b0856fedd73c101f22a76f45c4fafb", kill_on_drop: false }`
[INFO] [stdout] 9f8dc8a67103022d68914bebc52c4d40f3b0856fedd73c101f22a76f45c4fafb
[INFO] running `Command { std: "docker" "create" "-v" "/var/lib/crater-agent-workspace/builds/worker-7-tc1/target:/opt/rustwide/target:rw,Z" "-v" "/var/lib/crater-agent-workspace/builds/worker-7-tc1/source:/opt/rustwide/workdir:ro,Z" "-v" "/var/lib/crater-agent-workspace/cargo-home:/opt/rustwide/cargo-home:ro,Z" "-v" "/var/lib/crater-agent-workspace/rustup-home:/opt/rustwide/rustup-home:ro,Z" "-e" "SOURCE_DIR=/opt/rustwide/workdir" "-e" "CARGO_TARGET_DIR=/opt/rustwide/target" "-e" "CARGO_INCREMENTAL=0" "-e" "RUST_BACKTRACE=full" "-e" "RUSTFLAGS=--cap-lints=warn" "-e" "RUSTDOCFLAGS=--cap-lints=warn" "-e" "CARGO_HOME=/opt/rustwide/cargo-home" "-e" "RUSTUP_HOME=/opt/rustwide/rustup-home" "-w" "/opt/rustwide/workdir" "-m" "1610612736" "--user" "0:0" "--network" "none" "ghcr.io/rust-lang/crates-build-env/linux@sha256:2788e3201cd34a07e3172128adcd8b3090168a8e3bcc40d7c032b9dda1df7d1c" "/opt/rustwide/cargo-home/bin/cargo" "+1.75.0" "doc" "--frozen" "--no-deps" "--document-private-items" "--message-format=json", kill_on_drop: false }`
[INFO] [stdout] e1b62c539a198fd5396b64f64f63ff55fa8349b5d55911320fc16356b07e4cdf
[INFO] running `Command { std: "docker" "start" "-a" "e1b62c539a198fd5396b64f64f63ff55fa8349b5d55911320fc16356b07e4cdf", kill_on_drop: false }`
[INFO] [stderr] warning: virtual workspace defaulting to `resolver = "1"` despite one or more workspace members being on edition 2021 which implies `resolver = "2"`
[INFO] [stderr] note: to keep the current resolver, specify `workspace.resolver = "1"` in the workspace root's manifest
[INFO] [stderr] note: to use the edition 2021 resolver, specify `workspace.resolver = "2"` in the workspace root's manifest
[INFO] [stderr] note: for more details see https://doc.rust-lang.org/cargo/reference/resolver.html#resolver-versions
[INFO] [stderr]    Compiling autocfg v1.0.1
[INFO] [stderr]     Checking cfg-if v1.0.0
[INFO] [stderr]     Checking lazy_static v1.4.0
[INFO] [stderr]    Compiling log v0.4.14
[INFO] [stderr]    Compiling libc v0.2.104
[INFO] [stderr]    Compiling crossbeam-utils v0.8.5
[INFO] [stderr]    Compiling crossbeam-epoch v0.9.5
[INFO] [stderr]    Compiling proc-macro2 v1.0.32
[INFO] [stderr]    Compiling memchr v2.4.1
[INFO] [stderr]    Compiling rayon-core v1.9.1
[INFO] [stderr]     Checking scopeguard v1.1.0
[INFO] [stderr]    Compiling unicode-xid v0.2.2
[INFO] [stderr]    Compiling syn v1.0.81
[INFO] [stderr]    Compiling khronos_api v2.2.0
[INFO] [stderr]     Checking byteorder v1.4.3
[INFO] [stderr]    Compiling version_check v0.1.5
[INFO] [stderr]    Compiling bitflags v1.3.2
[INFO] [stderr]    Compiling cc v1.0.71
[INFO] [stderr]    Compiling crc32fast v1.2.1
[INFO] [stderr]     Checking adler32 v1.2.0
[INFO] [stderr]    Compiling xml-rs v0.7.0
[INFO] [stderr]     Checking either v1.6.1
[INFO] [stderr]     Checking rawpointer v0.2.1
[INFO] [stderr]     Checking static_assertions v1.1.0
[INFO] [stderr]     Checking matrixmultiply v0.3.1
[INFO] [stderr]    Compiling num-traits v0.2.14
[INFO] [stderr]    Compiling memoffset v0.6.4
[INFO] [stderr]    Compiling num-integer v0.1.44
[INFO] [stderr]    Compiling rayon v1.5.1
[INFO] [stderr]    Compiling nom v4.2.3
[INFO] [stderr]    Compiling log v0.3.9
[INFO] [stderr]    Compiling miniz_oxide v0.4.4
[INFO] [stderr]     Checking crossbeam-channel v0.5.1
[INFO] [stderr]    Compiling num-iter v0.1.42
[INFO] [stderr]    Compiling num-rational v0.3.2
[INFO] [stderr]     Checking weezl v0.1.5
[INFO] [stderr]    Compiling cmake v0.1.46
[INFO] [stderr]     Checking adler v1.0.2
[INFO] [stderr]     Checking minimal-lexical v0.2.1
[INFO] [stderr]    Compiling gl_generator v0.6.1
[INFO] [stderr]     Checking deflate v0.8.6
[INFO] [stderr]     Checking miniz_oxide v0.3.7
[INFO] [stderr]    Compiling quote v1.0.10
[INFO] [stderr]     Checking crossbeam-deque v0.8.1
[INFO] [stderr]     Checking nom v7.1.3
[INFO] [stderr]     Checking color_quant v1.1.0
[INFO] [stderr]     Checking semver-parser v0.7.0
[INFO] [stderr]     Checking num_cpus v1.13.0
[INFO] [stderr]     Checking gif v0.11.3
[INFO] [stderr]     Checking semver v0.9.0
[INFO] [stderr]     Checking raw-window-handle v0.3.3
[INFO] [stderr]     Checking scoped_threadpool v0.1.9
[INFO] [stderr]     Checking bytemuck v1.7.2
[INFO] [stderr]     Checking glam v0.20.0
[INFO] [stderr]     Checking png v0.16.8
[INFO] [stderr]     Checking dot_vox v4.1.0
[INFO] [stderr]    Compiling glfw-sys v3.3.4
[INFO] [stderr]    Compiling gl v0.6.5
[INFO] [stderr]     Checking num-complex v0.4.0
[INFO] [stderr]     Checking ndarray v0.15.3
[INFO] [stderr]     Checking jpeg-decoder v0.1.22
[INFO] [stderr]     Checking tiff v0.6.1
[INFO] [stderr]     Checking image v0.23.14
[INFO] [stderr]    Compiling modular-bitfield-impl v0.11.2
[INFO] [stderr]     Checking glfw v0.42.0
[INFO] [stderr]     Checking modular-bitfield v0.11.2
[INFO] [stderr]     Checking rynda-format v0.1.0 (/opt/rustwide/workdir/rynda-format)
[INFO] [stderr]  Documenting rynda-format v0.1.0 (/opt/rustwide/workdir/rynda-format)
[INFO] [stdout] warning: unresolved link to `memory_size`
[INFO] [stdout]   --> rynda-format/src/types/column.rs:79:70
[INFO] [stdout]    |
[INFO] [stdout] 79 |     /// The function expects that memory chunk is big enough to fit [memory_size] bytes.
[INFO] [stdout]    |                                                                      ^^^^^^^^^^^ no item named `memory_size` in scope
[INFO] [stdout]    |
[INFO] [stdout]    = help: to escape `[` and `]` characters, add '\' before them like `\[` or `\]`
[INFO] [stdout]    = note: `#[warn(rustdoc::broken_intra_doc_links)]` on by default
[INFO] [stdout] 
[INFO] [stdout] 
[INFO] [stdout] warning: 1 warning emitted
[INFO] [stdout] 
[INFO] [stdout] 
[INFO] [stderr]     Checking rynda-render v0.1.0 (/opt/rustwide/workdir/rynda-render)
[INFO] [stderr]  Documenting rynda-render v0.1.0 (/opt/rustwide/workdir/rynda-render)
[INFO] [stdout] error[E0554]: `#![feature]` may not be used on the stable release channel
[INFO] [stdout]  --> rynda-render/src/lib.rs:1:1
[INFO] [stdout]   |
[INFO] [stdout] 1 | #![feature(adt_const_params)]
[INFO] [stdout]   | ^^^^^^^^^^^^^^^^^^^^^^^^^^^^^
[INFO] [stdout] 
[INFO] [stdout] 
[INFO] [stdout] warning: the feature `adt_const_params` is incomplete and may not be safe to use and/or cause compiler crashes
[INFO] [stdout]  --> rynda-render/src/lib.rs:1:12
[INFO] [stdout]   |
[INFO] [stdout] 1 | #![feature(adt_const_params)]
[INFO] [stdout]   |            ^^^^^^^^^^^^^^^^
[INFO] [stdout]   |
[INFO] [stdout]   = note: see issue #95174 <https://github.com/rust-lang/rust/issues/95174> for more information
[INFO] [stdout]   = note: `#[warn(incomplete_features)]` on by default
[INFO] [stdout] 
[INFO] [stdout] 
[INFO] [stdout] error[E0554]: `#![feature]` may not be used on the stable release channel
[INFO] [stdout]  --> rynda-render/src/lib.rs:1:1
[INFO] [stdout]   |
[INFO] [stdout] 1 | #![feature(adt_const_params)]
[INFO] [stdout]   | ^^^^^^^^^^^^^^^^^^^^^^^^^^^^^
[INFO] [stdout] 
[INFO] [stdout] 
[INFO] [stdout] warning: the feature `adt_const_params` is incomplete and may not be safe to use and/or cause compiler crashes
[INFO] [stdout]  --> rynda-render/src/lib.rs:1:12
[INFO] [stdout]   |
[INFO] [stdout] 1 | #![feature(adt_const_params)]
[INFO] [stdout]   |            ^^^^^^^^^^^^^^^^
[INFO] [stdout]   |
[INFO] [stdout]   = note: see issue #95174 <https://github.com/rust-lang/rust/issues/95174> for more information
[INFO] [stdout]   = note: `#[warn(incomplete_features)]` on by default
[INFO] [stdout] 
[INFO] [stdout] 
[INFO] [stdout] error[E0741]: `render::buffer::texture::TextureFormat` must implement `ConstParamTy` to be used as the type of a const generic parameter
[INFO] [stdout]   --> rynda-render/src/render/buffer/texture.rs:11:34
[INFO] [stdout]    |
[INFO] [stdout] 11 | pub struct Texture<const FORMAT: TextureFormat> {
[INFO] [stdout]    |                                  ^^^^^^^^^^^^^
[INFO] [stdout]    |
[INFO] [stdout] help: add `#[derive(ConstParamTy)]` to the struct
[INFO] [stdout]    |
[INFO] [stdout] 6  + #[derive(ConstParamTy)]
[INFO] [stdout] 7  | pub enum TextureFormat {
[INFO] [stdout]    |
[INFO] [stdout] 
[INFO] [stdout] 
[INFO] [stdout] error[E0741]: `render::buffer::texture::TextureFormat` must implement `ConstParamTy` to be used as the type of a const generic parameter
[INFO] [stdout]   --> rynda-render/src/render/buffer/texture.rs:52:20
[INFO] [stdout]    |
[INFO] [stdout] 52 | impl<const FORMAT: TextureFormat> Texture<FORMAT> {
[INFO] [stdout]    |                    ^^^^^^^^^^^^^
[INFO] [stdout]    |
[INFO] [stdout] help: add `#[derive(ConstParamTy)]` to the struct
[INFO] [stdout]    |
[INFO] [stdout] 6  + #[derive(ConstParamTy)]
[INFO] [stdout] 7  | pub enum TextureFormat {
[INFO] [stdout]    |
[INFO] [stdout] 
[INFO] [stdout] 
[INFO] [stdout] error[E0741]: `render::buffer::texture::TextureFormat` must implement `ConstParamTy` to be used as the type of a const generic parameter
[INFO] [stdout]    --> rynda-render/src/render/buffer/texture.rs:116:20
[INFO] [stdout]     |
[INFO] [stdout] 116 | impl<const FORMAT: TextureFormat> Drop for Texture<FORMAT> {
[INFO] [stdout]     |                    ^^^^^^^^^^^^^
[INFO] [stdout]     |
[INFO] [stdout] help: add `#[derive(ConstParamTy)]` to the struct
[INFO] [stdout]     |
[INFO] [stdout] 6   + #[derive(ConstParamTy)]
[INFO] [stdout] 7   | pub enum TextureFormat {
[INFO] [stdout]     |
[INFO] [stdout] 
[INFO] [stdout] 
[INFO] [stdout] error: aborting due to 4 previous errors; 1 warning emitted
[INFO] [stdout] 
[INFO] [stdout] 
[INFO] [stdout] Some errors have detailed explanations: E0554, E0741.
[INFO] [stdout] 
[INFO] [stdout] For more information about an error, try `rustc --explain E0554`.
[INFO] [stdout] 
[INFO] [stderr] error: could not document `rynda-render`
[INFO] [stderr] 
[INFO] [stderr] Caused by:
[INFO] [stderr]   process didn't exit successfully: `/opt/rustwide/rustup-home/toolchains/1.75.0-x86_64-unknown-linux-gnu/bin/rustdoc --edition=2021 --crate-type lib --crate-name rynda_render rynda-render/src/lib.rs -o /opt/rustwide/target/doc --error-format=json --json=diagnostic-rendered-ansi,artifacts,future-incompat --document-private-items -C metadata=c1a800e7aa0c2249 -L dependency=/opt/rustwide/target/debug/deps --extern gl=/opt/rustwide/target/debug/deps/libgl-7268099401abc283.rmeta --extern glam=/opt/rustwide/target/debug/deps/libglam-57e64cc85801679d.rmeta --extern glfw=/opt/rustwide/target/debug/deps/libglfw-d8ef5933aab4eda2.rmeta --extern image=/opt/rustwide/target/debug/deps/libimage-ba7a7db98d959c14.rmeta --extern ndarray=/opt/rustwide/target/debug/deps/libndarray-602b555791ae4d08.rmeta --extern rynda_format=/opt/rustwide/target/debug/deps/librynda_format-63f6d9a3ff70cf09.rmeta --cap-lints=warn --crate-version 0.1.0` (exit status: 1)
[INFO] [stderr] warning: build failed, waiting for other jobs to finish...
[INFO] [stdout] error[E0741]: `TextureFormat` must implement `ConstParamTy` to be used as the type of a const generic parameter
[INFO] [stdout]   --> rynda-render/src/render/buffer/texture.rs:11:34
[INFO] [stdout]    |
[INFO] [stdout] 11 | pub struct Texture<const FORMAT: TextureFormat> {
[INFO] [stdout]    |                                  ^^^^^^^^^^^^^
[INFO] [stdout]    |
[INFO] [stdout] help: add `#[derive(ConstParamTy)]` to the struct
[INFO] [stdout]    |
[INFO] [stdout] 6  + #[derive(ConstParamTy)]
[INFO] [stdout] 7  | pub enum TextureFormat {
[INFO] [stdout]    |
[INFO] [stdout] 
[INFO] [stdout] 
[INFO] [stdout] error[E0741]: `TextureFormat` must implement `ConstParamTy` to be used as the type of a const generic parameter
[INFO] [stdout]   --> rynda-render/src/render/buffer/texture.rs:52:20
[INFO] [stdout]    |
[INFO] [stdout] 52 | impl<const FORMAT: TextureFormat> Texture<FORMAT> {
[INFO] [stdout]    |                    ^^^^^^^^^^^^^
[INFO] [stdout]    |
[INFO] [stdout] help: add `#[derive(ConstParamTy)]` to the struct
[INFO] [stdout]    |
[INFO] [stdout] 6  + #[derive(ConstParamTy)]
[INFO] [stdout] 7  | pub enum TextureFormat {
[INFO] [stdout]    |
[INFO] [stdout] 
[INFO] [stdout] 
[INFO] [stdout] error[E0741]: `TextureFormat` must implement `ConstParamTy` to be used as the type of a const generic parameter
[INFO] [stdout]    --> rynda-render/src/render/buffer/texture.rs:116:20
[INFO] [stdout]     |
[INFO] [stdout] 116 | impl<const FORMAT: TextureFormat> Drop for Texture<FORMAT> {
[INFO] [stdout]     |                    ^^^^^^^^^^^^^
[INFO] [stdout]     |
[INFO] [stdout] help: add `#[derive(ConstParamTy)]` to the struct
[INFO] [stdout]     |
[INFO] [stdout] 6   + #[derive(ConstParamTy)]
[INFO] [stdout] 7   | pub enum TextureFormat {
[INFO] [stdout]     |
[INFO] [stdout] 
[INFO] [stdout] 
[INFO] [stdout] error: aborting due to 4 previous errors; 1 warning emitted
[INFO] [stdout] 
[INFO] [stdout] 
[INFO] [stdout] Some errors have detailed explanations: E0554, E0741.
[INFO] [stdout] 
[INFO] [stdout] For more information about an error, try `rustc --explain E0554`.
[INFO] [stdout] 
[INFO] [stderr] error: could not compile `rynda-render` (lib) due to 5 previous errors; 1 warning emitted
[INFO] running `Command { std: "docker" "inspect" "e1b62c539a198fd5396b64f64f63ff55fa8349b5d55911320fc16356b07e4cdf", kill_on_drop: false }`
[INFO] running `Command { std: "docker" "rm" "-f" "e1b62c539a198fd5396b64f64f63ff55fa8349b5d55911320fc16356b07e4cdf", kill_on_drop: false }`
[INFO] [stdout] e1b62c539a198fd5396b64f64f63ff55fa8349b5d55911320fc16356b07e4cdf
[INFO] documenting NCrashed/rynda against beta-2023-12-22 for beta-1.76-rustdoc-1
[INFO] running `Command { std: "git" "clone" "/workspace/cache/git-repos/https%3A%2F%2Fgithub.com%2FNCrashed%2Frynda" "/workspace/builds/worker-7-tc2/source", kill_on_drop: false }`
[INFO] [stderr] Cloning into '/workspace/builds/worker-7-tc2/source'...
[INFO] [stderr] done.
[INFO] validating manifest of git repo https://github.com/NCrashed/rynda on toolchain beta-2023-12-22
[INFO] running `Command { std: CARGO_HOME="/workspace/cargo-home" RUSTUP_HOME="/workspace/rustup-home" "/workspace/cargo-home/bin/cargo" "+beta-2023-12-22" "metadata" "--manifest-path" "Cargo.toml" "--no-deps", kill_on_drop: false }`
[INFO] started tweaking git repo https://github.com/NCrashed/rynda
[INFO] finished tweaking git repo https://github.com/NCrashed/rynda
[INFO] tweaked toml for git repo https://github.com/NCrashed/rynda written to /workspace/builds/worker-7-tc2/source/Cargo.toml
[INFO] crate git repo https://github.com/NCrashed/rynda already has a lockfile, it will not be regenerated
[INFO] running `Command { std: CARGO_HOME="/workspace/cargo-home" RUSTUP_HOME="/workspace/rustup-home" "/workspace/cargo-home/bin/cargo" "+beta-2023-12-22" "fetch" "--manifest-path" "Cargo.toml", kill_on_drop: false }`
[INFO] [stderr] warning: virtual workspace defaulting to `resolver = "1"` despite one or more workspace members being on edition 2021 which implies `resolver = "2"`
[INFO] [stderr] note: to keep the current resolver, specify `workspace.resolver = "1"` in the workspace root's manifest
[INFO] [stderr] note: to use the edition 2021 resolver, specify `workspace.resolver = "2"` in the workspace root's manifest
[INFO] [stderr] note: for more details see https://doc.rust-lang.org/cargo/reference/resolver.html#resolver-versions
[INFO] running `Command { std: "docker" "create" "-v" "/var/lib/crater-agent-workspace/builds/worker-7-tc2/target:/opt/rustwide/target:rw,Z" "-v" "/var/lib/crater-agent-workspace/builds/worker-7-tc2/source:/opt/rustwide/workdir:ro,Z" "-v" "/var/lib/crater-agent-workspace/cargo-home:/opt/rustwide/cargo-home:ro,Z" "-v" "/var/lib/crater-agent-workspace/rustup-home:/opt/rustwide/rustup-home:ro,Z" "-e" "SOURCE_DIR=/opt/rustwide/workdir" "-e" "CARGO_TARGET_DIR=/opt/rustwide/target" "-e" "CARGO_HOME=/opt/rustwide/cargo-home" "-e" "RUSTUP_HOME=/opt/rustwide/rustup-home" "-w" "/opt/rustwide/workdir" "-m" "1610612736" "--user" "0:0" "--network" "none" "ghcr.io/rust-lang/crates-build-env/linux@sha256:2788e3201cd34a07e3172128adcd8b3090168a8e3bcc40d7c032b9dda1df7d1c" "/opt/rustwide/cargo-home/bin/cargo" "+beta-2023-12-22" "metadata" "--no-deps" "--format-version=1", kill_on_drop: false }`
[INFO] [stdout] eb2a35cea5819b7bed2f6fa921a80faafe03b5515aa57ac664c5235590a897c1
[INFO] running `Command { std: "docker" "start" "-a" "eb2a35cea5819b7bed2f6fa921a80faafe03b5515aa57ac664c5235590a897c1", kill_on_drop: false }`
[INFO] running `Command { std: "docker" "inspect" "eb2a35cea5819b7bed2f6fa921a80faafe03b5515aa57ac664c5235590a897c1", kill_on_drop: false }`
[INFO] running `Command { std: "docker" "rm" "-f" "eb2a35cea5819b7bed2f6fa921a80faafe03b5515aa57ac664c5235590a897c1", kill_on_drop: false }`
[INFO] [stdout] eb2a35cea5819b7bed2f6fa921a80faafe03b5515aa57ac664c5235590a897c1
[INFO] running `Command { std: "docker" "create" "-v" "/var/lib/crater-agent-workspace/builds/worker-7-tc2/target:/opt/rustwide/target:rw,Z" "-v" "/var/lib/crater-agent-workspace/builds/worker-7-tc2/source:/opt/rustwide/workdir:ro,Z" "-v" "/var/lib/crater-agent-workspace/cargo-home:/opt/rustwide/cargo-home:ro,Z" "-v" "/var/lib/crater-agent-workspace/rustup-home:/opt/rustwide/rustup-home:ro,Z" "-e" "SOURCE_DIR=/opt/rustwide/workdir" "-e" "CARGO_TARGET_DIR=/opt/rustwide/target" "-e" "CARGO_INCREMENTAL=0" "-e" "RUST_BACKTRACE=full" "-e" "RUSTFLAGS=--cap-lints=warn" "-e" "RUSTDOCFLAGS=--cap-lints=warn" "-e" "CARGO_HOME=/opt/rustwide/cargo-home" "-e" "RUSTUP_HOME=/opt/rustwide/rustup-home" "-w" "/opt/rustwide/workdir" "-m" "1610612736" "--user" "0:0" "--network" "none" "ghcr.io/rust-lang/crates-build-env/linux@sha256:2788e3201cd34a07e3172128adcd8b3090168a8e3bcc40d7c032b9dda1df7d1c" "/opt/rustwide/cargo-home/bin/cargo" "+beta-2023-12-22" "doc" "--frozen" "--no-deps" "--document-private-items" "--message-format=json", kill_on_drop: false }`
[INFO] [stdout] 418e01a33cb579db156e1f9c613c5b3aeb73c119d6ebc61e4410dd02570a6342
[INFO] running `Command { std: "docker" "start" "-a" "418e01a33cb579db156e1f9c613c5b3aeb73c119d6ebc61e4410dd02570a6342", kill_on_drop: false }`
[INFO] [stderr] warning: virtual workspace defaulting to `resolver = "1"` despite one or more workspace members being on edition 2021 which implies `resolver = "2"`
[INFO] [stderr] note: to keep the current resolver, specify `workspace.resolver = "1"` in the workspace root's manifest
[INFO] [stderr] note: to use the edition 2021 resolver, specify `workspace.resolver = "2"` in the workspace root's manifest
[INFO] [stderr] note: for more details see https://doc.rust-lang.org/cargo/reference/resolver.html#resolver-versions
[INFO] [stderr]    Compiling autocfg v1.0.1
[INFO] [stderr]     Checking cfg-if v1.0.0
[INFO] [stderr]     Checking lazy_static v1.4.0
[INFO] [stderr]    Compiling log v0.4.14
[INFO] [stderr]    Compiling crossbeam-utils v0.8.5
[INFO] [stderr]    Compiling libc v0.2.104
[INFO] [stderr]    Compiling proc-macro2 v1.0.32
[INFO] [stderr]    Compiling crossbeam-epoch v0.9.5
[INFO] [stderr]    Compiling rayon-core v1.9.1
[INFO] [stderr]    Compiling unicode-xid v0.2.2
[INFO] [stderr]    Compiling memchr v2.4.1
[INFO] [stderr]     Checking scopeguard v1.1.0
[INFO] [stderr]    Compiling khronos_api v2.2.0
[INFO] [stderr]    Compiling version_check v0.1.5
[INFO] [stderr]    Compiling syn v1.0.81
[INFO] [stderr]     Checking byteorder v1.4.3
[INFO] [stderr]    Compiling cc v1.0.71
[INFO] [stderr]    Compiling bitflags v1.3.2
[INFO] [stderr]     Checking either v1.6.1
[INFO] [stderr]     Checking adler32 v1.2.0
[INFO] [stderr]    Compiling xml-rs v0.7.0
[INFO] [stderr]     Checking rawpointer v0.2.1
[INFO] [stderr]    Compiling crc32fast v1.2.1
[INFO] [stderr]     Checking matrixmultiply v0.3.1
[INFO] [stderr]     Checking minimal-lexical v0.2.1
[INFO] [stderr]    Compiling num-traits v0.2.14
[INFO] [stderr]    Compiling memoffset v0.6.4
[INFO] [stderr]    Compiling num-integer v0.1.44
[INFO] [stderr]    Compiling nom v4.2.3
[INFO] [stderr]    Compiling rayon v1.5.1
[INFO] [stderr]    Compiling log v0.3.9
[INFO] [stderr]    Compiling miniz_oxide v0.4.4
[INFO] [stderr]    Compiling cmake v0.1.46
[INFO] [stderr]    Compiling num-rational v0.3.2
[INFO] [stderr]     Checking crossbeam-channel v0.5.1
[INFO] [stderr]    Compiling num-iter v0.1.42
[INFO] [stderr]     Checking adler v1.0.2
[INFO] [stderr]     Checking weezl v0.1.5
[INFO] [stderr]     Checking static_assertions v1.1.0
[INFO] [stderr]    Compiling gl_generator v0.6.1
[INFO] [stderr]     Checking nom v7.1.3
[INFO] [stderr]     Checking num_cpus v1.13.0
[INFO] [stderr]    Compiling quote v1.0.10
[INFO] [stderr]     Checking deflate v0.8.6
[INFO] [stderr]     Checking miniz_oxide v0.3.7
[INFO] [stderr]     Checking color_quant v1.1.0
[INFO] [stderr]     Checking semver-parser v0.7.0
[INFO] [stderr]     Checking raw-window-handle v0.3.3
[INFO] [stderr]     Checking crossbeam-deque v0.8.1
[INFO] [stderr]     Checking gif v0.11.3
[INFO] [stderr]     Checking semver v0.9.0
[INFO] [stderr]     Checking bytemuck v1.7.2
[INFO] [stderr]     Checking scoped_threadpool v0.1.9
[INFO] [stderr]     Checking glam v0.20.0
[INFO] [stderr]    Compiling glfw-sys v3.3.4
[INFO] [stderr]     Checking dot_vox v4.1.0
[INFO] [stderr]    Compiling gl v0.6.5
[INFO] [stderr]     Checking png v0.16.8
[INFO] [stderr]     Checking num-complex v0.4.0
[INFO] [stderr]     Checking ndarray v0.15.3
[INFO] [stderr]     Checking jpeg-decoder v0.1.22
[INFO] [stderr]     Checking tiff v0.6.1
[INFO] [stderr]    Compiling modular-bitfield-impl v0.11.2
[INFO] [stderr]     Checking image v0.23.14
[INFO] [stderr]     Checking glfw v0.42.0
[INFO] [stderr]     Checking modular-bitfield v0.11.2
[INFO] [stderr]     Checking rynda-format v0.1.0 (/opt/rustwide/workdir/rynda-format)
[INFO] [stderr]  Documenting rynda-format v0.1.0 (/opt/rustwide/workdir/rynda-format)
[INFO] [stdout] warning: unresolved link to `memory_size`
[INFO] [stdout]   --> rynda-format/src/types/column.rs:79:70
[INFO] [stdout]    |
[INFO] [stdout] 79 |     /// The function expects that memory chunk is big enough to fit [memory_size] bytes.
[INFO] [stdout]    |                                                                      ^^^^^^^^^^^ no item named `memory_size` in scope
[INFO] [stdout]    |
[INFO] [stdout]    = help: to escape `[` and `]` characters, add '\' before them like `\[` or `\]`
[INFO] [stdout]    = note: `#[warn(rustdoc::broken_intra_doc_links)]` on by default
[INFO] [stdout] 
[INFO] [stdout] 
[INFO] [stdout] warning: 1 warning emitted
[INFO] [stdout] 
[INFO] [stdout] 
[INFO] [stderr]  Documenting rynda-render v0.1.0 (/opt/rustwide/workdir/rynda-render)
[INFO] [stderr]     Checking rynda-render v0.1.0 (/opt/rustwide/workdir/rynda-render)
[INFO] [stdout] error[E0554]: `#![feature]` may not be used on the beta release channel
[INFO] [stdout]  --> rynda-render/src/lib.rs:1:1
[INFO] [stdout]   |
[INFO] [stdout] 1 | #![feature(adt_const_params)]
[INFO] [stdout]   | ^^^^^^^^^^^^^^^^^^^^^^^^^^^^^
[INFO] [stdout] 
[INFO] [stdout] 
[INFO] [stdout] warning: the feature `adt_const_params` is incomplete and may not be safe to use and/or cause compiler crashes
[INFO] [stdout]  --> rynda-render/src/lib.rs:1:12
[INFO] [stdout]   |
[INFO] [stdout] 1 | #![feature(adt_const_params)]
[INFO] [stdout]   |            ^^^^^^^^^^^^^^^^
[INFO] [stdout]   |
[INFO] [stdout]   = note: see issue #95174 <https://github.com/rust-lang/rust/issues/95174> for more information
[INFO] [stdout]   = note: `#[warn(incomplete_features)]` on by default
[INFO] [stdout] 
[INFO] [stdout] 
[INFO] [stdout] error[E0554]: `#![feature]` may not be used on the beta release channel
[INFO] [stdout]  --> rynda-render/src/lib.rs:1:1
[INFO] [stdout]   |
[INFO] [stdout] 1 | #![feature(adt_const_params)]
[INFO] [stdout]   | ^^^^^^^^^^^^^^^^^^^^^^^^^^^^^
[INFO] [stdout] 
[INFO] [stdout] 
[INFO] [stdout] warning: the feature `adt_const_params` is incomplete and may not be safe to use and/or cause compiler crashes
[INFO] [stdout]  --> rynda-render/src/lib.rs:1:12
[INFO] [stdout]   |
[INFO] [stdout] 1 | #![feature(adt_const_params)]
[INFO] [stdout]   |            ^^^^^^^^^^^^^^^^
[INFO] [stdout]   |
[INFO] [stdout]   = note: see issue #95174 <https://github.com/rust-lang/rust/issues/95174> for more information
[INFO] [stdout]   = note: `#[warn(incomplete_features)]` on by default
[INFO] [stdout] 
[INFO] [stdout] 
[INFO] [stdout] error[E0741]: `render::buffer::texture::TextureFormat` must implement `ConstParamTy` to be used as the type of a const generic parameter
[INFO] [stdout]   --> rynda-render/src/render/buffer/texture.rs:11:34
[INFO] [stdout]    |
[INFO] [stdout] 11 | pub struct Texture<const FORMAT: TextureFormat> {
[INFO] [stdout]    |                                  ^^^^^^^^^^^^^
[INFO] [stdout]    |
[INFO] [stdout] help: add `#[derive(ConstParamTy)]` to the struct
[INFO] [stdout]    |
[INFO] [stdout] 6  + #[derive(ConstParamTy)]
[INFO] [stdout] 7  | pub enum TextureFormat {
[INFO] [stdout]    |
[INFO] [stdout] 
[INFO] [stdout] 
[INFO] [stdout] error[E0741]: `render::buffer::texture::TextureFormat` must implement `ConstParamTy` to be used as the type of a const generic parameter
[INFO] [stdout]   --> rynda-render/src/render/buffer/texture.rs:52:20
[INFO] [stdout]    |
[INFO] [stdout] 52 | impl<const FORMAT: TextureFormat> Texture<FORMAT> {
[INFO] [stdout]    |                    ^^^^^^^^^^^^^
[INFO] [stdout]    |
[INFO] [stdout] help: add `#[derive(ConstParamTy)]` to the struct
[INFO] [stdout]    |
[INFO] [stdout] 6  + #[derive(ConstParamTy)]
[INFO] [stdout] 7  | pub enum TextureFormat {
[INFO] [stdout]    |
[INFO] [stdout] 
[INFO] [stdout] 
[INFO] [stdout] error[E0741]: `render::buffer::texture::TextureFormat` must implement `ConstParamTy` to be used as the type of a const generic parameter
[INFO] [stdout]    --> rynda-render/src/render/buffer/texture.rs:116:20
[INFO] [stdout]     |
[INFO] [stdout] 116 | impl<const FORMAT: TextureFormat> Drop for Texture<FORMAT> {
[INFO] [stdout]     |                    ^^^^^^^^^^^^^
[INFO] [stdout]     |
[INFO] [stdout] help: add `#[derive(ConstParamTy)]` to the struct
[INFO] [stdout]     |
[INFO] [stdout] 6   + #[derive(ConstParamTy)]
[INFO] [stdout] 7   | pub enum TextureFormat {
[INFO] [stdout]     |
[INFO] [stdout] 
[INFO] [stdout] 
[INFO] [stdout] error[E0741]: `TextureFormat` must implement `ConstParamTy` to be used as the type of a const generic parameter
[INFO] [stdout]   --> rynda-render/src/render/buffer/texture.rs:11:34
[INFO] [stdout]    |
[INFO] [stdout] 11 | pub struct Texture<const FORMAT: TextureFormat> {
[INFO] [stdout]    |                                  ^^^^^^^^^^^^^
[INFO] [stdout]    |
[INFO] [stdout] help: add `#[derive(ConstParamTy)]` to the struct
[INFO] [stdout]    |
[INFO] [stdout] 6  + #[derive(ConstParamTy)]
[INFO] [stdout] 7  | pub enum TextureFormat {
[INFO] [stdout]    |
[INFO] [stdout] 
[INFO] [stdout] 
[INFO] [stdout] error[E0741]: `TextureFormat` must implement `ConstParamTy` to be used as the type of a const generic parameter
[INFO] [stdout]   --> rynda-render/src/render/buffer/texture.rs:52:20
[INFO] [stdout]    |
[INFO] [stdout] 52 | impl<const FORMAT: TextureFormat> Texture<FORMAT> {
[INFO] [stdout]    |                    ^^^^^^^^^^^^^
[INFO] [stdout]    |
[INFO] [stdout] help: add `#[derive(ConstParamTy)]` to the struct
[INFO] [stdout]    |
[INFO] [stdout] 6  + #[derive(ConstParamTy)]
[INFO] [stdout] 7  | pub enum TextureFormat {
[INFO] [stdout]    |
[INFO] [stdout] 
[INFO] [stdout] 
[INFO] [stdout] error[E0741]: `TextureFormat` must implement `ConstParamTy` to be used as the type of a const generic parameter
[INFO] [stdout]    --> rynda-render/src/render/buffer/texture.rs:116:20
[INFO] [stdout]     |
[INFO] [stdout] 116 | impl<const FORMAT: TextureFormat> Drop for Texture<FORMAT> {
[INFO] [stdout]     |                    ^^^^^^^^^^^^^
[INFO] [stdout]     |
[INFO] [stdout] help: add `#[derive(ConstParamTy)]` to the struct
[INFO] [stdout]     |
[INFO] [stdout] 6   + #[derive(ConstParamTy)]
[INFO] [stdout] 7   | pub enum TextureFormat {
[INFO] [stdout]     |
[INFO] [stdout] 
[INFO] [stdout] 
[INFO] [stdout] error: aborting due to 4 previous errors; 1 warning emitted
[INFO] [stdout] 
[INFO] [stdout] 
[INFO] [stdout] Some errors have detailed explanations: E0554, E0741.
[INFO] [stdout] 
[INFO] [stdout] For more information about an error, try `rustc --explain E0554`.
[INFO] [stdout] 
[INFO] [stdout] error: aborting due to 4 previous errors; 1 warning emitted
[INFO] [stdout] 
[INFO] [stdout] 
[INFO] [stdout] Some errors have detailed explanations: E0554, E0741.
[INFO] [stdout] 
[INFO] [stdout] For more information about an error, try `rustc --explain E0554`.
[INFO] [stdout] 
[INFO] [stderr] error: could not compile `rynda-render` (lib) due to 5 previous errors; 1 warning emitted
[INFO] [stderr] warning: build failed, waiting for other jobs to finish...
[INFO] [stderr] error: could not document `rynda-render`
[INFO] [stderr] 
[INFO] [stderr] Caused by:
[INFO] [stderr]   process didn't exit successfully: `/opt/rustwide/rustup-home/toolchains/beta-2023-12-22-x86_64-unknown-linux-gnu/bin/rustdoc --edition=2021 --crate-type lib --crate-name rynda_render rynda-render/src/lib.rs -o /opt/rustwide/target/doc --error-format=json --json=diagnostic-rendered-ansi,artifacts,future-incompat --document-private-items -C metadata=6f830a47c06c4b18 -L dependency=/opt/rustwide/target/debug/deps --extern gl=/opt/rustwide/target/debug/deps/libgl-6c3c5cbd8be9b4e5.rmeta --extern glam=/opt/rustwide/target/debug/deps/libglam-9b0ef526f2a56fb9.rmeta --extern glfw=/opt/rustwide/target/debug/deps/libglfw-3da0cc0d66bbe511.rmeta --extern image=/opt/rustwide/target/debug/deps/libimage-8945d63130e5dd15.rmeta --extern ndarray=/opt/rustwide/target/debug/deps/libndarray-013a56d796455e17.rmeta --extern rynda_format=/opt/rustwide/target/debug/deps/librynda_format-80d4f6aea4aff0a8.rmeta --cap-lints=warn --crate-version 0.1.0` (exit status: 1)
[INFO] running `Command { std: "docker" "inspect" "418e01a33cb579db156e1f9c613c5b3aeb73c119d6ebc61e4410dd02570a6342", kill_on_drop: false }`
[INFO] running `Command { std: "docker" "rm" "-f" "418e01a33cb579db156e1f9c613c5b3aeb73c119d6ebc61e4410dd02570a6342", kill_on_drop: false }`
[INFO] [stdout] 418e01a33cb579db156e1f9c613c5b3aeb73c119d6ebc61e4410dd02570a6342
