[INFO] cloning repository https://github.com/Muresan73/esp_node
[INFO] running `Command { std: "git" "-c" "credential.helper=" "-c" "credential.helper=/workspace/cargo-home/bin/git-credential-null" "clone" "--bare" "https://github.com/Muresan73/esp_node" "/workspace/cache/git-repos/https%3A%2F%2Fgithub.com%2FMuresan73%2Fesp_node", kill_on_drop: false }`
[INFO] [stderr] Cloning into bare repository '/workspace/cache/git-repos/https%3A%2F%2Fgithub.com%2FMuresan73%2Fesp_node'...
[INFO] running `Command { std: "git" "rev-parse" "HEAD", kill_on_drop: false }`
[INFO] [stdout] f32c67fd8c897627253816f966a5a58ff19733f3
[INFO] documenting Muresan73/esp_node against 1.75.0 for beta-1.76-rustdoc-1
[INFO] running `Command { std: "git" "clone" "/workspace/cache/git-repos/https%3A%2F%2Fgithub.com%2FMuresan73%2Fesp_node" "/workspace/builds/worker-4-tc1/source", kill_on_drop: false }`
[INFO] [stderr] Cloning into '/workspace/builds/worker-4-tc1/source'...
[INFO] [stderr] done.
[INFO] validating manifest of git repo https://github.com/Muresan73/esp_node on toolchain 1.75.0
[INFO] running `Command { std: CARGO_HOME="/workspace/cargo-home" RUSTUP_HOME="/workspace/rustup-home" "/workspace/cargo-home/bin/cargo" "+1.75.0" "metadata" "--manifest-path" "Cargo.toml" "--no-deps", kill_on_drop: false }`
[INFO] removed /workspace/builds/worker-4-tc1/source/.cargo/config.toml
[INFO] removed /workspace/builds/worker-4-tc1/source/rust-toolchain.toml
[INFO] started tweaking git repo https://github.com/Muresan73/esp_node
[INFO] finished tweaking git repo https://github.com/Muresan73/esp_node
[INFO] tweaked toml for git repo https://github.com/Muresan73/esp_node written to /workspace/builds/worker-4-tc1/source/Cargo.toml
[INFO] crate git repo https://github.com/Muresan73/esp_node already has a lockfile, it will not be regenerated
[INFO] running `Command { std: CARGO_HOME="/workspace/cargo-home" RUSTUP_HOME="/workspace/rustup-home" "/workspace/cargo-home/bin/cargo" "+1.75.0" "fetch" "--manifest-path" "Cargo.toml", kill_on_drop: false }`
[INFO] [stderr]     Updating crates.io index
[INFO] [stderr]     Updating git repository `https://github.com/esp-rs/esp-wifi/`
[INFO] [stderr]  Downloading crates ...
[INFO] [stderr]   Downloaded xtensa-lx-rt v0.16.0
[INFO] [stderr]   Downloaded atomic-pool v1.0.1
[INFO] [stderr]   Downloaded xtensa-lx-rt-proc-macros v0.2.1
[INFO] [stderr]   Downloaded esp32s2-hal v0.12.0
[INFO] [stderr]   Downloaded riscv-rt-macros v0.2.0
[INFO] [stderr]   Downloaded embedded-hal-async v1.0.0-rc.1
[INFO] [stderr]   Downloaded xtensa-atomic-emulation-trap v0.4.0
[INFO] [stderr]   Downloaded embassy-macros v0.2.1
[INFO] [stderr]   Downloaded toml-cfg v0.1.3
[INFO] [stderr]   Downloaded embedded-nal-async v0.4.0
[INFO] [stderr]   Downloaded static_cell v1.2.0
[INFO] [stderr]   Downloaded esp-hal-procmacros v0.6.1
[INFO] [stderr]   Downloaded esp-riscv-rt v0.5.0
[INFO] [stderr]   Downloaded minijinja v1.0.8
[INFO] [stderr]   Downloaded embassy-sync v0.3.0
[INFO] [stderr]   Downloaded esp32c3-hal v0.12.0
[INFO] [stderr]   Downloaded esp32s3-hal v0.12.0
[INFO] [stderr]   Downloaded esp32c2 v0.14.0
[INFO] [stderr]   Downloaded esp32s2 v0.17.0
[INFO] [stderr]   Downloaded core-isa-parser v0.2.0
[INFO] [stderr]   Downloaded esp32s3 v0.21.0
[INFO] [stderr]   Downloaded esp32c2-hal v0.10.0
[INFO] [stderr]   Downloaded esp32c6-hal v0.5.0
[INFO] [stderr]   Downloaded embassy-executor v0.3.0
[INFO] [stderr]   Downloaded embassy-net-driver v0.1.0
[INFO] [stderr]   Downloaded embassy-time v0.1.3
[INFO] [stderr]   Downloaded bme280-rs v0.1.0
[INFO] [stderr]   Downloaded esp-backtrace v0.8.0
[INFO] [stderr]   Downloaded esp-hal-common v0.12.0
[INFO] [stderr]   Downloaded smoltcp v0.10.0
[INFO] [stderr]   Downloaded esp-synopsys-usb-otg v0.3.2
[INFO] [stderr]   Downloaded esp-println v0.6.0
[INFO] [stderr]   Downloaded embassy-net v0.1.0
[INFO] [stderr]   Downloaded esp32-hal v0.15.0
[INFO] [stderr]   Downloaded embedded-hal-nb v1.0.0-rc.1
[INFO] [stderr]   Downloaded linked_list_allocator v0.10.5
[INFO] [stderr]   Downloaded riscv-atomic-emulation-trap v0.4.1
[INFO] [stderr]   Downloaded esp32 v0.26.0
[INFO] [stderr]   Downloaded esp32c6 v0.7.0
[INFO] [stderr]   Downloaded esp32c3 v0.17.0
[INFO] running `Command { std: "docker" "create" "-v" "/var/lib/crater-agent-workspace/builds/worker-4-tc1/target:/opt/rustwide/target:rw,Z" "-v" "/var/lib/crater-agent-workspace/builds/worker-4-tc1/source:/opt/rustwide/workdir:ro,Z" "-v" "/var/lib/crater-agent-workspace/cargo-home:/opt/rustwide/cargo-home:ro,Z" "-v" "/var/lib/crater-agent-workspace/rustup-home:/opt/rustwide/rustup-home:ro,Z" "-e" "SOURCE_DIR=/opt/rustwide/workdir" "-e" "CARGO_TARGET_DIR=/opt/rustwide/target" "-e" "CARGO_HOME=/opt/rustwide/cargo-home" "-e" "RUSTUP_HOME=/opt/rustwide/rustup-home" "-w" "/opt/rustwide/workdir" "-m" "1610612736" "--user" "0:0" "--network" "none" "ghcr.io/rust-lang/crates-build-env/linux@sha256:2788e3201cd34a07e3172128adcd8b3090168a8e3bcc40d7c032b9dda1df7d1c" "/opt/rustwide/cargo-home/bin/cargo" "+1.75.0" "metadata" "--no-deps" "--format-version=1", kill_on_drop: false }`
[INFO] [stdout] b95edad4abdcf3e2d61df3479993a14d8404b2946e3d1b2b76aed30a84669e31
[INFO] running `Command { std: "docker" "start" "-a" "b95edad4abdcf3e2d61df3479993a14d8404b2946e3d1b2b76aed30a84669e31", kill_on_drop: false }`
[INFO] running `Command { std: "docker" "inspect" "b95edad4abdcf3e2d61df3479993a14d8404b2946e3d1b2b76aed30a84669e31", kill_on_drop: false }`
[INFO] running `Command { std: "docker" "rm" "-f" "b95edad4abdcf3e2d61df3479993a14d8404b2946e3d1b2b76aed30a84669e31", kill_on_drop: false }`
[INFO] [stdout] b95edad4abdcf3e2d61df3479993a14d8404b2946e3d1b2b76aed30a84669e31
[INFO] running `Command { std: "docker" "create" "-v" "/var/lib/crater-agent-workspace/builds/worker-4-tc1/target:/opt/rustwide/target:rw,Z" "-v" "/var/lib/crater-agent-workspace/builds/worker-4-tc1/source:/opt/rustwide/workdir:ro,Z" "-v" "/var/lib/crater-agent-workspace/cargo-home:/opt/rustwide/cargo-home:ro,Z" "-v" "/var/lib/crater-agent-workspace/rustup-home:/opt/rustwide/rustup-home:ro,Z" "-e" "SOURCE_DIR=/opt/rustwide/workdir" "-e" "CARGO_TARGET_DIR=/opt/rustwide/target" "-e" "CARGO_INCREMENTAL=0" "-e" "RUST_BACKTRACE=full" "-e" "RUSTFLAGS=--cap-lints=warn" "-e" "RUSTDOCFLAGS=--cap-lints=warn" "-e" "CARGO_HOME=/opt/rustwide/cargo-home" "-e" "RUSTUP_HOME=/opt/rustwide/rustup-home" "-w" "/opt/rustwide/workdir" "-m" "1610612736" "--user" "0:0" "--network" "none" "ghcr.io/rust-lang/crates-build-env/linux@sha256:2788e3201cd34a07e3172128adcd8b3090168a8e3bcc40d7c032b9dda1df7d1c" "/opt/rustwide/cargo-home/bin/cargo" "+1.75.0" "doc" "--frozen" "--no-deps" "--document-private-items" "--message-format=json", kill_on_drop: false }`
[INFO] [stdout] b6b66650af913a1f2e9aa92947f88a1631c055728804eedafeea062256e49663
[INFO] running `Command { std: "docker" "start" "-a" "b6b66650af913a1f2e9aa92947f88a1631c055728804eedafeea062256e49663", kill_on_drop: false }`
[INFO] [stderr]    Compiling proc-macro2 v1.0.67
[INFO] [stderr]    Compiling unicode-ident v1.0.12
[INFO] [stderr]    Compiling autocfg v1.1.0
[INFO] [stderr]    Compiling semver v1.0.18
[INFO] [stderr]     Checking scopeguard v1.2.0
[INFO] [stderr]     Checking stable_deref_trait v1.2.0
[INFO] [stderr]    Compiling syn v1.0.109
[INFO] [stderr]    Compiling version_check v0.9.4
[INFO] [stderr]    Compiling strsim v0.10.0
[INFO] [stderr]    Compiling ident_case v1.0.1
[INFO] [stderr]    Compiling fnv v1.0.7
[INFO] [stderr]    Compiling serde v1.0.188
[INFO] [stderr]     Checking critical-section v1.1.2
[INFO] [stderr]     Checking byteorder v1.4.3
[INFO] [stderr]     Checking nb v1.1.0
[INFO] [stderr]    Compiling futures-core v0.3.28
[INFO] [stderr]    Compiling heck v0.4.1
[INFO] [stderr]    Compiling anyhow v1.0.75
[INFO] [stderr]    Compiling rustversion v1.0.14
[INFO] [stderr]    Compiling futures-task v0.3.28
[INFO] [stderr]    Compiling memchr v2.6.3
[INFO] [stderr]     Checking futures-sink v0.3.28
[INFO] [stderr]    Compiling atomic-polyfill v1.0.3
[INFO] [stderr]    Compiling futures-util v0.3.28
[INFO] [stderr]     Checking hash32 v0.2.1
[INFO] [stderr]     Checking pin-project-lite v0.2.13
[INFO] [stderr]    Compiling regex-syntax v0.7.5
[INFO] [stderr]     Checking pin-utils v0.1.0
[INFO] [stderr]     Checking nb v0.1.3
[INFO] [stderr]     Checking embedded-hal v1.0.0-rc.1
[INFO] [stderr]    Compiling xtensa-lx v0.8.0
[INFO] [stderr]     Checking void v1.0.2
[INFO] [stderr]     Checking cfg-if v1.0.0
[INFO] [stderr]    Compiling lock_api v0.4.10
[INFO] [stderr]    Compiling typenum v1.17.0
[INFO] [stderr]    Compiling proc-macro-error-attr v1.0.4
[INFO] [stderr]     Checking embedded-hal v0.2.7
[INFO] [stderr]    Compiling strum v0.24.1
[INFO] [stderr]    Compiling hashbrown v0.14.0
[INFO] [stderr]    Compiling equivalent v1.0.1
[INFO] [stderr]     Checking embedded-io v0.4.0
[INFO] [stderr]     Checking embedded-hal-async v1.0.0-rc.1
[INFO] [stderr]    Compiling proc-macro-error v1.0.4
[INFO] [stderr]     Checking bare-metal v1.0.0
[INFO] [stdout] error[E0554]: `#![feature]` may not be used on the stable release channel
[INFO] [stdout]  --> /opt/rustwide/cargo-home/registry/src/index.crates.io-6f17d22bba15001f/embedded-hal-async-1.0.0-rc.1/src/lib.rs:4:1
[INFO] [stdout]   |
[INFO] [stdout] 4 | #![feature(async_fn_in_trait, impl_trait_projections)]
[INFO] [stdout]   | ^^^^^^^^^^^^^^^^^^^^^^^^^^^^^^^^^^^^^^^^^^^^^^^^^^^^^^ help: remove the attribute
[INFO] [stdout]   |
[INFO] [stdout]   = help: the feature `impl_trait_projections` has been stable since `1.74.0` and no longer requires an attribute to enable
[INFO] [stdout]   = help: the feature `impl_trait_projections` has been stable since `1.74.0` and no longer requires an attribute to enable
[INFO] [stdout] 
[INFO] [stdout] 
[INFO] [stdout] error[E0554]: `#![feature]` may not be used on the stable release channel
[INFO] [stdout]  --> /opt/rustwide/cargo-home/registry/src/index.crates.io-6f17d22bba15001f/embedded-io-0.4.0/src/lib.rs:2:32
[INFO] [stdout]   |
[INFO] [stdout] 2 | #![cfg_attr(feature = "async", feature(async_fn_in_trait, impl_trait_projections))]
[INFO] [stdout]   |                                ^^^^^^^^^^^^^^^^^^^^^^^^^^^^^^^^^^^^^^^^^^^^^^^^^^ help: remove the attribute
[INFO] [stdout]   |
[INFO] [stdout]   = help: the feature `impl_trait_projections` has been stable since `1.74.0` and no longer requires an attribute to enable
[INFO] [stdout]   = help: the feature `impl_trait_projections` has been stable since `1.74.0` and no longer requires an attribute to enable
[INFO] [stdout] 
[INFO] [stdout] 
[INFO] [stderr]    Compiling winnow v0.5.15
[INFO] [stderr]     Checking log v0.4.20
[INFO] [stdout] error: aborting due to previous error
[INFO] [stdout] 
[INFO] [stdout] 
[INFO] [stdout] For more information about this error, try `rustc --explain E0554`.
[INFO] [stdout] 
[INFO] [stderr] error: could not compile `embedded-io` (lib) due to 2 previous errors
[INFO] [stderr] warning: build failed, waiting for other jobs to finish...
[INFO] [stdout] error: aborting due to previous error
[INFO] [stdout] 
[INFO] [stdout] 
[INFO] [stdout] For more information about this error, try `rustc --explain E0554`.
[INFO] [stdout] 
[INFO] [stderr] error: could not compile `embedded-hal-async` (lib) due to 2 previous errors
[INFO] running `Command { std: "docker" "inspect" "b6b66650af913a1f2e9aa92947f88a1631c055728804eedafeea062256e49663", kill_on_drop: false }`
[INFO] running `Command { std: "docker" "rm" "-f" "b6b66650af913a1f2e9aa92947f88a1631c055728804eedafeea062256e49663", kill_on_drop: false }`
[INFO] [stdout] b6b66650af913a1f2e9aa92947f88a1631c055728804eedafeea062256e49663
[INFO] documenting Muresan73/esp_node against beta-2023-12-22 for beta-1.76-rustdoc-1
[INFO] running `Command { std: "git" "clone" "/workspace/cache/git-repos/https%3A%2F%2Fgithub.com%2FMuresan73%2Fesp_node" "/workspace/builds/worker-4-tc2/source", kill_on_drop: false }`
[INFO] [stderr] Cloning into '/workspace/builds/worker-4-tc2/source'...
[INFO] [stderr] done.
[INFO] validating manifest of git repo https://github.com/Muresan73/esp_node on toolchain beta-2023-12-22
[INFO] running `Command { std: CARGO_HOME="/workspace/cargo-home" RUSTUP_HOME="/workspace/rustup-home" "/workspace/cargo-home/bin/cargo" "+beta-2023-12-22" "metadata" "--manifest-path" "Cargo.toml" "--no-deps", kill_on_drop: false }`
[INFO] removed /workspace/builds/worker-4-tc2/source/.cargo/config.toml
[INFO] removed /workspace/builds/worker-4-tc2/source/rust-toolchain.toml
[INFO] started tweaking git repo https://github.com/Muresan73/esp_node
[INFO] finished tweaking git repo https://github.com/Muresan73/esp_node
[INFO] tweaked toml for git repo https://github.com/Muresan73/esp_node written to /workspace/builds/worker-4-tc2/source/Cargo.toml
[INFO] crate git repo https://github.com/Muresan73/esp_node already has a lockfile, it will not be regenerated
[INFO] running `Command { std: CARGO_HOME="/workspace/cargo-home" RUSTUP_HOME="/workspace/rustup-home" "/workspace/cargo-home/bin/cargo" "+beta-2023-12-22" "fetch" "--manifest-path" "Cargo.toml", kill_on_drop: false }`
[INFO] running `Command { std: "docker" "create" "-v" "/var/lib/crater-agent-workspace/builds/worker-4-tc2/target:/opt/rustwide/target:rw,Z" "-v" "/var/lib/crater-agent-workspace/builds/worker-4-tc2/source:/opt/rustwide/workdir:ro,Z" "-v" "/var/lib/crater-agent-workspace/cargo-home:/opt/rustwide/cargo-home:ro,Z" "-v" "/var/lib/crater-agent-workspace/rustup-home:/opt/rustwide/rustup-home:ro,Z" "-e" "SOURCE_DIR=/opt/rustwide/workdir" "-e" "CARGO_TARGET_DIR=/opt/rustwide/target" "-e" "CARGO_HOME=/opt/rustwide/cargo-home" "-e" "RUSTUP_HOME=/opt/rustwide/rustup-home" "-w" "/opt/rustwide/workdir" "-m" "1610612736" "--user" "0:0" "--network" "none" "ghcr.io/rust-lang/crates-build-env/linux@sha256:2788e3201cd34a07e3172128adcd8b3090168a8e3bcc40d7c032b9dda1df7d1c" "/opt/rustwide/cargo-home/bin/cargo" "+beta-2023-12-22" "metadata" "--no-deps" "--format-version=1", kill_on_drop: false }`
[INFO] [stdout] 9712cf7571a00e52dbe65448bb81f6b66fa1d8c9c3dd548e2bca94588d2c1832
[INFO] running `Command { std: "docker" "start" "-a" "9712cf7571a00e52dbe65448bb81f6b66fa1d8c9c3dd548e2bca94588d2c1832", kill_on_drop: false }`
[INFO] running `Command { std: "docker" "inspect" "9712cf7571a00e52dbe65448bb81f6b66fa1d8c9c3dd548e2bca94588d2c1832", kill_on_drop: false }`
[INFO] running `Command { std: "docker" "rm" "-f" "9712cf7571a00e52dbe65448bb81f6b66fa1d8c9c3dd548e2bca94588d2c1832", kill_on_drop: false }`
[INFO] [stdout] 9712cf7571a00e52dbe65448bb81f6b66fa1d8c9c3dd548e2bca94588d2c1832
[INFO] running `Command { std: "docker" "create" "-v" "/var/lib/crater-agent-workspace/builds/worker-4-tc2/target:/opt/rustwide/target:rw,Z" "-v" "/var/lib/crater-agent-workspace/builds/worker-4-tc2/source:/opt/rustwide/workdir:ro,Z" "-v" "/var/lib/crater-agent-workspace/cargo-home:/opt/rustwide/cargo-home:ro,Z" "-v" "/var/lib/crater-agent-workspace/rustup-home:/opt/rustwide/rustup-home:ro,Z" "-e" "SOURCE_DIR=/opt/rustwide/workdir" "-e" "CARGO_TARGET_DIR=/opt/rustwide/target" "-e" "CARGO_INCREMENTAL=0" "-e" "RUST_BACKTRACE=full" "-e" "RUSTFLAGS=--cap-lints=warn" "-e" "RUSTDOCFLAGS=--cap-lints=warn" "-e" "CARGO_HOME=/opt/rustwide/cargo-home" "-e" "RUSTUP_HOME=/opt/rustwide/rustup-home" "-w" "/opt/rustwide/workdir" "-m" "1610612736" "--user" "0:0" "--network" "none" "ghcr.io/rust-lang/crates-build-env/linux@sha256:2788e3201cd34a07e3172128adcd8b3090168a8e3bcc40d7c032b9dda1df7d1c" "/opt/rustwide/cargo-home/bin/cargo" "+beta-2023-12-22" "doc" "--frozen" "--no-deps" "--document-private-items" "--message-format=json", kill_on_drop: false }`
[INFO] [stdout] 6f64fedc40109aebbfa9e7ea6b246ad70a8f1224b25f522dadd8a45df9c6470d
[INFO] running `Command { std: "docker" "start" "-a" "6f64fedc40109aebbfa9e7ea6b246ad70a8f1224b25f522dadd8a45df9c6470d", kill_on_drop: false }`
[INFO] [stderr]    Compiling proc-macro2 v1.0.67
[INFO] [stderr]    Compiling unicode-ident v1.0.12
[INFO] [stderr]    Compiling autocfg v1.1.0
[INFO] [stderr]    Compiling semver v1.0.18
[INFO] [stderr]     Checking stable_deref_trait v1.2.0
[INFO] [stderr]     Checking scopeguard v1.2.0
[INFO] [stderr]    Compiling syn v1.0.109
[INFO] [stderr]    Compiling version_check v0.9.4
[INFO] [stderr]    Compiling fnv v1.0.7
[INFO] [stderr]    Compiling strsim v0.10.0
[INFO] [stderr]    Compiling ident_case v1.0.1
[INFO] [stderr]    Compiling serde v1.0.188
[INFO] [stderr]     Checking critical-section v1.1.2
[INFO] [stderr]     Checking nb v1.1.0
[INFO] [stderr]     Checking byteorder v1.4.3
[INFO] [stderr]    Compiling heck v0.4.1
[INFO] [stderr]    Compiling rustversion v1.0.14
[INFO] [stderr]    Compiling anyhow v1.0.75
[INFO] [stderr]    Compiling futures-core v0.3.28
[INFO] [stderr]    Compiling futures-task v0.3.28
[INFO] [stderr]    Compiling futures-util v0.3.28
[INFO] [stderr]    Compiling memchr v2.6.3
[INFO] [stderr]    Compiling atomic-polyfill v1.0.3
[INFO] [stderr]     Checking hash32 v0.2.1
[INFO] [stderr]     Checking futures-sink v0.3.28
[INFO] [stderr]    Compiling regex-syntax v0.7.5
[INFO] [stderr]     Checking pin-project-lite v0.2.13
[INFO] [stderr]     Checking pin-utils v0.1.0
[INFO] [stderr]     Checking nb v0.1.3
[INFO] [stderr]     Checking embedded-hal v1.0.0-rc.1
[INFO] [stderr]    Compiling typenum v1.17.0
[INFO] [stderr]     Checking void v1.0.2
[INFO] [stderr]    Compiling xtensa-lx v0.8.0
[INFO] [stderr]    Compiling lock_api v0.4.10
[INFO] [stderr]     Checking cfg-if v1.0.0
[INFO] [stderr]    Compiling proc-macro-error-attr v1.0.4
[INFO] [stderr]    Compiling equivalent v1.0.1
[INFO] [stderr]     Checking embedded-io v0.4.0
[INFO] [stderr]    Compiling hashbrown v0.14.0
[INFO] [stderr]     Checking embedded-hal v0.2.7
[INFO] [stderr]    Compiling strum v0.24.1
[INFO] [stdout] error[E0554]: `#![feature]` may not be used on the beta release channel
[INFO] [stdout]  --> /opt/rustwide/cargo-home/registry/src/index.crates.io-6f17d22bba15001f/embedded-io-0.4.0/src/lib.rs:2:32
[INFO] [stdout]   |
[INFO] [stdout] 2 | #![cfg_attr(feature = "async", feature(async_fn_in_trait, impl_trait_projections))]
[INFO] [stdout]   |                                ^^^^^^^^^^^^^^^^^^^^^^^^^^^^^^^^^^^^^^^^^^^^^^^^^^ help: remove the attribute
[INFO] [stdout]   |
[INFO] [stdout]   = help: the feature `impl_trait_projections` has been stable since `1.74.0` and no longer requires an attribute to enable
[INFO] [stdout]   = help: the feature `impl_trait_projections` has been stable since `1.74.0` and no longer requires an attribute to enable
[INFO] [stdout] 
[INFO] [stdout] 
[INFO] [stderr]    Compiling proc-macro-error v1.0.4
[INFO] [stderr]     Checking embedded-hal-async v1.0.0-rc.1
[INFO] [stderr]     Checking log v0.4.20
[INFO] [stdout] error: aborting due to 1 previous error
[INFO] [stdout] 
[INFO] [stdout] 
[INFO] [stdout] For more information about this error, try `rustc --explain E0554`.
[INFO] [stdout] 
[INFO] [stderr] error: could not compile `embedded-io` (lib) due to 2 previous errors
[INFO] [stderr] warning: build failed, waiting for other jobs to finish...
[INFO] [stdout] error[E0554]: `#![feature]` may not be used on the beta release channel
[INFO] [stdout]  --> /opt/rustwide/cargo-home/registry/src/index.crates.io-6f17d22bba15001f/embedded-hal-async-1.0.0-rc.1/src/lib.rs:4:1
[INFO] [stdout]   |
[INFO] [stdout] 4 | #![feature(async_fn_in_trait, impl_trait_projections)]
[INFO] [stdout]   | ^^^^^^^^^^^^^^^^^^^^^^^^^^^^^^^^^^^^^^^^^^^^^^^^^^^^^^ help: remove the attribute
[INFO] [stdout]   |
[INFO] [stdout]   = help: the feature `impl_trait_projections` has been stable since `1.74.0` and no longer requires an attribute to enable
[INFO] [stdout]   = help: the feature `impl_trait_projections` has been stable since `1.74.0` and no longer requires an attribute to enable
[INFO] [stdout] 
[INFO] [stdout] 
[INFO] [stdout] error: aborting due to 1 previous error
[INFO] [stdout] 
[INFO] [stdout] 
[INFO] [stdout] For more information about this error, try `rustc --explain E0554`.
[INFO] [stdout] 
[INFO] [stderr] error: could not compile `embedded-hal-async` (lib) due to 2 previous errors
[INFO] running `Command { std: "docker" "inspect" "6f64fedc40109aebbfa9e7ea6b246ad70a8f1224b25f522dadd8a45df9c6470d", kill_on_drop: false }`
[INFO] running `Command { std: "docker" "rm" "-f" "6f64fedc40109aebbfa9e7ea6b246ad70a8f1224b25f522dadd8a45df9c6470d", kill_on_drop: false }`
[INFO] [stdout] 6f64fedc40109aebbfa9e7ea6b246ad70a8f1224b25f522dadd8a45df9c6470d
