[INFO] cloning repository https://github.com/Multimo/zero-to-production
[INFO] running `Command { std: "git" "-c" "credential.helper=" "-c" "credential.helper=/workspace/cargo-home/bin/git-credential-null" "clone" "--bare" "https://github.com/Multimo/zero-to-production" "/workspace/cache/git-repos/https%3A%2F%2Fgithub.com%2FMultimo%2Fzero-to-production", kill_on_drop: false }`
[INFO] [stderr] Cloning into bare repository '/workspace/cache/git-repos/https%3A%2F%2Fgithub.com%2FMultimo%2Fzero-to-production'...
[INFO] running `Command { std: "git" "rev-parse" "HEAD", kill_on_drop: false }`
[INFO] [stdout] f4c503d7aebbf1eb930762e8d7857331ccae4b73
[INFO] documenting Multimo/zero-to-production against 1.75.0 for beta-1.76-rustdoc-1
[INFO] running `Command { std: "git" "clone" "/workspace/cache/git-repos/https%3A%2F%2Fgithub.com%2FMultimo%2Fzero-to-production" "/workspace/builds/worker-0-tc1/source", kill_on_drop: false }`
[INFO] [stderr] Cloning into '/workspace/builds/worker-0-tc1/source'...
[INFO] [stderr] done.
[INFO] validating manifest of git repo https://github.com/Multimo/zero-to-production on toolchain 1.75.0
[INFO] running `Command { std: CARGO_HOME="/workspace/cargo-home" RUSTUP_HOME="/workspace/rustup-home" "/workspace/cargo-home/bin/cargo" "+1.75.0" "metadata" "--manifest-path" "Cargo.toml" "--no-deps", kill_on_drop: false }`
[INFO] started tweaking git repo https://github.com/Multimo/zero-to-production
[INFO] finished tweaking git repo https://github.com/Multimo/zero-to-production
[INFO] tweaked toml for git repo https://github.com/Multimo/zero-to-production written to /workspace/builds/worker-0-tc1/source/Cargo.toml
[INFO] crate git repo https://github.com/Multimo/zero-to-production already has a lockfile, it will not be regenerated
[INFO] running `Command { std: CARGO_HOME="/workspace/cargo-home" RUSTUP_HOME="/workspace/rustup-home" "/workspace/cargo-home/bin/cargo" "+1.75.0" "fetch" "--manifest-path" "Cargo.toml", kill_on_drop: false }`
[INFO] [stderr]     Updating crates.io index
[INFO] [stderr]  Downloading crates ...
[INFO] [stderr]   Downloaded axum-test-helper v0.3.0
[INFO] running `Command { std: "docker" "create" "-v" "/var/lib/crater-agent-workspace/builds/worker-0-tc1/target:/opt/rustwide/target:rw,Z" "-v" "/var/lib/crater-agent-workspace/builds/worker-0-tc1/source:/opt/rustwide/workdir:ro,Z" "-v" "/var/lib/crater-agent-workspace/cargo-home:/opt/rustwide/cargo-home:ro,Z" "-v" "/var/lib/crater-agent-workspace/rustup-home:/opt/rustwide/rustup-home:ro,Z" "-e" "SOURCE_DIR=/opt/rustwide/workdir" "-e" "CARGO_TARGET_DIR=/opt/rustwide/target" "-e" "CARGO_HOME=/opt/rustwide/cargo-home" "-e" "RUSTUP_HOME=/opt/rustwide/rustup-home" "-w" "/opt/rustwide/workdir" "-m" "1610612736" "--user" "0:0" "--network" "none" "ghcr.io/rust-lang/crates-build-env/linux@sha256:2788e3201cd34a07e3172128adcd8b3090168a8e3bcc40d7c032b9dda1df7d1c" "/opt/rustwide/cargo-home/bin/cargo" "+1.75.0" "metadata" "--no-deps" "--format-version=1", kill_on_drop: false }`
[INFO] [stdout] 4ed19b6ba83dfb95732e763ff1faf745d2091f504fb1c0cdccaee11f30c73b1e
[INFO] running `Command { std: "docker" "start" "-a" "4ed19b6ba83dfb95732e763ff1faf745d2091f504fb1c0cdccaee11f30c73b1e", kill_on_drop: false }`
[INFO] running `Command { std: "docker" "inspect" "4ed19b6ba83dfb95732e763ff1faf745d2091f504fb1c0cdccaee11f30c73b1e", kill_on_drop: false }`
[INFO] running `Command { std: "docker" "rm" "-f" "4ed19b6ba83dfb95732e763ff1faf745d2091f504fb1c0cdccaee11f30c73b1e", kill_on_drop: false }`
[INFO] [stdout] 4ed19b6ba83dfb95732e763ff1faf745d2091f504fb1c0cdccaee11f30c73b1e
[INFO] running `Command { std: "docker" "create" "-v" "/var/lib/crater-agent-workspace/builds/worker-0-tc1/target:/opt/rustwide/target:rw,Z" "-v" "/var/lib/crater-agent-workspace/builds/worker-0-tc1/source:/opt/rustwide/workdir:ro,Z" "-v" "/var/lib/crater-agent-workspace/cargo-home:/opt/rustwide/cargo-home:ro,Z" "-v" "/var/lib/crater-agent-workspace/rustup-home:/opt/rustwide/rustup-home:ro,Z" "-e" "SOURCE_DIR=/opt/rustwide/workdir" "-e" "CARGO_TARGET_DIR=/opt/rustwide/target" "-e" "CARGO_INCREMENTAL=0" "-e" "RUST_BACKTRACE=full" "-e" "RUSTFLAGS=--cap-lints=warn" "-e" "RUSTDOCFLAGS=--cap-lints=warn" "-e" "CARGO_HOME=/opt/rustwide/cargo-home" "-e" "RUSTUP_HOME=/opt/rustwide/rustup-home" "-w" "/opt/rustwide/workdir" "-m" "1610612736" "--user" "0:0" "--network" "none" "ghcr.io/rust-lang/crates-build-env/linux@sha256:2788e3201cd34a07e3172128adcd8b3090168a8e3bcc40d7c032b9dda1df7d1c" "/opt/rustwide/cargo-home/bin/cargo" "+1.75.0" "doc" "--frozen" "--no-deps" "--document-private-items" "--message-format=json", kill_on_drop: false }`
[INFO] [stdout] 2b291186a473816ee80587d4d939fab172ba597c52a726ca8587e88532a6efec
[INFO] running `Command { std: "docker" "start" "-a" "2b291186a473816ee80587d4d939fab172ba597c52a726ca8587e88532a6efec", kill_on_drop: false }`
[INFO] [stderr] warning: output filename collision.
[INFO] [stderr] The bin target `zero_to_production` in package `zero-to-production v0.1.0 (/opt/rustwide/workdir)` has the same output filename as the lib target `zero-to-production` in package `zero-to-production v0.1.0 (/opt/rustwide/workdir)`.
[INFO] [stderr] Colliding filename is: /opt/rustwide/target/doc/zero_to_production/index.html
[INFO] [stderr] The output filenames should be unique.
[INFO] [stderr] This is a known bug where multiple crates with the same name use
[INFO] [stderr] the same path; see <https://github.com/rust-lang/cargo/issues/6313>.
[INFO] [stderr] If this looks unexpected, it may be a bug in Cargo. Please file a bug report at
[INFO] [stderr] https://github.com/rust-lang/cargo/issues/ with as much information as you
[INFO] [stderr] can provide.
[INFO] [stderr] cargo 1.75.0 (1d8b05cdd 2023-11-20) running on `x86_64-unknown-linux-gnu` target `x86_64-unknown-linux-gnu`
[INFO] [stderr] First unit: Unit { pkg: Package { id: PackageId { name: "zero-to-production", version: "0.1.0", source: "/opt/rustwide/workdir" }, ..: ".." }, target: TargetInner { name: "zero_to_production", doc: true, ..: with_path("/opt/rustwide/workdir/src/main.rs", Edition2021) }, profile: Profile { incremental: false, ..: default_dev() }, kind: Host, mode: Doc { deps: false }, features: [], artifact: false, artifact_target_for_features: None, is_std: false, dep_hash: 17466803202485144717 }
[INFO] [stderr] Second unit: Unit { pkg: Package { id: PackageId { name: "zero-to-production", version: "0.1.0", source: "/opt/rustwide/workdir" }, ..: ".." }, target: TargetInner { ..: lib_target("zero-to-production", ["lib"], "/opt/rustwide/workdir/src/lib.rs", Edition2021) }, profile: Profile { incremental: false, ..: default_dev() }, kind: Host, mode: Doc { deps: false }, features: [], artifact: false, artifact_target_for_features: None, is_std: false, dep_hash: 9031354078284906643 }
[INFO] [stderr]    Compiling proc-macro2 v1.0.69
[INFO] [stderr]    Compiling unicode-ident v1.0.8
[INFO] [stderr]    Compiling libc v0.2.149
[INFO] [stderr]     Checking once_cell v1.17.1
[INFO] [stderr]    Compiling memchr v2.5.0
[INFO] [stderr]    Compiling cc v1.0.79
[INFO] [stderr]    Compiling serde_derive v1.0.162
[INFO] [stderr]    Compiling futures-core v0.3.28
[INFO] [stderr]    Compiling serde v1.0.162
[INFO] [stderr]    Compiling lock_api v0.4.9
[INFO] [stderr]    Compiling parking_lot_core v0.9.7
[INFO] [stderr]    Compiling log v0.4.17
[INFO] [stderr]    Compiling slab v0.4.8
[INFO] [stderr]    Compiling futures-task v0.3.28
[INFO] [stderr]    Compiling quote v1.0.33
[INFO] [stderr]     Checking pin-project-lite v0.2.9
[INFO] [stderr]    Compiling futures-util v0.3.28
[INFO] [stderr]     Checking bytes v1.4.0
[INFO] [stderr]     Checking getrandom v0.2.10
[INFO] [stderr]    Compiling syn v2.0.38
[INFO] [stderr]     Checking smallvec v1.10.0
[INFO] [stderr]     Checking scopeguard v1.1.0
[INFO] [stderr]    Compiling thiserror v1.0.49
[INFO] [stderr]    Compiling ring v0.16.20
[INFO] [stderr]     Checking tracing-core v0.1.30
[INFO] [stderr]    Compiling ahash v0.8.3
[INFO] [stderr]     Checking itoa v1.0.6
[INFO] [stderr]     Checking parking_lot v0.12.1
[INFO] [stderr]    Compiling tokio v1.27.0
[INFO] [stderr]     Checking futures-sink v0.3.28
[INFO] [stderr]     Checking socket2 v0.4.9
[INFO] [stderr]     Checking signal-hook-registry v1.4.1
[INFO] [stderr]     Checking num_cpus v1.15.0
[INFO] [stderr]     Checking mio v0.8.6
[INFO] [stderr]    Compiling num-traits v0.2.17
[INFO] [stderr]    Compiling serde_json v1.0.96
[INFO] [stderr]    Compiling ahash v0.7.6
[INFO] [stderr]     Checking futures-io v0.3.28
[INFO] [stderr]    Compiling crossbeam-utils v0.8.16
[INFO] [stderr]    Compiling subtle v2.5.0
[INFO] [stderr]    Compiling pkg-config v0.3.26
[INFO] [stderr]    Compiling digest v0.10.7
[INFO] [stderr]    Compiling tinyvec_macros v0.1.1
[INFO] [stderr]     Checking hashbrown v0.12.3
[INFO] [stderr]    Compiling untrusted v0.7.1
[INFO] [stderr]    Compiling spin v0.5.2
[INFO] [stderr]    Compiling syn v1.0.109
[INFO] [stderr]    Compiling futures-channel v0.3.28
[INFO] [stderr]    Compiling crossbeam-queue v0.3.8
[INFO] [stderr]    Compiling openssl-sys v0.9.87
[INFO] [stderr]     Checking fnv v1.0.7
[INFO] [stderr]    Compiling rustls v0.21.7
[INFO] [stderr]     Checking http v0.2.9
[INFO] [stderr]     Checking tinyvec v1.6.0
[INFO] [stderr]     Checking crypto-common v0.1.6
[INFO] [stderr]     Checking percent-encoding v2.2.0
[INFO] [stderr]     Checking bitflags v1.3.2
[INFO] [stderr]    Compiling rustversion v1.0.12
[INFO] [stderr]     Checking ryu v1.0.13
[INFO] [stderr]     Checking unicode-normalization v0.1.22
[INFO] [stderr]     Checking form_urlencoded v1.1.0
[INFO] [stderr]    Compiling unicase v2.6.0
[INFO] [stderr]    Compiling indexmap v1.9.3
[INFO] [stderr]     Checking unicode-bidi v0.3.13
[INFO] [stderr]     Checking tower-service v0.3.2
[INFO] [stderr]    Compiling allocator-api2 v0.2.16
[INFO] [stderr]    Compiling rustls-webpki v0.101.6
[INFO] [stderr]    Compiling hashbrown v0.14.1
[INFO] [stderr]     Checking http-body v0.4.5
[INFO] [stderr]    Compiling openssl v0.10.52
[INFO] [stderr]    Compiling httparse v1.8.0
[INFO] [stderr]    Compiling io-lifetimes v1.0.10
[INFO] [stderr]    Compiling minimal-lexical v0.2.1
[INFO] [stderr]     Checking foreign-types-shared v0.1.1
[INFO] [stderr]    Compiling cpufeatures v0.2.9
[INFO] [stderr]    Compiling nom v7.1.3
[INFO] [stderr]     Checking foreign-types v0.3.2
[INFO] [stderr]    Compiling sct v0.7.0
[INFO] [stderr]     Checking idna v0.3.0
[INFO] [stderr]    Compiling rand_core v0.6.4
[INFO] [stderr]    Compiling unicode_categories v0.1.1
[INFO] [stderr]    Compiling tracing-attributes v0.1.27
[INFO] [stderr]    Compiling thiserror-impl v1.0.49
[INFO] [stderr]    Compiling tokio-macros v2.0.0
[INFO] [stderr]    Compiling openssl-macros v0.1.1
[INFO] [stderr]    Compiling async-trait v0.1.68
[INFO] [stderr]    Compiling iana-time-zone v0.1.57
[INFO] [stderr]    Compiling ucd-trie v0.1.6
[INFO] [stderr]     Checking base64 v0.21.0
[INFO] [stderr]    Compiling ppv-lite86 v0.2.17
[INFO] [stderr]    Compiling native-tls v0.2.11
[INFO] [stderr]    Compiling rustix v0.37.15
[INFO] [stderr]    Compiling crc-catalog v2.2.0
[INFO] [stderr]    Compiling pin-utils v0.1.0
[INFO] [stderr]     Checking try-lock v0.2.4
[INFO] [stderr]     Checking tracing v0.1.37
[INFO] [stderr]     Checking want v0.3.0
[INFO] [stderr]    Compiling pest v2.7.4
[INFO] [stderr]    Compiling crc v3.0.1
[INFO] [stderr]    Compiling rustls-pemfile v1.0.3
[INFO] [stderr]    Compiling rand_chacha v0.3.1
[INFO] [stderr]    Compiling indexmap v2.0.2
[INFO] [stderr]    Compiling tokio-stream v0.1.14
[INFO] [stderr]    Compiling chrono v0.4.31
[INFO] [stderr]    Compiling url v2.3.1
[INFO] [stderr]    Compiling futures-intrusive v0.5.0
[INFO] [stderr]     Checking tokio-util v0.7.8
[INFO] [stderr]    Compiling atoi v2.0.0
[INFO] [stderr]     Checking h2 v0.3.18
[INFO] [stderr]    Compiling sha2 v0.10.8
[INFO] [stderr]    Compiling hashlink v0.8.4
[INFO] [stderr]    Compiling webpki-roots v0.24.0
[INFO] [stderr]    Compiling hmac v0.12.1
[INFO] [stderr]     Checking openssl-probe v0.1.5
[INFO] [stderr]    Compiling uuid v1.5.0
[INFO] [stderr]    Compiling dotenvy v0.15.7
[INFO] [stderr]    Compiling linux-raw-sys v0.3.5
[INFO] [stderr]    Compiling event-listener v2.5.3
[INFO] [stderr]     Checking mime v0.3.17
[INFO] [stderr]     Checking tower-layer v0.3.2
[INFO] [stderr]    Compiling byteorder v1.5.0
[INFO] [stderr]     Checking httpdate v1.0.2
[INFO] [stderr]    Compiling finl_unicode v1.2.0
[INFO] [stderr]    Compiling mime_guess v2.0.4
[INFO] [stderr]    Compiling stringprep v0.1.4
[INFO] [stderr]    Compiling hkdf v0.12.3
[INFO] [stderr]    Compiling pest_meta v2.7.4
[INFO] [stderr]     Checking either v1.9.0
[INFO] [stderr]     Checking itertools v0.11.0
[INFO] [stderr]    Compiling rand v0.8.5
[INFO] [stderr]    Compiling pin-project-internal v1.0.12
[INFO] [stderr]     Checking hyper v0.14.26
[INFO] [stderr]    Compiling sha1 v0.10.6
[INFO] [stderr]    Compiling axum-core v0.3.4
[INFO] [stderr]    Compiling md-5 v0.10.6
[INFO] [stderr]    Compiling bitflags v2.4.1
[INFO] [stderr]    Compiling sqlformat v0.2.2
[INFO] [stderr]    Compiling whoami v1.4.1
[INFO] [stderr]     Checking equivalent v1.0.1
[INFO] [stderr]    Compiling fastrand v1.9.0
[INFO] [stderr]    Compiling home v0.5.5
[INFO] [stderr]    Compiling unicode-segmentation v1.10.1
[INFO] [stderr]    Compiling tempfile v3.5.0
[INFO] [stderr]    Compiling heck v0.4.1
[INFO] [stderr]    Compiling pest_generator v2.7.4
[INFO] [stderr]     Checking pin-project v1.0.12
[INFO] [stderr]     Checking serde_urlencoded v0.7.1
[INFO] [stderr]     Checking tokio-native-tls v0.3.1
[INFO] [stderr]    Compiling sqlx-core v0.7.2
[INFO] [stderr]    Compiling axum v0.6.16
[INFO] [stderr]     Checking dlv-list v0.3.0
[INFO] [stderr]     Checking regex-syntax v0.7.5
[INFO] [stderr]     Checking regex-syntax v0.6.29
[INFO] [stderr]     Checking ordered-multimap v0.4.3
[INFO] [stderr]    Compiling pest_derive v2.7.4
[INFO] [stderr]     Checking tower v0.4.13
[INFO] [stderr]     Checking hyper-tls v0.5.0
[INFO] [stderr]     Checking regex-automata v0.3.7
[INFO] [stderr]     Checking serde_path_to_error v0.1.11
[INFO] [stderr]     Checking regex-automata v0.1.10
[INFO] [stderr]    Compiling sqlx-postgres v0.7.2
[INFO] [stderr]     Checking encoding_rs v0.8.32
[INFO] [stderr]     Checking ipnet v2.7.2
[INFO] [stderr]     Checking overload v0.1.1
[INFO] [stderr]     Checking sync_wrapper v0.1.2
[INFO] [stderr]     Checking linked-hash-map v0.5.6
[INFO] [stderr]     Checking matchit v0.7.0
[INFO] [stderr]     Checking base64 v0.13.1
[INFO] [stderr]     Checking yaml-rust v0.4.5
[INFO] [stderr]     Checking nu-ansi-term v0.46.0
[INFO] [stderr]     Checking ron v0.7.1
[INFO] [stderr]     Checking matchers v0.1.0
[INFO] [stderr]     Checking regex v1.9.4
[INFO] [stderr]     Checking json5 v0.4.1
[INFO] [stderr]     Checking rust-ini v0.18.0
[INFO] [stderr]     Checking sharded-slab v0.1.7
[INFO] [stderr]     Checking toml v0.5.11
[INFO] [stderr]     Checking tracing-log v0.2.0
[INFO] [stderr]     Checking thread_local v1.1.7
[INFO] [stderr]     Checking reqwest v0.11.16
[INFO] [stderr]     Checking http-range-header v0.3.1
[INFO] [stderr]     Checking pathdiff v0.2.1
[INFO] [stderr]     Checking tower-http v0.4.4
[INFO] [stderr]     Checking email_address v0.2.4
[INFO] [stderr]     Checking tracing-subscriber v0.3.18
[INFO] [stderr]     Checking config v0.13.3
[INFO] [stderr]    Compiling sqlx-macros-core v0.7.2
[INFO] [stderr]    Compiling sqlx-macros v0.7.2
[INFO] [stderr]     Checking axum-test-helper v0.3.0
[INFO] [stderr]     Checking sqlx v0.7.2
[INFO] [stderr]  Documenting zero-to-production v0.1.0 (/opt/rustwide/workdir)
[INFO] [stderr]     Checking zero-to-production v0.1.0 (/opt/rustwide/workdir)
[INFO] [stdout] error: error communicating with database: Cannot assign requested address (os error 99)
[INFO] [stdout]    --> src/routes/subscriptions.rs:99:24
[INFO] [stdout]     |
[INFO] [stdout] 99  |       let query_result = sqlx::query!(
[INFO] [stdout]     |  ________________________^
[INFO] [stdout] 100 | |         r#"
[INFO] [stdout] 101 | |             INSERT INTO subscriptions (id, email, name, subscribed_at)
[INFO] [stdout] 102 | |             VALUES ($1, $2, $3, $4)
[INFO] [stdout] ...   |
[INFO] [stdout] 107 | |         Utc::now()
[INFO] [stdout] 108 | |     )
[INFO] [stdout]     | |_____^
[INFO] [stdout]     |
[INFO] [stdout]     = note: this error originates in the macro `$crate::sqlx_macros::expand_query` which comes from the expansion of the macro `sqlx::query` (in Nightly builds, run with -Z macro-backtrace for more info)
[INFO] [stdout] 
[INFO] [stdout] 
[INFO] [stdout] warning: unused import: `chrono::Utc`
[INFO] [stdout]  --> src/routes/subscriptions.rs:5:5
[INFO] [stdout]   |
[INFO] [stdout] 5 | use chrono::Utc;
[INFO] [stdout]   |     ^^^^^^^^^^^
[INFO] [stdout]   |
[INFO] [stdout]   = note: `#[warn(unused_imports)]` on by default
[INFO] [stdout] 
[INFO] [stdout] 
[INFO] [stdout] warning: unused import: `uuid::Uuid`
[INFO] [stdout]   --> src/routes/subscriptions.rs:10:5
[INFO] [stdout]    |
[INFO] [stdout] 10 | use uuid::Uuid;
[INFO] [stdout]    |     ^^^^^^^^^^
[INFO] [stdout] 
[INFO] [stdout] 
[INFO] [stdout] warning: unused imports: `extract::MatchedPath`, `http::Request`
[INFO] [stdout]  --> src/startup.rs:2:5
[INFO] [stdout]   |
[INFO] [stdout] 2 |     extract::MatchedPath,
[INFO] [stdout]   |     ^^^^^^^^^^^^^^^^^^^^
[INFO] [stdout] 3 |     http::Request,
[INFO] [stdout]   |     ^^^^^^^^^^^^^
[INFO] [stdout] 
[INFO] [stdout] 
[INFO] [stdout] warning: unused import: `tracing::info_span`
[INFO] [stdout]  --> src/startup.rs:9:5
[INFO] [stdout]   |
[INFO] [stdout] 9 | use tracing::info_span;
[INFO] [stdout]   |     ^^^^^^^^^^^^^^^^^^
[INFO] [stdout] 
[INFO] [stdout] 
[INFO] [stdout] warning: unused import: `layer::SubscriberExt`
[INFO] [stdout]   --> src/startup.rs:10:26
[INFO] [stdout]    |
[INFO] [stdout] 10 | use tracing_subscriber::{layer::SubscriberExt, util::SubscriberInitExt};
[INFO] [stdout]    |                          ^^^^^^^^^^^^^^^^^^^^
[INFO] [stdout] 
[INFO] [stdout] 
[INFO] [stdout] error: error communicating with database: Cannot assign requested address (os error 99)
[INFO] [stdout]    --> src/routes/subscriptions.rs:99:24
[INFO] [stdout]     |
[INFO] [stdout] 99  |       let query_result = sqlx::query!(
[INFO] [stdout]     |  ________________________^
[INFO] [stdout] 100 | |         r#"
[INFO] [stdout] 101 | |             INSERT INTO subscriptions (id, email, name, subscribed_at)
[INFO] [stdout] 102 | |             VALUES ($1, $2, $3, $4)
[INFO] [stdout] ...   |
[INFO] [stdout] 107 | |         Utc::now()
[INFO] [stdout] 108 | |     )
[INFO] [stdout]     | |_____^
[INFO] [stdout]     |
[INFO] [stdout]     = note: this error originates in the macro `$crate::sqlx_macros::expand_query` which comes from the expansion of the macro `sqlx::query` (in Nightly builds, run with -Z macro-backtrace for more info)
[INFO] [stdout] 
[INFO] [stdout] 
[INFO] [stdout] error: aborting due to previous error
[INFO] [stdout] 
[INFO] [stdout] 
[INFO] [stderr] error: could not document `zero-to-production`
[INFO] [stderr] 
[INFO] [stderr] Caused by:
[INFO] [stderr]   process didn't exit successfully: `/opt/rustwide/rustup-home/toolchains/1.75.0-x86_64-unknown-linux-gnu/bin/rustdoc --edition=2021 --crate-type lib --crate-name zero_to_production src/lib.rs -o /opt/rustwide/target/doc --error-format=json --json=diagnostic-rendered-ansi,artifacts,future-incompat --document-private-items -C metadata=958d7d76ed6925e2 -L dependency=/opt/rustwide/target/debug/deps --extern axum=/opt/rustwide/target/debug/deps/libaxum-edfa8a787cfb3d20.rmeta --extern axum_test_helper=/opt/rustwide/target/debug/deps/libaxum_test_helper-19ad534919f07b01.rmeta --extern chrono=/opt/rustwide/target/debug/deps/libchrono-9eccdf7a3d42853a.rmeta --extern config=/opt/rustwide/target/debug/deps/libconfig-355a8642c45b9b48.rmeta --extern email_address=/opt/rustwide/target/debug/deps/libemail_address-2189e0f3b7202806.rmeta --extern rand=/opt/rustwide/target/debug/deps/librand-44f54ac78a2751c5.rmeta --extern reqwest=/opt/rustwide/target/debug/deps/libreqwest-fefd37decf673c70.rmeta --extern serde=/opt/rustwide/target/debug/deps/libserde-7746476ce1b28ee6.rmeta --extern serde_json=/opt/rustwide/target/debug/deps/libserde_json-524075cb7493bb38.rmeta --extern sqlx=/opt/rustwide/target/debug/deps/libsqlx-99a6ed9a8c81017e.rmeta --extern tokio=/opt/rustwide/target/debug/deps/libtokio-df0373a64fc2dc32.rmeta --extern tower_http=/opt/rustwide/target/debug/deps/libtower_http-04a50be977fae63e.rmeta --extern tracing=/opt/rustwide/target/debug/deps/libtracing-7bdf89ad81ba90b3.rmeta --extern tracing_subscriber=/opt/rustwide/target/debug/deps/libtracing_subscriber-3827f2805e214663.rmeta --extern uuid=/opt/rustwide/target/debug/deps/libuuid-489b87c5e1c6c361.rmeta --cap-lints=warn --crate-version 0.1.0` (exit status: 1)
[INFO] [stderr] warning: build failed, waiting for other jobs to finish...
[INFO] [stdout] warning: unused import: `util::SubscriberInitExt`
[INFO] [stdout]   --> src/startup.rs:10:48
[INFO] [stdout]    |
[INFO] [stdout] 10 | use tracing_subscriber::{layer::SubscriberExt, util::SubscriberInitExt};
[INFO] [stdout]    |                                                ^^^^^^^^^^^^^^^^^^^^^^^
[INFO] [stdout] 
[INFO] [stdout] 
[INFO] [stdout] error: aborting due to previous error; 6 warnings emitted
[INFO] [stdout] 
[INFO] [stdout] 
[INFO] [stderr] error: could not compile `zero-to-production` (lib) due to 2 previous errors; 6 warnings emitted
[INFO] running `Command { std: "docker" "inspect" "2b291186a473816ee80587d4d939fab172ba597c52a726ca8587e88532a6efec", kill_on_drop: false }`
[INFO] running `Command { std: "docker" "rm" "-f" "2b291186a473816ee80587d4d939fab172ba597c52a726ca8587e88532a6efec", kill_on_drop: false }`
[INFO] [stdout] 2b291186a473816ee80587d4d939fab172ba597c52a726ca8587e88532a6efec
[INFO] documenting Multimo/zero-to-production against beta-2023-12-22 for beta-1.76-rustdoc-1
[INFO] running `Command { std: "git" "clone" "/workspace/cache/git-repos/https%3A%2F%2Fgithub.com%2FMultimo%2Fzero-to-production" "/workspace/builds/worker-0-tc2/source", kill_on_drop: false }`
[INFO] [stderr] Cloning into '/workspace/builds/worker-0-tc2/source'...
[INFO] [stderr] done.
[INFO] validating manifest of git repo https://github.com/Multimo/zero-to-production on toolchain beta-2023-12-22
[INFO] running `Command { std: CARGO_HOME="/workspace/cargo-home" RUSTUP_HOME="/workspace/rustup-home" "/workspace/cargo-home/bin/cargo" "+beta-2023-12-22" "metadata" "--manifest-path" "Cargo.toml" "--no-deps", kill_on_drop: false }`
[INFO] started tweaking git repo https://github.com/Multimo/zero-to-production
[INFO] finished tweaking git repo https://github.com/Multimo/zero-to-production
[INFO] tweaked toml for git repo https://github.com/Multimo/zero-to-production written to /workspace/builds/worker-0-tc2/source/Cargo.toml
[INFO] crate git repo https://github.com/Multimo/zero-to-production already has a lockfile, it will not be regenerated
[INFO] running `Command { std: CARGO_HOME="/workspace/cargo-home" RUSTUP_HOME="/workspace/rustup-home" "/workspace/cargo-home/bin/cargo" "+beta-2023-12-22" "fetch" "--manifest-path" "Cargo.toml", kill_on_drop: false }`
[INFO] running `Command { std: "docker" "create" "-v" "/var/lib/crater-agent-workspace/builds/worker-0-tc2/target:/opt/rustwide/target:rw,Z" "-v" "/var/lib/crater-agent-workspace/builds/worker-0-tc2/source:/opt/rustwide/workdir:ro,Z" "-v" "/var/lib/crater-agent-workspace/cargo-home:/opt/rustwide/cargo-home:ro,Z" "-v" "/var/lib/crater-agent-workspace/rustup-home:/opt/rustwide/rustup-home:ro,Z" "-e" "SOURCE_DIR=/opt/rustwide/workdir" "-e" "CARGO_TARGET_DIR=/opt/rustwide/target" "-e" "CARGO_HOME=/opt/rustwide/cargo-home" "-e" "RUSTUP_HOME=/opt/rustwide/rustup-home" "-w" "/opt/rustwide/workdir" "-m" "1610612736" "--user" "0:0" "--network" "none" "ghcr.io/rust-lang/crates-build-env/linux@sha256:2788e3201cd34a07e3172128adcd8b3090168a8e3bcc40d7c032b9dda1df7d1c" "/opt/rustwide/cargo-home/bin/cargo" "+beta-2023-12-22" "metadata" "--no-deps" "--format-version=1", kill_on_drop: false }`
[INFO] [stdout] 77d23ab56a34f8cda87036791ce5023a9705674691c4ba1a00023ee1864c12d3
[INFO] running `Command { std: "docker" "start" "-a" "77d23ab56a34f8cda87036791ce5023a9705674691c4ba1a00023ee1864c12d3", kill_on_drop: false }`
[INFO] running `Command { std: "docker" "inspect" "77d23ab56a34f8cda87036791ce5023a9705674691c4ba1a00023ee1864c12d3", kill_on_drop: false }`
[INFO] running `Command { std: "docker" "rm" "-f" "77d23ab56a34f8cda87036791ce5023a9705674691c4ba1a00023ee1864c12d3", kill_on_drop: false }`
[INFO] [stdout] 77d23ab56a34f8cda87036791ce5023a9705674691c4ba1a00023ee1864c12d3
[INFO] running `Command { std: "docker" "create" "-v" "/var/lib/crater-agent-workspace/builds/worker-0-tc2/target:/opt/rustwide/target:rw,Z" "-v" "/var/lib/crater-agent-workspace/builds/worker-0-tc2/source:/opt/rustwide/workdir:ro,Z" "-v" "/var/lib/crater-agent-workspace/cargo-home:/opt/rustwide/cargo-home:ro,Z" "-v" "/var/lib/crater-agent-workspace/rustup-home:/opt/rustwide/rustup-home:ro,Z" "-e" "SOURCE_DIR=/opt/rustwide/workdir" "-e" "CARGO_TARGET_DIR=/opt/rustwide/target" "-e" "CARGO_INCREMENTAL=0" "-e" "RUST_BACKTRACE=full" "-e" "RUSTFLAGS=--cap-lints=warn" "-e" "RUSTDOCFLAGS=--cap-lints=warn" "-e" "CARGO_HOME=/opt/rustwide/cargo-home" "-e" "RUSTUP_HOME=/opt/rustwide/rustup-home" "-w" "/opt/rustwide/workdir" "-m" "1610612736" "--user" "0:0" "--network" "none" "ghcr.io/rust-lang/crates-build-env/linux@sha256:2788e3201cd34a07e3172128adcd8b3090168a8e3bcc40d7c032b9dda1df7d1c" "/opt/rustwide/cargo-home/bin/cargo" "+beta-2023-12-22" "doc" "--frozen" "--no-deps" "--document-private-items" "--message-format=json", kill_on_drop: false }`
[INFO] [stdout] 688a686949b62b5193ce14fbc919f64d1e878ab1a02a82160f36619164637e35
[INFO] running `Command { std: "docker" "start" "-a" "688a686949b62b5193ce14fbc919f64d1e878ab1a02a82160f36619164637e35", kill_on_drop: false }`
[INFO] [stderr] warning: output filename collision.
[INFO] [stderr] The bin target `zero_to_production` in package `zero-to-production v0.1.0 (/opt/rustwide/workdir)` has the same output filename as the lib target `zero-to-production` in package `zero-to-production v0.1.0 (/opt/rustwide/workdir)`.
[INFO] [stderr] Colliding filename is: /opt/rustwide/target/doc/zero_to_production/index.html
[INFO] [stderr] The output filenames should be unique.
[INFO] [stderr] This is a known bug where multiple crates with the same name use
[INFO] [stderr] the same path; see <https://github.com/rust-lang/cargo/issues/6313>.
[INFO] [stderr] If this looks unexpected, it may be a bug in Cargo. Please file a bug report at
[INFO] [stderr] https://github.com/rust-lang/cargo/issues/ with as much information as you
[INFO] [stderr] can provide.
[INFO] [stderr] cargo 1.76.0-beta.1 (1a2666ddd 2023-12-17) running on `x86_64-unknown-linux-gnu` target `x86_64-unknown-linux-gnu`
[INFO] [stderr] First unit: Unit { pkg: Package { id: PackageId { name: "zero-to-production", version: "0.1.0", source: "/opt/rustwide/workdir" }, ..: ".." }, target: TargetInner { name: "zero_to_production", doc: true, ..: with_path("/opt/rustwide/workdir/src/main.rs", Edition2021) }, profile: Profile { incremental: false, ..: default_dev() }, kind: Host, mode: Doc { deps: false }, features: [], artifact: false, artifact_target_for_features: None, is_std: false, dep_hash: 12072606464948046128 }
[INFO] [stderr] Second unit: Unit { pkg: Package { id: PackageId { name: "zero-to-production", version: "0.1.0", source: "/opt/rustwide/workdir" }, ..: ".." }, target: TargetInner { ..: lib_target("zero-to-production", ["lib"], "/opt/rustwide/workdir/src/lib.rs", Edition2021) }, profile: Profile { incremental: false, ..: default_dev() }, kind: Host, mode: Doc { deps: false }, features: [], artifact: false, artifact_target_for_features: None, is_std: false, dep_hash: 12882175984097773850 }
[INFO] [stderr]    Compiling proc-macro2 v1.0.69
[INFO] [stderr]    Compiling unicode-ident v1.0.8
[INFO] [stderr]    Compiling libc v0.2.149
[INFO] [stderr]     Checking once_cell v1.17.1
[INFO] [stderr]    Compiling memchr v2.5.0
[INFO] [stderr]    Compiling cc v1.0.79
[INFO] [stderr]    Compiling serde_derive v1.0.162
[INFO] [stderr]    Compiling serde v1.0.162
[INFO] [stderr]    Compiling futures-core v0.3.28
[INFO] [stderr]    Compiling lock_api v0.4.9
[INFO] [stderr]    Compiling parking_lot_core v0.9.7
[INFO] [stderr]    Compiling log v0.4.17
[INFO] [stderr]    Compiling slab v0.4.8
[INFO] [stderr]    Compiling futures-task v0.3.28
[INFO] [stderr]     Checking pin-project-lite v0.2.9
[INFO] [stderr]    Compiling futures-util v0.3.28
[INFO] [stderr]     Checking getrandom v0.2.10
[INFO] [stderr]     Checking smallvec v1.10.0
[INFO] [stderr]     Checking bytes v1.4.0
[INFO] [stderr]    Compiling quote v1.0.33
[INFO] [stderr]    Compiling thiserror v1.0.49
[INFO] [stderr]     Checking scopeguard v1.1.0
[INFO] [stderr]    Compiling syn v2.0.38
[INFO] [stderr]     Checking tracing-core v0.1.30
[INFO] [stderr]    Compiling ahash v0.8.3
[INFO] [stderr]     Checking itoa v1.0.6
[INFO] [stderr]     Checking parking_lot v0.12.1
[INFO] [stderr]    Compiling tokio v1.27.0
[INFO] [stderr]     Checking futures-sink v0.3.28
[INFO] [stderr]     Checking num_cpus v1.15.0
[INFO] [stderr]     Checking socket2 v0.4.9
[INFO] [stderr]     Checking signal-hook-registry v1.4.1
[INFO] [stderr]    Compiling ring v0.16.20
[INFO] [stderr]     Checking mio v0.8.6
[INFO] [stderr]    Compiling num-traits v0.2.17
[INFO] [stderr]    Compiling serde_json v1.0.96
[INFO] [stderr]    Compiling ahash v0.7.6
[INFO] [stderr]     Checking futures-io v0.3.28
[INFO] [stderr]    Compiling crossbeam-utils v0.8.16
[INFO] [stderr]    Compiling pkg-config v0.3.26
[INFO] [stderr]    Compiling subtle v2.5.0
[INFO] [stderr]     Checking hashbrown v0.12.3
[INFO] [stderr]    Compiling digest v0.10.7
[INFO] [stderr]    Compiling spin v0.5.2
[INFO] [stderr]    Compiling tinyvec_macros v0.1.1
[INFO] [stderr]     Checking fnv v1.0.7
[INFO] [stderr]    Compiling openssl-sys v0.9.87
[INFO] [stderr]    Compiling crossbeam-queue v0.3.8
[INFO] [stderr]    Compiling futures-channel v0.3.28
[INFO] [stderr]    Compiling rustls v0.21.7
[INFO] [stderr]    Compiling untrusted v0.7.1
[INFO] [stderr]    Compiling syn v1.0.109
[INFO] [stderr]     Checking http v0.2.9
[INFO] [stderr]     Checking tinyvec v1.6.0
[INFO] [stderr]     Checking crypto-common v0.1.6
[INFO] [stderr]     Checking percent-encoding v2.2.0
[INFO] [stderr]     Checking bitflags v1.3.2
[INFO] [stderr]     Checking ryu v1.0.13
[INFO] [stderr]    Compiling rustversion v1.0.12
[INFO] [stderr]     Checking form_urlencoded v1.1.0
[INFO] [stderr]     Checking unicode-normalization v0.1.22
[INFO] [stderr]    Compiling indexmap v1.9.3
[INFO] [stderr]    Compiling unicase v2.6.0
[INFO] [stderr]     Checking tower-service v0.3.2
[INFO] [stderr]    Compiling allocator-api2 v0.2.16
[INFO] [stderr]     Checking unicode-bidi v0.3.13
[INFO] [stderr]    Compiling hashbrown v0.14.1
[INFO] [stderr]     Checking http-body v0.4.5
[INFO] [stderr]    Compiling rustls-webpki v0.101.6
[INFO] [stderr]    Compiling httparse v1.8.0
[INFO] [stderr]    Compiling openssl v0.10.52
[INFO] [stderr]    Compiling io-lifetimes v1.0.10
[INFO] [stderr]    Compiling minimal-lexical v0.2.1
[INFO] [stderr]     Checking foreign-types-shared v0.1.1
[INFO] [stderr]    Compiling cpufeatures v0.2.9
[INFO] [stderr]    Compiling nom v7.1.3
[INFO] [stderr]     Checking foreign-types v0.3.2
[INFO] [stderr]    Compiling sct v0.7.0
[INFO] [stderr]    Compiling idna v0.3.0
[INFO] [stderr]    Compiling tracing-attributes v0.1.27
[INFO] [stderr]    Compiling thiserror-impl v1.0.49
[INFO] [stderr]    Compiling tokio-macros v2.0.0
[INFO] [stderr]    Compiling openssl-macros v0.1.1
[INFO] [stderr]    Compiling rand_core v0.6.4
[INFO] [stderr]    Compiling rustix v0.37.15
[INFO] [stderr]    Compiling iana-time-zone v0.1.57
[INFO] [stderr]    Compiling async-trait v0.1.68
[INFO] [stderr]    Compiling ppv-lite86 v0.2.17
[INFO] [stderr]    Compiling base64 v0.21.0
[INFO] [stderr]     Checking tracing v0.1.37
[INFO] [stderr]    Compiling native-tls v0.2.11
[INFO] [stderr]    Compiling ucd-trie v0.1.6
[INFO] [stderr]    Compiling pin-utils v0.1.0
[INFO] [stderr]     Checking try-lock v0.2.4
[INFO] [stderr]    Compiling crc-catalog v2.2.0
[INFO] [stderr]    Compiling unicode_categories v0.1.1
[INFO] [stderr]    Compiling crc v3.0.1
[INFO] [stderr]     Checking want v0.3.0
[INFO] [stderr]    Compiling tokio-stream v0.1.14
[INFO] [stderr]    Compiling pest v2.7.4
[INFO] [stderr]    Compiling rand_chacha v0.3.1
[INFO] [stderr]    Compiling indexmap v2.0.2
[INFO] [stderr]    Compiling rustls-pemfile v1.0.3
[INFO] [stderr]    Compiling chrono v0.4.31
[INFO] [stderr]     Checking url v2.3.1
[INFO] [stderr]     Checking tokio-util v0.7.8
[INFO] [stderr]    Compiling futures-intrusive v0.5.0
[INFO] [stderr]     Checking h2 v0.3.18
[INFO] [stderr]    Compiling sha2 v0.10.8
[INFO] [stderr]    Compiling atoi v2.0.0
[INFO] [stderr]    Compiling webpki-roots v0.24.0
[INFO] [stderr]    Compiling hashlink v0.8.4
[INFO] [stderr]    Compiling hmac v0.12.1
[INFO] [stderr]    Compiling finl_unicode v1.2.0
[INFO] [stderr]    Compiling byteorder v1.5.0
[INFO] [stderr]     Checking httpdate v1.0.2
[INFO] [stderr]    Compiling event-listener v2.5.3
[INFO] [stderr]     Checking tower-layer v0.3.2
[INFO] [stderr]    Compiling uuid v1.5.0
[INFO] [stderr]    Compiling linux-raw-sys v0.3.5
[INFO] [stderr]     Checking openssl-probe v0.1.5
[INFO] [stderr]     Checking mime v0.3.17
[INFO] [stderr]    Compiling dotenvy v0.15.7
[INFO] [stderr]    Compiling stringprep v0.1.4
[INFO] [stderr]    Compiling hkdf v0.12.3
[INFO] [stderr]    Compiling mime_guess v2.0.4
[INFO] [stderr]     Checking either v1.9.0
[INFO] [stderr]    Compiling pest_meta v2.7.4
[INFO] [stderr]     Checking itertools v0.11.0
[INFO] [stderr]     Checking hyper v0.14.26
[INFO] [stderr]    Compiling rand v0.8.5
[INFO] [stderr]    Compiling pin-project-internal v1.0.12
[INFO] [stderr]    Compiling sqlformat v0.2.2
[INFO] [stderr]    Compiling sha1 v0.10.6
[INFO] [stderr]    Compiling axum-core v0.3.4
[INFO] [stderr]    Compiling md-5 v0.10.6
[INFO] [stderr]    Compiling home v0.5.5
[INFO] [stderr]     Checking equivalent v1.0.1
[INFO] [stderr]    Compiling unicode-segmentation v1.10.1
[INFO] [stderr]    Compiling bitflags v2.4.1
[INFO] [stderr]    Compiling whoami v1.4.1
[INFO] [stderr]    Compiling fastrand v1.9.0
[INFO] [stderr]    Compiling tempfile v3.5.0
[INFO] [stderr]    Compiling heck v0.4.1
[INFO] [stderr]    Compiling sqlx-core v0.7.2
[INFO] [stderr]    Compiling pest_generator v2.7.4
[INFO] [stderr]     Checking pin-project v1.0.12
[INFO] [stderr]     Checking serde_urlencoded v0.7.1
[INFO] [stderr]     Checking tokio-native-tls v0.3.1
[INFO] [stderr]    Compiling axum v0.6.16
[INFO] [stderr]     Checking dlv-list v0.3.0
[INFO] [stderr]     Checking regex-syntax v0.7.5
[INFO] [stderr]     Checking regex-syntax v0.6.29
[INFO] [stderr]     Checking ordered-multimap v0.4.3
[INFO] [stderr]     Checking hyper-tls v0.5.0
[INFO] [stderr]    Compiling sqlx-postgres v0.7.2
[INFO] [stderr]    Compiling pest_derive v2.7.4
[INFO] [stderr]     Checking tower v0.4.13
[INFO] [stderr]     Checking regex-automata v0.3.7
[INFO] [stderr]     Checking serde_path_to_error v0.1.11
[INFO] [stderr]     Checking regex-automata v0.1.10
[INFO] [stderr]     Checking encoding_rs v0.8.32
[INFO] [stderr]     Checking linked-hash-map v0.5.6
[INFO] [stderr]     Checking overload v0.1.1
[INFO] [stderr]     Checking matchit v0.7.0
[INFO] [stderr]     Checking base64 v0.13.1
[INFO] [stderr]     Checking ipnet v2.7.2
[INFO] [stderr]     Checking sync_wrapper v0.1.2
[INFO] [stderr]     Checking ron v0.7.1
[INFO] [stderr]     Checking matchers v0.1.0
[INFO] [stderr]     Checking nu-ansi-term v0.46.0
[INFO] [stderr]     Checking yaml-rust v0.4.5
[INFO] [stderr]     Checking regex v1.9.4
[INFO] [stderr]     Checking json5 v0.4.1
[INFO] [stderr]     Checking rust-ini v0.18.0
[INFO] [stderr]     Checking sharded-slab v0.1.7
[INFO] [stderr]     Checking toml v0.5.11
[INFO] [stderr]     Checking tracing-log v0.2.0
[INFO] [stderr]     Checking reqwest v0.11.16
[INFO] [stderr]     Checking thread_local v1.1.7
[INFO] [stderr]     Checking pathdiff v0.2.1
[INFO] [stderr]     Checking http-range-header v0.3.1
[INFO] [stderr]     Checking email_address v0.2.4
[INFO] [stderr]     Checking tower-http v0.4.4
[INFO] [stderr]    Compiling sqlx-macros-core v0.7.2
[INFO] [stderr]     Checking tracing-subscriber v0.3.18
[INFO] [stderr]     Checking config v0.13.3
[INFO] [stderr]    Compiling sqlx-macros v0.7.2
[INFO] [stderr]     Checking axum-test-helper v0.3.0
[INFO] [stderr]     Checking sqlx v0.7.2
[INFO] [stderr]     Checking zero-to-production v0.1.0 (/opt/rustwide/workdir)
[INFO] [stderr]  Documenting zero-to-production v0.1.0 (/opt/rustwide/workdir)
[INFO] [stdout] error: error communicating with database: Cannot assign requested address (os error 99)
[INFO] [stdout]    --> src/routes/subscriptions.rs:99:24
[INFO] [stdout]     |
[INFO] [stdout] 99  |       let query_result = sqlx::query!(
[INFO] [stdout]     |  ________________________^
[INFO] [stdout] 100 | |         r#"
[INFO] [stdout] 101 | |             INSERT INTO subscriptions (id, email, name, subscribed_at)
[INFO] [stdout] 102 | |             VALUES ($1, $2, $3, $4)
[INFO] [stdout] ...   |
[INFO] [stdout] 107 | |         Utc::now()
[INFO] [stdout] 108 | |     )
[INFO] [stdout]     | |_____^
[INFO] [stdout]     |
[INFO] [stdout]     = note: this error originates in the macro `$crate::sqlx_macros::expand_query` which comes from the expansion of the macro `sqlx::query` (in Nightly builds, run with -Z macro-backtrace for more info)
[INFO] [stdout] 
[INFO] [stdout] 
[INFO] [stdout] error: error communicating with database: Cannot assign requested address (os error 99)
[INFO] [stdout]    --> src/routes/subscriptions.rs:99:24
[INFO] [stdout]     |
[INFO] [stdout] 99  |       let query_result = sqlx::query!(
[INFO] [stdout]     |  ________________________^
[INFO] [stdout] 100 | |         r#"
[INFO] [stdout] 101 | |             INSERT INTO subscriptions (id, email, name, subscribed_at)
[INFO] [stdout] 102 | |             VALUES ($1, $2, $3, $4)
[INFO] [stdout] ...   |
[INFO] [stdout] 107 | |         Utc::now()
[INFO] [stdout] 108 | |     )
[INFO] [stdout]     | |_____^
[INFO] [stdout]     |
[INFO] [stdout]     = note: this error originates in the macro `$crate::sqlx_macros::expand_query` which comes from the expansion of the macro `sqlx::query` (in Nightly builds, run with -Z macro-backtrace for more info)
[INFO] [stdout] 
[INFO] [stdout] 
[INFO] [stdout] warning: unused import: `chrono::Utc`
[INFO] [stdout]  --> src/routes/subscriptions.rs:5:5
[INFO] [stdout]   |
[INFO] [stdout] 5 | use chrono::Utc;
[INFO] [stdout]   |     ^^^^^^^^^^^
[INFO] [stdout]   |
[INFO] [stdout]   = note: `#[warn(unused_imports)]` on by default
[INFO] [stdout] 
[INFO] [stdout] 
[INFO] [stdout] warning: unused import: `uuid::Uuid`
[INFO] [stdout]   --> src/routes/subscriptions.rs:10:5
[INFO] [stdout]    |
[INFO] [stdout] 10 | use uuid::Uuid;
[INFO] [stdout]    |     ^^^^^^^^^^
[INFO] [stdout] 
[INFO] [stdout] 
[INFO] [stdout] warning: unused imports: `extract::MatchedPath`, `http::Request`
[INFO] [stdout]  --> src/startup.rs:2:5
[INFO] [stdout]   |
[INFO] [stdout] 2 |     extract::MatchedPath,
[INFO] [stdout]   |     ^^^^^^^^^^^^^^^^^^^^
[INFO] [stdout] 3 |     http::Request,
[INFO] [stdout]   |     ^^^^^^^^^^^^^
[INFO] [stdout] 
[INFO] [stdout] 
[INFO] [stdout] warning: unused import: `tracing::info_span`
[INFO] [stdout]  --> src/startup.rs:9:5
[INFO] [stdout]   |
[INFO] [stdout] 9 | use tracing::info_span;
[INFO] [stdout]   |     ^^^^^^^^^^^^^^^^^^
[INFO] [stdout] 
[INFO] [stdout] 
[INFO] [stdout] warning: unused import: `layer::SubscriberExt`
[INFO] [stdout]   --> src/startup.rs:10:26
[INFO] [stdout]    |
[INFO] [stdout] 10 | use tracing_subscriber::{layer::SubscriberExt, util::SubscriberInitExt};
[INFO] [stdout]    |                          ^^^^^^^^^^^^^^^^^^^^
[INFO] [stdout] 
[INFO] [stdout] 
[INFO] [stdout] error: aborting due to 1 previous error
[INFO] [stdout] 
[INFO] [stdout] 
[INFO] [stderr] error: could not document `zero-to-production`
[INFO] [stderr] 
[INFO] [stderr] Caused by:
[INFO] [stderr]   process didn't exit successfully: `/opt/rustwide/rustup-home/toolchains/beta-2023-12-22-x86_64-unknown-linux-gnu/bin/rustdoc --edition=2021 --crate-type lib --crate-name zero_to_production src/lib.rs -o /opt/rustwide/target/doc --error-format=json --json=diagnostic-rendered-ansi,artifacts,future-incompat --document-private-items -C metadata=31e7028d73a25fe8 -L dependency=/opt/rustwide/target/debug/deps --extern axum=/opt/rustwide/target/debug/deps/libaxum-2769bda2bfe71208.rmeta --extern axum_test_helper=/opt/rustwide/target/debug/deps/libaxum_test_helper-a4ba3c818c39f5d5.rmeta --extern chrono=/opt/rustwide/target/debug/deps/libchrono-f2531e4e8989040b.rmeta --extern config=/opt/rustwide/target/debug/deps/libconfig-d055eddbdef1d2d3.rmeta --extern email_address=/opt/rustwide/target/debug/deps/libemail_address-e4c86a1d290da22a.rmeta --extern rand=/opt/rustwide/target/debug/deps/librand-e65e8a4be4bc6f1d.rmeta --extern reqwest=/opt/rustwide/target/debug/deps/libreqwest-433a1710667a4c01.rmeta --extern serde=/opt/rustwide/target/debug/deps/libserde-663360fea04e68a2.rmeta --extern serde_json=/opt/rustwide/target/debug/deps/libserde_json-edc883fa4067ea34.rmeta --extern sqlx=/opt/rustwide/target/debug/deps/libsqlx-59295fcae0aec129.rmeta --extern tokio=/opt/rustwide/target/debug/deps/libtokio-f5f1a4113d78295c.rmeta --extern tower_http=/opt/rustwide/target/debug/deps/libtower_http-582361ca5b0abb19.rmeta --extern tracing=/opt/rustwide/target/debug/deps/libtracing-32ae5b04895bb8c7.rmeta --extern tracing_subscriber=/opt/rustwide/target/debug/deps/libtracing_subscriber-962f5672bc7acce9.rmeta --extern uuid=/opt/rustwide/target/debug/deps/libuuid-f4fe549b6466f86a.rmeta --cap-lints=warn --crate-version 0.1.0` (exit status: 1)
[INFO] [stderr] warning: build failed, waiting for other jobs to finish...
[INFO] [stdout] warning: unused import: `util::SubscriberInitExt`
[INFO] [stdout]   --> src/startup.rs:10:48
[INFO] [stdout]    |
[INFO] [stdout] 10 | use tracing_subscriber::{layer::SubscriberExt, util::SubscriberInitExt};
[INFO] [stdout]    |                                                ^^^^^^^^^^^^^^^^^^^^^^^
[INFO] [stdout] 
[INFO] [stdout] 
[INFO] [stdout] error: aborting due to 1 previous error; 6 warnings emitted
[INFO] [stdout] 
[INFO] [stdout] 
[INFO] [stderr] error: could not compile `zero-to-production` (lib) due to 2 previous errors; 6 warnings emitted
[INFO] running `Command { std: "docker" "inspect" "688a686949b62b5193ce14fbc919f64d1e878ab1a02a82160f36619164637e35", kill_on_drop: false }`
[INFO] running `Command { std: "docker" "rm" "-f" "688a686949b62b5193ce14fbc919f64d1e878ab1a02a82160f36619164637e35", kill_on_drop: false }`
[INFO] [stdout] 688a686949b62b5193ce14fbc919f64d1e878ab1a02a82160f36619164637e35
