[INFO] cloning repository https://github.com/MrEnder0/Regy-Bot
[INFO] running `Command { std: "git" "-c" "credential.helper=" "-c" "credential.helper=/workspace/cargo-home/bin/git-credential-null" "clone" "--bare" "https://github.com/MrEnder0/Regy-Bot" "/workspace/cache/git-repos/https%3A%2F%2Fgithub.com%2FMrEnder0%2FRegy-Bot", kill_on_drop: false }`
[INFO] [stderr] Cloning into bare repository '/workspace/cache/git-repos/https%3A%2F%2Fgithub.com%2FMrEnder0%2FRegy-Bot'...
[INFO] running `Command { std: "git" "rev-parse" "HEAD", kill_on_drop: false }`
[INFO] [stdout] 1805deb68799676dc086931445ab3d17b5d82fc3
[INFO] documenting MrEnder0/Regy-Bot against 1.75.0 for beta-1.76-rustdoc-1
[INFO] running `Command { std: "git" "clone" "/workspace/cache/git-repos/https%3A%2F%2Fgithub.com%2FMrEnder0%2FRegy-Bot" "/workspace/builds/worker-4-tc1/source", kill_on_drop: false }`
[INFO] [stderr] Cloning into '/workspace/builds/worker-4-tc1/source'...
[INFO] [stderr] done.
[INFO] validating manifest of git repo https://github.com/MrEnder0/Regy-Bot on toolchain 1.75.0
[INFO] running `Command { std: CARGO_HOME="/workspace/cargo-home" RUSTUP_HOME="/workspace/rustup-home" "/workspace/cargo-home/bin/cargo" "+1.75.0" "metadata" "--manifest-path" "Cargo.toml" "--no-deps", kill_on_drop: false }`
[INFO] started tweaking git repo https://github.com/MrEnder0/Regy-Bot
[INFO] finished tweaking git repo https://github.com/MrEnder0/Regy-Bot
[INFO] tweaked toml for git repo https://github.com/MrEnder0/Regy-Bot written to /workspace/builds/worker-4-tc1/source/Cargo.toml
[INFO] crate git repo https://github.com/MrEnder0/Regy-Bot already has a lockfile, it will not be regenerated
[INFO] running `Command { std: CARGO_HOME="/workspace/cargo-home" RUSTUP_HOME="/workspace/rustup-home" "/workspace/cargo-home/bin/cargo" "+1.75.0" "fetch" "--manifest-path" "Cargo.toml", kill_on_drop: false }`
[INFO] [stderr]     Blocking waiting for file lock on package cache
[INFO] [stderr]     Updating crates.io index
[INFO] [stderr]     Blocking waiting for file lock on package cache
[ERROR] error running command: no output for 300 seconds
[ERROR] this task or one of its parent failed!
[ERROR] no output for 300 seconds
[ERROR] note: run with `RUST_BACKTRACE=1` to display a backtrace.
[INFO] documenting MrEnder0/Regy-Bot against beta-2023-12-22 for beta-1.76-rustdoc-1
[INFO] running `Command { std: "git" "clone" "/workspace/cache/git-repos/https%3A%2F%2Fgithub.com%2FMrEnder0%2FRegy-Bot" "/workspace/builds/worker-4-tc2/source", kill_on_drop: false }`
[INFO] [stderr] Cloning into '/workspace/builds/worker-4-tc2/source'...
[INFO] [stderr] done.
[INFO] validating manifest of git repo https://github.com/MrEnder0/Regy-Bot on toolchain beta-2023-12-22
[INFO] running `Command { std: CARGO_HOME="/workspace/cargo-home" RUSTUP_HOME="/workspace/rustup-home" "/workspace/cargo-home/bin/cargo" "+beta-2023-12-22" "metadata" "--manifest-path" "Cargo.toml" "--no-deps", kill_on_drop: false }`
[INFO] started tweaking git repo https://github.com/MrEnder0/Regy-Bot
[INFO] finished tweaking git repo https://github.com/MrEnder0/Regy-Bot
[INFO] tweaked toml for git repo https://github.com/MrEnder0/Regy-Bot written to /workspace/builds/worker-4-tc2/source/Cargo.toml
[INFO] crate git repo https://github.com/MrEnder0/Regy-Bot already has a lockfile, it will not be regenerated
[INFO] running `Command { std: CARGO_HOME="/workspace/cargo-home" RUSTUP_HOME="/workspace/rustup-home" "/workspace/cargo-home/bin/cargo" "+beta-2023-12-22" "fetch" "--manifest-path" "Cargo.toml", kill_on_drop: false }`
[INFO] [stderr]     Blocking waiting for file lock on package cache
[INFO] [stderr]     Blocking waiting for file lock on package cache
[ERROR] error running command: no output for 300 seconds
[INFO] documenting MrEnder0/Regy-Bot against beta-2023-12-22 for beta-1.76-rustdoc-1
[INFO] running `Command { std: "git" "clone" "/workspace/cache/git-repos/https%3A%2F%2Fgithub.com%2FMrEnder0%2FRegy-Bot" "/workspace/builds/worker-4-tc2/source", kill_on_drop: false }`
[INFO] [stderr] Cloning into '/workspace/builds/worker-4-tc2/source'...
[INFO] [stderr] done.
[INFO] validating manifest of git repo https://github.com/MrEnder0/Regy-Bot on toolchain beta-2023-12-22
[INFO] running `Command { std: CARGO_HOME="/workspace/cargo-home" RUSTUP_HOME="/workspace/rustup-home" "/workspace/cargo-home/bin/cargo" "+beta-2023-12-22" "metadata" "--manifest-path" "Cargo.toml" "--no-deps", kill_on_drop: false }`
[INFO] started tweaking git repo https://github.com/MrEnder0/Regy-Bot
[INFO] finished tweaking git repo https://github.com/MrEnder0/Regy-Bot
[INFO] tweaked toml for git repo https://github.com/MrEnder0/Regy-Bot written to /workspace/builds/worker-4-tc2/source/Cargo.toml
[INFO] crate git repo https://github.com/MrEnder0/Regy-Bot already has a lockfile, it will not be regenerated
[INFO] running `Command { std: CARGO_HOME="/workspace/cargo-home" RUSTUP_HOME="/workspace/rustup-home" "/workspace/cargo-home/bin/cargo" "+beta-2023-12-22" "fetch" "--manifest-path" "Cargo.toml", kill_on_drop: false }`
[INFO] [stderr]     Blocking waiting for file lock on package cache
[INFO] [stderr]     Blocking waiting for file lock on package cache
[ERROR] error running command: no output for 300 seconds
[INFO] documenting MrEnder0/Regy-Bot against beta-2023-12-22 for beta-1.76-rustdoc-1
[INFO] running `Command { std: "git" "clone" "/workspace/cache/git-repos/https%3A%2F%2Fgithub.com%2FMrEnder0%2FRegy-Bot" "/workspace/builds/worker-4-tc2/source", kill_on_drop: false }`
[INFO] [stderr] Cloning into '/workspace/builds/worker-4-tc2/source'...
[INFO] [stderr] done.
[INFO] validating manifest of git repo https://github.com/MrEnder0/Regy-Bot on toolchain beta-2023-12-22
[INFO] running `Command { std: CARGO_HOME="/workspace/cargo-home" RUSTUP_HOME="/workspace/rustup-home" "/workspace/cargo-home/bin/cargo" "+beta-2023-12-22" "metadata" "--manifest-path" "Cargo.toml" "--no-deps", kill_on_drop: false }`
[INFO] started tweaking git repo https://github.com/MrEnder0/Regy-Bot
[INFO] finished tweaking git repo https://github.com/MrEnder0/Regy-Bot
[INFO] tweaked toml for git repo https://github.com/MrEnder0/Regy-Bot written to /workspace/builds/worker-4-tc2/source/Cargo.toml
[INFO] crate git repo https://github.com/MrEnder0/Regy-Bot already has a lockfile, it will not be regenerated
[INFO] running `Command { std: CARGO_HOME="/workspace/cargo-home" RUSTUP_HOME="/workspace/rustup-home" "/workspace/cargo-home/bin/cargo" "+beta-2023-12-22" "fetch" "--manifest-path" "Cargo.toml", kill_on_drop: false }`
[INFO] [stderr]     Blocking waiting for file lock on package cache
[INFO] [stderr]     Blocking waiting for file lock on package cache
[ERROR] error running command: no output for 300 seconds
[INFO] documenting MrEnder0/Regy-Bot against beta-2023-12-22 for beta-1.76-rustdoc-1
[INFO] running `Command { std: "git" "clone" "/workspace/cache/git-repos/https%3A%2F%2Fgithub.com%2FMrEnder0%2FRegy-Bot" "/workspace/builds/worker-4-tc2/source", kill_on_drop: false }`
[INFO] [stderr] Cloning into '/workspace/builds/worker-4-tc2/source'...
[INFO] [stderr] done.
[INFO] validating manifest of git repo https://github.com/MrEnder0/Regy-Bot on toolchain beta-2023-12-22
[INFO] running `Command { std: CARGO_HOME="/workspace/cargo-home" RUSTUP_HOME="/workspace/rustup-home" "/workspace/cargo-home/bin/cargo" "+beta-2023-12-22" "metadata" "--manifest-path" "Cargo.toml" "--no-deps", kill_on_drop: false }`
[INFO] started tweaking git repo https://github.com/MrEnder0/Regy-Bot
[INFO] finished tweaking git repo https://github.com/MrEnder0/Regy-Bot
[INFO] tweaked toml for git repo https://github.com/MrEnder0/Regy-Bot written to /workspace/builds/worker-4-tc2/source/Cargo.toml
[INFO] crate git repo https://github.com/MrEnder0/Regy-Bot already has a lockfile, it will not be regenerated
[INFO] running `Command { std: CARGO_HOME="/workspace/cargo-home" RUSTUP_HOME="/workspace/rustup-home" "/workspace/cargo-home/bin/cargo" "+beta-2023-12-22" "fetch" "--manifest-path" "Cargo.toml", kill_on_drop: false }`
[INFO] [stderr]     Blocking waiting for file lock on package cache
[INFO] [stderr]     Blocking waiting for file lock on package cache
[ERROR] error running command: no output for 300 seconds
[INFO] documenting MrEnder0/Regy-Bot against beta-2023-12-22 for beta-1.76-rustdoc-1
[INFO] running `Command { std: "git" "clone" "/workspace/cache/git-repos/https%3A%2F%2Fgithub.com%2FMrEnder0%2FRegy-Bot" "/workspace/builds/worker-4-tc2/source", kill_on_drop: false }`
[INFO] [stderr] Cloning into '/workspace/builds/worker-4-tc2/source'...
[INFO] [stderr] done.
[INFO] validating manifest of git repo https://github.com/MrEnder0/Regy-Bot on toolchain beta-2023-12-22
[INFO] running `Command { std: CARGO_HOME="/workspace/cargo-home" RUSTUP_HOME="/workspace/rustup-home" "/workspace/cargo-home/bin/cargo" "+beta-2023-12-22" "metadata" "--manifest-path" "Cargo.toml" "--no-deps", kill_on_drop: false }`
[INFO] started tweaking git repo https://github.com/MrEnder0/Regy-Bot
[INFO] finished tweaking git repo https://github.com/MrEnder0/Regy-Bot
[INFO] tweaked toml for git repo https://github.com/MrEnder0/Regy-Bot written to /workspace/builds/worker-4-tc2/source/Cargo.toml
[INFO] crate git repo https://github.com/MrEnder0/Regy-Bot already has a lockfile, it will not be regenerated
[INFO] running `Command { std: CARGO_HOME="/workspace/cargo-home" RUSTUP_HOME="/workspace/rustup-home" "/workspace/cargo-home/bin/cargo" "+beta-2023-12-22" "fetch" "--manifest-path" "Cargo.toml", kill_on_drop: false }`
[INFO] [stderr]     Blocking waiting for file lock on package cache
[INFO] [stderr]     Blocking waiting for file lock on package cache
[INFO] [stderr]  Downloading crates ...
[INFO] [stderr]   Downloaded scorched v0.4.5
[INFO] [stderr]   Downloaded display-info v0.4.5
[INFO] [stderr]   Downloaded poise_macros v0.5.7
[INFO] [stderr]   Downloaded screenshots v0.8.6
[INFO] [stderr]   Downloaded serde_json v1.0.110
[INFO] [stderr]   Downloaded libwayshot v0.2.0
[INFO] [stderr]   Downloaded poise v0.5.7
[INFO] [stderr]   Downloaded serenity v0.11.7
[INFO] [stderr]   Downloaded wayland-protocols v0.30.1
[INFO] [stderr]   Downloaded xcb v1.3.0
[INFO] running `Command { std: "docker" "create" "-v" "/var/lib/crater-agent-workspace/builds/worker-4-tc2/target:/opt/rustwide/target:rw,Z" "-v" "/var/lib/crater-agent-workspace/builds/worker-4-tc2/source:/opt/rustwide/workdir:ro,Z" "-v" "/var/lib/crater-agent-workspace/cargo-home:/opt/rustwide/cargo-home:ro,Z" "-v" "/var/lib/crater-agent-workspace/rustup-home:/opt/rustwide/rustup-home:ro,Z" "-e" "SOURCE_DIR=/opt/rustwide/workdir" "-e" "CARGO_TARGET_DIR=/opt/rustwide/target" "-e" "CARGO_HOME=/opt/rustwide/cargo-home" "-e" "RUSTUP_HOME=/opt/rustwide/rustup-home" "-w" "/opt/rustwide/workdir" "-m" "1610612736" "--user" "0:0" "--network" "none" "ghcr.io/rust-lang/crates-build-env/linux@sha256:2788e3201cd34a07e3172128adcd8b3090168a8e3bcc40d7c032b9dda1df7d1c" "/opt/rustwide/cargo-home/bin/cargo" "+beta-2023-12-22" "metadata" "--no-deps" "--format-version=1", kill_on_drop: false }`
[INFO] [stdout] 144c9f9ec057249e76cffb966d41052a1fbc3ca854114dc595551311eab8f455
[INFO] running `Command { std: "docker" "start" "-a" "144c9f9ec057249e76cffb966d41052a1fbc3ca854114dc595551311eab8f455", kill_on_drop: false }`
[INFO] running `Command { std: "docker" "inspect" "144c9f9ec057249e76cffb966d41052a1fbc3ca854114dc595551311eab8f455", kill_on_drop: false }`
[INFO] running `Command { std: "docker" "rm" "-f" "144c9f9ec057249e76cffb966d41052a1fbc3ca854114dc595551311eab8f455", kill_on_drop: false }`
[INFO] [stdout] 144c9f9ec057249e76cffb966d41052a1fbc3ca854114dc595551311eab8f455
[INFO] running `Command { std: "docker" "create" "-v" "/var/lib/crater-agent-workspace/builds/worker-4-tc2/target:/opt/rustwide/target:rw,Z" "-v" "/var/lib/crater-agent-workspace/builds/worker-4-tc2/source:/opt/rustwide/workdir:ro,Z" "-v" "/var/lib/crater-agent-workspace/cargo-home:/opt/rustwide/cargo-home:ro,Z" "-v" "/var/lib/crater-agent-workspace/rustup-home:/opt/rustwide/rustup-home:ro,Z" "-e" "SOURCE_DIR=/opt/rustwide/workdir" "-e" "CARGO_TARGET_DIR=/opt/rustwide/target" "-e" "CARGO_INCREMENTAL=0" "-e" "RUST_BACKTRACE=full" "-e" "RUSTFLAGS=--cap-lints=warn" "-e" "RUSTDOCFLAGS=--cap-lints=warn" "-e" "CARGO_HOME=/opt/rustwide/cargo-home" "-e" "RUSTUP_HOME=/opt/rustwide/rustup-home" "-w" "/opt/rustwide/workdir" "-m" "1610612736" "--user" "0:0" "--network" "none" "ghcr.io/rust-lang/crates-build-env/linux@sha256:2788e3201cd34a07e3172128adcd8b3090168a8e3bcc40d7c032b9dda1df7d1c" "/opt/rustwide/cargo-home/bin/cargo" "+beta-2023-12-22" "doc" "--frozen" "--no-deps" "--document-private-items" "--message-format=json", kill_on_drop: false }`
[INFO] [stdout] a29792f3ed9ec8703467846635fd5ddd79b4ccc0daee5c02a9886bc13a085980
[INFO] running `Command { std: "docker" "start" "-a" "a29792f3ed9ec8703467846635fd5ddd79b4ccc0daee5c02a9886bc13a085980", kill_on_drop: false }`
[INFO] [stderr]    Compiling proc-macro2 v1.0.74
[INFO] [stderr]    Compiling unicode-ident v1.0.12
[INFO] [stderr]    Compiling libc v0.2.151
[INFO] [stderr]    Compiling lock_api v0.4.11
[INFO] [stderr]     Checking scopeguard v1.2.0
[INFO] [stderr]    Compiling pkg-config v0.3.28
[INFO] [stderr]     Checking smallvec v1.11.2
[INFO] [stderr]     Checking log v0.4.20
[INFO] [stderr]    Compiling serde v1.0.194
[INFO] [stderr]     Checking once_cell v1.19.0
[INFO] [stderr]    Compiling parking_lot_core v0.9.9
[INFO] [stderr]     Checking pin-project-lite v0.2.13
[INFO] [stderr]     Checking bytes v1.5.0
[INFO] [stderr]     Checking untrusted v0.9.0
[INFO] [stderr]     Checking spin v0.9.8
[INFO] [stderr]     Checking itoa v1.0.10
[INFO] [stderr]    Compiling num-traits v0.2.17
[INFO] [stderr]     Checking memchr v2.7.1
[INFO] [stderr]    Compiling slab v0.4.9
[INFO] [stderr]     Checking futures-core v0.3.30
[INFO] [stderr]     Checking futures-sink v0.3.30
[INFO] [stderr]    Compiling crossbeam-utils v0.8.18
[INFO] [stderr]    Compiling cc v1.0.83
[INFO] [stderr]     Checking simd-adler32 v0.3.7
[INFO] [stderr]    Compiling quote v1.0.35
[INFO] [stderr]    Compiling vcpkg v0.2.15
[INFO] [stderr]    Compiling syn v2.0.46
[INFO] [stderr]    Compiling typenum v1.17.0
[INFO] [stderr]     Checking http v0.2.11
[INFO] [stderr]     Checking getrandom v0.2.11
[INFO] [stderr]     Checking socket2 v0.5.5
[INFO] [stderr]     Checking mio v0.8.10
[INFO] [stderr]     Checking parking_lot v0.12.1
[INFO] [stderr]     Checking num_cpus v1.16.0
[INFO] [stderr]     Checking signal-hook-registry v1.4.1
[INFO] [stderr]     Checking futures-channel v0.3.30
[INFO] [stderr]    Compiling generic-array v0.14.7
[INFO] [stderr]     Checking futures-io v0.3.30
[INFO] [stderr]     Checking futures-task v0.3.30
[INFO] [stderr]     Checking miniz_oxide v0.7.1
[INFO] [stderr]     Checking tracing-core v0.1.32
[INFO] [stderr]     Checking futures-util v0.3.30
[INFO] [stderr]    Compiling ring v0.17.7
[INFO] [stderr]    Compiling openssl-sys v0.9.98
[INFO] [stderr]     Checking crossbeam-epoch v0.9.17
[INFO] [stderr]    Compiling ring v0.16.20
[INFO] [stderr]    Compiling unicase v2.7.0
[INFO] [stderr]    Compiling memoffset v0.7.1
[INFO] [stderr]    Compiling rayon-core v1.12.0
[INFO] [stderr]     Checking hashbrown v0.14.3
[INFO] [stderr]     Checking percent-encoding v2.3.1
[INFO] [stderr]     Checking crossbeam-deque v0.8.4
[INFO] [stderr]    Compiling wayland-sys v0.30.1
[INFO] [stderr]     Checking libloading v0.8.1
[INFO] [stderr]    Compiling io-lifetimes v1.0.11
[INFO] [stderr]    Compiling openssl v0.10.62
[INFO] [stderr]    Compiling thiserror v1.0.56
[INFO] [stderr]     Checking equivalent v1.0.1
[INFO] [stderr]     Checking foreign-types-shared v0.1.1
[INFO] [stderr]    Compiling syn v1.0.109
[INFO] [stderr]     Checking foreign-types v0.3.2
[INFO] [stderr]     Checking indexmap v2.1.0
[INFO] [stderr]     Checking dlib v0.5.2
[INFO] [stderr]     Checking flate2 v1.0.28
[INFO] [stderr]     Checking form_urlencoded v1.2.1
[INFO] [stderr]     Checking unicode-normalization v0.1.22
[INFO] [stderr]    Compiling wayland-backend v0.1.2
[INFO] [stderr]     Checking rand_core v0.6.4
[INFO] [stderr]     Checking unicode-bidi v0.3.14
[INFO] [stderr]     Checking byteorder v1.5.0
[INFO] [stderr]    Compiling native-tls v0.2.11
[INFO] [stderr]     Checking try-lock v0.2.5
[INFO] [stderr]    Compiling rustls v0.21.10
[INFO] [stderr]     Checking untrusted v0.7.1
[INFO] [stderr]    Compiling rustls v0.20.9
[INFO] [stderr]     Checking spin v0.5.2
[INFO] [stderr]     Checking idna v0.5.0
[INFO] [stderr]     Checking want v0.3.1
[INFO] [stderr]     Checking rand_chacha v0.3.1
[INFO] [stderr]     Checking nix v0.26.4
[INFO] [stderr]     Checking crypto-common v0.1.6
[INFO] [stderr]     Checking block-buffer v0.10.4
[INFO] [stderr]     Checking http-body v0.4.6
[INFO] [stderr]    Compiling quick-xml v0.28.2
[INFO] [stderr]    Compiling num-integer v0.1.45
[INFO] [stderr]     Checking openssl-probe v0.1.5
[INFO] [stderr]     Checking httpdate v1.0.3
[INFO] [stderr]     Checking downcast-rs v1.2.0
[INFO] [stderr]     Checking tower-service v0.3.2
[INFO] [stderr]     Checking scoped-tls v1.0.1
[INFO] [stderr]     Checking either v1.9.0
[INFO] [stderr]    Compiling mime_guess v2.0.4
[INFO] [stderr]     Checking rayon v1.8.0
[INFO] [stderr]     Checking digest v0.10.7
[INFO] [stderr]     Checking rand v0.8.5
[INFO] [stderr]     Checking sct v0.7.1
[INFO] [stderr]     Checking webpki v0.22.4
[INFO] [stderr]     Checking rustls-webpki v0.101.7
[INFO] [stderr]    Compiling wayland-scanner v0.30.1
[INFO] [stderr]    Compiling quick-xml v0.30.0
[INFO] [stderr]    Compiling serde_derive v1.0.194
[INFO] [stderr]    Compiling tokio-macros v2.2.0
[INFO] [stderr]    Compiling tracing-attributes v0.1.27
[INFO] [stderr]    Compiling thiserror-impl v1.0.56
[INFO] [stderr]    Compiling openssl-macros v0.1.1
[INFO] [stderr]     Checking tokio v1.35.1
[INFO] [stderr]    Compiling num-rational v0.4.1
[INFO] [stderr]     Checking cpufeatures v0.2.11
[INFO] [stderr]     Checking ryu v1.0.16
[INFO] [stderr]    Compiling strsim v0.10.0
[INFO] [stderr]     Checking base64 v0.21.5
[INFO] [stderr]    Compiling ident_case v1.0.1
[INFO] [stderr]    Compiling fnv v1.0.7
[INFO] [stderr]     Checking weezl v0.1.7
[INFO] [stderr]    Compiling serde_json v1.0.110
[INFO] [stderr]    Compiling darling_core v0.14.4
[INFO] [stderr]     Checking wayland-client v0.30.2
[INFO] [stderr]     Checking sha-1 v0.10.1
[INFO] [stderr]    Compiling xcb v1.3.0
[INFO] [stderr]     Checking tracing v0.1.40
[INFO] [stderr]     Checking jpeg-decoder v0.3.0
[INFO] [stderr]    Compiling libdbus-sys v0.2.5
[INFO] [stderr]     Checking fdeflate v0.3.3
[INFO] [stderr]     Checking zune-inflate v0.2.54
[INFO] [stderr]     Checking flume v0.11.0
[INFO] [stderr]     Checking bit_field v0.10.2
[INFO] [stderr]     Checking lebe v0.5.2
[INFO] [stderr]    Compiling anyhow v1.0.79
[INFO] [stderr]     Checking iana-time-zone v0.1.59
[INFO] [stderr]     Checking color_quant v1.1.0
[INFO] [stderr]    Compiling async-trait v0.1.77
[INFO] [stderr]     Checking half v2.2.1
[INFO] [stderr]     Checking utf-8 v0.7.6
[INFO] [stderr]    Compiling rustversion v1.0.14
[INFO] [stderr]     Checking powerfmt v0.2.0
[INFO] [stderr]     Checking bytemuck v1.14.0
[INFO] [stderr]     Checking exr v1.71.0
[INFO] [stderr]     Checking gif v0.12.0
[INFO] [stderr]     Checking qoi v0.4.1
[INFO] [stderr]     Checking tiff v0.9.0
[INFO] [stderr]    Compiling darling_macro v0.14.4
[INFO] [stderr]     Checking png v0.17.10
[INFO] [stderr]     Checking wayland-protocols v0.30.1
[INFO] [stderr]     Checking tokio-util v0.7.10
[INFO] [stderr]     Checking tokio-rustls v0.24.1
[INFO] [stderr]     Checking tokio-rustls v0.23.4
[INFO] [stderr]     Checking rustls-pemfile v1.0.4
[INFO] [stderr]     Checking webpki-roots v0.22.6
[INFO] [stderr]     Checking ordered-float v2.10.1
[INFO] [stderr]     Checking aho-corasick v1.1.2
[INFO] [stderr]     Checking h2 v0.3.22
[INFO] [stderr]     Checking encoding_rs v0.8.33
[INFO] [stderr]     Checking ipnet v2.9.0
[INFO] [stderr]     Checking webpki-roots v0.25.3
[INFO] [stderr]     Checking time-core v0.1.2
[INFO] [stderr]    Compiling serenity v0.11.7
[INFO] [stderr]     Checking regex-syntax v0.8.2
[INFO] [stderr]     Checking image v0.24.7
[INFO] [stderr]    Compiling darling v0.14.4
[INFO] [stderr]     Checking bitflags v2.4.1
[INFO] [stderr]     Checking url v2.5.0
[INFO] [stderr]     Checking tungstenite v0.17.3
[INFO] [stderr]     Checking serde_urlencoded v0.7.1
[INFO] [stderr]     Checking deranged v0.3.11
[INFO] [stderr]     Checking chrono v0.4.31
[INFO] [stderr]     Checking time v0.3.31
[INFO] [stderr]     Checking async-tungstenite v0.17.2
[INFO] [stderr]     Checking wayland-protocols-wlr v0.1.0
[INFO] [stderr]     Checking regex-automata v0.4.3
[INFO] [stderr]     Checking hyper v0.14.28
[INFO] [stderr]     Checking serde-value v0.7.0
[INFO] [stderr]     Checking dashmap v5.5.3
[INFO] [stderr]     Checking tokio-native-tls v0.3.1
[INFO] [stderr]     Checking futures v0.3.30
[INFO] [stderr]     Checking memmap2 v0.7.1
[INFO] [stderr]     Checking typemap_rev v0.1.5
[INFO] [stderr]     Checking libwayshot v0.2.0
[INFO] [stderr]    Compiling poise_macros v0.5.7
[INFO] [stderr]     Checking display-info v0.4.5
[INFO] [stderr]    Compiling derivative v2.2.0
[INFO] [stderr]     Checking thread_local v1.1.7
[INFO] [stderr]     Checking owo-colors v3.5.0
[INFO] [stderr]     Checking fuzzy-matcher v0.3.7
[INFO] [stderr]     Checking ron v0.8.1
[INFO] [stderr]     Checking scorched v0.4.5
[INFO] [stderr]     Checking uuid v1.6.1
[INFO] [stderr]     Checking md5 v0.7.0
[INFO] [stderr]     Checking regex v1.10.2
[INFO] [stderr]     Checking dbus v0.9.7
[INFO] [stderr]     Checking hyper-tls v0.5.0
[INFO] [stderr]     Checking hyper-rustls v0.24.2
[INFO] [stderr]     Checking reqwest v0.11.23
[INFO] [stderr]     Checking screenshots v0.8.6
[INFO] [stderr]     Checking poise v0.5.7
[INFO] [stderr]  Documenting regy_bot v1.18.2 (/opt/rustwide/workdir)
[INFO] [stdout] error[E0432]: unresolved import `self_replace`
[INFO] [stdout]  --> src/utils/updater.rs:2:5
[INFO] [stdout]   |
[INFO] [stdout] 2 | use self_replace;
[INFO] [stdout]   |     ^^^^^^^^^^^^ no external crate `self_replace`
[INFO] [stdout] 
[INFO] [stdout] 
[INFO] [stdout] error: aborting due to 1 previous error
[INFO] [stdout] 
[INFO] [stdout] 
[INFO] [stdout] For more information about this error, try `rustc --explain E0432`.
[INFO] [stdout] 
[INFO] [stderr] error: could not document `regy_bot`
[INFO] [stderr] 
[INFO] [stderr] Caused by:
[INFO] [stderr]   process didn't exit successfully: `/opt/rustwide/rustup-home/toolchains/beta-2023-12-22-x86_64-unknown-linux-gnu/bin/rustdoc --edition=2021 --crate-type bin --crate-name regy_bot_update_helper src/update_helper.rs -o /opt/rustwide/target/doc --cfg 'feature="default"' --cfg 'feature="developer-commands"' --cfg 'feature="screen-capture"' --cfg 'feature="screenshots"' --error-format=json --json=diagnostic-rendered-ansi,artifacts,future-incompat --document-private-items '-Arustdoc::private-intra-doc-links' -C metadata=4fa1c55c4283dccf -L dependency=/opt/rustwide/target/debug/deps --extern base64=/opt/rustwide/target/debug/deps/libbase64-071c330971ed34d7.rmeta --extern fuzzy_matcher=/opt/rustwide/target/debug/deps/libfuzzy_matcher-fbf40c85a4d3cf00.rmeta --extern md5=/opt/rustwide/target/debug/deps/libmd5-6c0b266a9f15fa74.rmeta --extern poise=/opt/rustwide/target/debug/deps/libpoise-6ddfa6613358a788.rmeta --extern rand=/opt/rustwide/target/debug/deps/librand-db6a6aa70f94fb13.rmeta --extern regex=/opt/rustwide/target/debug/deps/libregex-2952d6a44c1ca133.rmeta --extern reqwest=/opt/rustwide/target/debug/deps/libreqwest-fc6f16b0f8d51a57.rmeta --extern ron=/opt/rustwide/target/debug/deps/libron-0aa7e5bc71e707c3.rmeta --extern scorched=/opt/rustwide/target/debug/deps/libscorched-1b82263fd533f9ed.rmeta --extern screenshots=/opt/rustwide/target/debug/deps/libscreenshots-ef2f187032655d68.rmeta --extern serde=/opt/rustwide/target/debug/deps/libserde-6f2771d0de434255.rmeta --extern tokio=/opt/rustwide/target/debug/deps/libtokio-0fc00d7083ba80ec.rmeta --extern uuid=/opt/rustwide/target/debug/deps/libuuid-92814055fe2b5165.rmeta --cap-lints=warn --crate-version 1.18.2` (exit status: 1)
[INFO] [stderr] warning: build failed, waiting for other jobs to finish...
[INFO] [stdout] error[E0432]: unresolved import `self_replace`
[INFO] [stdout]  --> src/utils/updater.rs:2:5
[INFO] [stdout]   |
[INFO] [stdout] 2 | use self_replace;
[INFO] [stdout]   |     ^^^^^^^^^^^^ no external crate `self_replace`
[INFO] [stdout] 
[INFO] [stdout] 
[INFO] [stdout] error: aborting due to 1 previous error
[INFO] [stdout] 
[INFO] [stdout] 
[INFO] [stdout] For more information about this error, try `rustc --explain E0432`.
[INFO] [stdout] 
[INFO] [stderr] error: could not document `regy_bot`
[INFO] [stderr] 
[INFO] [stderr] Caused by:
[INFO] [stderr]   process didn't exit successfully: `/opt/rustwide/rustup-home/toolchains/beta-2023-12-22-x86_64-unknown-linux-gnu/bin/rustdoc --edition=2021 --crate-type bin --crate-name regy_bot src/main.rs -o /opt/rustwide/target/doc --cfg 'feature="default"' --cfg 'feature="developer-commands"' --cfg 'feature="screen-capture"' --cfg 'feature="screenshots"' --error-format=json --json=diagnostic-rendered-ansi,artifacts,future-incompat --document-private-items '-Arustdoc::private-intra-doc-links' -C metadata=4c76832cc32c6d57 -L dependency=/opt/rustwide/target/debug/deps --extern base64=/opt/rustwide/target/debug/deps/libbase64-071c330971ed34d7.rmeta --extern fuzzy_matcher=/opt/rustwide/target/debug/deps/libfuzzy_matcher-fbf40c85a4d3cf00.rmeta --extern md5=/opt/rustwide/target/debug/deps/libmd5-6c0b266a9f15fa74.rmeta --extern poise=/opt/rustwide/target/debug/deps/libpoise-6ddfa6613358a788.rmeta --extern rand=/opt/rustwide/target/debug/deps/librand-db6a6aa70f94fb13.rmeta --extern regex=/opt/rustwide/target/debug/deps/libregex-2952d6a44c1ca133.rmeta --extern reqwest=/opt/rustwide/target/debug/deps/libreqwest-fc6f16b0f8d51a57.rmeta --extern ron=/opt/rustwide/target/debug/deps/libron-0aa7e5bc71e707c3.rmeta --extern scorched=/opt/rustwide/target/debug/deps/libscorched-1b82263fd533f9ed.rmeta --extern screenshots=/opt/rustwide/target/debug/deps/libscreenshots-ef2f187032655d68.rmeta --extern serde=/opt/rustwide/target/debug/deps/libserde-6f2771d0de434255.rmeta --extern tokio=/opt/rustwide/target/debug/deps/libtokio-0fc00d7083ba80ec.rmeta --extern uuid=/opt/rustwide/target/debug/deps/libuuid-92814055fe2b5165.rmeta --cap-lints=warn --crate-version 1.18.2` (exit status: 1)
[INFO] running `Command { std: "docker" "inspect" "a29792f3ed9ec8703467846635fd5ddd79b4ccc0daee5c02a9886bc13a085980", kill_on_drop: false }`
[INFO] running `Command { std: "docker" "rm" "-f" "a29792f3ed9ec8703467846635fd5ddd79b4ccc0daee5c02a9886bc13a085980", kill_on_drop: false }`
[INFO] [stdout] a29792f3ed9ec8703467846635fd5ddd79b4ccc0daee5c02a9886bc13a085980
