[INFO] cloning repository https://github.com/MrEconomical/pong-rl
[INFO] running `Command { std: "git" "-c" "credential.helper=" "-c" "credential.helper=/workspace/cargo-home/bin/git-credential-null" "clone" "--bare" "https://github.com/MrEconomical/pong-rl" "/workspace/cache/git-repos/https%3A%2F%2Fgithub.com%2FMrEconomical%2Fpong-rl", kill_on_drop: false }`
[INFO] [stderr] Cloning into bare repository '/workspace/cache/git-repos/https%3A%2F%2Fgithub.com%2FMrEconomical%2Fpong-rl'...
[INFO] running `Command { std: "git" "rev-parse" "HEAD", kill_on_drop: false }`
[INFO] [stdout] 47b352992aefc3be3b431a8ad624789c366a7b6a
[INFO] documenting MrEconomical/pong-rl against 1.75.0 for beta-1.76-rustdoc-1
[INFO] running `Command { std: "git" "clone" "/workspace/cache/git-repos/https%3A%2F%2Fgithub.com%2FMrEconomical%2Fpong-rl" "/workspace/builds/worker-3-tc1/source", kill_on_drop: false }`
[INFO] [stderr] Cloning into '/workspace/builds/worker-3-tc1/source'...
[INFO] [stderr] done.
[INFO] validating manifest of git repo https://github.com/MrEconomical/pong-rl on toolchain 1.75.0
[INFO] running `Command { std: CARGO_HOME="/workspace/cargo-home" RUSTUP_HOME="/workspace/rustup-home" "/workspace/cargo-home/bin/cargo" "+1.75.0" "metadata" "--manifest-path" "Cargo.toml" "--no-deps", kill_on_drop: false }`
[INFO] started tweaking git repo https://github.com/MrEconomical/pong-rl
[INFO] finished tweaking git repo https://github.com/MrEconomical/pong-rl
[INFO] tweaked toml for git repo https://github.com/MrEconomical/pong-rl written to /workspace/builds/worker-3-tc1/source/Cargo.toml
[INFO] crate git repo https://github.com/MrEconomical/pong-rl already has a lockfile, it will not be regenerated
[INFO] running `Command { std: CARGO_HOME="/workspace/cargo-home" RUSTUP_HOME="/workspace/rustup-home" "/workspace/cargo-home/bin/cargo" "+1.75.0" "fetch" "--manifest-path" "Cargo.toml", kill_on_drop: false }`
[INFO] [stderr]  Downloading crates ...
[INFO] [stderr]   Downloaded pixels v0.13.0
[INFO] [stderr]   Downloaded numpy v0.19.0
[INFO] [stderr]   Downloaded winnow v0.5.12
[INFO] running `Command { std: "docker" "create" "-v" "/var/lib/crater-agent-workspace/builds/worker-3-tc1/target:/opt/rustwide/target:rw,Z" "-v" "/var/lib/crater-agent-workspace/builds/worker-3-tc1/source:/opt/rustwide/workdir:ro,Z" "-v" "/var/lib/crater-agent-workspace/cargo-home:/opt/rustwide/cargo-home:ro,Z" "-v" "/var/lib/crater-agent-workspace/rustup-home:/opt/rustwide/rustup-home:ro,Z" "-e" "SOURCE_DIR=/opt/rustwide/workdir" "-e" "CARGO_TARGET_DIR=/opt/rustwide/target" "-e" "CARGO_HOME=/opt/rustwide/cargo-home" "-e" "RUSTUP_HOME=/opt/rustwide/rustup-home" "-w" "/opt/rustwide/workdir" "-m" "1610612736" "--user" "0:0" "--network" "none" "ghcr.io/rust-lang/crates-build-env/linux@sha256:2788e3201cd34a07e3172128adcd8b3090168a8e3bcc40d7c032b9dda1df7d1c" "/opt/rustwide/cargo-home/bin/cargo" "+1.75.0" "metadata" "--no-deps" "--format-version=1", kill_on_drop: false }`
[INFO] [stdout] a46c87d98fdd643d87bd5c0d2cc90f49ea265e91e388be0f0702475924c2f39d
[INFO] running `Command { std: "docker" "start" "-a" "a46c87d98fdd643d87bd5c0d2cc90f49ea265e91e388be0f0702475924c2f39d", kill_on_drop: false }`
[INFO] running `Command { std: "docker" "inspect" "a46c87d98fdd643d87bd5c0d2cc90f49ea265e91e388be0f0702475924c2f39d", kill_on_drop: false }`
[INFO] running `Command { std: "docker" "rm" "-f" "a46c87d98fdd643d87bd5c0d2cc90f49ea265e91e388be0f0702475924c2f39d", kill_on_drop: false }`
[INFO] [stdout] a46c87d98fdd643d87bd5c0d2cc90f49ea265e91e388be0f0702475924c2f39d
[INFO] running `Command { std: "docker" "create" "-v" "/var/lib/crater-agent-workspace/builds/worker-3-tc1/target:/opt/rustwide/target:rw,Z" "-v" "/var/lib/crater-agent-workspace/builds/worker-3-tc1/source:/opt/rustwide/workdir:ro,Z" "-v" "/var/lib/crater-agent-workspace/cargo-home:/opt/rustwide/cargo-home:ro,Z" "-v" "/var/lib/crater-agent-workspace/rustup-home:/opt/rustwide/rustup-home:ro,Z" "-e" "SOURCE_DIR=/opt/rustwide/workdir" "-e" "CARGO_TARGET_DIR=/opt/rustwide/target" "-e" "CARGO_INCREMENTAL=0" "-e" "RUST_BACKTRACE=full" "-e" "RUSTFLAGS=--cap-lints=warn" "-e" "RUSTDOCFLAGS=--cap-lints=warn" "-e" "CARGO_HOME=/opt/rustwide/cargo-home" "-e" "RUSTUP_HOME=/opt/rustwide/rustup-home" "-w" "/opt/rustwide/workdir" "-m" "1610612736" "--user" "0:0" "--network" "none" "ghcr.io/rust-lang/crates-build-env/linux@sha256:2788e3201cd34a07e3172128adcd8b3090168a8e3bcc40d7c032b9dda1df7d1c" "/opt/rustwide/cargo-home/bin/cargo" "+1.75.0" "doc" "--frozen" "--no-deps" "--document-private-items" "--message-format=json", kill_on_drop: false }`
[INFO] [stdout] 1e3b45e9a4ceb3919e829994d9eb3004c1fe4c8d2fe287670dc9853037d6499b
[INFO] running `Command { std: "docker" "start" "-a" "1e3b45e9a4ceb3919e829994d9eb3004c1fe4c8d2fe287670dc9853037d6499b", kill_on_drop: false }`
[INFO] [stderr]    Compiling unicode-ident v1.0.11
[INFO] [stderr]    Compiling libc v0.2.147
[INFO] [stderr]     Checking smallvec v1.11.0
[INFO] [stderr]     Checking libloading v0.8.0
[INFO] [stderr]     Checking getrandom v0.2.10
[INFO] [stderr]    Compiling memoffset v0.6.5
[INFO] [stderr]    Compiling num-traits v0.2.16
[INFO] [stderr]    Compiling target-lexicon v0.12.11
[INFO] [stderr]    Compiling proc-macro2 v1.0.66
[INFO] [stderr]     Checking log v0.4.20
[INFO] [stderr]    Compiling xml-rs v0.8.16
[INFO] [stderr]    Compiling thiserror v1.0.47
[INFO] [stderr]    Compiling lock_api v0.4.10
[INFO] [stderr]    Compiling parking_lot_core v0.9.8
[INFO] [stderr]    Compiling quote v1.0.33
[INFO] [stderr]    Compiling wayland-sys v0.29.5
[INFO] [stderr]     Checking bytemuck v1.13.1
[INFO] [stderr]    Compiling cc v1.0.82
[INFO] [stderr]    Compiling syn v2.0.29
[INFO] [stderr]    Compiling wayland-scanner v0.29.5
[INFO] [stderr]     Checking ahash v0.7.6
[INFO] [stderr]    Compiling pyo3-build-config v0.19.2
[INFO] [stderr]     Checking dlib v0.5.2
[INFO] [stderr]    Compiling memchr v2.5.0
[INFO] [stderr]    Compiling cmake v0.1.50
[INFO] [stderr]     Checking hashbrown v0.12.3
[INFO] [stderr]     Checking parking_lot v0.12.1
[INFO] [stderr]     Checking nix v0.24.3
[INFO] [stderr]    Compiling indexmap v1.9.3
[INFO] [stderr]    Compiling slotmap v1.0.6
[INFO] [stderr]    Compiling freetype-sys v0.13.1
[INFO] [stderr]    Compiling expat-sys v2.1.6
[INFO] [stderr]    Compiling servo-fontconfig-sys v5.1.0
[INFO] [stderr]     Checking libloading v0.7.4
[INFO] [stderr]     Checking rustc-hash v1.1.0
[INFO] [stderr]     Checking scoped-tls v1.0.1
[INFO] [stderr]    Compiling wayland-client v0.29.5
[INFO] [stderr]    Compiling khronos-egl v4.1.0
[INFO] [stderr]     Checking bit-vec v0.6.3
[INFO] [stderr]    Compiling syn v1.0.109
[INFO] [stderr]     Checking downcast-rs v1.2.0
[INFO] [stderr]    Compiling ash v0.37.3+1.3.251
[INFO] [stderr]     Checking codespan-reporting v0.11.1
[INFO] [stderr]     Checking bit-set v0.5.3
[INFO] [stderr]     Checking wayland-commons v0.29.5
[INFO] [stderr]    Compiling wayland-protocols v0.29.5
[INFO] [stderr]     Checking nom v7.1.3
[INFO] [stderr]     Checking spirv v0.2.0+1.5.4
[INFO] [stderr]     Checking gpu-descriptor-types v0.1.1
[INFO] [stderr]     Checking gpu-alloc-types v0.2.0
[INFO] [stderr]    Compiling pyo3-ffi v0.19.2
[INFO] [stderr]     Checking hexf-parse v0.2.1
[INFO] [stderr]     Checking raw-window-handle v0.5.2
[INFO] [stderr]     Checking unicode-xid v0.2.4
[INFO] [stderr]     Checking bitflags v2.4.0
[INFO] [stderr]     Checking gpu-alloc v0.5.4
[INFO] [stderr]     Checking gpu-descriptor v0.2.3
[INFO] [stderr]     Checking wgpu-types v0.16.1
[INFO] [stderr]     Checking flate2 v1.0.27
[INFO] [stderr]     Checking xcursor v0.3.4
[INFO] [stderr]     Checking fdeflate v0.3.0
[INFO] [stderr]     Checking nix v0.25.1
[INFO] [stderr]    Compiling smithay-client-toolkit v0.16.0
[INFO] [stderr]    Compiling crossfont v0.5.1
[INFO] [stderr]    Compiling matrixmultiply v0.3.7
[INFO] [stderr]     Checking renderdoc-sys v1.0.0
[INFO] [stderr]     Checking glow v0.12.3
[INFO] [stderr]     Checking arrayref v0.3.7
[INFO] [stderr]     Checking profiling v1.0.9
[INFO] [stderr]     Checking foreign-types-shared v0.3.1
[INFO] [stderr]     Checking arrayvec v0.7.4
[INFO] [stderr]     Checking tiny-skia-path v0.7.0
[INFO] [stderr]     Checking png v0.17.9
[INFO] [stderr]    Compiling thiserror-impl v1.0.47
[INFO] [stderr]    Compiling foreign-types-macros v0.2.3
[INFO] [stderr]     Checking wayland-cursor v0.29.5
[INFO] [stderr]     Checking servo-fontconfig v0.5.1
[INFO] [stderr]    Compiling pyo3 v0.19.2
[INFO] [stderr]     Checking freetype-rs v0.26.0
[INFO] [stderr]     Checking safe_arch v0.5.2
[INFO] [stderr]     Checking safe_arch v0.7.1
[INFO] [stderr]    Compiling x11-dl v2.21.0
[INFO] [stderr]     Checking memmap2 v0.5.10
[INFO] [stderr]     Checking foreign-types v0.5.0
[INFO] [stderr]     Checking arrayvec v0.5.2
[INFO] [stderr]    Compiling pyo3-macros-backend v0.19.2
[INFO] [stderr]     Checking tiny-skia v0.7.0
[INFO] [stderr]     Checking wide v0.7.11
[INFO] [stderr]     Checking naga v0.12.3
[INFO] [stderr]     Checking calloop v0.10.6
[INFO] [stderr]     Checking num-integer v0.1.45
[INFO] [stderr]     Checking num-complex v0.4.4
[INFO] [stderr]     Checking rand_core v0.6.4
[INFO] [stderr]     Checking cty v0.2.2
[INFO] [stderr]    Compiling indoc v1.0.9
[INFO] [stderr]     Checking unindent v0.1.11
[INFO] [stderr]     Checking rand_chacha v0.3.1
[INFO] [stderr]     Checking ndarray v0.15.6
[INFO] [stderr]     Checking raw-window-handle v0.4.3
[INFO] [stderr]     Checking ultraviolet v0.9.1
[INFO] [stderr]     Checking mio v0.8.8
[INFO] [stderr]     Checking instant v0.1.12
[INFO] [stderr]     Checking pollster v0.3.0
[INFO] [stderr]     Checking rand v0.8.5
[INFO] [stderr]    Compiling pyo3-macros v0.19.2
[INFO] [stderr]     Checking wgpu-hal v0.16.2
[INFO] [stderr]     Checking numpy v0.19.0
[INFO] [stderr]     Checking wgpu-core v0.16.1
[INFO] [stderr]     Checking wgpu v0.16.3
[INFO] [stderr]     Checking pixels v0.13.0
[INFO] [stderr]     Checking sctk-adwaita v0.4.3
[INFO] [stderr]     Checking winit v0.27.5
[INFO] [stderr]     Checking pong-rl v0.1.0 (/opt/rustwide/workdir)
[INFO] [stderr]  Documenting pong-rl v0.1.0 (/opt/rustwide/workdir)
[INFO] [stdout] error[E0432]: unresolved import `winit::platform::windows`
[INFO] [stdout]   --> src/window.rs:12:22
[INFO] [stdout]    |
[INFO] [stdout] 12 | use winit::platform::windows::EventLoopBuilderExtWindows;
[INFO] [stdout]    |                      ^^^^^^^ could not find `windows` in `platform`
[INFO] [stdout] 
[INFO] [stdout] 
[INFO] [stdout] error[E0432]: unresolved import `winit::platform::windows`
[INFO] [stdout]   --> src/window.rs:12:22
[INFO] [stdout]    |
[INFO] [stdout] 12 | use winit::platform::windows::EventLoopBuilderExtWindows;
[INFO] [stdout]    |                      ^^^^^^^ could not find `windows` in `platform`
[INFO] [stdout] 
[INFO] [stdout] 
[INFO] [stdout] error: aborting due to previous error
[INFO] [stdout] 
[INFO] [stdout] 
[INFO] [stdout] For more information about this error, try `rustc --explain E0432`.
[INFO] [stdout] 
[INFO] [stderr] error: could not document `pong-rl`
[INFO] [stderr] 
[INFO] [stderr] Caused by:
[INFO] [stderr]   process didn't exit successfully: `/opt/rustwide/rustup-home/toolchains/1.75.0-x86_64-unknown-linux-gnu/bin/rustdoc --edition=2021 --crate-type rlib --crate-type cdylib --crate-name pong_rl src/lib.rs -o /opt/rustwide/target/doc --error-format=json --json=diagnostic-rendered-ansi,artifacts,future-incompat --document-private-items -C metadata=9a9b6b5b7a38203d -L dependency=/opt/rustwide/target/debug/deps --extern numpy=/opt/rustwide/target/debug/deps/libnumpy-a5a8185fbd98ce11.rmeta --extern pixels=/opt/rustwide/target/debug/deps/libpixels-1c6312f0e7ed1a4d.rmeta --extern pyo3=/opt/rustwide/target/debug/deps/libpyo3-448217a6ef613489.rmeta --extern rand=/opt/rustwide/target/debug/deps/librand-cdfe6f840a0ecd4d.rmeta --extern winit=/opt/rustwide/target/debug/deps/libwinit-8e8effb4e760aaa0.rmeta --cap-lints=warn --crate-version 0.1.0` (exit status: 1)
[INFO] [stderr] warning: build failed, waiting for other jobs to finish...
[INFO] [stdout] error[E0599]: no method named `with_any_thread` found for struct `EventLoopBuilder` in the current scope
[INFO] [stdout]    --> src/window.rs:54:46
[INFO] [stdout]     |
[INFO] [stdout] 54  |     let event_loop = EventLoopBuilder::new().with_any_thread(true).build(); // Only works on Windows
[INFO] [stdout]     |                                              ^^^^^^^^^^^^^^^ method not found in `EventLoopBuilder<()>`
[INFO] [stdout]     |
[INFO] [stdout]    ::: /opt/rustwide/cargo-home/registry/src/index.crates.io-6f17d22bba15001f/winit-0.27.5/src/platform/unix.rs:139:8
[INFO] [stdout]     |
[INFO] [stdout] 139 |     fn with_any_thread(&mut self, any_thread: bool) -> &mut Self;
[INFO] [stdout]     |        --------------- the method is available for `EventLoopBuilder<()>` here
[INFO] [stdout]     |
[INFO] [stdout]     = help: items from traits can only be used if the trait is in scope
[INFO] [stdout] help: the following trait is implemented but not in scope; perhaps add a `use` for it:
[INFO] [stdout]     |
[INFO] [stdout] 1   + use winit::platform::unix::EventLoopBuilderExtUnix;
[INFO] [stdout]     |
[INFO] [stdout] 
[INFO] [stdout] 
[INFO] [stdout] error: aborting due to 2 previous errors
[INFO] [stdout] 
[INFO] [stdout] 
[INFO] [stdout] Some errors have detailed explanations: E0432, E0599.
[INFO] [stdout] 
[INFO] [stdout] For more information about an error, try `rustc --explain E0432`.
[INFO] [stdout] 
[INFO] [stderr] error: could not compile `pong-rl` (lib) due to 3 previous errors
[INFO] running `Command { std: "docker" "inspect" "1e3b45e9a4ceb3919e829994d9eb3004c1fe4c8d2fe287670dc9853037d6499b", kill_on_drop: false }`
[INFO] running `Command { std: "docker" "rm" "-f" "1e3b45e9a4ceb3919e829994d9eb3004c1fe4c8d2fe287670dc9853037d6499b", kill_on_drop: false }`
[INFO] [stdout] 1e3b45e9a4ceb3919e829994d9eb3004c1fe4c8d2fe287670dc9853037d6499b
